Oct 19 10:23:41 vps postfix/smtpd[5060]: disconnect from ec2-98-80-4-84.compute-1.amazonaws.com[98.80.4.84]
Oct 19 10:24:04 vps postfix/smtpd[5060]: connect from unknown[212.132.96.229]
Oct 19 10:24:07 vps postfix/smtpd[5060]: warning: unknown[212.132.96.229]: SASL LOGIN authentication failed: UGFzc3dvcmQ6
Oct 19 10:24:07 vps postfix/smtpd[5060]: disconnect from unknown[212.132.96.229]
Oct 19 10:24:13 vps postfix/smtpd[2618]: warning: hostname 188.242.239.62.pool.sknt.ru does not resolve to address 188.242.239.62: Name or service not known
Oct 19 10:24:13 vps postfix/smtpd[2618]: connect from unknown[188.242.239.62]
Oct 19 10:24:14 vps postfix/smtpd[4793]: connect from unknown[213.209.157.252]
Oct 19 10:24:17 vps postfix/smtpd[2618]: warning: unknown[188.242.239.62]: SASL LOGIN authentication failed: UGFzc3dvcmQ6
Oct 19 10:24:17 vps postfix/smtpd[4793]: warning: unknown[213.209.157.252]: SASL LOGIN authentication failed: UGFzc3dvcmQ6
Oct 19 10:24:17 vps postfix/smtpd[4793]: disconnect from unknown[213.209.157.252]
Oct 19 10:24:17 vps postfix/smtpd[2618]: lost connection after AUTH from unknown[188.242.239.62]
Oct 19 10:24:17 vps postfix/smtpd[2618]: disconnect from unknown[188.242.239.62]
Oct 19 10:25:21 vps postfix/smtpd[5060]: connect from unknown[212.132.96.229]
Oct 19 10:25:23 vps postfix/smtpd[5060]: warning: unknown[212.132.96.229]: SASL LOGIN authentication failed: UGFzc3dvcmQ6
Oct 19 10:25:23 vps postfix/smtpd[5060]: disconnect from unknown[212.132.96.229]
Oct 19 10:25:28 vps postfix/smtpd[4793]: connect from unknown[62.60.131.17]
Oct 19 10:25:31 vps postfix/smtpd[4793]: warning: unknown[62.60.131.17]: SASL LOGIN authentication failed: UGFzc3dvcmQ6
Oct 19 10:25:31 vps postfix/smtpd[4793]: disconnect from unknown[62.60.131.17]
Oct 19 10:25:38 vps postfix/qmgr[26951]: E9A006F9D7: from=, size=927, nrcpt=1 (queue active)
Oct 19 10:25:38 vps postfix/qmgr[26951]: CE0A83C0145: from=, size=1026, nrcpt=1 (queue active)
Oct 19 10:25:39 vps postfix/smtp[6712]: E9A006F9D7: host gmail-smtp-in.l.google.com[142.251.12.27] said: 550-5.7.26 Your email has been blocked because the sender is unauthenticated. 550-5.7.26 Gmail requires all senders to authenticate with either SPF or DKIM. 550-5.7.26 550-5.7.26 Authentication results: 550-5.7.26 DKIM = did not pass 550-5.7.26 SPF [vps.vcrowd.in] with ip: [103.120.179.240] = did not pass 550-5.7.26 550-5.7.26 For instructions on setting up authentication, go to 550 5.7.26 https://support.google.com/mail/answer/81126#authentication 41be03b00d2f7-b6a76b946c4si2135303a12.1605 - gsmtp (in reply to end of DATA command)
Oct 19 10:25:39 vps postfix/smtp[6714]: CE0A83C0145: host gmail-smtp-in.l.google.com[142.251.12.26] said: 550-5.7.26 Your email has been blocked because the sender is unauthenticated. 550-5.7.26 Gmail requires all senders to authenticate with either SPF or DKIM. 550-5.7.26 550-5.7.26 Authentication results: 550-5.7.26 DKIM = did not pass 550-5.7.26 SPF [vps.vcrowd.in] with ip: [103.120.179.240] = did not pass 550-5.7.26 550-5.7.26 For instructions on setting up authentication, go to 550 5.7.26 https://support.google.com/mail/answer/81126#authentication 41be03b00d2f7-b6a76b980b6si2034181a12.1597 - gsmtp (in reply to end of DATA command)
Oct 19 10:25:41 vps postfix/smtp[6714]: CE0A83C0145: to=, relay=alt1.gmail-smtp-in.l.google.com[192.178.163.27]:25, delay=923, delays=920/0.03/2/0.79, dsn=4.7.26, status=SOFTBOUNCE (host alt1.gmail-smtp-in.l.google.com[192.178.163.27] said: 550-5.7.26 Your email has been blocked because the sender is unauthenticated. 550-5.7.26 Gmail requires all senders to authenticate with either SPF or DKIM. 550-5.7.26 550-5.7.26 Authentication results: 550-5.7.26 DKIM = did not pass 550-5.7.26 SPF [vps.vcrowd.in] with ip: [103.120.179.240] = did not pass 550-5.7.26 550-5.7.26 For instructions on setting up authentication, go to 550 5.7.26 https://support.google.com/mail/answer/81126#authentication 41be03b00d2f7-b6a76b82ec0si1992884a12.1359 - gsmtp (in reply to end of DATA command))
Oct 19 10:25:41 vps postfix/qmgr[26951]: CE0A83C0145: from=, status=expired, returned to sender
Oct 19 10:25:41 vps postfix/cleanup[6753]: 5CEFB6F51A: message-id=<20251019045541.5CEFB6F51A@vps.vcrowd.in>
Oct 19 10:25:41 vps postfix/bounce[6751]: CE0A83C0145: sender non-delivery notification: 5CEFB6F51A
Oct 19 10:25:41 vps postfix/qmgr[26951]: 5CEFB6F51A: from=<>, size=3954, nrcpt=1 (queue active)
Oct 19 10:25:41 vps postfix/qmgr[26951]: CE0A83C0145: removed
Oct 19 10:25:41 vps postfix/local[6754]: 5CEFB6F51A: to=, relay=local, delay=0.04, delays=0.03/0.01/0/0, dsn=2.0.0, status=sent (delivered to mailbox)
Oct 19 10:25:41 vps postfix/qmgr[26951]: 5CEFB6F51A: removed
Oct 19 10:25:41 vps postfix/smtp[6712]: E9A006F9D7: to=, relay=alt1.gmail-smtp-in.l.google.com[192.178.163.26]:25, delay=924, delays=921/0.04/2/1, dsn=4.7.26, status=SOFTBOUNCE (host alt1.gmail-smtp-in.l.google.com[192.178.163.26] said: 550-5.7.26 Your email has been blocked because the sender is unauthenticated. 550-5.7.26 Gmail requires all senders to authenticate with either SPF or DKIM. 550-5.7.26 550-5.7.26 Authentication results: 550-5.7.26 DKIM = did not pass 550-5.7.26 SPF [vps.vcrowd.in] with ip: [103.120.179.240] = did not pass 550-5.7.26 550-5.7.26 For instructions on setting up authentication, go to 550 5.7.26 https://support.google.com/mail/answer/81126#authentication d9443c01a7336-29247205421si24358545ad.348 - gsmtp (in reply to end of DATA command))
Oct 19 10:25:41 vps postfix/qmgr[26951]: E9A006F9D7: from=, status=expired, returned to sender
Oct 19 10:25:41 vps postfix/cleanup[6753]: 843E36F51A: message-id=<20251019045541.843E36F51A@vps.vcrowd.in>
Oct 19 10:25:41 vps postfix/bounce[6751]: E9A006F9D7: sender non-delivery notification: 843E36F51A
Oct 19 10:25:41 vps postfix/qmgr[26951]: 843E36F51A: from=<>, size=3847, nrcpt=1 (queue active)
Oct 19 10:25:41 vps postfix/qmgr[26951]: E9A006F9D7: removed
Oct 19 10:25:41 vps postfix/local[6754]: 843E36F51A: to=, relay=local, delay=0.01, delays=0/0/0/0, dsn=2.0.0, status=sent (delivered to mailbox)
Oct 19 10:25:41 vps postfix/qmgr[26951]: 843E36F51A: removed
Oct 19 10:26:37 vps postfix/smtpd[5060]: connect from unknown[212.132.96.229]
Oct 19 10:26:40 vps postfix/smtpd[5060]: warning: unknown[212.132.96.229]: SASL LOGIN authentication failed: UGFzc3dvcmQ6
Oct 19 10:26:40 vps postfix/smtpd[5060]: disconnect from unknown[212.132.96.229]
Oct 19 10:27:52 vps postfix/smtpd[5060]: connect from unknown[212.132.96.229]
Oct 19 10:27:54 vps postfix/smtpd[5060]: warning: unknown[212.132.96.229]: SASL LOGIN authentication failed: UGFzc3dvcmQ6
Oct 19 10:27:54 vps postfix/smtpd[5060]: disconnect from unknown[212.132.96.229]
Oct 19 10:28:43 vps postfix/smtpd[9643]: connect from land.greenlabsmedia.info[96.31.94.178]
Oct 19 10:28:43 vps postfix/smtpd[9643]: NOQUEUE: reject: RCPT from land.greenlabsmedia.info[96.31.94.178]: 450 4.1.8 : Sender address rejected: Domain not found; from= to= proto=ESMTP helo=
Oct 19 10:28:43 vps postfix/smtpd[9643]: disconnect from land.greenlabsmedia.info[96.31.94.178]
Oct 19 10:29:08 vps postfix/smtpd[5060]: connect from unknown[212.132.96.229]
Oct 19 10:29:11 vps postfix/smtpd[5060]: warning: unknown[212.132.96.229]: SASL LOGIN authentication failed: UGFzc3dvcmQ6
Oct 19 10:29:11 vps postfix/smtpd[5060]: disconnect from unknown[212.132.96.229]
Oct 19 10:30:25 vps postfix/smtpd[5060]: connect from unknown[212.132.96.229]
Oct 19 10:30:28 vps postfix/smtpd[5060]: warning: unknown[212.132.96.229]: SASL LOGIN authentication failed: UGFzc3dvcmQ6
Oct 19 10:30:28 vps postfix/smtpd[5060]: disconnect from unknown[212.132.96.229]
Oct 19 10:30:38 vps postfix/qmgr[26951]: 94D063BF5BD: from=, size=918, nrcpt=1 (queue active)
Oct 19 10:30:40 vps postfix/smtp[11971]: 94D063BF5BD: host gmail-smtp-in.l.google.com[142.251.12.26] said: 550-5.7.26 Your email has been blocked because the sender is unauthenticated. 550-5.7.26 Gmail requires all senders to authenticate with either SPF or DKIM. 550-5.7.26 550-5.7.26 Authentication results: 550-5.7.26 DKIM = did not pass 550-5.7.26 SPF [vps.vcrowd.in] with ip: [103.120.179.240] = did not pass 550-5.7.26 550-5.7.26 For instructions on setting up authentication, go to 550 5.7.26 https://support.google.com/mail/answer/81126#authentication d9443c01a7336-29246ec7d2dsi24936645ad.79 - gsmtp (in reply to end of DATA command)
Oct 19 10:30:41 vps postfix/smtp[11971]: 94D063BF5BD: to=, relay=alt1.gmail-smtp-in.l.google.com[192.178.163.26]:25, delay=586, delays=583/0.05/2.2/0.75, dsn=4.7.26, status=SOFTBOUNCE (host alt1.gmail-smtp-in.l.google.com[192.178.163.26] said: 550-5.7.26 Your email has been blocked because the sender is unauthenticated. 550-5.7.26 Gmail requires all senders to authenticate with either SPF or DKIM. 550-5.7.26 550-5.7.26 Authentication results: 550-5.7.26 DKIM = did not pass 550-5.7.26 SPF [vps.vcrowd.in] with ip: [103.120.179.240] = did not pass 550-5.7.26 550-5.7.26 For instructions on setting up authentication, go to 550 5.7.26 https://support.google.com/mail/answer/81126#authentication d9443c01a7336-292472062c3si25200395ad.468 - gsmtp (in reply to end of DATA command))
Oct 19 10:30:50 vps postfix/anvil[27319]: statistics: max connection rate 1/60s for (smtp:62.60.131.124) at
Oct 19 10:21:26
Oct 19 10:30:50 vps postfix/anvil[27319]: statistics: max connection count 1 for (smtp:62.60.131.124) at
Oct 19 10:21:26
Oct 19 10:30:50 vps postfix/anvil[27319]: statistics: max cache size 4 at
Oct 19 10:24:14
Oct 19 10:31:42 vps postfix/smtpd[5060]: connect from unknown[212.132.96.229]
Oct 19 10:31:45 vps postfix/smtpd[5060]: warning: unknown[212.132.96.229]: SASL LOGIN authentication failed: UGFzc3dvcmQ6
Oct 19 10:31:45 vps postfix/smtpd[5060]: disconnect from unknown[212.132.96.229]
Oct 19 10:31:49 vps postfix/smtpd[12877]: connect from unknown[196.251.92.11]
Oct 19 10:31:52 vps postfix/smtpd[12877]: warning: unknown[196.251.92.11]: SASL LOGIN authentication failed: UGFzc3dvcmQ6
Oct 19 10:31:52 vps postfix/smtpd[12877]: disconnect from unknown[196.251.92.11]
Oct 19 10:32:11 vps postfix/smtpd[12877]: connect from unknown[213.209.157.116]
Oct 19 10:32:14 vps postfix/smtpd[12877]: warning: unknown[213.209.157.116]: SASL LOGIN authentication failed: UGFzc3dvcmQ6
Oct 19 10:32:14 vps postfix/smtpd[12877]: disconnect from unknown[213.209.157.116]
Oct 19 10:32:46 vps postfix/smtpd[12877]: connect from static.110.42.108.65.clients.your-server.de[65.108.42.110]
Oct 19 10:32:48 vps postfix/smtpd[12877]: NOQUEUE: reject: RCPT from static.110.42.108.65.clients.your-server.de[65.108.42.110]: 454 4.7.1 Service unavailable; Client host [65.108.42.110] blocked using dnsbl-1.uceprotect.net; IP 65.108.42.110 is UCEPROTECT-Level 1 listed. See http://www.uceprotect.net/rblcheck.php?ipr=65.108.42.110; from= to= proto=ESMTP helo=
Oct 19 10:32:48 vps postfix/smtpd[12877]: disconnect from static.110.42.108.65.clients.your-server.de[65.108.42.110]
Oct 19 10:32:54 vps postfix/smtpd[12877]: connect from unknown[77.90.185.216]
Oct 19 10:32:57 vps postfix/smtpd[12877]: warning: unknown[77.90.185.216]: SASL LOGIN authentication failed: UGFzc3dvcmQ6
Oct 19 10:32:57 vps postfix/smtpd[12877]: disconnect from unknown[77.90.185.216]
Oct 19 10:33:00 vps postfix/smtpd[5060]: connect from unknown[212.132.96.229]
Oct 19 10:33:02 vps postfix/smtpd[5060]: warning: unknown[212.132.96.229]: SASL LOGIN authentication failed: UGFzc3dvcmQ6
Oct 19 10:33:02 vps postfix/smtpd[5060]: disconnect from unknown[212.132.96.229]
Oct 19 10:33:11 vps postfix/smtpd[12877]: connect from unknown[77.90.185.216]
Oct 19 10:33:13 vps postfix/smtpd[14049]: connect from unknown[77.90.185.216]
Oct 19 10:33:14 vps postfix/smtpd[14064]: connect from unknown[77.90.185.216]
Oct 19 10:33:14 vps postfix/smtpd[14067]: connect from unknown[77.90.185.216]
Oct 19 10:33:14 vps postfix/smtpd[12877]: warning: unknown[77.90.185.216]: SASL LOGIN authentication failed: UGFzc3dvcmQ6
Oct 19 10:33:14 vps postfix/smtpd[12877]: disconnect from unknown[77.90.185.216]
Oct 19 10:33:19 vps postfix/smtpd[12877]: connect from unknown[77.90.185.216]
Oct 19 10:33:20 vps postfix/smtpd[14049]: warning: unknown[77.90.185.216]: SASL LOGIN authentication failed: UGFzc3dvcmQ6
Oct 19 10:33:20 vps postfix/smtpd[14049]: disconnect from unknown[77.90.185.216]
Oct 19 10:33:21 vps postfix/smtpd[14067]: warning: unknown[77.90.185.216]: SASL LOGIN authentication failed: UGFzc3dvcmQ6
Oct 19 10:33:21 vps postfix/smtpd[14064]: warning: unknown[77.90.185.216]: SASL LOGIN authentication failed: UGFzc3dvcmQ6
Oct 19 10:33:21 vps postfix/smtpd[14064]: disconnect from unknown[77.90.185.216]
Oct 19 10:33:21 vps postfix/smtpd[14067]: disconnect from unknown[77.90.185.216]
Oct 19 10:33:22 vps postfix/smtpd[14049]: connect from unknown[77.90.185.216]
Oct 19 10:33:24 vps postfix/smtpd[14064]: connect from unknown[77.90.185.216]
Oct 19 10:33:30 vps postfix/smtpd[12877]: warning: unknown[77.90.185.216]: SASL LOGIN authentication failed: UGFzc3dvcmQ6
Oct 19 10:33:30 vps postfix/smtpd[12877]: disconnect from unknown[77.90.185.216]
Oct 19 10:33:33 vps postfix/smtpd[14049]: warning: unknown[77.90.185.216]: SASL LOGIN authentication failed: UGFzc3dvcmQ6
Oct 19 10:33:33 vps postfix/smtpd[14049]: disconnect from unknown[77.90.185.216]
Oct 19 10:33:35 vps postfix/smtpd[14064]: warning: unknown[77.90.185.216]: SASL LOGIN authentication failed: UGFzc3dvcmQ6
Oct 19 10:33:35 vps postfix/smtpd[14064]: disconnect from unknown[77.90.185.216]
Oct 19 10:33:58 vps postfix/smtpd[5060]: connect from unknown[165.154.121.231]
Oct 19 10:34:01 vps postfix/smtpd[5060]: warning: unknown[165.154.121.231]: SASL LOGIN authentication failed: UGFzc3dvcmQ6
Oct 19 10:34:01 vps postfix/smtpd[5060]: disconnect from unknown[165.154.121.231]
Oct 19 10:34:14 vps postfix/smtpd[5060]: connect from unknown[212.132.96.229]
Oct 19 10:34:17 vps postfix/smtpd[5060]: warning: unknown[212.132.96.229]: SASL LOGIN authentication failed: UGFzc3dvcmQ6
Oct 19 10:34:17 vps postfix/smtpd[5060]: disconnect from unknown[212.132.96.229]
Oct 19 10:34:26 vps postfix/smtpd[14067]: connect from mta-69.161.etransmail.com[175.158.69.161]
Oct 19 10:34:27 vps postfix/smtpd[14067]: NOQUEUE: reject: RCPT from mta-69.161.etransmail.com[175.158.69.161]: 450 4.1.1 : Recipient address rejected: User unknown in virtual mailbox table; from=<17606403683401432-26476-1-globaldreamsconsultancy.com@subscribe.justdial.com> to= proto=ESMTP helo=
Oct 19 10:34:28 vps postfix/smtpd[12877]: connect from mta-69.171.etransmail.com[175.158.69.171]
Oct 19 10:34:29 vps postfix/smtpd[12877]: NOQUEUE: reject: RCPT from mta-69.171.etransmail.com[175.158.69.171]: 450 4.1.1 : Recipient address rejected: User unknown in virtual mailbox table; from=<17606403683394376-26476-1-globaldreamsconsultancy.com@subscribe.justdial.com> to= proto=ESMTP helo=
Oct 19 10:34:30 vps postfix/smtpd[14064]: connect from unknown[195.211.188.86]
Oct 19 10:34:33 vps postfix/smtpd[14064]: warning: unknown[195.211.188.86]: SASL LOGIN authentication failed: UGFzc3dvcmQ6
Oct 19 10:34:33 vps postfix/smtpd[14064]: disconnect from unknown[195.211.188.86]
Oct 19 10:34:57 vps postfix/smtpd[14067]: lost connection after DATA from mta-69.161.etransmail.com[175.158.69.161]
Oct 19 10:34:57 vps postfix/smtpd[14067]: disconnect from mta-69.161.etransmail.com[175.158.69.161]
Oct 19 10:34:59 vps postfix/smtpd[12877]: lost connection after DATA from mta-69.171.etransmail.com[175.158.69.171]
Oct 19 10:34:59 vps postfix/smtpd[12877]: disconnect from mta-69.171.etransmail.com[175.158.69.171]
Oct 19 10:35:31 vps postfix/smtpd[5060]: connect from unknown[212.132.96.229]
Oct 19 10:35:34 vps postfix/smtpd[5060]: warning: unknown[212.132.96.229]: SASL LOGIN authentication failed: UGFzc3dvcmQ6
Oct 19 10:35:34 vps postfix/smtpd[5060]: disconnect from unknown[212.132.96.229]
Oct 19 10:36:47 vps postfix/smtpd[5060]: connect from unknown[212.132.96.229]
Oct 19 10:36:49 vps postfix/smtpd[5060]: warning: unknown[212.132.96.229]: SASL LOGIN authentication failed: UGFzc3dvcmQ6
Oct 19 10:36:49 vps postfix/smtpd[5060]: disconnect from unknown[212.132.96.229]
Oct 19 10:37:40 vps postfix/smtpd[18511]: connect from jaid.pixelforgemedia.info[96.31.94.44]
Oct 19 10:37:41 vps postfix/smtpd[18511]: NOQUEUE: reject: RCPT from jaid.pixelforgemedia.info[96.31.94.44]: 454 4.7.1 Service unavailable; Client host [96.31.94.44] blocked using b.barracudacentral.org; http://www.barracudanetworks.com/reputation/?pr=1&ip=96.31.94.44; from= to= proto=ESMTP helo=
Oct 19 10:37:41 vps postfix/smtpd[18511]: disconnect from jaid.pixelforgemedia.info[96.31.94.44]
Oct 19 10:38:02 vps postfix/smtpd[5060]: connect from unknown[212.132.96.229]
Oct 19 10:38:05 vps postfix/smtpd[5060]: warning: unknown[212.132.96.229]: SASL LOGIN authentication failed: UGFzc3dvcmQ6
Oct 19 10:38:05 vps postfix/smtpd[5060]: disconnect from unknown[212.132.96.229]
Oct 19 10:38:39 vps postfix/smtpd[18511]: connect from unknown[62.60.131.17]
Oct 19 10:38:42 vps postfix/smtpd[18511]: warning: unknown[62.60.131.17]: SASL LOGIN authentication failed: UGFzc3dvcmQ6
Oct 19 10:38:42 vps postfix/smtpd[18511]: disconnect from unknown[62.60.131.17]
Oct 19 10:38:57 vps postfix/smtpd[18511]: connect from jaid.pixelforgemedia.info[96.31.94.44]
Oct 19 10:38:58 vps postfix/smtpd[18511]: NOQUEUE: reject: RCPT from jaid.pixelforgemedia.info[96.31.94.44]: 454 4.7.1 Service unavailable; Client host [96.31.94.44] blocked using b.barracudacentral.org; http://www.barracudanetworks.com/reputation/?pr=1&ip=96.31.94.44; from= to= proto=ESMTP helo=
Oct 19 10:38:58 vps postfix/smtpd[18511]: disconnect from jaid.pixelforgemedia.info[96.31.94.44]
Oct 19 10:39:05 vps postfix/smtpd[18511]: connect from mail-centralindiaazolkn19010011.outbound.protection.outlook.com[52.103.68.11]
Oct 19 10:39:05 vps postfix/smtpd[18511]: NOQUEUE: reject: RCPT from mail-centralindiaazolkn19010011.outbound.protection.outlook.com[52.103.68.11]: 450 4.1.1 : Recipient address rejected: User unknown in virtual mailbox table; from= to= proto=ESMTP helo=
Oct 19 10:39:05 vps postfix/smtpd[18511]: disconnect from mail-centralindiaazolkn19010011.outbound.protection.outlook.com[52.103.68.11]
Oct 19 10:39:14 vps postfix/pickup[5113]: 992A16F9D7: uid=1062 from=
Oct 19 10:39:14 vps postfix/cleanup[19862]: 992A16F9D7: message-id=<20251019050914.992A16F9D7@vps.vcrowd.in>
Oct 19 10:39:14 vps opendkim[5590]: 992A16F9D7: no signing table match for '"info@gvkennel"@gmail.com'
Oct 19 10:39:14 vps opendkim[5590]: 992A16F9D7: no signature data
Oct 19 10:39:14 vps postfix/qmgr[26951]: 992A16F9D7: from=, size=916, nrcpt=1 (queue active)
Oct 19 10:39:16 vps postfix/smtp[19865]: 992A16F9D7: host gmail-smtp-in.l.google.com[142.251.12.27] said: 550-5.7.26 Your email has been blocked because the sender is unauthenticated. 550-5.7.26 Gmail requires all senders to authenticate with either SPF or DKIM. 550-5.7.26 550-5.7.26 Authentication results: 550-5.7.26 DKIM = did not pass 550-5.7.26 SPF [vps.vcrowd.in] with ip: [103.120.179.240] = did not pass 550-5.7.26 550-5.7.26 For instructions on setting up authentication, go to 550 5.7.26 https://support.google.com/mail/answer/81126#authentication 98e67ed59e1d1-33d5def426asi2019255a91.80 - gsmtp (in reply to end of DATA command)
Oct 19 10:39:17 vps postfix/smtp[19865]: 992A16F9D7: to=, relay=alt1.gmail-smtp-in.l.google.com[192.178.163.26]:25, delay=3, delays=0.03/0.02/2.2/0.75, dsn=4.7.26, status=SOFTBOUNCE (host alt1.gmail-smtp-in.l.google.com[192.178.163.26] said: 550-5.7.26 Your email has been blocked because the sender is unauthenticated. 550-5.7.26 Gmail requires all senders to authenticate with either SPF or DKIM. 550-5.7.26 550-5.7.26 Authentication results: 550-5.7.26 DKIM = did not pass 550-5.7.26 SPF [vps.vcrowd.in] with ip: [103.120.179.240] = did not pass 550-5.7.26 550-5.7.26 For instructions on setting up authentication, go to 550 5.7.26 https://support.google.com/mail/answer/81126#authentication 98e67ed59e1d1-33d5df298d5si2016679a91.89 - gsmtp (in reply to end of DATA command))
Oct 19 10:39:18 vps postfix/smtpd[5060]: connect from unknown[212.132.96.229]
Oct 19 10:39:20 vps postfix/smtpd[5060]: warning: unknown[212.132.96.229]: SASL LOGIN authentication failed: UGFzc3dvcmQ6
Oct 19 10:39:20 vps postfix/smtpd[5060]: disconnect from unknown[212.132.96.229]
Oct 19 10:39:27 vps postfix/smtpd[18511]: connect from unknown[62.60.131.17]
Oct 19 10:39:30 vps postfix/smtpd[18511]: warning: unknown[62.60.131.17]: SASL LOGIN authentication failed: UGFzc3dvcmQ6
Oct 19 10:39:30 vps postfix/smtpd[20061]: warning: hostname 206-217-141-77-host.colocrossing.com does not resolve to address 206.217.141.77: Name or service not known
Oct 19 10:39:30 vps postfix/smtpd[20061]: connect from unknown[206.217.141.77]
Oct 19 10:39:31 vps postfix/smtpd[18511]: disconnect from unknown[62.60.131.17]
Oct 19 10:39:35 vps postfix/smtpd[20061]: warning: unknown[206.217.141.77]: SASL LOGIN authentication failed: UGFzc3dvcmQ6
Oct 19 10:39:35 vps postfix/smtpd[20061]: lost connection after AUTH from unknown[206.217.141.77]
Oct 19 10:39:35 vps postfix/smtpd[20061]: disconnect from unknown[206.217.141.77]
Oct 19 10:39:53 vps postfix/smtpd[18511]: connect from unknown[62.60.131.124]
Oct 19 10:39:56 vps postfix/smtpd[18511]: warning: unknown[62.60.131.124]: SASL LOGIN authentication failed: UGFzc3dvcmQ6
Oct 19 10:39:56 vps postfix/smtpd[18511]: disconnect from unknown[62.60.131.124]
Oct 19 10:40:10 vps postfix/smtpd[20061]: connect from unknown[213.209.157.225]
Oct 19 10:40:12 vps postfix/smtpd[20061]: warning: unknown[213.209.157.225]: SASL LOGIN authentication failed: UGFzc3dvcmQ6
Oct 19 10:40:12 vps postfix/smtpd[20061]: disconnect from unknown[213.209.157.225]
Oct 19 10:40:32 vps postfix/smtpd[5060]: connect from unknown[212.132.96.229]
Oct 19 10:40:34 vps postfix/smtpd[5060]: warning: unknown[212.132.96.229]: SASL LOGIN authentication failed: UGFzc3dvcmQ6
Oct 19 10:40:34 vps postfix/smtpd[5060]: disconnect from unknown[212.132.96.229]
Oct 19 10:40:38 vps postfix/qmgr[26951]: 94D063BF5BD: from=, size=918, nrcpt=1 (queue active)
Oct 19 10:40:40 vps postfix/smtp[19865]: 94D063BF5BD: host gmail-smtp-in.l.google.com[142.251.12.26] said: 550-5.7.26 Your email has been blocked because the sender is unauthenticated. 550-5.7.26 Gmail requires all senders to authenticate with either SPF or DKIM. 550-5.7.26 550-5.7.26 Authentication results: 550-5.7.26 DKIM = did not pass 550-5.7.26 SPF [vps.vcrowd.in] with ip: [103.120.179.240] = did not pass 550-5.7.26 550-5.7.26 For instructions on setting up authentication, go to 550 5.7.26 https://support.google.com/mail/answer/81126#authentication d2e1a72fcca58-7a2300f255asi2274780b3a.408 - gsmtp (in reply to end of DATA command)
Oct 19 10:40:41 vps postfix/smtp[19865]: 94D063BF5BD: to=, relay=alt1.gmail-smtp-in.l.google.com[192.178.163.26]:25, delay=1186, delays=1183/0.01/2.5/0.77, dsn=4.7.26, status=SOFTBOUNCE (host alt1.gmail-smtp-in.l.google.com[192.178.163.26] said: 550-5.7.26 Your email has been blocked because the sender is unauthenticated. 550-5.7.26 Gmail requires all senders to authenticate with either SPF or DKIM. 550-5.7.26 550-5.7.26 Authentication results: 550-5.7.26 DKIM = did not pass 550-5.7.26 SPF [vps.vcrowd.in] with ip: [103.120.179.240] = did not pass 550-5.7.26 550-5.7.26 For instructions on setting up authentication, go to 550 5.7.26 https://support.google.com/mail/answer/81126#authentication d2e1a72fcca58-7a23011393fsi2305730b3a.691 - gsmtp (in reply to end of DATA command))
Oct 19 10:40:41 vps postfix/qmgr[26951]: 94D063BF5BD: from=, status=expired, returned to sender
Oct 19 10:40:41 vps postfix/cleanup[19862]: A6D801D7C8: message-id=<20251019051041.A6D801D7C8@vps.vcrowd.in>
Oct 19 10:40:41 vps postfix/qmgr[26951]: A6D801D7C8: from=<>, size=3844, nrcpt=1 (queue active)
Oct 19 10:40:41 vps postfix/bounce[19902]: 94D063BF5BD: sender non-delivery notification: A6D801D7C8
Oct 19 10:40:41 vps postfix/qmgr[26951]: 94D063BF5BD: removed
Oct 19 10:40:41 vps postfix/local[21689]: A6D801D7C8: to=, relay=local, delay=0.03, delays=0.01/0.02/0/0, dsn=2.0.0, status=sent (delivered to mailbox)
Oct 19 10:40:41 vps postfix/qmgr[26951]: A6D801D7C8: removed
Oct 19 10:40:50 vps postfix/anvil[27319]: statistics: max connection rate 8/60s for (smtp:77.90.185.216) at
Oct 19 10:33:24
Oct 19 10:40:50 vps postfix/anvil[27319]: statistics: max connection count 4 for (smtp:77.90.185.216) at
Oct 19 10:33:14
Oct 19 10:40:50 vps postfix/anvil[27319]: statistics: max cache size 6 at
Oct 19 10:34:30
Oct 19 10:41:44 vps postfix/smtpd[22483]: connect from unknown[212.132.96.229]
Oct 19 10:41:47 vps postfix/smtpd[22483]: warning: unknown[212.132.96.229]: SASL LOGIN authentication failed: UGFzc3dvcmQ6
Oct 19 10:41:47 vps postfix/smtpd[22483]: disconnect from unknown[212.132.96.229]
Oct 19 10:42:42 vps postfix/pickup[5113]: 9C8621D7C8: uid=1062 from=
Oct 19 10:42:42 vps postfix/cleanup[23298]: 9C8621D7C8: message-id=<20251019051242.9C8621D7C8@vps.vcrowd.in>
Oct 19 10:42:42 vps opendkim[5590]: 9C8621D7C8: no signing table match for '"info@gvkennel"@gmail.com'
Oct 19 10:42:42 vps opendkim[5590]: 9C8621D7C8: no signature data
Oct 19 10:42:42 vps postfix/qmgr[26951]: 9C8621D7C8: from=, size=927, nrcpt=1 (queue active)
Oct 19 10:42:44 vps postfix/smtp[23304]: 9C8621D7C8: host gmail-smtp-in.l.google.com[142.251.12.27] said: 550-5.7.26 Your email has been blocked because the sender is unauthenticated. 550-5.7.26 Gmail requires all senders to authenticate with either SPF or DKIM. 550-5.7.26 550-5.7.26 Authentication results: 550-5.7.26 DKIM = did not pass 550-5.7.26 SPF [vps.vcrowd.in] with ip: [103.120.179.240] = did not pass 550-5.7.26 550-5.7.26 For instructions on setting up authentication, go to 550 5.7.26 https://support.google.com/mail/answer/81126#authentication 41be03b00d2f7-b6a76b1c483si2086941a12.501 - gsmtp (in reply to end of DATA command)
Oct 19 10:42:45 vps postfix/smtp[23304]: 9C8621D7C8: to=, relay=alt1.gmail-smtp-in.l.google.com[192.178.163.26]:25, delay=2.9, delays=0.04/0.02/2.1/0.73, dsn=4.7.26, status=SOFTBOUNCE (host alt1.gmail-smtp-in.l.google.com[192.178.163.26] said: 550-5.7.26 Your email has been blocked because the sender is unauthenticated. 550-5.7.26 Gmail requires all senders to authenticate with either SPF or DKIM. 550-5.7.26 550-5.7.26 Authentication results: 550-5.7.26 DKIM = did not pass 550-5.7.26 SPF [vps.vcrowd.in] with ip: [103.120.179.240] = did not pass 550-5.7.26 550-5.7.26 For instructions on setting up authentication, go to 550 5.7.26 https://support.google.com/mail/answer/81126#authentication 98e67ed59e1d1-33d5de663d8si2033434a91.50 - gsmtp (in reply to end of DATA command))
Oct 19 10:42:49 vps postfix/pickup[5113]: 3E8983BF5BD: uid=1062 from=
Oct 19 10:42:49 vps postfix/cleanup[23298]: 3E8983BF5BD: message-id=<20251019051249.3E8983BF5BD@vps.vcrowd.in>
Oct 19 10:42:49 vps opendkim[5590]: 3E8983BF5BD: no signing table match for '"info@gvkennel"@gmail.com'
Oct 19 10:42:49 vps opendkim[5590]: 3E8983BF5BD: no signature data
Oct 19 10:42:49 vps postfix/qmgr[26951]: 3E8983BF5BD: from=, size=918, nrcpt=1 (queue active)
Oct 19 10:42:50 vps postfix/smtp[23304]: 3E8983BF5BD: host gmail-smtp-in.l.google.com[142.251.12.26] said: 550-5.7.26 Your email has been blocked because the sender is unauthenticated. 550-5.7.26 Gmail requires all senders to authenticate with either SPF or DKIM. 550-5.7.26 550-5.7.26 Authentication results: 550-5.7.26 DKIM = did not pass 550-5.7.26 SPF [vps.vcrowd.in] with ip: [103.120.179.240] = did not pass 550-5.7.26 550-5.7.26 For instructions on setting up authentication, go to 550 5.7.26 https://support.google.com/mail/answer/81126#authentication 41be03b00d2f7-b6a76b6a08fsi2168165a12.1129 - gsmtp (in reply to end of DATA command)
Oct 19 10:42:51 vps postfix/smtp[23304]: 3E8983BF5BD: to=, relay=alt1.gmail-smtp-in.l.google.com[192.178.163.26]:25, delay=2.7, delays=0.01/0/2/0.74, dsn=4.7.26, status=SOFTBOUNCE (host alt1.gmail-smtp-in.l.google.com[192.178.163.26] said: 550-5.7.26 Your email has been blocked because the sender is unauthenticated. 550-5.7.26 Gmail requires all senders to authenticate with either SPF or DKIM. 550-5.7.26 550-5.7.26 Authentication results: 550-5.7.26 DKIM = did not pass 550-5.7.26 SPF [vps.vcrowd.in] with ip: [103.120.179.240] = did not pass 550-5.7.26 550-5.7.26 For instructions on setting up authentication, go to 550 5.7.26 https://support.google.com/mail/answer/81126#authentication 41be03b00d2f7-b6a76646d4csi2013362a12.16 - gsmtp (in reply to end of DATA command))
Oct 19 10:43:00 vps postfix/smtpd[22483]: connect from unknown[212.132.96.229]
Oct 19 10:43:02 vps postfix/smtpd[22483]: warning: unknown[212.132.96.229]: SASL LOGIN authentication failed: UGFzc3dvcmQ6
Oct 19 10:43:02 vps postfix/smtpd[22483]: disconnect from unknown[212.132.96.229]
Oct 19 10:43:06 vps postfix/smtps/smtpd[23637]: warning: No server certs available. TLS won't be enabled
Oct 19 10:43:06 vps postfix/smtps/smtpd[23637]: connect from warren.probe.onyphe.net[91.230.168.200]
Oct 19 10:43:06 vps postfix/smtps/smtpd[23637]: warning: Wrapper-mode request dropped from warren.probe.onyphe.net[91.230.168.200] for service 465. TLS context initialization failed. For details see earlier warnings in your logs.
Oct 19 10:43:06 vps postfix/smtps/smtpd[23637]: disconnect from warren.probe.onyphe.net[91.230.168.200]
Oct 19 10:43:07 vps postfix/smtps/smtpd[23637]: connect from annalise.probe.onyphe.net[91.230.168.206]
Oct 19 10:43:07 vps postfix/smtps/smtpd[23637]: warning: Wrapper-mode request dropped from annalise.probe.onyphe.net[91.230.168.206] for service 465. TLS context initialization failed. For details see earlier warnings in your logs.
Oct 19 10:43:07 vps postfix/smtps/smtpd[23637]: disconnect from annalise.probe.onyphe.net[91.230.168.206]
Oct 19 10:43:57 vps postfix/smtpd[24241]: connect from fert.initialaudit.info[96.31.94.60]
Oct 19 10:43:58 vps postfix/smtpd[24241]: NOQUEUE: reject: RCPT from fert.initialaudit.info[96.31.94.60]: 450 4.1.8 : Sender address rejected: Domain not found; from= to= proto=ESMTP helo=
Oct 19 10:43:58 vps postfix/smtpd[24241]: disconnect from fert.initialaudit.info[96.31.94.60]
Oct 19 10:44:06 vps postfix/smtpd[24241]: warning: hostname hebei.2.60.in-addr.arpa does not resolve to address 60.2.243.174: Name or service not known
Oct 19 10:44:06 vps postfix/smtpd[24241]: connect from unknown[60.2.243.174]
Oct 19 10:44:09 vps postfix/smtpd[24241]: warning: unknown[60.2.243.174]: SASL LOGIN authentication failed: UGFzc3dvcmQ6
Oct 19 10:44:09 vps postfix/smtpd[24241]: disconnect from unknown[60.2.243.174]
Oct 19 10:44:14 vps postfix/smtpd[22483]: connect from unknown[212.132.96.229]
Oct 19 10:44:17 vps postfix/smtpd[22483]: warning: unknown[212.132.96.229]: SASL LOGIN authentication failed: UGFzc3dvcmQ6
Oct 19 10:44:17 vps postfix/smtpd[22483]: disconnect from unknown[212.132.96.229]
Oct 19 10:45:31 vps postfix/smtpd[22483]: connect from unknown[212.132.96.229]
Oct 19 10:45:34 vps postfix/smtpd[22483]: warning: unknown[212.132.96.229]: SASL LOGIN authentication failed: UGFzc3dvcmQ6
Oct 19 10:45:34 vps postfix/smtpd[22483]: disconnect from unknown[212.132.96.229]
Oct 19 10:45:38 vps postfix/qmgr[26951]: 992A16F9D7: from=, size=916, nrcpt=1 (queue active)
Oct 19 10:45:39 vps postfix/smtp[26420]: 992A16F9D7: host gmail-smtp-in.l.google.com[142.251.12.26] said: 550-5.7.26 Your email has been blocked because the sender is unauthenticated. 550-5.7.26 Gmail requires all senders to authenticate with either SPF or DKIM. 550-5.7.26 550-5.7.26 Authentication results: 550-5.7.26 DKIM = did not pass 550-5.7.26 SPF [vps.vcrowd.in] with ip: [103.120.179.240] = did not pass 550-5.7.26 550-5.7.26 For instructions on setting up authentication, go to 550 5.7.26 https://support.google.com/mail/answer/81126#authentication d9443c01a7336-29246fc07b9si25222815ad.47 - gsmtp (in reply to end of DATA command)
Oct 19 10:45:41 vps postfix/smtp[26420]: 992A16F9D7: to=, relay=alt1.gmail-smtp-in.l.google.com[192.178.163.27]:25, delay=387, delays=384/0.02/1.9/0.72, dsn=4.7.26, status=SOFTBOUNCE (host alt1.gmail-smtp-in.l.google.com[192.178.163.27] said: 550-5.7.26 Your email has been blocked because the sender is unauthenticated. 550-5.7.26 Gmail requires all senders to authenticate with either SPF or DKIM. 550-5.7.26 550-5.7.26 Authentication results: 550-5.7.26 DKIM = did not pass 550-5.7.26 SPF [vps.vcrowd.in] with ip: [103.120.179.240] = did not pass 550-5.7.26 550-5.7.26 For instructions on setting up authentication, go to 550 5.7.26 https://support.google.com/mail/answer/81126#authentication d9443c01a7336-29246fc10d7si23799445ad.70 - gsmtp (in reply to end of DATA command))
Oct 19 10:45:54 vps postfix/smtps/smtpd[26663]: warning: No server certs available. TLS won't be enabled
Oct 19 10:45:54 vps postfix/smtps/smtpd[26663]: connect from scan.cypex.ai[3.134.148.59]
Oct 19 10:45:54 vps postfix/smtps/smtpd[26663]: warning: Wrapper-mode request dropped from scan.cypex.ai[3.134.148.59] for service 465. TLS context initialization failed. For details see earlier warnings in your logs.
Oct 19 10:45:54 vps postfix/smtps/smtpd[26663]: disconnect from scan.cypex.ai[3.134.148.59]
Oct 19 10:46:48 vps postfix/smtpd[22483]: connect from unknown[212.132.96.229]
Oct 19 10:46:51 vps postfix/smtpd[22483]: warning: unknown[212.132.96.229]: SASL LOGIN authentication failed: UGFzc3dvcmQ6
Oct 19 10:46:51 vps postfix/smtpd[22483]: disconnect from unknown[212.132.96.229]
Oct 19 10:47:06 vps postfix/smtps/smtpd[26663]: connect from scan.cypex.ai[3.134.148.59]
Oct 19 10:47:06 vps postfix/smtps/smtpd[26663]: warning: Wrapper-mode request dropped from scan.cypex.ai[3.134.148.59] for service 465. TLS context initialization failed. For details see earlier warnings in your logs.
Oct 19 10:47:06 vps postfix/smtps/smtpd[26663]: disconnect from scan.cypex.ai[3.134.148.59]
Oct 19 10:47:56 vps postfix/smtpd[28334]: connect from unknown[62.60.131.17]
Oct 19 10:48:00 vps postfix/smtpd[28334]: warning: unknown[62.60.131.17]: SASL LOGIN authentication failed: UGFzc3dvcmQ6
Oct 19 10:48:00 vps postfix/smtpd[28334]: disconnect from unknown[62.60.131.17]
Oct 19 10:48:03 vps postfix/smtpd[22483]: connect from unknown[212.132.96.229]
Oct 19 10:48:06 vps postfix/smtpd[22483]: warning: unknown[212.132.96.229]: SASL LOGIN authentication failed: UGFzc3dvcmQ6
Oct 19 10:48:06 vps postfix/smtpd[22483]: disconnect from unknown[212.132.96.229]
Oct 19 10:48:34 vps postfix/smtps/smtpd[26663]: connect from scan.cypex.ai[3.134.148.59]
Oct 19 10:48:34 vps postfix/smtps/smtpd[26663]: warning: Wrapper-mode request dropped from scan.cypex.ai[3.134.148.59] for service 465. TLS context initialization failed. For details see earlier warnings in your logs.
Oct 19 10:48:34 vps postfix/smtps/smtpd[26663]: disconnect from scan.cypex.ai[3.134.148.59]
Oct 19 10:49:21 vps postfix/smtpd[22483]: connect from unknown[212.132.96.229]
Oct 19 10:49:23 vps postfix/smtpd[22483]: warning: unknown[212.132.96.229]: SASL LOGIN authentication failed: UGFzc3dvcmQ6
Oct 19 10:49:23 vps postfix/smtpd[22483]: disconnect from unknown[212.132.96.229]
Oct 19 10:49:49 vps postfix/smtps/smtpd[26663]: connect from scan.cypex.ai[3.134.148.59]
Oct 19 10:49:49 vps postfix/smtps/smtpd[26663]: warning: Wrapper-mode request dropped from scan.cypex.ai[3.134.148.59] for service 465. TLS context initialization failed. For details see earlier warnings in your logs.
Oct 19 10:49:49 vps postfix/smtps/smtpd[26663]: disconnect from scan.cypex.ai[3.134.148.59]
Oct 19 10:50:30 vps postfix/smtpd[22483]: warning: hostname scan.cypex.ai does not resolve to address 3.149.59.26
Oct 19 10:50:30 vps postfix/smtpd[22483]: connect from unknown[3.149.59.26]
Oct 19 10:50:30 vps postfix/smtpd[22483]: warning: non-SMTP command from unknown[3.149.59.26]: GET / HTTP/1.1
Oct 19 10:50:30 vps postfix/smtpd[22483]: disconnect from unknown[3.149.59.26]
Oct 19 10:50:34 vps postfix/smtpd[22483]: connect from unknown[212.132.96.229]
Oct 19 10:50:37 vps postfix/smtpd[22483]: warning: unknown[212.132.96.229]: SASL LOGIN authentication failed: UGFzc3dvcmQ6
Oct 19 10:50:37 vps postfix/smtpd[22483]: disconnect from unknown[212.132.96.229]
Oct 19 10:50:38 vps postfix/qmgr[26951]: 3E8983BF5BD: from=, size=918, nrcpt=1 (queue active)
Oct 19 10:50:38 vps postfix/qmgr[26951]: 9C8621D7C8: from=, size=927, nrcpt=1 (queue active)
Oct 19 10:50:39 vps postfix/smtp[31372]: 9C8621D7C8: host gmail-smtp-in.l.google.com[142.251.12.27] said: 550-5.7.26 Your email has been blocked because the sender is unauthenticated. 550-5.7.26 Gmail requires all senders to authenticate with either SPF or DKIM. 550-5.7.26 550-5.7.26 Authentication results: 550-5.7.26 DKIM = did not pass 550-5.7.26 SPF [vps.vcrowd.in] with ip: [103.120.179.240] = did not pass 550-5.7.26 550-5.7.26 For instructions on setting up authentication, go to 550 5.7.26 https://support.google.com/mail/answer/81126#authentication d2e1a72fcca58-7a230112871si2315253b3a.613 - gsmtp (in reply to end of DATA command)
Oct 19 10:50:39 vps postfix/smtp[31371]: 3E8983BF5BD: host gmail-smtp-in.l.google.com[142.251.12.26] said: 550-5.7.26 Your email has been blocked because the sender is unauthenticated. 550-5.7.26 Gmail requires all senders to authenticate with either SPF or DKIM. 550-5.7.26 550-5.7.26 Authentication results: 550-5.7.26 DKIM = did not pass 550-5.7.26 SPF [vps.vcrowd.in] with ip: [103.120.179.240] = did not pass 550-5.7.26 550-5.7.26 For instructions on setting up authentication, go to 550 5.7.26 https://support.google.com/mail/answer/81126#authentication 98e67ed59e1d1-33d5df41f5esi2037783a91.56 - gsmtp (in reply to end of DATA command)
Oct 19 10:50:41 vps postfix/smtp[31372]: 9C8621D7C8: to=, relay=alt1.gmail-smtp-in.l.google.com[192.178.163.26]:25, delay=479, delays=476/0.03/2/0.79, dsn=4.7.26, status=SOFTBOUNCE (host alt1.gmail-smtp-in.l.google.com[192.178.163.26] said: 550-5.7.26 Your email has been blocked because the sender is unauthenticated. 550-5.7.26 Gmail requires all senders to authenticate with either SPF or DKIM. 550-5.7.26 550-5.7.26 Authentication results: 550-5.7.26 DKIM = did not pass 550-5.7.26 SPF [vps.vcrowd.in] with ip: [103.120.179.240] = did not pass 550-5.7.26 550-5.7.26 For instructions on setting up authentication, go to 550 5.7.26 https://support.google.com/mail/answer/81126#authentication 41be03b00d2f7-b6a76b3d31bsi2146750a12.797 - gsmtp (in reply to end of DATA command))
Oct 19 10:50:41 vps postfix/smtp[31371]: 3E8983BF5BD: to=, relay=alt1.gmail-smtp-in.l.google.com[192.178.163.26]:25, delay=472, delays=469/0.05/2/0.8, dsn=4.7.26, status=SOFTBOUNCE (host alt1.gmail-smtp-in.l.google.com[192.178.163.26] said: 550-5.7.26 Your email has been blocked because the sender is unauthenticated. 550-5.7.26 Gmail requires all senders to authenticate with either SPF or DKIM. 550-5.7.26 550-5.7.26 Authentication results: 550-5.7.26 DKIM = did not pass 550-5.7.26 SPF [vps.vcrowd.in] with ip: [103.120.179.240] = did not pass 550-5.7.26 550-5.7.26 For instructions on setting up authentication, go to 550 5.7.26 https://support.google.com/mail/answer/81126#authentication 41be03b00d2f7-b6a7664a1c2si2059306a12.6 - gsmtp (in reply to end of DATA command))
Oct 19 10:50:50 vps postfix/anvil[27319]: statistics: max connection rate 1/60s for (submission:212.132.96.229) at
Oct 19 10:41:44
Oct 19 10:50:50 vps postfix/anvil[27319]: statistics: max connection count 1 for (submission:212.132.96.229) at
Oct 19 10:41:44
Oct 19 10:50:50 vps postfix/anvil[27319]: statistics: max cache size 3 at
Oct 19 10:44:14
Oct 19 10:50:53 vps postfix/smtpd[22483]: warning: hostname scan.cypex.ai does not resolve to address 3.149.59.26
Oct 19 10:50:53 vps postfix/smtpd[22483]: connect from unknown[3.149.59.26]
Oct 19 10:50:53 vps postfix/smtpd[22483]: lost connection after CONNECT from unknown[3.149.59.26]
Oct 19 10:50:53 vps postfix/smtpd[22483]: disconnect from unknown[3.149.59.26]
Oct 19 10:51:49 vps postfix/smtps/smtpd[32243]: warning: No server certs available. TLS won't be enabled
Oct 19 10:51:49 vps postfix/smtps/smtpd[32243]: connect from scan.cypex.ai[3.134.148.59]
Oct 19 10:51:49 vps postfix/smtps/smtpd[32243]: warning: Wrapper-mode request dropped from scan.cypex.ai[3.134.148.59] for service 465. TLS context initialization failed. For details see earlier warnings in your logs.
Oct 19 10:51:49 vps postfix/smtps/smtpd[32243]: disconnect from scan.cypex.ai[3.134.148.59]
Oct 19 10:51:49 vps postfix/smtpd[22483]: connect from unknown[212.132.96.229]
Oct 19 10:51:51 vps postfix/smtps/smtpd[32243]: connect from scan.cypex.ai[3.134.148.59]
Oct 19 10:51:51 vps postfix/smtps/smtpd[32243]: warning: Wrapper-mode request dropped from scan.cypex.ai[3.134.148.59] for service 465. TLS context initialization failed. For details see earlier warnings in your logs.
Oct 19 10:51:51 vps postfix/smtps/smtpd[32243]: disconnect from scan.cypex.ai[3.134.148.59]
Oct 19 10:51:52 vps postfix/smtpd[22483]: warning: unknown[212.132.96.229]: SASL LOGIN authentication failed: UGFzc3dvcmQ6
Oct 19 10:51:52 vps postfix/smtpd[22483]: disconnect from unknown[212.132.96.229]
Oct 19 10:52:32 vps postfix/smtpd[22483]: warning: hostname scan.cypex.ai does not resolve to address 3.149.59.26
Oct 19 10:52:32 vps postfix/smtpd[22483]: connect from unknown[3.149.59.26]
Oct 19 10:52:32 vps postfix/smtpd[22483]: warning: non-SMTP command from unknown[3.149.59.26]: GET / HTTP/1.1
Oct 19 10:52:32 vps postfix/smtpd[22483]: disconnect from unknown[3.149.59.26]
Oct 19 10:52:47 vps postfix/smtpd[531]: connect from unknown[213.209.157.252]
Oct 19 10:52:50 vps postfix/smtpd[531]: warning: unknown[213.209.157.252]: SASL LOGIN authentication failed: UGFzc3dvcmQ6
Oct 19 10:52:50 vps postfix/smtpd[531]: disconnect from unknown[213.209.157.252]
Oct 19 10:53:04 vps postfix/pickup[5113]: 9A3636F51A: uid=1092 from=
Oct 19 10:53:04 vps postfix/cleanup[823]: 9A3636F51A: message-id=<20251019052304.9A3636F51A@vps.vcrowd.in>
Oct 19 10:53:04 vps opendkim[5590]: 9A3636F51A: no signing table match for 'brothers.christi@yahoo.com'
Oct 19 10:53:04 vps opendkim[5590]: 9A3636F51A: no signature data
Oct 19 10:53:04 vps postfix/qmgr[26951]: 9A3636F51A: from=, size=7431, nrcpt=1 (queue active)
Oct 19 10:53:05 vps postfix/smtp[832]: 9A3636F51A: to=, relay=none, delay=1.1, delays=0.06/0.02/1.1/0, dsn=4.4.4, status=SOFTBOUNCE (Host or domain name not found. Name service error for name=adiworld.in type=A: Host not found)
Oct 19 10:53:06 vps postfix/smtpd[22483]: connect from unknown[212.132.96.229]
Oct 19 10:53:08 vps postfix/smtpd[22483]: warning: unknown[212.132.96.229]: SASL LOGIN authentication failed: UGFzc3dvcmQ6
Oct 19 10:53:08 vps postfix/smtpd[22483]: disconnect from unknown[212.132.96.229]
Oct 19 10:53:38 vps postfix/smtps/smtpd[1248]: warning: No server certs available. TLS won't be enabled
Oct 19 10:53:38 vps postfix/smtps/smtpd[1248]: connect from scan.cypex.ai[3.134.148.59]
Oct 19 10:53:38 vps postfix/smtps/smtpd[1248]: warning: Wrapper-mode request dropped from scan.cypex.ai[3.134.148.59] for service 465. TLS context initialization failed. For details see earlier warnings in your logs.
Oct 19 10:53:38 vps postfix/smtps/smtpd[1248]: disconnect from scan.cypex.ai[3.134.148.59]
Oct 19 10:54:04 vps postfix/smtpd[22483]: warning: hostname scan.cypex.ai does not resolve to address 3.149.59.26
Oct 19 10:54:04 vps postfix/smtpd[22483]: connect from unknown[3.149.59.26]
Oct 19 10:54:04 vps postfix/smtpd[22483]: lost connection after UNKNOWN from unknown[3.149.59.26]
Oct 19 10:54:04 vps postfix/smtpd[22483]: disconnect from unknown[3.149.59.26]
Oct 19 10:54:21 vps postfix/smtpd[22483]: connect from unknown[212.132.96.229]
Oct 19 10:54:24 vps postfix/smtpd[22483]: warning: unknown[212.132.96.229]: SASL LOGIN authentication failed: UGFzc3dvcmQ6
Oct 19 10:54:24 vps postfix/smtpd[22483]: disconnect from unknown[212.132.96.229]
Oct 19 10:54:34 vps postfix/smtpd[1978]: connect from unknown[23.180.120.244]
Oct 19 10:54:35 vps postfix/smtpd[1978]: lost connection after EHLO from unknown[23.180.120.244]
Oct 19 10:54:35 vps postfix/smtpd[1978]: disconnect from unknown[23.180.120.244]
Oct 19 10:54:37 vps postfix/smtpd[22483]: connect from unknown[23.180.120.244]
Oct 19 10:54:38 vps postfix/smtpd[22483]: lost connection after EHLO from unknown[23.180.120.244]
Oct 19 10:54:38 vps postfix/smtpd[22483]: disconnect from unknown[23.180.120.244]
Oct 19 10:55:15 vps postfix/smtpd[22483]: warning: hostname scan.cypex.ai does not resolve to address 3.149.59.26
Oct 19 10:55:15 vps postfix/smtpd[22483]: connect from unknown[3.149.59.26]
Oct 19 10:55:16 vps postfix/smtpd[22483]: lost connection after CONNECT from unknown[3.149.59.26]
Oct 19 10:55:16 vps postfix/smtpd[22483]: disconnect from unknown[3.149.59.26]
Oct 19 10:55:27 vps postfix/smtpd[22483]: connect from unknown[165.154.121.231]
Oct 19 10:55:29 vps postfix/smtpd[22483]: warning: unknown[165.154.121.231]: SASL LOGIN authentication failed: UGFzc3dvcmQ6
Oct 19 10:55:29 vps postfix/smtpd[22483]: disconnect from unknown[165.154.121.231]
Oct 19 10:55:36 vps postfix/smtpd[22483]: connect from unknown[212.132.96.229]
Oct 19 10:55:38 vps postfix/qmgr[26951]: 992A16F9D7: from=, size=916, nrcpt=1 (queue active)
Oct 19 10:55:39 vps postfix/smtpd[22483]: warning: unknown[212.132.96.229]: SASL LOGIN authentication failed: UGFzc3dvcmQ6
Oct 19 10:55:39 vps postfix/smtpd[22483]: disconnect from unknown[212.132.96.229]
Oct 19 10:55:40 vps postfix/smtp[3588]: 992A16F9D7: host gmail-smtp-in.l.google.com[142.251.12.27] said: 550-5.7.26 Your email has been blocked because the sender is unauthenticated. 550-5.7.26 Gmail requires all senders to authenticate with either SPF or DKIM. 550-5.7.26 550-5.7.26 Authentication results: 550-5.7.26 DKIM = did not pass 550-5.7.26 SPF [vps.vcrowd.in] with ip: [103.120.179.240] = did not pass 550-5.7.26 550-5.7.26 For instructions on setting up authentication, go to 550 5.7.26 https://support.google.com/mail/answer/81126#authentication d2e1a72fcca58-7a2300d5a45si2394918b3a.224 - gsmtp (in reply to end of DATA command)
Oct 19 10:55:41 vps postfix/smtp[3588]: 992A16F9D7: to=, relay=alt1.gmail-smtp-in.l.google.com[192.178.163.27]:25, delay=987, delays=984/0.04/2.3/0.76, dsn=4.7.26, status=SOFTBOUNCE (host alt1.gmail-smtp-in.l.google.com[192.178.163.27] said: 550-5.7.26 Your email has been blocked because the sender is unauthenticated. 550-5.7.26 Gmail requires all senders to authenticate with either SPF or DKIM. 550-5.7.26 550-5.7.26 Authentication results: 550-5.7.26 DKIM = did not pass 550-5.7.26 SPF [vps.vcrowd.in] with ip: [103.120.179.240] = did not pass 550-5.7.26 550-5.7.26 For instructions on setting up authentication, go to 550 5.7.26 https://support.google.com/mail/answer/81126#authentication d2e1a72fcca58-7a2300fae78si2400130b3a.468 - gsmtp (in reply to end of DATA command))
Oct 19 10:55:41 vps postfix/qmgr[26951]: 992A16F9D7: from=, status=expired, returned to sender
Oct 19 10:55:41 vps postfix/cleanup[3632]: 7AA308F134: message-id=<20251019052541.7AA308F134@vps.vcrowd.in>
Oct 19 10:55:41 vps postfix/bounce[3631]: 992A16F9D7: sender non-delivery notification: 7AA308F134
Oct 19 10:55:41 vps postfix/qmgr[26951]: 7AA308F134: from=<>, size=3836, nrcpt=1 (queue active)
Oct 19 10:55:41 vps postfix/qmgr[26951]: 992A16F9D7: removed
Oct 19 10:55:41 vps postfix/local[3634]: 7AA308F134: to=, relay=local, delay=0.03, delays=0.02/0.01/0/0, dsn=2.0.0, status=sent (delivered to mailbox)
Oct 19 10:55:41 vps postfix/qmgr[26951]: 7AA308F134: removed
Oct 19 10:56:17 vps postfix/smtpd[4118]: connect from unknown[195.211.188.86]
Oct 19 10:56:20 vps postfix/smtpd[4118]: warning: unknown[195.211.188.86]: SASL LOGIN authentication failed: UGFzc3dvcmQ6
Oct 19 10:56:20 vps postfix/smtpd[4118]: disconnect from unknown[195.211.188.86]
Oct 19 10:56:32 vps postfix/smtpd[22483]: warning: hostname scan.cypex.ai does not resolve to address 3.149.59.26
Oct 19 10:56:32 vps postfix/smtpd[22483]: connect from unknown[3.149.59.26]
Oct 19 10:56:32 vps postfix/smtpd[22483]: lost connection after UNKNOWN from unknown[3.149.59.26]
Oct 19 10:56:32 vps postfix/smtpd[22483]: disconnect from unknown[3.149.59.26]
Oct 19 10:56:51 vps postfix/smtpd[22483]: connect from unknown[212.132.96.229]
Oct 19 10:56:54 vps postfix/smtpd[22483]: warning: unknown[212.132.96.229]: SASL LOGIN authentication failed: UGFzc3dvcmQ6
Oct 19 10:56:54 vps postfix/smtpd[22483]: disconnect from unknown[212.132.96.229]
Oct 19 10:57:09 vps postfix/smtpd[22483]: connect from unknown[147.185.132.81]
Oct 19 10:57:09 vps postfix/smtpd[22483]: warning: non-SMTP command from unknown[147.185.132.81]: GET / HTTP/1.1
Oct 19 10:57:09 vps postfix/smtpd[22483]: disconnect from unknown[147.185.132.81]
Oct 19 10:57:24 vps postfix/smtpd[22483]: warning: hostname scan.cypex.ai does not resolve to address 3.149.59.26
Oct 19 10:57:24 vps postfix/smtpd[22483]: connect from unknown[3.149.59.26]
Oct 19 10:57:24 vps postfix/smtpd[22483]: lost connection after UNKNOWN from unknown[3.149.59.26]
Oct 19 10:57:24 vps postfix/smtpd[22483]: disconnect from unknown[3.149.59.26]
Oct 19 10:58:07 vps postfix/smtpd[22483]: connect from unknown[212.132.96.229]
Oct 19 10:58:09 vps postfix/smtpd[22483]: warning: unknown[212.132.96.229]: SASL LOGIN authentication failed: UGFzc3dvcmQ6
Oct 19 10:58:09 vps postfix/smtpd[22483]: disconnect from unknown[212.132.96.229]
Oct 19 10:58:19 vps postfix/smtpd[5705]: connect from unknown[62.60.131.124]
Oct 19 10:58:22 vps postfix/smtpd[5705]: warning: unknown[62.60.131.124]: SASL LOGIN authentication failed: UGFzc3dvcmQ6
Oct 19 10:58:22 vps postfix/smtpd[5705]: disconnect from unknown[62.60.131.124]
Oct 19 10:58:29 vps postfix/smtpd[5705]: connect from unknown[213.209.157.116]
Oct 19 10:58:32 vps postfix/smtpd[5705]: warning: unknown[213.209.157.116]: SASL LOGIN authentication failed: UGFzc3dvcmQ6
Oct 19 10:58:32 vps postfix/smtpd[5705]: disconnect from unknown[213.209.157.116]
