Oct 19 06:24:19 vps postfix/smtps/smtpd[8563]: connect from c-71-229-1-186.hsd1.al.comcast.net[71.229.1.186]
Oct 19 06:24:19 vps postfix/smtps/smtpd[8563]: warning: Wrapper-mode request dropped from c-71-229-1-186.hsd1.al.comcast.net[71.229.1.186] for service 465. TLS context initialization failed. For details see earlier warnings in your logs.
Oct 19 06:24:19 vps postfix/smtps/smtpd[8563]: disconnect from c-71-229-1-186.hsd1.al.comcast.net[71.229.1.186]
Oct 19 06:24:23 vps postfix/smtps/smtpd[8563]: connect from 111-70-51-5.emome-ip.hinet.net[111.70.51.5]
Oct 19 06:24:23 vps postfix/smtps/smtpd[8563]: warning: Wrapper-mode request dropped from 111-70-51-5.emome-ip.hinet.net[111.70.51.5] for service 465. TLS context initialization failed. For details see earlier warnings in your logs.
Oct 19 06:24:23 vps postfix/smtps/smtpd[8563]: disconnect from 111-70-51-5.emome-ip.hinet.net[111.70.51.5]
Oct 19 06:24:33 vps postfix/smtps/smtpd[8563]: warning: hostname nsg-static-82.71.76.182-airtel.com does not resolve to address 182.76.71.82
Oct 19 06:24:33 vps postfix/smtps/smtpd[8563]: connect from unknown[182.76.71.82]
Oct 19 06:24:33 vps postfix/smtps/smtpd[8563]: warning: Wrapper-mode request dropped from unknown[182.76.71.82] for service 465. TLS context initialization failed. For details see earlier warnings in your logs.
Oct 19 06:24:33 vps postfix/smtps/smtpd[8563]: disconnect from unknown[182.76.71.82]
Oct 19 06:24:46 vps postfix/smtps/smtpd[8563]: connect from c-76-149-165-107.hsd1.ut.comcast.net[76.149.165.107]
Oct 19 06:24:46 vps postfix/smtps/smtpd[8563]: warning: Wrapper-mode request dropped from c-76-149-165-107.hsd1.ut.comcast.net[76.149.165.107] for service 465. TLS context initialization failed. For details see earlier warnings in your logs.
Oct 19 06:24:46 vps postfix/smtps/smtpd[8563]: disconnect from c-76-149-165-107.hsd1.ut.comcast.net[76.149.165.107]
Oct 19 06:25:21 vps postfix/smtpd[1839]: connect from unknown[212.132.96.229]
Oct 19 06:25:24 vps postfix/smtpd[1839]: warning: unknown[212.132.96.229]: SASL LOGIN authentication failed: UGFzc3dvcmQ6
Oct 19 06:25:24 vps postfix/smtpd[1839]: disconnect from unknown[212.132.96.229]
Oct 19 06:25:47 vps postfix/pickup[13882]: 190998F134: uid=1043 from=
Oct 19 06:25:47 vps postfix/cleanup[10142]: 190998F134: message-id=<20251019005547.190998F134@vps.vcrowd.in>
Oct 19 06:25:47 vps opendkim[5590]: 190998F134: no signing table match for 'info@professionalseocleanup.com'
Oct 19 06:25:47 vps opendkim[5590]: 190998F134: no signature data
Oct 19 06:25:47 vps postfix/qmgr[26951]: 190998F134: from=, size=1035, nrcpt=2 (queue active)
Oct 19 06:25:47 vps postfix/pipe[10150]: 190998F134: to=, relay=dovecot, delay=0.12, delays=0.05/0.02/0/0.04, dsn=4.1.1, status=SOFTBOUNCE (user unknown)
Oct 19 06:25:48 vps postfix/smtp[10149]: 190998F134: host gmail-smtp-in.l.google.com[142.251.12.26] said: 550-5.7.26 Your email has been blocked because the sender is unauthenticated. 550-5.7.26 Gmail requires all senders to authenticate with either SPF or DKIM. 550-5.7.26 550-5.7.26 Authentication results: 550-5.7.26 DKIM = did not pass 550-5.7.26 SPF [vps.vcrowd.in] with ip: [103.120.179.240] = did not pass 550-5.7.26 550-5.7.26 For instructions on setting up authentication, go to 550 5.7.26 https://support.google.com/mail/answer/81126#authentication d9443c01a7336-292471db2b3si21371585ad.261 - gsmtp (in reply to end of DATA command)
Oct 19 06:25:48 vps postfix/smtps/smtpd[8563]: connect from unknown[116.114.94.242]
Oct 19 06:25:48 vps postfix/smtps/smtpd[8563]: warning: Wrapper-mode request dropped from unknown[116.114.94.242] for service 465. TLS context initialization failed. For details see earlier warnings in your logs.
Oct 19 06:25:48 vps postfix/smtps/smtpd[8563]: disconnect from unknown[116.114.94.242]
Oct 19 06:25:49 vps postfix/smtp[10149]: 190998F134: to=, relay=alt1.gmail-smtp-in.l.google.com[192.178.163.27]:25, delay=2.7, delays=0.05/0.02/1.9/0.66, dsn=4.7.26, status=SOFTBOUNCE (host alt1.gmail-smtp-in.l.google.com[192.178.163.27] said: 550-5.7.26 Your email has been blocked because the sender is unauthenticated. 550-5.7.26 Gmail requires all senders to authenticate with either SPF or DKIM. 550-5.7.26 550-5.7.26 Authentication results: 550-5.7.26 DKIM = did not pass 550-5.7.26 SPF [vps.vcrowd.in] with ip: [103.120.179.240] = did not pass 550-5.7.26 550-5.7.26 For instructions on setting up authentication, go to 550 5.7.26 https://support.google.com/mail/answer/81126#authentication d2e1a72fcca58-7a2300d6689si2227945b3a.288 - gsmtp (in reply to end of DATA command))
Oct 19 06:26:22 vps postfix/smtpd[10544]: connect from unknown[213.209.157.225]
Oct 19 06:26:25 vps postfix/smtpd[10544]: warning: unknown[213.209.157.225]: SASL LOGIN authentication failed: UGFzc3dvcmQ6
Oct 19 06:26:25 vps postfix/smtpd[10544]: disconnect from unknown[213.209.157.225]
Oct 19 06:26:37 vps postfix/smtpd[1839]: connect from unknown[212.132.96.229]
Oct 19 06:26:40 vps postfix/smtpd[1839]: warning: unknown[212.132.96.229]: SASL LOGIN authentication failed: UGFzc3dvcmQ6
Oct 19 06:26:40 vps postfix/smtpd[1839]: disconnect from unknown[212.132.96.229]
Oct 19 06:27:51 vps postfix/smtpd[1839]: connect from unknown[212.132.96.229]
Oct 19 06:27:53 vps postfix/smtpd[1839]: warning: unknown[212.132.96.229]: SASL LOGIN authentication failed: UGFzc3dvcmQ6
Oct 19 06:27:53 vps postfix/smtpd[1839]: disconnect from unknown[212.132.96.229]
Oct 19 06:29:06 vps postfix/smtpd[1839]: connect from unknown[212.132.96.229]
Oct 19 06:29:09 vps postfix/smtpd[1839]: warning: unknown[212.132.96.229]: SASL LOGIN authentication failed: UGFzc3dvcmQ6
Oct 19 06:29:09 vps postfix/smtpd[1839]: disconnect from unknown[212.132.96.229]
Oct 19 06:30:22 vps postfix/smtpd[1839]: connect from unknown[212.132.96.229]
Oct 19 06:30:24 vps postfix/smtpd[1839]: warning: unknown[212.132.96.229]: SASL LOGIN authentication failed: UGFzc3dvcmQ6
Oct 19 06:30:24 vps postfix/smtpd[1839]: disconnect from unknown[212.132.96.229]
Oct 19 06:30:50 vps postfix/anvil[27319]: statistics: max connection rate 1/60s for (submission:165.154.121.231) at
Oct 19 06:21:09
Oct 19 06:30:50 vps postfix/anvil[27319]: statistics: max connection count 1 for (submission:165.154.121.231) at
Oct 19 06:21:09
Oct 19 06:30:50 vps postfix/anvil[27319]: statistics: max cache size 4 at
Oct 19 06:21:09
Oct 19 06:31:19 vps postfix/smtpd[14296]: connect from unknown[195.211.188.86]
Oct 19 06:31:22 vps postfix/smtpd[14296]: warning: unknown[195.211.188.86]: SASL LOGIN authentication failed: UGFzc3dvcmQ6
Oct 19 06:31:22 vps postfix/smtpd[14296]: disconnect from unknown[195.211.188.86]
Oct 19 06:31:36 vps postfix/smtpd[1839]: connect from unknown[212.132.96.229]
Oct 19 06:31:39 vps postfix/smtpd[1839]: warning: unknown[212.132.96.229]: SASL LOGIN authentication failed: UGFzc3dvcmQ6
Oct 19 06:31:39 vps postfix/smtpd[1839]: disconnect from unknown[212.132.96.229]
Oct 19 06:31:53 vps postfix/smtpd[14296]: connect from unknown[196.251.92.11]
Oct 19 06:31:55 vps postfix/smtpd[14296]: warning: unknown[196.251.92.11]: SASL LOGIN authentication failed: UGFzc3dvcmQ6
Oct 19 06:31:55 vps postfix/smtpd[14296]: disconnect from unknown[196.251.92.11]
Oct 19 06:32:39 vps postfix/smtpd[14296]: connect from unknown[213.209.157.116]
Oct 19 06:32:41 vps postfix/smtpd[14296]: warning: unknown[213.209.157.116]: SASL LOGIN authentication failed: UGFzc3dvcmQ6
Oct 19 06:32:41 vps postfix/smtpd[14296]: disconnect from unknown[213.209.157.116]
Oct 19 06:32:54 vps postfix/smtpd[1839]: connect from unknown[212.132.96.229]
Oct 19 06:32:57 vps postfix/smtpd[1839]: warning: unknown[212.132.96.229]: SASL LOGIN authentication failed: UGFzc3dvcmQ6
Oct 19 06:32:57 vps postfix/smtpd[1839]: disconnect from unknown[212.132.96.229]
Oct 19 06:32:59 vps postfix/smtpd[14296]: connect from lewis.rolldeos.com[94.156.175.177]
Oct 19 06:33:00 vps postfix/smtpd[14296]: NOQUEUE: reject: RCPT from lewis.rolldeos.com[94.156.175.177]: 454 4.7.1 Service unavailable; Client host [94.156.175.177] blocked using bl.spamcop.net; Blocked - see https://www.spamcop.net/bl.shtml?94.156.175.177; from= to= proto=ESMTP helo=
Oct 19 06:33:00 vps postfix/smtpd[14296]: disconnect from lewis.rolldeos.com[94.156.175.177]
Oct 19 06:33:15 vps postfix/smtpd[14296]: connect from unknown[171.22.174.149]
Oct 19 06:33:19 vps postfix/smtpd[14296]: NOQUEUE: reject: RCPT from unknown[171.22.174.149]: 454 4.7.1 : Relay access denied; from= to= proto=ESMTP helo=
Oct 19 06:33:19 vps postfix/smtpd[14296]: lost connection after RCPT from unknown[171.22.174.149]
Oct 19 06:33:19 vps postfix/smtpd[14296]: disconnect from unknown[171.22.174.149]
Oct 19 06:34:11 vps postfix/smtpd[1839]: connect from unknown[212.132.96.229]
Oct 19 06:34:14 vps postfix/smtpd[1839]: warning: unknown[212.132.96.229]: SASL LOGIN authentication failed: UGFzc3dvcmQ6
Oct 19 06:34:14 vps postfix/smtpd[1839]: disconnect from unknown[212.132.96.229]
Oct 19 06:34:21 vps postfix/smtpd[14296]: connect from eert.heritagcreations.info[96.31.94.29]
Oct 19 06:34:22 vps postfix/smtpd[14296]: NOQUEUE: reject: RCPT from eert.heritagcreations.info[96.31.94.29]: 450 4.1.8 : Sender address rejected: Domain not found; from= to= proto=ESMTP helo=
Oct 19 06:34:22 vps postfix/smtpd[14296]: disconnect from eert.heritagcreations.info[96.31.94.29]
Oct 19 06:34:30 vps postfix/smtpd[14296]: connect from unknown[49.124.152.251]
Oct 19 06:34:35 vps postfix/smtpd[14296]: warning: unknown[49.124.152.251]: SASL LOGIN authentication failed: UGFzc3dvcmQ6
Oct 19 06:34:35 vps postfix/smtpd[14296]: lost connection after AUTH from unknown[49.124.152.251]
Oct 19 06:34:35 vps postfix/smtpd[14296]: disconnect from unknown[49.124.152.251]
Oct 19 06:34:51 vps postfix/smtpd[14296]: connect from unknown[62.60.131.17]
Oct 19 06:34:55 vps postfix/smtpd[14296]: warning: unknown[62.60.131.17]: SASL LOGIN authentication failed: UGFzc3dvcmQ6
Oct 19 06:34:55 vps postfix/smtpd[14296]: disconnect from unknown[62.60.131.17]
Oct 19 06:35:27 vps postfix/smtpd[1839]: connect from unknown[212.132.96.229]
Oct 19 06:35:29 vps postfix/smtpd[1839]: warning: unknown[212.132.96.229]: SASL LOGIN authentication failed: UGFzc3dvcmQ6
Oct 19 06:35:29 vps postfix/smtpd[1839]: disconnect from unknown[212.132.96.229]
Oct 19 06:35:38 vps postfix/qmgr[26951]: 190998F134: from=, size=1035, nrcpt=2 (queue active)
Oct 19 06:35:38 vps postfix/pipe[17918]: 190998F134: to=, relay=dovecot, delay=592, delays=592/0.02/0/0.04, dsn=4.1.1, status=SOFTBOUNCE (user unknown)
Oct 19 06:35:39 vps postfix/smtp[17917]: 190998F134: host gmail-smtp-in.l.google.com[142.251.12.26] said: 550-5.7.26 Your email has been blocked because the sender is unauthenticated. 550-5.7.26 Gmail requires all senders to authenticate with either SPF or DKIM. 550-5.7.26 550-5.7.26 Authentication results: 550-5.7.26 DKIM = did not pass 550-5.7.26 SPF [vps.vcrowd.in] with ip: [103.120.179.240] = did not pass 550-5.7.26 550-5.7.26 For instructions on setting up authentication, go to 550 5.7.26 https://support.google.com/mail/answer/81126#authentication d9443c01a7336-29246ff6941si22023235ad.173 - gsmtp (in reply to end of DATA command)
Oct 19 06:35:41 vps postfix/smtp[17917]: 190998F134: to=, relay=alt1.gmail-smtp-in.l.google.com[192.178.163.27]:25, delay=594, delays=592/0.02/1.8/0.65, dsn=4.7.26, status=SOFTBOUNCE (host alt1.gmail-smtp-in.l.google.com[192.178.163.27] said: 550-5.7.26 Your email has been blocked because the sender is unauthenticated. 550-5.7.26 Gmail requires all senders to authenticate with either SPF or DKIM. 550-5.7.26 550-5.7.26 Authentication results: 550-5.7.26 DKIM = did not pass 550-5.7.26 SPF [vps.vcrowd.in] with ip: [103.120.179.240] = did not pass 550-5.7.26 550-5.7.26 For instructions on setting up authentication, go to 550 5.7.26 https://support.google.com/mail/answer/81126#authentication 41be03b00d2f7-b6a76b44681si1830646a12.844 - gsmtp (in reply to end of DATA command))
Oct 19 06:36:03 vps postfix/smtps/smtpd[18210]: warning: No server certs available. TLS won't be enabled
Oct 19 06:36:03 vps postfix/smtps/smtpd[18210]: warning: hostname 50.241.220.60.adsl-pool.sx.cn does not resolve to address 60.220.241.50
Oct 19 06:36:03 vps postfix/smtps/smtpd[18210]: connect from unknown[60.220.241.50]
Oct 19 06:36:03 vps postfix/smtps/smtpd[18210]: warning: Wrapper-mode request dropped from unknown[60.220.241.50] for service 465. TLS context initialization failed. For details see earlier warnings in your logs.
Oct 19 06:36:03 vps postfix/smtps/smtpd[18210]: disconnect from unknown[60.220.241.50]
Oct 19 06:36:06 vps postfix/smtps/smtpd[18210]: connect from unknown[27.13.161.87]
Oct 19 06:36:06 vps postfix/smtps/smtpd[18210]: warning: Wrapper-mode request dropped from unknown[27.13.161.87] for service 465. TLS context initialization failed. For details see earlier warnings in your logs.
Oct 19 06:36:06 vps postfix/smtps/smtpd[18210]: disconnect from unknown[27.13.161.87]
Oct 19 06:36:08 vps postfix/smtps/smtpd[18210]: connect from unknown[152.231.25.64]
Oct 19 06:36:08 vps postfix/smtps/smtpd[18210]: warning: Wrapper-mode request dropped from unknown[152.231.25.64] for service 465. TLS context initialization failed. For details see earlier warnings in your logs.
Oct 19 06:36:08 vps postfix/smtps/smtpd[18210]: disconnect from unknown[152.231.25.64]
Oct 19 06:36:18 vps postfix/smtps/smtpd[18210]: warning: hostname abts-tn-dynamic-2.252.227.110.airtelbroadband.in does not resolve to address 110.227.252.2: Name or service not known
Oct 19 06:36:18 vps postfix/smtps/smtpd[18210]: connect from unknown[110.227.252.2]
Oct 19 06:36:18 vps postfix/smtps/smtpd[18210]: warning: Wrapper-mode request dropped from unknown[110.227.252.2] for service 465. TLS context initialization failed. For details see earlier warnings in your logs.
Oct 19 06:36:18 vps postfix/smtps/smtpd[18210]: disconnect from unknown[110.227.252.2]
Oct 19 06:36:46 vps postfix/smtpd[1839]: connect from unknown[212.132.96.229]
Oct 19 06:36:48 vps postfix/smtpd[1839]: warning: unknown[212.132.96.229]: SASL LOGIN authentication failed: UGFzc3dvcmQ6
Oct 19 06:36:48 vps postfix/smtpd[1839]: disconnect from unknown[212.132.96.229]
Oct 19 06:37:32 vps postfix/smtpd[18991]: connect from mail-southindiaazolkn19010012.outbound.protection.outlook.com[52.103.67.12]
Oct 19 06:37:32 vps postfix/smtpd[18991]: NOQUEUE: reject: RCPT from mail-southindiaazolkn19010012.outbound.protection.outlook.com[52.103.67.12]: 450 4.1.1 : Recipient address rejected: User unknown in virtual mailbox table; from= to= proto=ESMTP helo=
Oct 19 06:37:32 vps postfix/smtpd[18991]: disconnect from mail-southindiaazolkn19010012.outbound.protection.outlook.com[52.103.67.12]
Oct 19 06:38:05 vps postfix/smtpd[1839]: connect from unknown[212.132.96.229]
Oct 19 06:38:08 vps postfix/smtpd[1839]: warning: unknown[212.132.96.229]: SASL LOGIN authentication failed: UGFzc3dvcmQ6
Oct 19 06:38:08 vps postfix/smtpd[1839]: disconnect from unknown[212.132.96.229]
Oct 19 06:38:10 vps postfix/smtpd[18991]: connect from unknown[62.60.131.124]
Oct 19 06:38:13 vps postfix/smtpd[18991]: warning: unknown[62.60.131.124]: SASL LOGIN authentication failed: UGFzc3dvcmQ6
Oct 19 06:38:13 vps postfix/smtpd[18991]: disconnect from unknown[62.60.131.124]
Oct 19 06:38:18 vps postfix/smtpd[18991]: connect from laubervilliers-657-1-93-158.w80-14.abo.wanadoo.fr[80.14.31.158]
Oct 19 06:38:19 vps postfix/smtpd[18991]: disconnect from laubervilliers-657-1-93-158.w80-14.abo.wanadoo.fr[80.14.31.158]
Oct 19 06:38:20 vps postfix/smtpd[18991]: connect from ool-457bdb52.dyn.optonline.net[69.123.219.82]
Oct 19 06:38:20 vps postfix/smtpd[18991]: disconnect from ool-457bdb52.dyn.optonline.net[69.123.219.82]
Oct 19 06:39:23 vps postfix/smtpd[1839]: connect from unknown[212.132.96.229]
Oct 19 06:39:26 vps postfix/smtpd[1839]: warning: unknown[212.132.96.229]: SASL LOGIN authentication failed: UGFzc3dvcmQ6
Oct 19 06:39:26 vps postfix/smtpd[1839]: disconnect from unknown[212.132.96.229]
Oct 19 06:40:00 vps postfix/smtpd[20280]: connect from mail-74-209-dc.etransmail.com[175.158.74.209]
Oct 19 06:40:01 vps postfix/smtpd[20280]: NOQUEUE: reject: RCPT from mail-74-209-dc.etransmail.com[175.158.74.209]: 450 4.1.1 : Recipient address rejected: User unknown in virtual mailbox table; from=<17607258827330126-176041-1-nyraatech.com@trans.axisbank.com> to= proto=ESMTP helo=
Oct 19 06:40:16 vps postfix/smtpd[21259]: connect from unknown[unknown]
Oct 19 06:40:16 vps postfix/smtpd[21259]: lost connection after CONNECT from unknown[unknown]
Oct 19 06:40:16 vps postfix/smtpd[21259]: disconnect from unknown[unknown]
Oct 19 06:40:31 vps postfix/smtpd[20280]: lost connection after DATA from mail-74-209-dc.etransmail.com[175.158.74.209]
Oct 19 06:40:31 vps postfix/smtpd[20280]: disconnect from mail-74-209-dc.etransmail.com[175.158.74.209]
Oct 19 06:40:39 vps postfix/smtpd[1839]: connect from unknown[212.132.96.229]
Oct 19 06:40:42 vps postfix/smtpd[1839]: warning: unknown[212.132.96.229]: SASL LOGIN authentication failed: UGFzc3dvcmQ6
Oct 19 06:40:42 vps postfix/smtpd[1839]: disconnect from unknown[212.132.96.229]
Oct 19 06:40:50 vps postfix/anvil[27319]: statistics: max connection rate 1/60s for (smtp:195.211.188.86) at
Oct 19 06:31:19
Oct 19 06:40:50 vps postfix/anvil[27319]: statistics: max connection count 1 for (smtp:195.211.188.86) at
Oct 19 06:31:19
Oct 19 06:40:50 vps postfix/anvil[27319]: statistics: max cache size 5 at
Oct 19 06:38:20
Oct 19 06:41:55 vps postfix/smtpd[1839]: connect from unknown[212.132.96.229]
Oct 19 06:41:58 vps postfix/smtpd[1839]: warning: unknown[212.132.96.229]: SASL LOGIN authentication failed: UGFzc3dvcmQ6
Oct 19 06:41:58 vps postfix/smtpd[1839]: disconnect from unknown[212.132.96.229]
Oct 19 06:42:06 vps postfix/smtpd[1839]: connect from unknown[165.154.121.231]
Oct 19 06:42:08 vps postfix/smtpd[1839]: warning: unknown[165.154.121.231]: SASL LOGIN authentication failed: UGFzc3dvcmQ6
Oct 19 06:42:08 vps postfix/smtpd[1839]: disconnect from unknown[165.154.121.231]
Oct 19 06:43:00 vps postfix/smtpd[22789]: connect from lewis.rolldeos.com[94.156.175.177]
Oct 19 06:43:00 vps postfix/smtpd[22789]: NOQUEUE: reject: RCPT from lewis.rolldeos.com[94.156.175.177]: 454 4.7.1 Service unavailable; Client host [94.156.175.177] blocked using bl.spamcop.net; Blocked - see https://www.spamcop.net/bl.shtml?94.156.175.177; from= to= proto=ESMTP helo=
Oct 19 06:43:00 vps postfix/smtpd[22789]: disconnect from lewis.rolldeos.com[94.156.175.177]
Oct 19 06:43:11 vps postfix/smtpd[1839]: connect from unknown[212.132.96.229]
Oct 19 06:43:15 vps postfix/smtpd[1839]: warning: unknown[212.132.96.229]: SASL LOGIN authentication failed: UGFzc3dvcmQ6
Oct 19 06:43:15 vps postfix/smtpd[1839]: disconnect from unknown[212.132.96.229]
Oct 19 06:44:18 vps postfix/smtpd[22789]: connect from unknown[213.209.157.252]
Oct 19 06:44:20 vps postfix/smtpd[22789]: warning: unknown[213.209.157.252]: SASL LOGIN authentication failed: UGFzc3dvcmQ6
Oct 19 06:44:20 vps postfix/smtpd[22789]: disconnect from unknown[213.209.157.252]
Oct 19 06:44:28 vps postfix/smtpd[1839]: connect from unknown[212.132.96.229]
Oct 19 06:44:31 vps postfix/smtpd[1839]: warning: unknown[212.132.96.229]: SASL LOGIN authentication failed: UGFzc3dvcmQ6
Oct 19 06:44:31 vps postfix/smtpd[1839]: disconnect from unknown[212.132.96.229]
Oct 19 06:45:38 vps postfix/qmgr[26951]: 190998F134: from=, size=1035, nrcpt=2 (queue active)
Oct 19 06:45:38 vps postfix/pipe[25078]: 190998F134: to=, relay=dovecot, delay=1192, delays=1192/0.04/0/0.06, dsn=4.1.1, status=SOFTBOUNCE (user unknown)
Oct 19 06:45:40 vps postfix/smtp[25077]: 190998F134: host gmail-smtp-in.l.google.com[142.251.12.26] said: 550-5.7.26 Your email has been blocked because the sender is unauthenticated. 550-5.7.26 Gmail requires all senders to authenticate with either SPF or DKIM. 550-5.7.26 550-5.7.26 Authentication results: 550-5.7.26 DKIM = did not pass 550-5.7.26 SPF [vps.vcrowd.in] with ip: [103.120.179.240] = did not pass 550-5.7.26 550-5.7.26 For instructions on setting up authentication, go to 550 5.7.26 https://support.google.com/mail/answer/81126#authentication 41be03b00d2f7-b6a766470cfsi1980900a12.129 - gsmtp (in reply to end of DATA command)
Oct 19 06:45:41 vps postfix/smtp[25077]: 190998F134: to=, relay=alt1.gmail-smtp-in.l.google.com[192.178.163.27]:25, delay=1194, delays=1192/0.04/1.8/0.66, dsn=4.7.26, status=SOFTBOUNCE (host alt1.gmail-smtp-in.l.google.com[192.178.163.27] said: 550-5.7.26 Your email has been blocked because the sender is unauthenticated. 550-5.7.26 Gmail requires all senders to authenticate with either SPF or DKIM. 550-5.7.26 550-5.7.26 Authentication results: 550-5.7.26 DKIM = did not pass 550-5.7.26 SPF [vps.vcrowd.in] with ip: [103.120.179.240] = did not pass 550-5.7.26 550-5.7.26 For instructions on setting up authentication, go to 550 5.7.26 https://support.google.com/mail/answer/81126#authentication d2e1a72fcca58-7a23012862asi2192361b3a.853 - gsmtp (in reply to end of DATA command))
Oct 19 06:45:41 vps postfix/qmgr[26951]: 190998F134: from=, status=expired, returned to sender
Oct 19 06:45:41 vps postfix/cleanup[25103]: 6CA041D7C8: message-id=<20251019011541.6CA041D7C8@vps.vcrowd.in>
Oct 19 06:45:41 vps postfix/qmgr[26951]: 6CA041D7C8: from=<>, size=4087, nrcpt=1 (queue active)
Oct 19 06:45:41 vps postfix/bounce[25082]: 190998F134: sender non-delivery notification: 6CA041D7C8
Oct 19 06:45:41 vps postfix/qmgr[26951]: 190998F134: removed
Oct 19 06:45:41 vps postfix/local[25104]: 6CA041D7C8: to=, relay=local, delay=0.04, delays=0.02/0.02/0/0, dsn=2.0.0, status=sent (delivered to mailbox)
Oct 19 06:45:41 vps postfix/qmgr[26951]: 6CA041D7C8: removed
Oct 19 06:45:45 vps postfix/smtpd[1839]: connect from unknown[212.132.96.229]
Oct 19 06:45:47 vps postfix/smtpd[1839]: warning: unknown[212.132.96.229]: SASL LOGIN authentication failed: UGFzc3dvcmQ6
Oct 19 06:45:47 vps postfix/smtpd[1839]: disconnect from unknown[212.132.96.229]
Oct 19 06:46:40 vps postfix/smtpd[25531]: connect from mail-koreacentralazolkn19012050.outbound.protection.outlook.com[52.103.74.50]
Oct 19 06:46:40 vps postfix/smtpd[25531]: NOQUEUE: reject: RCPT from mail-koreacentralazolkn19012050.outbound.protection.outlook.com[52.103.74.50]: 450 4.1.1 : Recipient address rejected: User unknown in virtual mailbox table; from= to= proto=ESMTP helo=
Oct 19 06:46:40 vps postfix/smtpd[25531]: disconnect from mail-koreacentralazolkn19012050.outbound.protection.outlook.com[52.103.74.50]
Oct 19 06:47:01 vps postfix/smtpd[25682]: connect from unknown[212.132.96.229]
Oct 19 06:47:04 vps postfix/smtpd[25682]: warning: unknown[212.132.96.229]: SASL LOGIN authentication failed: UGFzc3dvcmQ6
Oct 19 06:47:04 vps postfix/smtpd[25682]: disconnect from unknown[212.132.96.229]
Oct 19 06:47:08 vps postfix/smtps/smtpd[25774]: warning: No server certs available. TLS won't be enabled
Oct 19 06:47:09 vps postfix/smtps/smtpd[25774]: connect from unknown[49.124.159.185]
Oct 19 06:47:09 vps postfix/smtps/smtpd[25774]: warning: Wrapper-mode request dropped from unknown[49.124.159.185] for service 465. TLS context initialization failed. For details see earlier warnings in your logs.
Oct 19 06:47:09 vps postfix/smtps/smtpd[25774]: disconnect from unknown[49.124.159.185]
Oct 19 06:47:12 vps postfix/smtps/smtpd[25774]: connect from unknown[103.91.67.161]
Oct 19 06:47:12 vps postfix/smtps/smtpd[25774]: warning: Wrapper-mode request dropped from unknown[103.91.67.161] for service 465. TLS context initialization failed. For details see earlier warnings in your logs.
Oct 19 06:47:12 vps postfix/smtps/smtpd[25774]: disconnect from unknown[103.91.67.161]
Oct 19 06:47:22 vps postfix/smtps/smtpd[25774]: warning: hostname dynamic-adsl.movitel.co.mz does not resolve to address 197.219.210.46: Name or service not known
Oct 19 06:47:22 vps postfix/smtps/smtpd[25774]: connect from unknown[197.219.210.46]
Oct 19 06:47:22 vps postfix/smtps/smtpd[25774]: warning: Wrapper-mode request dropped from unknown[197.219.210.46] for service 465. TLS context initialization failed. For details see earlier warnings in your logs.
Oct 19 06:47:22 vps postfix/smtps/smtpd[25774]: disconnect from unknown[197.219.210.46]
Oct 19 06:47:24 vps postfix/smtps/smtpd[25774]: connect from unknown[182.95.52.170]
Oct 19 06:47:24 vps postfix/smtps/smtpd[25774]: warning: Wrapper-mode request dropped from unknown[182.95.52.170] for service 465. TLS context initialization failed. For details see earlier warnings in your logs.
Oct 19 06:47:24 vps postfix/smtps/smtpd[25774]: disconnect from unknown[182.95.52.170]
Oct 19 06:47:27 vps postfix/smtps/smtpd[25774]: connect from unknown[178.178.127.114]
Oct 19 06:47:27 vps postfix/smtps/smtpd[25774]: warning: Wrapper-mode request dropped from unknown[178.178.127.114] for service 465. TLS context initialization failed. For details see earlier warnings in your logs.
Oct 19 06:47:27 vps postfix/smtps/smtpd[25774]: disconnect from unknown[178.178.127.114]
Oct 19 06:47:36 vps postfix/smtpd[25531]: connect from unknown[213.209.157.225]
Oct 19 06:47:37 vps postfix/smtps/smtpd[25774]: connect from 220-135-248-246.hinet-ip.hinet.net[220.135.248.246]
Oct 19 06:47:37 vps postfix/smtps/smtpd[25774]: warning: Wrapper-mode request dropped from 220-135-248-246.hinet-ip.hinet.net[220.135.248.246] for service 465. TLS context initialization failed. For details see earlier warnings in your logs.
Oct 19 06:47:37 vps postfix/smtps/smtpd[25774]: disconnect from 220-135-248-246.hinet-ip.hinet.net[220.135.248.246]
Oct 19 06:47:38 vps postfix/smtpd[25531]: warning: unknown[213.209.157.225]: SASL LOGIN authentication failed: UGFzc3dvcmQ6
Oct 19 06:47:38 vps postfix/smtpd[25531]: disconnect from unknown[213.209.157.225]
Oct 19 06:47:42 vps postfix/smtps/smtpd[25774]: connect from unknown[183.221.220.69]
Oct 19 06:47:42 vps postfix/smtps/smtpd[25774]: warning: Wrapper-mode request dropped from unknown[183.221.220.69] for service 465. TLS context initialization failed. For details see earlier warnings in your logs.
Oct 19 06:47:42 vps postfix/smtps/smtpd[25774]: disconnect from unknown[183.221.220.69]
Oct 19 06:48:17 vps postfix/smtpd[25682]: connect from unknown[212.132.96.229]
Oct 19 06:48:20 vps postfix/smtpd[25682]: warning: unknown[212.132.96.229]: SASL LOGIN authentication failed: UGFzc3dvcmQ6
Oct 19 06:48:20 vps postfix/smtpd[25682]: disconnect from unknown[212.132.96.229]
Oct 19 06:49:28 vps postfix/smtpd[27298]: connect from unknown[195.211.188.86]
Oct 19 06:49:32 vps postfix/smtpd[27298]: warning: unknown[195.211.188.86]: SASL LOGIN authentication failed: UGFzc3dvcmQ6
Oct 19 06:49:32 vps postfix/smtpd[27298]: disconnect from unknown[195.211.188.86]
Oct 19 06:49:33 vps postfix/smtpd[25682]: connect from unknown[212.132.96.229]
Oct 19 06:49:36 vps postfix/smtpd[25682]: warning: unknown[212.132.96.229]: SASL LOGIN authentication failed: UGFzc3dvcmQ6
Oct 19 06:49:36 vps postfix/smtpd[25682]: disconnect from unknown[212.132.96.229]
Oct 19 06:50:50 vps postfix/anvil[27319]: statistics: max connection rate 1/60s for (submission:212.132.96.229) at
Oct 19 06:41:55
Oct 19 06:50:50 vps postfix/anvil[27319]: statistics: max connection count 1 for (submission:212.132.96.229) at
Oct 19 06:41:55
Oct 19 06:50:50 vps postfix/anvil[27319]: statistics: max cache size 3 at
Oct 19 06:47:36
Oct 19 06:50:51 vps postfix/smtpd[25682]: connect from unknown[212.132.96.229]
Oct 19 06:50:53 vps postfix/smtpd[25682]: warning: unknown[212.132.96.229]: SASL LOGIN authentication failed: UGFzc3dvcmQ6
Oct 19 06:50:53 vps postfix/smtpd[25682]: disconnect from unknown[212.132.96.229]
Oct 19 06:52:05 vps postfix/smtpd[25682]: connect from unknown[212.132.96.229]
Oct 19 06:52:08 vps postfix/smtpd[25682]: warning: unknown[212.132.96.229]: SASL LOGIN authentication failed: UGFzc3dvcmQ6
Oct 19 06:52:08 vps postfix/smtpd[25682]: disconnect from unknown[212.132.96.229]
Oct 19 06:52:46 vps postfix/smtps/smtpd[30950]: warning: No server certs available. TLS won't be enabled
Oct 19 06:52:48 vps postfix/smtps/smtpd[30950]: connect from unknown[111.17.213.162]
Oct 19 06:52:48 vps postfix/smtps/smtpd[30950]: warning: Wrapper-mode request dropped from unknown[111.17.213.162] for service 465. TLS context initialization failed. For details see earlier warnings in your logs.
Oct 19 06:52:48 vps postfix/smtps/smtpd[30950]: disconnect from unknown[111.17.213.162]
Oct 19 06:53:00 vps postfix/smtpd[31154]: connect from lewis.rolldeos.com[94.156.175.177]
Oct 19 06:53:01 vps postfix/smtpd[31154]: NOQUEUE: reject: RCPT from lewis.rolldeos.com[94.156.175.177]: 454 4.7.1 Service unavailable; Client host [94.156.175.177] blocked using bl.spamcop.net; Blocked - see https://www.spamcop.net/bl.shtml?94.156.175.177; from= to= proto=ESMTP helo=
Oct 19 06:53:01 vps postfix/smtpd[31154]: disconnect from lewis.rolldeos.com[94.156.175.177]
Oct 19 06:53:19 vps postfix/smtpd[25682]: connect from unknown[212.132.96.229]
Oct 19 06:53:22 vps postfix/smtpd[25682]: warning: unknown[212.132.96.229]: SASL LOGIN authentication failed: UGFzc3dvcmQ6
Oct 19 06:53:22 vps postfix/smtpd[25682]: disconnect from unknown[212.132.96.229]
Oct 19 06:54:35 vps postfix/smtpd[25682]: connect from unknown[212.132.96.229]
Oct 19 06:54:37 vps postfix/smtpd[25682]: warning: unknown[212.132.96.229]: SASL LOGIN authentication failed: UGFzc3dvcmQ6
Oct 19 06:54:37 vps postfix/smtpd[25682]: disconnect from unknown[212.132.96.229]
Oct 19 06:54:44 vps postfix/smtpd[32514]: connect from unknown[207.219.221.53]
Oct 19 06:54:52 vps postfix/smtpd[32514]: warning: unknown[207.219.221.53]: SASL LOGIN authentication failed: UGFzc3dvcmQ6
Oct 19 06:54:53 vps postfix/smtpd[32514]: lost connection after AUTH from unknown[207.219.221.53]
Oct 19 06:54:53 vps postfix/smtpd[32514]: disconnect from unknown[207.219.221.53]
Oct 19 06:55:52 vps postfix/smtpd[25682]: connect from unknown[212.132.96.229]
Oct 19 06:55:55 vps postfix/smtpd[25682]: warning: unknown[212.132.96.229]: SASL LOGIN authentication failed: UGFzc3dvcmQ6
Oct 19 06:55:55 vps postfix/smtpd[25682]: disconnect from unknown[212.132.96.229]
Oct 19 06:56:10 vps postfix/smtpd[32514]: connect from unknown[77.90.185.216]
Oct 19 06:56:12 vps postfix/smtpd[2217]: connect from unknown[77.90.185.216]
Oct 19 06:56:12 vps postfix/smtpd[2225]: connect from unknown[77.90.185.216]
Oct 19 06:56:14 vps postfix/smtpd[32514]: warning: unknown[77.90.185.216]: SASL LOGIN authentication failed: UGFzc3dvcmQ6
Oct 19 06:56:14 vps postfix/smtpd[2251]: connect from unknown[77.90.185.216]
Oct 19 06:56:14 vps postfix/smtpd[32514]: disconnect from unknown[77.90.185.216]
Oct 19 06:56:17 vps postfix/smtpd[32514]: connect from unknown[77.90.185.216]
Oct 19 06:56:18 vps postfix/smtpd[2302]: connect from unknown[77.90.185.216]
Oct 19 06:56:19 vps postfix/smtpd[2225]: warning: unknown[77.90.185.216]: SASL LOGIN authentication failed: UGFzc3dvcmQ6
Oct 19 06:56:19 vps postfix/smtpd[2217]: warning: unknown[77.90.185.216]: SASL LOGIN authentication failed: UGFzc3dvcmQ6
Oct 19 06:56:19 vps postfix/smtpd[2217]: disconnect from unknown[77.90.185.216]
Oct 19 06:56:19 vps postfix/smtpd[2225]: disconnect from unknown[77.90.185.216]
Oct 19 06:56:21 vps postfix/smtpd[2251]: warning: unknown[77.90.185.216]: SASL LOGIN authentication failed: UGFzc3dvcmQ6
Oct 19 06:56:21 vps postfix/smtpd[2251]: disconnect from unknown[77.90.185.216]
Oct 19 06:56:26 vps postfix/smtpd[2217]: connect from unknown[77.90.185.216]
Oct 19 06:56:28 vps postfix/smtpd[32514]: warning: unknown[77.90.185.216]: SASL LOGIN authentication failed: UGFzc3dvcmQ6
Oct 19 06:56:28 vps postfix/smtpd[32514]: disconnect from unknown[77.90.185.216]
Oct 19 06:56:30 vps postfix/smtpd[2302]: warning: unknown[77.90.185.216]: SASL LOGIN authentication failed: UGFzc3dvcmQ6
Oct 19 06:56:30 vps postfix/smtpd[2302]: disconnect from unknown[77.90.185.216]
Oct 19 06:56:37 vps postfix/smtpd[2217]: warning: unknown[77.90.185.216]: SASL LOGIN authentication failed: Connection lost to authentication server
Oct 19 06:56:37 vps postfix/smtpd[2217]: disconnect from unknown[77.90.185.216]
Oct 19 06:56:40 vps postfix/smtpd[2225]: connect from unknown[62.60.131.124]
Oct 19 06:56:43 vps postfix/smtpd[2225]: warning: unknown[62.60.131.124]: SASL LOGIN authentication failed: UGFzc3dvcmQ6
Oct 19 06:56:43 vps postfix/smtpd[2225]: disconnect from unknown[62.60.131.124]
Oct 19 06:57:08 vps postfix/smtpd[25682]: connect from unknown[212.132.96.229]
Oct 19 06:57:10 vps postfix/smtpd[25682]: warning: unknown[212.132.96.229]: SASL LOGIN authentication failed: UGFzc3dvcmQ6
Oct 19 06:57:10 vps postfix/smtpd[25682]: disconnect from unknown[212.132.96.229]
Oct 19 06:57:12 vps postfix/smtpd[2251]: connect from unknown[77.90.185.216]
Oct 19 06:57:15 vps postfix/smtpd[2251]: warning: unknown[77.90.185.216]: SASL LOGIN authentication failed: UGFzc3dvcmQ6
Oct 19 06:57:15 vps postfix/smtpd[2251]: disconnect from unknown[77.90.185.216]
Oct 19 06:57:33 vps postfix/smtpd[32514]: connect from unknown[115.231.78.3]
Oct 19 06:57:34 vps postfix/smtpd[32514]: lost connection after UNKNOWN from unknown[115.231.78.3]
Oct 19 06:57:34 vps postfix/smtpd[32514]: disconnect from unknown[115.231.78.3]
Oct 19 06:58:13 vps postfix/smtpd[32514]: connect from unknown[195.211.188.86]
Oct 19 06:58:15 vps postfix/smtpd[32514]: warning: unknown[195.211.188.86]: SASL LOGIN authentication failed: UGFzc3dvcmQ6
Oct 19 06:58:15 vps postfix/smtpd[32514]: disconnect from unknown[195.211.188.86]
Oct 19 06:58:23 vps postfix/smtpd[25682]: connect from unknown[212.132.96.229]
Oct 19 06:58:23 vps postfix/smtpd[2251]: connect from unknown[213.209.157.116]
Oct 19 06:58:26 vps postfix/smtpd[25682]: warning: unknown[212.132.96.229]: SASL LOGIN authentication failed: UGFzc3dvcmQ6
Oct 19 06:58:26 vps postfix/smtpd[2251]: warning: unknown[213.209.157.116]: SASL LOGIN authentication failed: UGFzc3dvcmQ6
Oct 19 06:58:26 vps postfix/smtpd[2251]: disconnect from unknown[213.209.157.116]
Oct 19 06:58:26 vps postfix/smtpd[25682]: disconnect from unknown[212.132.96.229]
Oct 19 06:59:22 vps postfix/smtpd[32514]: connect from unknown[62.60.131.17]
Oct 19 06:59:25 vps postfix/smtpd[32514]: warning: unknown[62.60.131.17]: SASL LOGIN authentication failed: UGFzc3dvcmQ6
Oct 19 06:59:25 vps postfix/smtpd[32514]: disconnect from unknown[62.60.131.17]
Oct 19 06:59:39 vps postfix/smtpd[25682]: connect from unknown[212.132.96.229]
Oct 19 06:59:41 vps postfix/smtpd[25682]: warning: unknown[212.132.96.229]: SASL LOGIN authentication failed: UGFzc3dvcmQ6
Oct 19 06:59:41 vps postfix/smtpd[25682]: disconnect from unknown[212.132.96.229]
Oct 19 07:00:50 vps postfix/anvil[27319]: statistics: max connection rate 7/60s for (smtp:77.90.185.216) at
Oct 19 06:56:26
Oct 19 07:00:50 vps postfix/anvil[27319]: statistics: max connection count 5 for (smtp:77.90.185.216) at
Oct 19 06:56:18
Oct 19 07:00:50 vps postfix/anvil[27319]: statistics: max cache size 4 at
Oct 19 06:57:33
Oct 19 07:00:52 vps postfix/smtpd[25682]: connect from unknown[212.132.96.229]
Oct 19 07:00:54 vps postfix/smtpd[25682]: warning: unknown[212.132.96.229]: SASL LOGIN authentication failed: UGFzc3dvcmQ6
Oct 19 07:00:54 vps postfix/smtpd[25682]: disconnect from unknown[212.132.96.229]
Oct 19 07:02:09 vps postfix/smtpd[25682]: connect from unknown[212.132.96.229]
Oct 19 07:02:12 vps postfix/smtpd[25682]: warning: unknown[212.132.96.229]: SASL LOGIN authentication failed: UGFzc3dvcmQ6
Oct 19 07:02:12 vps postfix/smtpd[25682]: disconnect from unknown[212.132.96.229]
Oct 19 07:02:26 vps postfix/smtpd[25682]: connect from unknown[165.154.121.231]
Oct 19 07:02:28 vps postfix/smtpd[25682]: warning: unknown[165.154.121.231]: SASL LOGIN authentication failed: UGFzc3dvcmQ6
Oct 19 07:02:28 vps postfix/smtpd[25682]: disconnect from unknown[165.154.121.231]
Oct 19 07:03:01 vps postfix/smtpd[8804]: connect from lewis.rolldeos.com[94.156.175.177]
Oct 19 07:03:01 vps postfix/smtpd[8804]: NOQUEUE: reject: RCPT from lewis.rolldeos.com[94.156.175.177]: 454 4.7.1 Service unavailable; Client host [94.156.175.177] blocked using bl.spamcop.net; Blocked - see https://www.spamcop.net/bl.shtml?94.156.175.177; from= to= proto=ESMTP helo=
Oct 19 07:03:01 vps postfix/smtpd[8804]: disconnect from lewis.rolldeos.com[94.156.175.177]
Oct 19 07:03:26 vps postfix/smtpd[25682]: connect from unknown[212.132.96.229]
Oct 19 07:03:29 vps postfix/smtpd[25682]: warning: unknown[212.132.96.229]: SASL LOGIN authentication failed: UGFzc3dvcmQ6
Oct 19 07:03:29 vps postfix/smtpd[25682]: disconnect from unknown[212.132.96.229]
Oct 19 07:04:46 vps postfix/smtpd[25682]: connect from unknown[212.132.96.229]
Oct 19 07:04:48 vps postfix/smtpd[25682]: warning: unknown[212.132.96.229]: SASL LOGIN authentication failed: UGFzc3dvcmQ6
Oct 19 07:04:48 vps postfix/smtpd[25682]: disconnect from unknown[212.132.96.229]
Oct 19 07:05:46 vps postfix/smtpd[11551]: connect from unknown[218.146.255.221]
Oct 19 07:05:52 vps postfix/smtpd[11551]: warning: unknown[218.146.255.221]: SASL LOGIN authentication failed: UGFzc3dvcmQ6
Oct 19 07:05:53 vps postfix/smtpd[11551]: lost connection after AUTH from unknown[218.146.255.221]
Oct 19 07:05:53 vps postfix/smtpd[11551]: disconnect from unknown[218.146.255.221]
Oct 19 07:06:04 vps postfix/smtpd[25682]: connect from unknown[212.132.96.229]
Oct 19 07:06:07 vps postfix/smtpd[25682]: warning: unknown[212.132.96.229]: SASL LOGIN authentication failed: UGFzc3dvcmQ6
Oct 19 07:06:07 vps postfix/smtpd[25682]: disconnect from unknown[212.132.96.229]
Oct 19 07:07:20 vps postfix/smtpd[25682]: connect from unknown[212.132.96.229]
Oct 19 07:07:23 vps postfix/smtpd[25682]: warning: unknown[212.132.96.229]: SASL LOGIN authentication failed: UGFzc3dvcmQ6
Oct 19 07:07:23 vps postfix/smtpd[25682]: disconnect from unknown[212.132.96.229]
Oct 19 07:08:36 vps postfix/smtpd[25682]: connect from unknown[212.132.96.229]
Oct 19 07:08:39 vps postfix/smtpd[25682]: warning: unknown[212.132.96.229]: SASL LOGIN authentication failed: UGFzc3dvcmQ6
Oct 19 07:08:39 vps postfix/smtpd[25682]: disconnect from unknown[212.132.96.229]
Oct 19 07:08:49 vps postfix/smtpd[13768]: connect from unknown[213.209.157.225]
Oct 19 07:08:49 vps postfix/smtpd[13768]: connect from unknown[213.209.157.225]
Oct 19 07:08:52 vps postfix/smtpd[13768]: warning: unknown[213.209.157.225]: SASL LOGIN authentication failed: UGFzc3dvcmQ6
Oct 19 07:08:52 vps postfix/smtpd[13768]: disconnect from unknown[213.209.157.225]
Oct 19 07:09:32 vps postfix/pickup[13882]: 17F171D858: uid=1052 from=
Oct 19 07:09:32 vps postfix/cleanup[14289]: 17F171D858: message-id=<20251019013932.17F171D858@vps.vcrowd.in>
Oct 19 07:09:32 vps opendkim[5590]: 17F171D858: DKIM-Signature field added (s=default, d=crackersadaikki.com)
Oct 19 07:09:32 vps postfix/qmgr[26951]: 17F171D858: from=, size=869, nrcpt=2 (queue active)
Oct 19 07:09:33 vps postfix/smtp[14297]: 17F171D858: host gmail-smtp-in.l.google.com[142.251.12.26] said: 550-5.7.26 Your email has been blocked because the sender is unauthenticated. 550-5.7.26 Gmail requires all senders to authenticate with either SPF or DKIM. 550-5.7.26 550-5.7.26 Authentication results: 550-5.7.26 DKIM = did not pass 550-5.7.26 SPF [vps.vcrowd.in] with ip: [103.120.179.240] = did not pass 550-5.7.26 550-5.7.26 For instructions on setting up authentication, go to 550 5.7.26 https://support.google.com/mail/answer/81126#authentication d9443c01a7336-29247225e76si21589585ad.585 - gsmtp (in reply to end of DATA command)
Oct 19 07:09:35 vps postfix/smtp[14297]: 17F171D858: to=, relay=alt1.gmail-smtp-in.l.google.com[192.178.163.26]:25, delay=3.4, delays=0.08/0.03/2.3/1, dsn=4.7.26, status=SOFTBOUNCE (host alt1.gmail-smtp-in.l.google.com[192.178.163.26] said: 550-5.7.26 Your email has been blocked because the sender is unauthenticated. 550-5.7.26 Gmail requires all senders to authenticate with either SPF or DKIM. 550-5.7.26 550-5.7.26 Authentication results: 550-5.7.26 DKIM = did not pass 550-5.7.26 SPF [vps.vcrowd.in] with ip: [103.120.179.240] = did not pass 550-5.7.26 550-5.7.26 For instructions on setting up authentication, go to 550 5.7.26 https://support.google.com/mail/answer/81126#authentication d2e1a72fcca58-7a23012861fsi2182990b3a.859 - gsmtp (in reply to end of DATA command))
Oct 19 07:09:39 vps postfix/pickup[13882]: BB2653718BF: uid=1052 from=
Oct 19 07:09:39 vps postfix/cleanup[14289]: BB2653718BF: message-id=<20251019013939.BB2653718BF@vps.vcrowd.in>
Oct 19 07:09:39 vps opendkim[5590]: BB2653718BF: DKIM-Signature field added (s=default, d=crackersadaikki.com)
Oct 19 07:09:39 vps postfix/qmgr[26951]: BB2653718BF: from=, size=1116, nrcpt=2 (queue active)
Oct 19 07:09:41 vps postfix/smtp[14408]: BB2653718BF: host gmail-smtp-in.l.google.com[142.251.12.26] said: 550-5.7.26 Your email has been blocked because the sender is unauthenticated. 550-5.7.26 Gmail requires all senders to authenticate with either SPF or DKIM. 550-5.7.26 550-5.7.26 Authentication results: 550-5.7.26 DKIM = did not pass 550-5.7.26 SPF [vps.vcrowd.in] with ip: [103.120.179.240] = did not pass 550-5.7.26 550-5.7.26 For instructions on setting up authentication, go to 550 5.7.26 https://support.google.com/mail/answer/81126#authentication d9443c01a7336-292471dabf6si22847335ad.294 - gsmtp (in reply to end of DATA command)
Oct 19 07:09:42 vps postfix/smtp[14408]: BB2653718BF: to=, relay=alt1.gmail-smtp-in.l.google.com[192.178.163.27]:25, delay=2.5, delays=0.06/0.01/1.9/0.6, dsn=4.7.26, status=SOFTBOUNCE (host alt1.gmail-smtp-in.l.google.com[192.178.163.27] said: 550-5.7.26 Your email has been blocked because the sender is unauthenticated. 550-5.7.26 Gmail requires all senders to authenticate with either SPF or DKIM. 550-5.7.26 550-5.7.26 Authentication results: 550-5.7.26 DKIM = did not pass 550-5.7.26 SPF [vps.vcrowd.in] with ip: [103.120.179.240] = did not pass 550-5.7.26 550-5.7.26 For instructions on setting up authentication, go to 550 5.7.26 https://support.google.com/mail/answer/81126#authentication 41be03b00d2f7-b6a76b1be3esi1911376a12.381 - gsmtp (in reply to end of DATA command))
Oct 19 07:09:52 vps postfix/smtpd[25682]: connect from unknown[212.132.96.229]
Oct 19 07:09:54 vps postfix/smtpd[25682]: warning: unknown[212.132.96.229]: SASL LOGIN authentication failed: UGFzc3dvcmQ6
Oct 19 07:09:54 vps postfix/smtpd[25682]: disconnect from unknown[212.132.96.229]
Oct 19 07:10:02 vps postfix/smtp[14296]: connect to crackersadaikki.com[76.223.67.189]:25: Connection timed out
Oct 19 07:10:09 vps postfix/smtp[14297]: connect to crackersadaikki.com[13.248.213.45]:25: Connection timed out
Oct 19 07:10:32 vps postfix/smtp[14296]: connect to crackersadaikki.com[13.248.213.45]:25: Connection timed out
Oct 19 07:10:32 vps postfix/smtp[14296]: 17F171D858: to=, relay=none, delay=60, delays=0.08/0.02/60/0, dsn=4.4.1, status=deferred (connect to crackersadaikki.com[13.248.213.45]:25: Connection timed out)
Oct 19 07:10:38 vps postfix/smtpd[15977]: connect from land.greenlabsmedia.info[96.31.94.178]
Oct 19 07:10:38 vps postfix/smtpd[15977]: NOQUEUE: reject: RCPT from land.greenlabsmedia.info[96.31.94.178]: 450 4.1.8 : Sender address rejected: Domain not found; from= to= proto=ESMTP helo=
Oct 19 07:10:38 vps postfix/smtpd[15977]: disconnect from land.greenlabsmedia.info[96.31.94.178]
Oct 19 07:10:39 vps postfix/smtp[14297]: connect to crackersadaikki.com[76.223.67.189]:25: Connection timed out
Oct 19 07:10:39 vps postfix/smtp[14297]: BB2653718BF: to=, relay=none, delay=60, delays=0.06/0/60/0, dsn=4.4.1, status=deferred (connect to crackersadaikki.com[76.223.67.189]:25: Connection timed out)
Oct 19 07:10:50 vps postfix/anvil[27319]: statistics: max connection rate 1/60s for (submission:212.132.96.229) at
Oct 19 07:00:52
Oct 19 07:10:50 vps postfix/anvil[27319]: statistics: max connection count 1 for (submission:212.132.96.229) at
Oct 19 07:00:52
Oct 19 07:10:50 vps postfix/anvil[27319]: statistics: max cache size 3 at
Oct 19 07:03:01
Oct 19 07:11:07 vps postfix/smtpd[25682]: connect from unknown[212.132.96.229]
Oct 19 07:11:08 vps postfix/smtpd[15977]: connect from unknown[213.209.157.252]
Oct 19 07:11:10 vps postfix/smtpd[15977]: warning: unknown[213.209.157.252]: SASL LOGIN authentication failed: UGFzc3dvcmQ6
Oct 19 07:11:10 vps postfix/smtpd[25682]: warning: unknown[212.132.96.229]: SASL LOGIN authentication failed: UGFzc3dvcmQ6
Oct 19 07:11:10 vps postfix/smtpd[15977]: disconnect from unknown[213.209.157.252]
Oct 19 07:11:10 vps postfix/smtpd[25682]: disconnect from unknown[212.132.96.229]
Oct 19 07:11:27 vps postfix/smtpd[15977]: connect from unknown[62.60.131.17]
Oct 19 07:11:30 vps postfix/smtpd[15977]: warning: unknown[62.60.131.17]: SASL LOGIN authentication failed: UGFzc3dvcmQ6
Oct 19 07:11:30 vps postfix/smtpd[15977]: disconnect from unknown[62.60.131.17]
Oct 19 07:11:48 vps postfix/smtpd[15977]: connect from unknown[221.229.216.1]
Oct 19 07:11:51 vps postfix/smtpd[15977]: warning: unknown[221.229.216.1]: SASL LOGIN authentication failed: UGFzc3dvcmQ6
Oct 19 07:11:51 vps postfix/smtpd[15977]: disconnect from unknown[221.229.216.1]
Oct 19 07:11:52 vps postfix/smtpd[15977]: connect from unknown[221.229.216.1]
Oct 19 07:11:59 vps postfix/smtpd[15977]: warning: unknown[221.229.216.1]: SASL LOGIN authentication failed: UGFzc3dvcmQ6
Oct 19 07:11:59 vps postfix/smtpd[15977]: disconnect from unknown[221.229.216.1]
Oct 19 07:12:21 vps postfix/smtpd[25682]: connect from unknown[212.132.96.229]
Oct 19 07:12:24 vps postfix/smtpd[25682]: warning: unknown[212.132.96.229]: SASL LOGIN authentication failed: UGFzc3dvcmQ6
Oct 19 07:12:24 vps postfix/smtpd[25682]: disconnect from unknown[212.132.96.229]
Oct 19 07:13:01 vps postfix/smtpd[15977]: connect from unknown[62.60.131.17]
Oct 19 07:13:01 vps postfix/smtpd[17858]: connect from lewis.rolldeos.com[94.156.175.177]
Oct 19 07:13:01 vps postfix/smtpd[17858]: NOQUEUE: reject: RCPT from lewis.rolldeos.com[94.156.175.177]: 454 4.7.1 Service unavailable; Client host [94.156.175.177] blocked using bl.spamcop.net; Blocked - see https://www.spamcop.net/bl.shtml?94.156.175.177; from= to= proto=ESMTP helo=
Oct 19 07:13:02 vps postfix/smtpd[17858]: disconnect from lewis.rolldeos.com[94.156.175.177]
Oct 19 07:13:04 vps postfix/smtpd[15977]: warning: unknown[62.60.131.17]: SASL LOGIN authentication failed: UGFzc3dvcmQ6
Oct 19 07:13:04 vps postfix/smtpd[15977]: disconnect from unknown[62.60.131.17]
Oct 19 07:13:40 vps postfix/smtpd[25682]: connect from unknown[212.132.96.229]
Oct 19 07:13:42 vps postfix/smtpd[25682]: warning: unknown[212.132.96.229]: SASL LOGIN authentication failed: UGFzc3dvcmQ6
Oct 19 07:13:42 vps postfix/smtpd[25682]: disconnect from unknown[212.132.96.229]
Oct 19 07:14:07 vps postfix/smtpd[25682]: connect from unknown[115.231.78.3]
Oct 19 07:14:07 vps postfix/smtpd[25682]: lost connection after UNKNOWN from unknown[115.231.78.3]
Oct 19 07:14:07 vps postfix/smtpd[25682]: disconnect from unknown[115.231.78.3]
Oct 19 07:14:56 vps postfix/smtpd[25682]: connect from unknown[212.132.96.229]
Oct 19 07:14:59 vps postfix/smtpd[25682]: warning: unknown[212.132.96.229]: SASL LOGIN authentication failed: UGFzc3dvcmQ6
Oct 19 07:14:59 vps postfix/smtpd[25682]: disconnect from unknown[212.132.96.229]
Oct 19 07:15:10 vps postfix/smtpd[20289]: connect from unknown[62.60.131.124]
Oct 19 07:15:13 vps postfix/smtpd[20289]: warning: unknown[62.60.131.124]: SASL LOGIN authentication failed: UGFzc3dvcmQ6
Oct 19 07:15:13 vps postfix/smtpd[20289]: disconnect from unknown[62.60.131.124]
Oct 19 07:15:15 vps postfix/smtpd[20289]: connect from jaid.pixelforgemedia.info[96.31.94.44]
Oct 19 07:15:16 vps postfix/smtpd[20289]: NOQUEUE: reject: RCPT from jaid.pixelforgemedia.info[96.31.94.44]: 454 4.7.1 Service unavailable; Client host [96.31.94.44] blocked using b.barracudacentral.org; http://www.barracudanetworks.com/reputation/?pr=1&ip=96.31.94.44; from= to= proto=ESMTP helo=
Oct 19 07:15:16 vps postfix/smtpd[20289]: disconnect from jaid.pixelforgemedia.info[96.31.94.44]
Oct 19 07:15:38 vps postfix/qmgr[26951]: 17F171D858: from=, size=869, nrcpt=2 (queue active)
Oct 19 07:15:38 vps postfix/qmgr[26951]: BB2653718BF: from=, size=1116, nrcpt=2 (queue active)
Oct 19 07:15:40 vps postfix/smtp[20846]: BB2653718BF: host gmail-smtp-in.l.google.com[142.251.12.27] said: 550-5.7.26 Your email has been blocked because the sender is unauthenticated. 550-5.7.26 Gmail requires all senders to authenticate with either SPF or DKIM. 550-5.7.26 550-5.7.26 Authentication results: 550-5.7.26 DKIM = did not pass 550-5.7.26 SPF [vps.vcrowd.in] with ip: [103.120.179.240] = did not pass 550-5.7.26 550-5.7.26 For instructions on setting up authentication, go to 550 5.7.26 https://support.google.com/mail/answer/81126#authentication d9443c01a7336-2924723aa1dsi21611395ad.687 - gsmtp (in reply to end of DATA command)
Oct 19 07:15:41 vps postfix/smtp[20844]: 17F171D858: host gmail-smtp-in.l.google.com[142.251.12.27] said: 550-5.7.26 Your email has been blocked because the sender is unauthenticated. 550-5.7.26 Gmail requires all senders to authenticate with either SPF or DKIM. 550-5.7.26 550-5.7.26 Authentication results: 550-5.7.26 DKIM = did not pass 550-5.7.26 SPF [vps.vcrowd.in] with ip: [103.120.179.240] = did not pass 550-5.7.26 550-5.7.26 For instructions on setting up authentication, go to 550 5.7.26 https://support.google.com/mail/answer/81126#authentication 98e67ed59e1d1-33d5df83366si1870196a91.69 - gsmtp (in reply to end of DATA command)
