Oct 19 16:04:27 vps postfix/smtp[12923]: 379BC3BF5BD: host gmail-smtp-in.l.google.com[142.251.12.26] said: 550-5.7.1 This message is not RFC 5322 compliant. There are multiple From 550-5.7.1 headers. To reduce the amount of spam sent to Gmail, this message has 550-5.7.1 been blocked. For more information, go to 550-5.7.1 https://support.google.com/mail/?p=RfcMessageNonCompliant and review 550 5.7.1 RFC 5322 specifications. d2e1a72fcca58-7a22ff195a8si2789452b3a.64 - gsmtp (in reply to end of DATA command)
Oct 19 16:04:27 vps postfix/smtp[12908]: 1305F6F51A: host gmail-smtp-in.l.google.com[142.251.12.26] said: 550-5.7.26 Your email has been blocked because the sender is unauthenticated. 550-5.7.26 Gmail requires all senders to authenticate with either SPF or DKIM. 550-5.7.26 550-5.7.26 Authentication results: 550-5.7.26 DKIM = did not pass 550-5.7.26 SPF [vps.vcrowd.in] with ip: [103.120.179.240] = did not pass 550-5.7.26 550-5.7.26 For instructions on setting up authentication, go to 550 5.7.26 https://support.google.com/mail/answer/81126#authentication d2e1a72fcca58-7a2300d6694si2826541b3a.367 - gsmtp (in reply to end of DATA command)
Oct 19 16:04:28 vps postfix/smtp[12923]: 379BC3BF5BD: to=, relay=alt1.gmail-smtp-in.l.google.com[192.178.163.26]:25, delay=2.4, delays=0.05/0.01/1.8/0.57, dsn=4.7.1, status=SOFTBOUNCE (host alt1.gmail-smtp-in.l.google.com[192.178.163.26] said: 550-5.7.1 This message is not RFC 5322 compliant. There are multiple From 550-5.7.1 headers. To reduce the amount of spam sent to Gmail, this message has 550-5.7.1 been blocked. For more information, go to 550-5.7.1 https://support.google.com/mail/?p=RfcMessageNonCompliant and review 550 5.7.1 RFC 5322 specifications. 98e67ed59e1d1-33d5ddee41bsi2357954a91.1 - gsmtp (in reply to end of DATA command))
Oct 19 16:04:28 vps postfix/smtp[12908]: 1305F6F51A: to=, relay=alt1.gmail-smtp-in.l.google.com[192.178.163.26]:25, delay=2.8, delays=0.11/0.02/2/0.67, dsn=4.7.26, status=SOFTBOUNCE (host alt1.gmail-smtp-in.l.google.com[192.178.163.26] said: 550-5.7.26 Your email has been blocked because the sender is unauthenticated. 550-5.7.26 Gmail requires all senders to authenticate with either SPF or DKIM. 550-5.7.26 550-5.7.26 Authentication results: 550-5.7.26 DKIM = did not pass 550-5.7.26 SPF [vps.vcrowd.in] with ip: [103.120.179.240] = did not pass 550-5.7.26 550-5.7.26 For instructions on setting up authentication, go to 550 5.7.26 https://support.google.com/mail/answer/81126#authentication 98e67ed59e1d1-33d5de98c7esi2324744a91.54 - gsmtp (in reply to end of DATA command))
Oct 19 16:04:46 vps postfix/smtpd[27980]: connect from unknown[212.132.96.229]
Oct 19 16:04:49 vps postfix/smtpd[27980]: warning: unknown[212.132.96.229]: SASL LOGIN authentication failed: UGFzc3dvcmQ6
Oct 19 16:04:49 vps postfix/smtpd[27980]: disconnect from unknown[212.132.96.229]
Oct 19 16:05:16 vps postfix/smtpd[14407]: connect from unknown[77.90.185.216]
Oct 19 16:05:19 vps postfix/smtpd[14407]: warning: unknown[77.90.185.216]: SASL LOGIN authentication failed: UGFzc3dvcmQ6
Oct 19 16:05:19 vps postfix/smtpd[14452]: connect from unknown[77.90.185.216]
Oct 19 16:05:19 vps postfix/smtpd[14407]: disconnect from unknown[77.90.185.216]
Oct 19 16:05:22 vps postfix/smtpd[14407]: connect from unknown[77.90.185.216]
Oct 19 16:05:23 vps postfix/smtpd[14513]: connect from unknown[77.90.185.216]
Oct 19 16:05:25 vps postfix/smtpd[14531]: connect from unknown[77.90.185.216]
Oct 19 16:05:27 vps postfix/smtpd[14452]: warning: unknown[77.90.185.216]: SASL LOGIN authentication failed: UGFzc3dvcmQ6
Oct 19 16:05:27 vps postfix/smtpd[14452]: disconnect from unknown[77.90.185.216]
Oct 19 16:05:29 vps postfix/smtpd[14452]: connect from unknown[77.90.185.216]
Oct 19 16:05:29 vps postfix/smtpd[14407]: warning: unknown[77.90.185.216]: SASL LOGIN authentication failed: UGFzc3dvcmQ6
Oct 19 16:05:29 vps postfix/smtpd[14407]: disconnect from unknown[77.90.185.216]
Oct 19 16:05:29 vps postfix/smtpd[14407]: connect from unknown[77.90.185.216]
Oct 19 16:05:31 vps postfix/smtpd[14513]: warning: unknown[77.90.185.216]: SASL LOGIN authentication failed: UGFzc3dvcmQ6
Oct 19 16:05:31 vps postfix/smtpd[14513]: disconnect from unknown[77.90.185.216]
Oct 19 16:05:36 vps postfix/smtpd[14531]: warning: unknown[77.90.185.216]: SASL LOGIN authentication failed: UGFzc3dvcmQ6
Oct 19 16:05:36 vps postfix/smtpd[14531]: disconnect from unknown[77.90.185.216]
Oct 19 16:05:39 vps postfix/smtpd[14452]: warning: unknown[77.90.185.216]: SASL LOGIN authentication failed: UGFzc3dvcmQ6
Oct 19 16:05:39 vps postfix/smtpd[14452]: disconnect from unknown[77.90.185.216]
Oct 19 16:05:40 vps postfix/smtpd[14513]: connect from unknown[77.90.185.216]
Oct 19 16:05:40 vps postfix/smtpd[14407]: warning: unknown[77.90.185.216]: SASL LOGIN authentication failed: UGFzc3dvcmQ6
Oct 19 16:05:40 vps postfix/smtpd[14407]: disconnect from unknown[77.90.185.216]
Oct 19 16:05:50 vps postfix/smtpd[14513]: warning: unknown[77.90.185.216]: SASL LOGIN authentication failed: Connection lost to authentication server
Oct 19 16:05:50 vps postfix/smtpd[14513]: disconnect from unknown[77.90.185.216]
Oct 19 16:06:03 vps postfix/smtpd[27980]: connect from unknown[212.132.96.229]
Oct 19 16:06:06 vps postfix/smtpd[27980]: warning: unknown[212.132.96.229]: SASL LOGIN authentication failed: UGFzc3dvcmQ6
Oct 19 16:06:06 vps postfix/smtpd[27980]: disconnect from unknown[212.132.96.229]
Oct 19 16:07:06 vps postfix/smtpd[14452]: connect from unknown[196.251.92.11]
Oct 19 16:07:09 vps postfix/smtpd[14452]: warning: unknown[196.251.92.11]: SASL LOGIN authentication failed: UGFzc3dvcmQ6
Oct 19 16:07:09 vps postfix/smtpd[14452]: disconnect from unknown[196.251.92.11]
Oct 19 16:07:19 vps postfix/smtpd[27980]: connect from unknown[212.132.96.229]
Oct 19 16:07:22 vps postfix/smtpd[27980]: warning: unknown[212.132.96.229]: SASL LOGIN authentication failed: UGFzc3dvcmQ6
Oct 19 16:07:22 vps postfix/smtpd[27980]: disconnect from unknown[212.132.96.229]
Oct 19 16:07:22 vps postfix/smtpd[14513]: connect from unknown[185.246.255.183]
Oct 19 16:07:27 vps postfix/smtpd[14513]: warning: unknown[185.246.255.183]: SASL LOGIN authentication failed: UGFzc3dvcmQ6
Oct 19 16:07:27 vps postfix/smtpd[14513]: lost connection after AUTH from unknown[185.246.255.183]
Oct 19 16:07:27 vps postfix/smtpd[14513]: disconnect from unknown[185.246.255.183]
Oct 19 16:08:37 vps postfix/smtpd[27980]: connect from unknown[212.132.96.229]
Oct 19 16:08:39 vps postfix/smtpd[27980]: warning: unknown[212.132.96.229]: SASL LOGIN authentication failed: UGFzc3dvcmQ6
Oct 19 16:08:39 vps postfix/smtpd[27980]: disconnect from unknown[212.132.96.229]
Oct 19 16:09:49 vps postfix/smtpd[27980]: connect from unknown[212.132.96.229]
Oct 19 16:09:52 vps postfix/smtpd[27980]: warning: unknown[212.132.96.229]: SASL LOGIN authentication failed: UGFzc3dvcmQ6
Oct 19 16:09:52 vps postfix/smtpd[27980]: disconnect from unknown[212.132.96.229]
Oct 19 16:10:21 vps postfix/smtps/smtpd[19408]: warning: No server certs available. TLS won't be enabled
Oct 19 16:10:21 vps postfix/smtps/smtpd[19408]: connect from 81-234-121-57-no600.tbcn.telia.com[81.234.121.57]
Oct 19 16:10:21 vps postfix/smtps/smtpd[19408]: warning: Wrapper-mode request dropped from 81-234-121-57-no600.tbcn.telia.com[81.234.121.57] for service 465. TLS context initialization failed. For details see earlier warnings in your logs.
Oct 19 16:10:21 vps postfix/smtps/smtpd[19408]: disconnect from 81-234-121-57-no600.tbcn.telia.com[81.234.121.57]
Oct 19 16:10:25 vps postfix/smtps/smtpd[19408]: connect from unknown[197.211.32.242]
Oct 19 16:10:25 vps postfix/smtps/smtpd[19408]: warning: Wrapper-mode request dropped from unknown[197.211.32.242] for service 465. TLS context initialization failed. For details see earlier warnings in your logs.
Oct 19 16:10:25 vps postfix/smtps/smtpd[19408]: disconnect from unknown[197.211.32.242]
Oct 19 16:10:38 vps postfix/qmgr[26951]: 379BC3BF5BD: from=, size=1568, nrcpt=1 (queue active)
Oct 19 16:10:38 vps postfix/qmgr[26951]: 1305F6F51A: from=, size=873, nrcpt=1 (queue active)
Oct 19 16:10:38 vps postfix/qmgr[26951]: DF7396F9D7: from=, size=1121, nrcpt=3 (queue active)
Oct 19 16:10:38 vps postfix/pipe[19627]: DF7396F9D7: to=, relay=dovecot, delay=1025, delays=1025/0.02/0/0.05, dsn=4.1.1, status=SOFTBOUNCE (user unknown)
Oct 19 16:10:38 vps postfix/smtps/smtpd[19642]: warning: No server certs available. TLS won't be enabled
Oct 19 16:10:38 vps postfix/smtps/smtpd[19408]: connect from unknown[60.161.14.45]
Oct 19 16:10:38 vps postfix/smtps/smtpd[19408]: warning: Wrapper-mode request dropped from unknown[60.161.14.45] for service 465. TLS context initialization failed. For details see earlier warnings in your logs.
Oct 19 16:10:38 vps postfix/smtps/smtpd[19408]: disconnect from unknown[60.161.14.45]
Oct 19 16:10:39 vps postfix/smtps/smtpd[19642]: connect from unknown[12.26.236.10]
Oct 19 16:10:39 vps postfix/smtps/smtpd[19642]: warning: Wrapper-mode request dropped from unknown[12.26.236.10] for service 465. TLS context initialization failed. For details see earlier warnings in your logs.
Oct 19 16:10:39 vps postfix/smtps/smtpd[19642]: disconnect from unknown[12.26.236.10]
Oct 19 16:10:39 vps postfix/smtp[19626]: 379BC3BF5BD: host gmail-smtp-in.l.google.com[142.251.12.26] said: 550-5.7.1 This message is not RFC 5322 compliant. There are multiple From 550-5.7.1 headers. To reduce the amount of spam sent to Gmail, this message has 550-5.7.1 been blocked. For more information, go to 550-5.7.1 https://support.google.com/mail/?p=RfcMessageNonCompliant and review 550 5.7.1 RFC 5322 specifications. d9443c01a7336-292471ff1cfsi26848475ad.366 - gsmtp (in reply to end of DATA command)
Oct 19 16:10:39 vps postfix/smtp[19628]: 1305F6F51A: host gmail-smtp-in.l.google.com[142.251.12.26] said: 550-5.7.26 Your email has been blocked because the sender is unauthenticated. 550-5.7.26 Gmail requires all senders to authenticate with either SPF or DKIM. 550-5.7.26 550-5.7.26 Authentication results: 550-5.7.26 DKIM = did not pass 550-5.7.26 SPF [vps.vcrowd.in] with ip: [103.120.179.240] = did not pass 550-5.7.26 550-5.7.26 For instructions on setting up authentication, go to 550 5.7.26 https://support.google.com/mail/answer/81126#authentication d9443c01a7336-29247225dfdsi27274175ad.519 - gsmtp (in reply to end of DATA command)
Oct 19 16:10:39 vps postfix/smtp[19630]: DF7396F9D7: host gmail-smtp-in.l.google.com[142.251.12.26] said: 550-5.7.26 Your email has been blocked because the sender is unauthenticated. 550-5.7.26 Gmail requires all senders to authenticate with either SPF or DKIM. 550-5.7.26 550-5.7.26 Authentication results: 550-5.7.26 DKIM = did not pass 550-5.7.26 SPF [vps.vcrowd.in] with ip: [103.120.179.240] = did not pass 550-5.7.26 550-5.7.26 For instructions on setting up authentication, go to 550 5.7.26 https://support.google.com/mail/answer/81126#authentication 41be03b00d2f7-b6a76b727b5si2365717a12.1205 - gsmtp (in reply to end of DATA command)
Oct 19 16:10:40 vps postfix/smtp[19626]: 379BC3BF5BD: to=, relay=alt1.gmail-smtp-in.l.google.com[192.178.163.27]:25, delay=374, delays=372/0.04/1.8/0.56, dsn=4.7.1, status=SOFTBOUNCE (host alt1.gmail-smtp-in.l.google.com[192.178.163.27] said: 550-5.7.1 This message is not RFC 5322 compliant. There are multiple From 550-5.7.1 headers. To reduce the amount of spam sent to Gmail, this message has 550-5.7.1 been blocked. For more information, go to 550-5.7.1 https://support.google.com/mail/?p=RfcMessageNonCompliant and review 550 5.7.1 RFC 5322 specifications. 41be03b00d2f7-b6a76b3c6desi2352340a12.727 - gsmtp (in reply to end of DATA command))
Oct 19 16:10:40 vps postfix/smtp[19628]: 1305F6F51A: to=, relay=alt1.gmail-smtp-in.l.google.com[192.178.163.26]:25, delay=375, delays=372/0.02/1.9/0.65, dsn=4.7.26, status=SOFTBOUNCE (host alt1.gmail-smtp-in.l.google.com[192.178.163.26] said: 550-5.7.26 Your email has been blocked because the sender is unauthenticated. 550-5.7.26 Gmail requires all senders to authenticate with either SPF or DKIM. 550-5.7.26 550-5.7.26 Authentication results: 550-5.7.26 DKIM = did not pass 550-5.7.26 SPF [vps.vcrowd.in] with ip: [103.120.179.240] = did not pass 550-5.7.26 550-5.7.26 For instructions on setting up authentication, go to 550 5.7.26 https://support.google.com/mail/answer/81126#authentication 41be03b00d2f7-b6a77a0101bsi2137022a12.446 - gsmtp (in reply to end of DATA command))
Oct 19 16:10:41 vps postfix/smtp[19630]: DF7396F9D7: to=, relay=alt1.gmail-smtp-in.l.google.com[192.178.163.27]:25, delay=1028, delays=1025/0.03/2.1/0.82, dsn=4.7.26, status=SOFTBOUNCE (host alt1.gmail-smtp-in.l.google.com[192.178.163.27] said: 550-5.7.26 Your email has been blocked because the sender is unauthenticated. 550-5.7.26 Gmail requires all senders to authenticate with either SPF or DKIM. 550-5.7.26 550-5.7.26 Authentication results: 550-5.7.26 DKIM = did not pass 550-5.7.26 SPF [vps.vcrowd.in] with ip: [103.120.179.240] = did not pass 550-5.7.26 550-5.7.26 For instructions on setting up authentication, go to 550 5.7.26 https://support.google.com/mail/answer/81126#authentication d9443c01a7336-29247222df9si27151535ad.487 - gsmtp (in reply to end of DATA command))
Oct 19 16:10:41 vps postfix/smtp[19630]: DF7396F9D7: to=, relay=alt1.gmail-smtp-in.l.google.com[192.178.163.27]:25, delay=1028, delays=1025/0.03/2.1/0.82, dsn=4.7.26, status=SOFTBOUNCE (host alt1.gmail-smtp-in.l.google.com[192.178.163.27] said: 550-5.7.26 Your email has been blocked because the sender is unauthenticated. 550-5.7.26 Gmail requires all senders to authenticate with either SPF or DKIM. 550-5.7.26 550-5.7.26 Authentication results: 550-5.7.26 DKIM = did not pass 550-5.7.26 SPF [vps.vcrowd.in] with ip: [103.120.179.240] = did not pass 550-5.7.26 550-5.7.26 For instructions on setting up authentication, go to 550 5.7.26 https://support.google.com/mail/answer/81126#authentication d9443c01a7336-29247222df9si27151535ad.487 - gsmtp (in reply to end of DATA command))
Oct 19 16:10:41 vps postfix/qmgr[26951]: DF7396F9D7: from=, status=expired, returned to sender
Oct 19 16:10:41 vps postfix/cleanup[19674]: 1002A1D858: message-id=<20251019104041.1002A1D858@vps.vcrowd.in>
Oct 19 16:10:41 vps postfix/bounce[19632]: DF7396F9D7: sender non-delivery notification: 1002A1D858
Oct 19 16:10:41 vps postfix/qmgr[26951]: 1002A1D858: from=<>, size=5990, nrcpt=1 (queue active)
Oct 19 16:10:41 vps postfix/qmgr[26951]: DF7396F9D7: removed
Oct 19 16:10:41 vps postfix/local[19675]: 1002A1D858: to=, relay=local, delay=0.04, delays=0.02/0.01/0/0.01, dsn=2.0.0, status=sent (delivered to mailbox)
Oct 19 16:10:41 vps postfix/qmgr[26951]: 1002A1D858: removed
Oct 19 16:10:41 vps postfix/smtps/smtpd[19408]: connect from 89-179-246-198.static.corbina.ru[89.179.246.198]
Oct 19 16:10:41 vps postfix/smtps/smtpd[19408]: warning: Wrapper-mode request dropped from 89-179-246-198.static.corbina.ru[89.179.246.198] for service 465. TLS context initialization failed. For details see earlier warnings in your logs.
Oct 19 16:10:41 vps postfix/smtps/smtpd[19408]: disconnect from 89-179-246-198.static.corbina.ru[89.179.246.198]
Oct 19 16:10:44 vps postfix/smtps/smtpd[19642]: connect from unknown[14.48.112.8]
Oct 19 16:10:44 vps postfix/smtps/smtpd[19642]: warning: Wrapper-mode request dropped from unknown[14.48.112.8] for service 465. TLS context initialization failed. For details see earlier warnings in your logs.
Oct 19 16:10:44 vps postfix/smtps/smtpd[19642]: disconnect from unknown[14.48.112.8]
Oct 19 16:10:50 vps postfix/anvil[27319]: statistics: max connection rate 8/60s for (smtp:77.90.185.216) at
Oct 19 16:05:40
Oct 19 16:10:50 vps postfix/anvil[27319]: statistics: max connection count 4 for (smtp:77.90.185.216) at
Oct 19 16:05:25
Oct 19 16:10:50 vps postfix/anvil[27319]: statistics: max cache size 3 at
Oct 19 16:01:48
Oct 19 16:11:06 vps postfix/smtpd[27980]: connect from unknown[212.132.96.229]
Oct 19 16:11:08 vps postfix/smtpd[27980]: warning: unknown[212.132.96.229]: SASL LOGIN authentication failed: UGFzc3dvcmQ6
Oct 19 16:11:08 vps postfix/smtpd[27980]: disconnect from unknown[212.132.96.229]
Oct 19 16:11:14 vps postfix/smtpd[20140]: connect from unknown[62.60.131.17]
Oct 19 16:11:17 vps postfix/smtpd[20173]: connect from unknown[213.209.157.116]
Oct 19 16:11:18 vps postfix/smtpd[20140]: warning: unknown[62.60.131.17]: SASL LOGIN authentication failed: UGFzc3dvcmQ6
Oct 19 16:11:18 vps postfix/smtpd[20140]: disconnect from unknown[62.60.131.17]
Oct 19 16:11:19 vps postfix/smtpd[20173]: warning: unknown[213.209.157.116]: SASL LOGIN authentication failed: UGFzc3dvcmQ6
Oct 19 16:11:19 vps postfix/smtpd[20173]: disconnect from unknown[213.209.157.116]
Oct 19 16:12:20 vps postfix/smtpd[27980]: connect from unknown[212.132.96.229]
Oct 19 16:12:23 vps postfix/smtpd[27980]: warning: unknown[212.132.96.229]: SASL LOGIN authentication failed: UGFzc3dvcmQ6
Oct 19 16:12:23 vps postfix/smtpd[27980]: disconnect from unknown[212.132.96.229]
Oct 19 16:12:38 vps postfix/smtpd[20140]: connect from unknown[62.60.131.124]
Oct 19 16:12:41 vps postfix/smtpd[20140]: warning: unknown[62.60.131.124]: SASL LOGIN authentication failed: UGFzc3dvcmQ6
Oct 19 16:12:41 vps postfix/smtpd[20140]: disconnect from unknown[62.60.131.124]
Oct 19 16:12:42 vps postfix/smtpd[20173]: connect from lewis.rolldeos.com[94.156.175.177]
Oct 19 16:12:43 vps postfix/smtpd[20173]: NOQUEUE: reject: RCPT from lewis.rolldeos.com[94.156.175.177]: 454 4.7.1 Service unavailable; Client host [94.156.175.177] blocked using bl.spamcop.net; Blocked - see https://www.spamcop.net/bl.shtml?94.156.175.177; from= to= proto=ESMTP helo=
Oct 19 16:12:43 vps postfix/smtpd[20173]: disconnect from lewis.rolldeos.com[94.156.175.177]
Oct 19 16:13:18 vps postfix/smtpd[20140]: connect from unknown[62.60.131.17]
Oct 19 16:13:22 vps postfix/smtpd[20140]: warning: unknown[62.60.131.17]: SASL LOGIN authentication failed: UGFzc3dvcmQ6
Oct 19 16:13:22 vps postfix/smtpd[20140]: disconnect from unknown[62.60.131.17]
Oct 19 16:13:32 vps postfix/smtpd[27980]: connect from unknown[212.132.96.229]
Oct 19 16:13:35 vps postfix/smtpd[27980]: warning: unknown[212.132.96.229]: SASL LOGIN authentication failed: UGFzc3dvcmQ6
Oct 19 16:13:35 vps postfix/smtpd[27980]: disconnect from unknown[212.132.96.229]
Oct 19 16:13:39 vps postfix/smtpd[20173]: connect from unknown[62.60.131.17]
Oct 19 16:13:42 vps postfix/smtpd[20173]: warning: unknown[62.60.131.17]: SASL LOGIN authentication failed: UGFzc3dvcmQ6
Oct 19 16:13:42 vps postfix/smtpd[20173]: disconnect from unknown[62.60.131.17]
Oct 19 16:14:48 vps postfix/smtpd[27980]: connect from unknown[212.132.96.229]
Oct 19 16:14:50 vps postfix/smtpd[27980]: warning: unknown[212.132.96.229]: SASL LOGIN authentication failed: UGFzc3dvcmQ6
Oct 19 16:14:50 vps postfix/smtpd[27980]: disconnect from unknown[212.132.96.229]
Oct 19 16:15:07 vps postfix/smtpd[20173]: connect from unknown[62.60.131.17]
Oct 19 16:15:10 vps postfix/smtpd[20173]: warning: unknown[62.60.131.17]: SASL LOGIN authentication failed: UGFzc3dvcmQ6
Oct 19 16:15:10 vps postfix/smtpd[20173]: disconnect from unknown[62.60.131.17]
Oct 19 16:15:41 vps postfix/smtpd[20173]: connect from unknown[213.209.157.225]
Oct 19 16:15:44 vps postfix/smtpd[20173]: warning: unknown[213.209.157.225]: SASL LOGIN authentication failed: UGFzc3dvcmQ6
Oct 19 16:15:44 vps postfix/smtpd[20173]: disconnect from unknown[213.209.157.225]
Oct 19 16:15:51 vps postfix/smtpd[20173]: connect from eert.heritagcreations.info[96.31.94.29]
Oct 19 16:15:51 vps postfix/smtpd[20173]: NOQUEUE: reject: RCPT from eert.heritagcreations.info[96.31.94.29]: 450 4.1.8 : Sender address rejected: Domain not found; from= to= proto=ESMTP helo=
Oct 19 16:15:51 vps postfix/smtpd[20173]: disconnect from eert.heritagcreations.info[96.31.94.29]
Oct 19 16:16:04 vps postfix/smtpd[27980]: connect from unknown[212.132.96.229]
Oct 19 16:16:07 vps postfix/smtpd[27980]: warning: unknown[212.132.96.229]: SASL LOGIN authentication failed: UGFzc3dvcmQ6
Oct 19 16:16:07 vps postfix/smtpd[27980]: disconnect from unknown[212.132.96.229]
Oct 19 16:17:19 vps postfix/smtpd[27980]: connect from unknown[212.132.96.229]
Oct 19 16:17:22 vps postfix/smtpd[27980]: warning: unknown[212.132.96.229]: SASL LOGIN authentication failed: UGFzc3dvcmQ6
Oct 19 16:17:22 vps postfix/smtpd[27980]: disconnect from unknown[212.132.96.229]
Oct 19 16:17:50 vps postfix/smtpd[26070]: connect from unknown[62.60.131.17]
Oct 19 16:17:53 vps postfix/smtpd[26070]: warning: unknown[62.60.131.17]: SASL LOGIN authentication failed: UGFzc3dvcmQ6
Oct 19 16:17:53 vps postfix/smtpd[26070]: disconnect from unknown[62.60.131.17]
Oct 19 16:18:12 vps postfix/smtpd[27980]: connect from unknown[165.154.121.231]
Oct 19 16:18:14 vps postfix/smtpd[27980]: warning: unknown[165.154.121.231]: SASL LOGIN authentication failed: UGFzc3dvcmQ6
Oct 19 16:18:14 vps postfix/smtpd[27980]: disconnect from unknown[165.154.121.231]
Oct 19 16:18:34 vps postfix/smtpd[27980]: connect from unknown[212.132.96.229]
Oct 19 16:18:37 vps postfix/smtpd[27980]: warning: unknown[212.132.96.229]: SASL LOGIN authentication failed: UGFzc3dvcmQ6
Oct 19 16:18:37 vps postfix/smtpd[27980]: disconnect from unknown[212.132.96.229]
Oct 19 16:18:54 vps postfix/smtpd[26070]: connect from unknown[195.211.188.86]
Oct 19 16:18:58 vps postfix/smtpd[26070]: warning: unknown[195.211.188.86]: SASL LOGIN authentication failed: UGFzc3dvcmQ6
Oct 19 16:18:58 vps postfix/smtpd[26070]: disconnect from unknown[195.211.188.86]
Oct 19 16:19:49 vps postfix/smtpd[27980]: connect from unknown[212.132.96.229]
Oct 19 16:19:52 vps postfix/smtpd[27980]: warning: unknown[212.132.96.229]: SASL LOGIN authentication failed: UGFzc3dvcmQ6
Oct 19 16:19:52 vps postfix/smtpd[27980]: disconnect from unknown[212.132.96.229]
Oct 19 16:20:24 vps postfix/smtpd[26070]: connect from unknown[213.209.157.252]
Oct 19 16:20:26 vps postfix/smtpd[26070]: warning: unknown[213.209.157.252]: SASL LOGIN authentication failed: UGFzc3dvcmQ6
Oct 19 16:20:26 vps postfix/smtpd[26070]: disconnect from unknown[213.209.157.252]
Oct 19 16:20:38 vps postfix/qmgr[26951]: 379BC3BF5BD: from=, size=1568, nrcpt=1 (queue active)
Oct 19 16:20:38 vps postfix/qmgr[26951]: 1305F6F51A: from=, size=873, nrcpt=1 (queue active)
Oct 19 16:20:39 vps postfix/smtp[29148]: 379BC3BF5BD: host gmail-smtp-in.l.google.com[142.251.12.26] said: 550-5.7.1 This message is not RFC 5322 compliant. There are multiple From 550-5.7.1 headers. To reduce the amount of spam sent to Gmail, this message has 550-5.7.1 been blocked. For more information, go to 550-5.7.1 https://support.google.com/mail/?p=RfcMessageNonCompliant and review 550 5.7.1 RFC 5322 specifications. 41be03b00d2f7-b6a76b3d82bsi2319938a12.784 - gsmtp (in reply to end of DATA command)
Oct 19 16:20:39 vps postfix/smtp[29149]: 1305F6F51A: host gmail-smtp-in.l.google.com[142.251.12.27] said: 550-5.7.26 Your email has been blocked because the sender is unauthenticated. 550-5.7.26 Gmail requires all senders to authenticate with either SPF or DKIM. 550-5.7.26 550-5.7.26 Authentication results: 550-5.7.26 DKIM = did not pass 550-5.7.26 SPF [vps.vcrowd.in] with ip: [103.120.179.240] = did not pass 550-5.7.26 550-5.7.26 For instructions on setting up authentication, go to 550 5.7.26 https://support.google.com/mail/answer/81126#authentication 41be03b00d2f7-b6a76b72ef5si2363782a12.1078 - gsmtp (in reply to end of DATA command)
Oct 19 16:20:41 vps postfix/smtp[29148]: 379BC3BF5BD: to=, relay=alt1.gmail-smtp-in.l.google.com[192.178.163.26]:25, delay=975, delays=972/0.05/2/0.56, dsn=4.7.1, status=SOFTBOUNCE (host alt1.gmail-smtp-in.l.google.com[192.178.163.26] said: 550-5.7.1 This message is not RFC 5322 compliant. There are multiple From 550-5.7.1 headers. To reduce the amount of spam sent to Gmail, this message has 550-5.7.1 been blocked. For more information, go to 550-5.7.1 https://support.google.com/mail/?p=RfcMessageNonCompliant and review 550 5.7.1 RFC 5322 specifications. d2e1a72fcca58-7a2300d4ef3si2626227b3a.350 - gsmtp (in reply to end of DATA command))
Oct 19 16:20:41 vps postfix/qmgr[26951]: 379BC3BF5BD: from=, status=expired, returned to sender
Oct 19 16:20:41 vps postfix/cleanup[29181]: 04F7E7AFB3: message-id=<20251019105041.04F7E7AFB3@vps.vcrowd.in>
Oct 19 16:20:41 vps postfix/bounce[29180]: 379BC3BF5BD: sender non-delivery notification: 04F7E7AFB3
Oct 19 16:20:41 vps postfix/qmgr[26951]: 04F7E7AFB3: from=<>, size=4577, nrcpt=1 (queue active)
Oct 19 16:20:41 vps postfix/qmgr[26951]: 379BC3BF5BD: removed
Oct 19 16:20:41 vps postfix/local[29182]: 04F7E7AFB3: to=, relay=local, delay=0.03, delays=0.01/0.01/0/0, dsn=2.0.0, status=sent (delivered to mailbox)
Oct 19 16:20:41 vps postfix/qmgr[26951]: 04F7E7AFB3: removed
Oct 19 16:20:41 vps postfix/smtp[29149]: 1305F6F51A: to=, relay=alt1.gmail-smtp-in.l.google.com[192.178.163.27]:25, delay=975, delays=972/0.02/2.1/0.62, dsn=4.7.26, status=SOFTBOUNCE (host alt1.gmail-smtp-in.l.google.com[192.178.163.27] said: 550-5.7.26 Your email has been blocked because the sender is unauthenticated. 550-5.7.26 Gmail requires all senders to authenticate with either SPF or DKIM. 550-5.7.26 550-5.7.26 Authentication results: 550-5.7.26 DKIM = did not pass 550-5.7.26 SPF [vps.vcrowd.in] with ip: [103.120.179.240] = did not pass 550-5.7.26 550-5.7.26 For instructions on setting up authentication, go to 550 5.7.26 https://support.google.com/mail/answer/81126#authentication 41be03b00d2f7-b6a76b41192si2305574a12.826 - gsmtp (in reply to end of DATA command))
Oct 19 16:20:41 vps postfix/qmgr[26951]: 1305F6F51A: from=, status=expired, returned to sender
Oct 19 16:20:41 vps postfix/cleanup[29181]: 2409E7AFB3: message-id=<20251019105041.2409E7AFB3@vps.vcrowd.in>
Oct 19 16:20:41 vps postfix/qmgr[26951]: 2409E7AFB3: from=<>, size=4167, nrcpt=1 (queue active)
Oct 19 16:20:41 vps postfix/bounce[29180]: 1305F6F51A: sender non-delivery notification: 2409E7AFB3
Oct 19 16:20:41 vps postfix/qmgr[26951]: 1305F6F51A: removed
Oct 19 16:20:41 vps postfix/local[29182]: 2409E7AFB3: to=, relay=local, delay=0.01, delays=0/0/0/0, dsn=2.0.0, status=sent (delivered to mailbox)
Oct 19 16:20:41 vps postfix/qmgr[26951]: 2409E7AFB3: removed
Oct 19 16:20:50 vps postfix/anvil[27319]: statistics: max connection rate 2/60s for (smtp:62.60.131.17) at
Oct 19 16:13:39
Oct 19 16:20:50 vps postfix/anvil[27319]: statistics: max connection count 1 for (submission:212.132.96.229) at
Oct 19 16:11:06
Oct 19 16:20:50 vps postfix/anvil[27319]: statistics: max cache size 4 at
Oct 19 16:13:18
Oct 19 16:21:07 vps postfix/smtpd[27980]: connect from unknown[212.132.96.229]
Oct 19 16:21:10 vps postfix/smtpd[27980]: warning: unknown[212.132.96.229]: SASL LOGIN authentication failed: UGFzc3dvcmQ6
Oct 19 16:21:10 vps postfix/smtpd[27980]: disconnect from unknown[212.132.96.229]
Oct 19 16:22:22 vps postfix/smtpd[27980]: connect from unknown[212.132.96.229]
Oct 19 16:22:25 vps postfix/smtpd[27980]: warning: unknown[212.132.96.229]: SASL LOGIN authentication failed: UGFzc3dvcmQ6
Oct 19 16:22:25 vps postfix/smtpd[27980]: disconnect from unknown[212.132.96.229]
Oct 19 16:22:43 vps postfix/smtpd[30865]: connect from lewis.rolldeos.com[94.156.175.177]
Oct 19 16:22:43 vps postfix/smtpd[30865]: NOQUEUE: reject: RCPT from lewis.rolldeos.com[94.156.175.177]: 454 4.7.1 Service unavailable; Client host [94.156.175.177] blocked using bl.spamcop.net; Blocked - see https://www.spamcop.net/bl.shtml?94.156.175.177; from= to= proto=ESMTP helo=
Oct 19 16:22:44 vps postfix/smtpd[30865]: disconnect from lewis.rolldeos.com[94.156.175.177]
Oct 19 16:22:56 vps postfix/pickup[5611]: D62F06F51A: uid=1098 from=
Oct 19 16:22:56 vps postfix/cleanup[31054]: D62F06F51A: message-id=<20251019105256.D62F06F51A@vps.vcrowd.in>
Oct 19 16:22:56 vps opendkim[5590]: D62F06F51A: no signing table match for 'beneras1@yahoo.com'
Oct 19 16:22:56 vps opendkim[5590]: D62F06F51A: no signature data
Oct 19 16:22:56 vps postfix/qmgr[26951]: D62F06F51A: from=, size=1079, nrcpt=3 (queue active)
Oct 19 16:22:58 vps postfix/smtp[31056]: D62F06F51A: host gmail-smtp-in.l.google.com[142.251.12.27] said: 550-5.7.26 Unauthenticated email from yahoo.com is not accepted due to domain's 550-5.7.26 DMARC policy. Please contact the administrator of yahoo.com domain 550-5.7.26 if this was a legitimate mail. To learn about the DMARC initiative, 550-5.7.26 go to 550 5.7.26 https://support.google.com/mail/?p=DmarcRejection 41be03b00d2f7-b6a76b63e5asi2268998a12.1037 - gsmtp (in reply to end of DATA command)
Oct 19 16:22:58 vps postfix/smtp[31057]: D62F06F51A: host mta6.am0.yahoodns.net[67.195.228.111] said: 554 5.7.9 This mail has been blocked because it failed authentication checks against the sending domains DMARC policy. See https://senders.yahooinc.com/smtp-error-codes#dmarc-fail for more information. (in reply to end of DATA command)
Oct 19 16:22:59 vps postfix/smtp[31056]: D62F06F51A: to=, relay=alt1.gmail-smtp-in.l.google.com[192.178.163.26]:25, delay=2.9, delays=0.03/0.02/2.1/0.72, dsn=4.7.26, status=SOFTBOUNCE (host alt1.gmail-smtp-in.l.google.com[192.178.163.26] said: 550-5.7.26 Unauthenticated email from yahoo.com is not accepted due to domain's 550-5.7.26 DMARC policy. Please contact the administrator of yahoo.com domain 550-5.7.26 if this was a legitimate mail. To learn about the DMARC initiative, 550-5.7.26 go to 550 5.7.26 https://support.google.com/mail/?p=DmarcRejection d2e1a72fcca58-7a230118e21si2607777b3a.759 - gsmtp (in reply to end of DATA command))
Oct 19 16:22:59 vps postfix/smtp[31056]: D62F06F51A: to=, relay=alt1.gmail-smtp-in.l.google.com[192.178.163.26]:25, delay=2.9, delays=0.03/0.02/2.1/0.72, dsn=4.7.26, status=SOFTBOUNCE (host alt1.gmail-smtp-in.l.google.com[192.178.163.26] said: 550-5.7.26 Unauthenticated email from yahoo.com is not accepted due to domain's 550-5.7.26 DMARC policy. Please contact the administrator of yahoo.com domain 550-5.7.26 if this was a legitimate mail. To learn about the DMARC initiative, 550-5.7.26 go to 550 5.7.26 https://support.google.com/mail/?p=DmarcRejection d2e1a72fcca58-7a230118e21si2607777b3a.759 - gsmtp (in reply to end of DATA command))
Oct 19 16:23:00 vps postfix/smtp[31057]: D62F06F51A: to=, relay=mta6.am0.yahoodns.net[67.195.204.77]:25, delay=3.9, delays=0.03/0.03/3.2/0.66, dsn=4.7.9, status=SOFTBOUNCE (host mta6.am0.yahoodns.net[67.195.204.77] said: 554 5.7.9 This mail has been blocked because it failed authentication checks against the sending domains DMARC policy. See https://senders.yahooinc.com/smtp-error-codes#dmarc-fail for more information. (in reply to end of DATA command))
Oct 19 16:23:39 vps postfix/smtpd[27980]: connect from unknown[212.132.96.229]
Oct 19 16:23:42 vps postfix/smtpd[27980]: warning: unknown[212.132.96.229]: SASL LOGIN authentication failed: UGFzc3dvcmQ6
Oct 19 16:23:42 vps postfix/smtpd[27980]: disconnect from unknown[212.132.96.229]
Oct 19 16:23:57 vps postfix/smtpd[30865]: connect from vastu172039.nic.in[164.100.172.39]
Oct 19 16:23:58 vps postfix/smtpd[30865]: NOQUEUE: reject: RCPT from vastu172039.nic.in[164.100.172.39]: 450 4.1.1 : Recipient address rejected: User unknown in virtual mailbox table; from= to= proto=ESMTP helo=
Oct 19 16:23:58 vps postfix/smtpd[30865]: disconnect from vastu172039.nic.in[164.100.172.39]
Oct 19 16:24:10 vps postfix/smtpd[30865]: warning: hostname abts-tn-dynamic-146.81.164.122.airtelbroadband.in does not resolve to address 122.164.81.146: Name or service not known
Oct 19 16:24:10 vps postfix/smtpd[30865]: connect from unknown[122.164.81.146]
Oct 19 16:24:11 vps postfix/smtpd[30865]: NOQUEUE: reject: RCPT from unknown[122.164.81.146]: 454 4.7.1 Service unavailable; Client host [122.164.81.146] blocked using b.barracudacentral.org; http://www.barracudanetworks.com/reputation/?pr=1&ip=122.164.81.146; from= to= proto=SMTP helo=
Oct 19 16:24:11 vps postfix/smtpd[30865]: lost connection after UNKNOWN from unknown[122.164.81.146]
Oct 19 16:24:11 vps postfix/smtpd[30865]: disconnect from unknown[122.164.81.146]
Oct 19 16:24:55 vps postfix/smtpd[27980]: connect from unknown[212.132.96.229]
Oct 19 16:24:58 vps postfix/smtpd[27980]: warning: unknown[212.132.96.229]: SASL LOGIN authentication failed: UGFzc3dvcmQ6
Oct 19 16:24:58 vps postfix/smtpd[27980]: disconnect from unknown[212.132.96.229]
Oct 19 16:25:40 vps postfix/pickup[5611]: 27C913BF595: uid=1069 from=
Oct 19 16:25:40 vps postfix/cleanup[1751]: 27C913BF595: message-id=<20251019105540.27C913BF595@vps.vcrowd.in>
Oct 19 16:25:40 vps opendkim[5590]: 27C913BF595: no signing table match for 'xrumer23Jam@gmail.com'
Oct 19 16:25:40 vps opendkim[5590]: 27C913BF595: no signature data
Oct 19 16:25:40 vps postfix/qmgr[26951]: 27C913BF595: from=, size=1078, nrcpt=1 (queue active)
Oct 19 16:25:41 vps postfix/smtp[1756]: 27C913BF595: host gmail-smtp-in.l.google.com[142.251.12.27] said: 550-5.7.26 Your email has been blocked because the sender is unauthenticated. 550-5.7.26 Gmail requires all senders to authenticate with either SPF or DKIM. 550-5.7.26 550-5.7.26 Authentication results: 550-5.7.26 DKIM = did not pass 550-5.7.26 SPF [vps.vcrowd.in] with ip: [103.120.179.240] = did not pass 550-5.7.26 550-5.7.26 For instructions on setting up authentication, go to 550 5.7.26 https://support.google.com/mail/answer/81126#authentication d2e1a72fcca58-7a2300fd8a5si2832977b3a.566 - gsmtp (in reply to end of DATA command)
Oct 19 16:25:42 vps postfix/smtp[1756]: 27C913BF595: to=, relay=alt1.gmail-smtp-in.l.google.com[192.178.163.26]:25, delay=2.8, delays=0.04/0.02/1.9/0.86, dsn=4.7.26, status=SOFTBOUNCE (host alt1.gmail-smtp-in.l.google.com[192.178.163.26] said: 550-5.7.26 Your email has been blocked because the sender is unauthenticated. 550-5.7.26 Gmail requires all senders to authenticate with either SPF or DKIM. 550-5.7.26 550-5.7.26 Authentication results: 550-5.7.26 DKIM = did not pass 550-5.7.26 SPF [vps.vcrowd.in] with ip: [103.120.179.240] = did not pass 550-5.7.26 550-5.7.26 For instructions on setting up authentication, go to 550 5.7.26 https://support.google.com/mail/answer/81126#authentication d9443c01a7336-29247227d0dsi27534505ad.545 - gsmtp (in reply to end of DATA command))
Oct 19 16:26:12 vps postfix/smtpd[27980]: connect from unknown[212.132.96.229]
Oct 19 16:26:15 vps postfix/smtpd[27980]: warning: unknown[212.132.96.229]: SASL LOGIN authentication failed: UGFzc3dvcmQ6
Oct 19 16:26:15 vps postfix/smtpd[27980]: disconnect from unknown[212.132.96.229]
Oct 19 16:26:34 vps postfix/smtpd[2577]: warning: hostname abts-tn-dynamic-146.81.164.122.airtelbroadband.in does not resolve to address 122.164.81.146: Name or service not known
Oct 19 16:26:34 vps postfix/smtpd[2577]: connect from unknown[122.164.81.146]
Oct 19 16:26:35 vps postfix/smtpd[2577]: NOQUEUE: reject: RCPT from unknown[122.164.81.146]: 454 4.7.1 Service unavailable; Client host [122.164.81.146] blocked using b.barracudacentral.org; http://www.barracudanetworks.com/reputation/?pr=1&ip=122.164.81.146; from= to= proto=SMTP helo=
Oct 19 16:26:35 vps postfix/smtpd[2577]: lost connection after UNKNOWN from unknown[122.164.81.146]
Oct 19 16:26:35 vps postfix/smtpd[2577]: disconnect from unknown[122.164.81.146]
Oct 19 16:27:32 vps postfix/smtpd[27980]: connect from unknown[212.132.96.229]
Oct 19 16:27:34 vps postfix/smtpd[27980]: warning: unknown[212.132.96.229]: SASL LOGIN authentication failed: UGFzc3dvcmQ6
Oct 19 16:27:34 vps postfix/smtpd[27980]: disconnect from unknown[212.132.96.229]
Oct 19 16:28:25 vps postfix/pickup[5611]: 4CE453BF5BD: uid=1052 from=
Oct 19 16:28:25 vps postfix/cleanup[3944]: 4CE453BF5BD: message-id=<20251019105825.4CE453BF5BD@vps.vcrowd.in>
Oct 19 16:28:25 vps opendkim[5590]: 4CE453BF5BD: DKIM-Signature field added (s=default, d=crackersadaikki.com)
Oct 19 16:28:25 vps postfix/qmgr[26951]: 4CE453BF5BD: from=, size=877, nrcpt=2 (queue active)
Oct 19 16:28:25 vps postfix/pickup[5611]: ADC873C0145: uid=1052 from=
Oct 19 16:28:25 vps postfix/cleanup[3944]: ADC873C0145: message-id=<20251019105825.ADC873C0145@vps.vcrowd.in>
Oct 19 16:28:25 vps opendkim[5590]: ADC873C0145: DKIM-Signature field added (s=default, d=crackersadaikki.com)
Oct 19 16:28:25 vps postfix/qmgr[26951]: ADC873C0145: from=, size=1116, nrcpt=2 (queue active)
Oct 19 16:28:26 vps postfix/smtp[3952]: 4CE453BF5BD: host gmail-smtp-in.l.google.com[142.251.12.27] said: 550-5.7.26 Your email has been blocked because the sender is unauthenticated. 550-5.7.26 Gmail requires all senders to authenticate with either SPF or DKIM. 550-5.7.26 550-5.7.26 Authentication results: 550-5.7.26 DKIM = did not pass 550-5.7.26 SPF [vps.vcrowd.in] with ip: [103.120.179.240] = did not pass 550-5.7.26 550-5.7.26 For instructions on setting up authentication, go to 550 5.7.26 https://support.google.com/mail/answer/81126#authentication d9443c01a7336-29246fc022bsi28213185ad.134 - gsmtp (in reply to end of DATA command)
Oct 19 16:28:26 vps postfix/smtp[3977]: ADC873C0145: host gmail-smtp-in.l.google.com[142.251.12.26] said: 550-5.7.26 Your email has been blocked because the sender is unauthenticated. 550-5.7.26 Gmail requires all senders to authenticate with either SPF or DKIM. 550-5.7.26 550-5.7.26 Authentication results: 550-5.7.26 DKIM = did not pass 550-5.7.26 SPF [vps.vcrowd.in] with ip: [103.120.179.240] = did not pass 550-5.7.26 550-5.7.26 For instructions on setting up authentication, go to 550 5.7.26 https://support.google.com/mail/answer/81126#authentication 41be03b00d2f7-b6a76b8f755si2430706a12.1538 - gsmtp (in reply to end of DATA command)
Oct 19 16:28:28 vps postfix/smtp[3952]: 4CE453BF5BD: to=, relay=alt1.gmail-smtp-in.l.google.com[192.178.163.27]:25, delay=2.9, delays=0.1/0.03/2/0.72, dsn=4.7.26, status=SOFTBOUNCE (host alt1.gmail-smtp-in.l.google.com[192.178.163.27] said: 550-5.7.26 Your email has been blocked because the sender is unauthenticated. 550-5.7.26 Gmail requires all senders to authenticate with either SPF or DKIM. 550-5.7.26 550-5.7.26 Authentication results: 550-5.7.26 DKIM = did not pass 550-5.7.26 SPF [vps.vcrowd.in] with ip: [103.120.179.240] = did not pass 550-5.7.26 550-5.7.26 For instructions on setting up authentication, go to 550 5.7.26 https://support.google.com/mail/answer/81126#authentication 41be03b00d2f7-b6a76b727b5si2378343a12.1205 - gsmtp (in reply to end of DATA command))
Oct 19 16:28:28 vps postfix/smtp[3977]: ADC873C0145: to=, relay=alt1.gmail-smtp-in.l.google.com[192.178.163.27]:25, delay=2.6, delays=0.06/0.04/1.9/0.67, dsn=4.7.26, status=SOFTBOUNCE (host alt1.gmail-smtp-in.l.google.com[192.178.163.27] said: 550-5.7.26 Your email has been blocked because the sender is unauthenticated. 550-5.7.26 Gmail requires all senders to authenticate with either SPF or DKIM. 550-5.7.26 550-5.7.26 Authentication results: 550-5.7.26 DKIM = did not pass 550-5.7.26 SPF [vps.vcrowd.in] with ip: [103.120.179.240] = did not pass 550-5.7.26 550-5.7.26 For instructions on setting up authentication, go to 550 5.7.26 https://support.google.com/mail/answer/81126#authentication d2e1a72fcca58-7a2300faf40si2680096b3a.482 - gsmtp (in reply to end of DATA command))
Oct 19 16:28:46 vps postfix/smtpd[27980]: connect from unknown[212.132.96.229]
Oct 19 16:28:49 vps postfix/smtpd[27980]: warning: unknown[212.132.96.229]: SASL LOGIN authentication failed: UGFzc3dvcmQ6
Oct 19 16:28:49 vps postfix/smtpd[27980]: disconnect from unknown[212.132.96.229]
Oct 19 16:28:55 vps postfix/smtp[3951]: connect to crackersadaikki.com[76.223.67.189]:25: Connection timed out
Oct 19 16:28:55 vps postfix/smtp[3976]: connect to crackersadaikki.com[13.248.213.45]:25: Connection timed out
Oct 19 16:29:06 vps postfix/smtpd[4503]: connect from unknown[195.211.188.86]
Oct 19 16:29:09 vps postfix/smtpd[4503]: warning: unknown[195.211.188.86]: SASL LOGIN authentication failed: UGFzc3dvcmQ6
Oct 19 16:29:09 vps postfix/smtpd[4503]: disconnect from unknown[195.211.188.86]
Oct 19 16:29:25 vps postfix/smtp[3976]: connect to crackersadaikki.com[76.223.67.189]:25: Connection timed out
Oct 19 16:29:25 vps postfix/smtp[3976]: ADC873C0145: to=, relay=none, delay=60, delays=0.06/0.02/60/0, dsn=4.4.1, status=deferred (connect to crackersadaikki.com[76.223.67.189]:25: Connection timed out)
Oct 19 16:29:25 vps postfix/smtp[3951]: connect to crackersadaikki.com[13.248.213.45]:25: Connection timed out
Oct 19 16:29:25 vps postfix/smtp[3951]: 4CE453BF5BD: to=, relay=none, delay=61, delays=0.1/0.02/61/0, dsn=4.4.1, status=deferred (connect to crackersadaikki.com[13.248.213.45]:25: Connection timed out)
Oct 19 16:30:03 vps postfix/smtpd[27980]: connect from unknown[212.132.96.229]
Oct 19 16:30:06 vps postfix/smtpd[27980]: warning: unknown[212.132.96.229]: SASL LOGIN authentication failed: UGFzc3dvcmQ6
Oct 19 16:30:06 vps postfix/smtpd[27980]: disconnect from unknown[212.132.96.229]
Oct 19 16:30:38 vps postfix/qmgr[26951]: D62F06F51A: from=, size=1079, nrcpt=3 (queue active)
Oct 19 16:30:40 vps postfix/smtp[3976]: D62F06F51A: host gmail-smtp-in.l.google.com[142.251.12.26] said: 550-5.7.26 Unauthenticated email from yahoo.com is not accepted due to domain's 550-5.7.26 DMARC policy. Please contact the administrator of yahoo.com domain 550-5.7.26 if this was a legitimate mail. To learn about the DMARC initiative, 550-5.7.26 go to 550 5.7.26 https://support.google.com/mail/?p=DmarcRejection d2e1a72fcca58-7a230128e86si2645808b3a.865 - gsmtp (in reply to end of DATA command)
Oct 19 16:30:40 vps postfix/smtp[3951]: D62F06F51A: host mta7.am0.yahoodns.net[98.136.96.74] said: 554 5.7.9 This mail has been blocked because it failed authentication checks against the sending domains DMARC policy. See https://senders.yahooinc.com/smtp-error-codes#dmarc-fail for more information. (in reply to end of DATA command)
Oct 19 16:30:41 vps postfix/smtp[3976]: D62F06F51A: to=, relay=alt1.gmail-smtp-in.l.google.com[192.178.163.26]:25, delay=465, delays=462/0.03/2/0.74, dsn=4.7.26, status=SOFTBOUNCE (host alt1.gmail-smtp-in.l.google.com[192.178.163.26] said: 550-5.7.26 Unauthenticated email from yahoo.com is not accepted due to domain's 550-5.7.26 DMARC policy. Please contact the administrator of yahoo.com domain 550-5.7.26 if this was a legitimate mail. To learn about the DMARC initiative, 550-5.7.26 go to 550 5.7.26 https://support.google.com/mail/?p=DmarcRejection 41be03b00d2f7-b6a76b1b1e8si2332602a12.335 - gsmtp (in reply to end of DATA command))
Oct 19 16:30:41 vps postfix/smtp[3976]: D62F06F51A: to=, relay=alt1.gmail-smtp-in.l.google.com[192.178.163.26]:25, delay=465, delays=462/0.03/2/0.74, dsn=4.7.26, status=SOFTBOUNCE (host alt1.gmail-smtp-in.l.google.com[192.178.163.26] said: 550-5.7.26 Unauthenticated email from yahoo.com is not accepted due to domain's 550-5.7.26 DMARC policy. Please contact the administrator of yahoo.com domain 550-5.7.26 if this was a legitimate mail. To learn about the DMARC initiative, 550-5.7.26 go to 550 5.7.26 https://support.google.com/mail/?p=DmarcRejection 41be03b00d2f7-b6a76b1b1e8si2332602a12.335 - gsmtp (in reply to end of DATA command))
Oct 19 16:30:43 vps postfix/smtp[3951]: D62F06F51A: to=, relay=mta5.am0.yahoodns.net[67.195.228.109]:25, delay=466, delays=462/0.03/3.3/0.81, dsn=4.7.9, status=SOFTBOUNCE (host mta5.am0.yahoodns.net[67.195.228.109] said: 554 5.7.9 This mail has been blocked because it failed authentication checks against the sending domains DMARC policy. See https://senders.yahooinc.com/smtp-error-codes#dmarc-fail for more information. (in reply to end of DATA command))
Oct 19 16:30:50 vps postfix/anvil[27319]: statistics: max connection rate 1/60s for (submission:212.132.96.229) at
Oct 19 16:21:07
Oct 19 16:30:50 vps postfix/anvil[27319]: statistics: max connection count 1 for (submission:212.132.96.229) at
Oct 19 16:21:07
Oct 19 16:30:50 vps postfix/anvil[27319]: statistics: max cache size 3 at
Oct 19 16:24:10
Oct 19 16:31:10 vps postfix/smtpd[7070]: connect from unknown[62.60.131.124]
Oct 19 16:31:13 vps postfix/smtpd[7070]: warning: unknown[62.60.131.124]: SASL LOGIN authentication failed: UGFzc3dvcmQ6
Oct 19 16:31:13 vps postfix/smtpd[7070]: disconnect from unknown[62.60.131.124]
Oct 19 16:31:21 vps postfix/smtpd[27980]: connect from unknown[212.132.96.229]
Oct 19 16:31:24 vps postfix/smtpd[27980]: warning: unknown[212.132.96.229]: SASL LOGIN authentication failed: UGFzc3dvcmQ6
Oct 19 16:31:24 vps postfix/smtpd[27980]: disconnect from unknown[212.132.96.229]
Oct 19 16:31:49 vps postfix/smtpd[7070]: warning: hostname abts-tn-dynamic-146.81.164.122.airtelbroadband.in does not resolve to address 122.164.81.146: Name or service not known
Oct 19 16:31:49 vps postfix/smtpd[7070]: connect from unknown[122.164.81.146]
Oct 19 16:31:50 vps postfix/smtpd[7070]: NOQUEUE: reject: RCPT from unknown[122.164.81.146]: 454 4.7.1 Service unavailable; Client host [122.164.81.146] blocked using b.barracudacentral.org; http://www.barracudanetworks.com/reputation/?pr=1&ip=122.164.81.146; from= to= proto=SMTP helo=
Oct 19 16:31:50 vps postfix/smtpd[7070]: lost connection after UNKNOWN from unknown[122.164.81.146]
Oct 19 16:31:50 vps postfix/smtpd[7070]: disconnect from unknown[122.164.81.146]
Oct 19 16:32:04 vps postfix/smtps/smtpd[7809]: warning: No server certs available. TLS won't be enabled
Oct 19 16:32:05 vps postfix/smtps/smtpd[7809]: connect from unknown[218.149.235.152]
Oct 19 16:32:05 vps postfix/smtps/smtpd[7809]: warning: Wrapper-mode request dropped from unknown[218.149.235.152] for service 465. TLS context initialization failed. For details see earlier warnings in your logs.
Oct 19 16:32:05 vps postfix/smtps/smtpd[7809]: disconnect from unknown[218.149.235.152]
Oct 19 16:32:07 vps postfix/smtps/smtpd[7809]: connect from unknown[119.29.137.49]
Oct 19 16:32:07 vps postfix/smtps/smtpd[7809]: warning: Wrapper-mode request dropped from unknown[119.29.137.49] for service 465. TLS context initialization failed. For details see earlier warnings in your logs.
Oct 19 16:32:07 vps postfix/smtps/smtpd[7809]: disconnect from unknown[119.29.137.49]
Oct 19 16:32:10 vps postfix/smtps/smtpd[7809]: connect from 50708DE6.static.ziggozakelijk.nl[80.112.141.230]
Oct 19 16:32:10 vps postfix/smtps/smtpd[7809]: warning: Wrapper-mode request dropped from 50708DE6.static.ziggozakelijk.nl[80.112.141.230] for service 465. TLS context initialization failed. For details see earlier warnings in your logs.
Oct 19 16:32:10 vps postfix/smtps/smtpd[7809]: disconnect from 50708DE6.static.ziggozakelijk.nl[80.112.141.230]
Oct 19 16:32:11 vps postfix/smtps/smtpd[7809]: warning: hostname dynamic-ip-adsl.metfone.com.kh does not resolve to address 175.100.107.238
Oct 19 16:32:11 vps postfix/smtps/smtpd[7809]: connect from unknown[175.100.107.238]
Oct 19 16:32:11 vps postfix/smtps/smtpd[7809]: warning: Wrapper-mode request dropped from unknown[175.100.107.238] for service 465. TLS context initialization failed. For details see earlier warnings in your logs.
Oct 19 16:32:11 vps postfix/smtps/smtpd[7809]: disconnect from unknown[175.100.107.238]
Oct 19 16:32:22 vps postfix/smtps/smtpd[7809]: connect from unknown[121.73.162.213]
Oct 19 16:32:22 vps postfix/smtps/smtpd[7809]: warning: Wrapper-mode request dropped from unknown[121.73.162.213] for service 465. TLS context initialization failed. For details see earlier warnings in your logs.
Oct 19 16:32:22 vps postfix/smtps/smtpd[7809]: disconnect from unknown[121.73.162.213]
Oct 19 16:32:38 vps postfix/smtpd[27980]: connect from unknown[212.132.96.229]
Oct 19 16:32:41 vps postfix/smtpd[27980]: warning: unknown[212.132.96.229]: SASL LOGIN authentication failed: UGFzc3dvcmQ6
Oct 19 16:32:41 vps postfix/smtpd[27980]: disconnect from unknown[212.132.96.229]
Oct 19 16:33:28 vps postfix/smtpd[27980]: warning: hostname hostglobal.plus does not resolve to address 78.153.140.207
Oct 19 16:33:28 vps postfix/smtpd[27980]: connect from unknown[78.153.140.207]
Oct 19 16:33:29 vps postfix/smtpd[8885]: warning: hostname hostglobal.plus does not resolve to address 78.153.140.207
Oct 19 16:33:29 vps postfix/smtpd[8885]: connect from unknown[78.153.140.207]
Oct 19 16:33:29 vps postfix/smtpd[27980]: lost connection after CONNECT from unknown[78.153.140.207]
Oct 19 16:33:29 vps postfix/smtpd[27980]: disconnect from unknown[78.153.140.207]
Oct 19 16:33:32 vps postfix/smtpd[8885]: NOQUEUE: reject: RCPT from unknown[78.153.140.207]: 454 4.7.1 : Relay access denied; from= to= proto=ESMTP helo=
Oct 19 16:33:33 vps postfix/smtpd[8885]: disconnect from unknown[78.153.140.207]
Oct 19 16:33:55 vps postfix/smtpd[27980]: connect from unknown[212.132.96.229]
Oct 19 16:33:58 vps postfix/smtpd[27980]: warning: unknown[212.132.96.229]: SASL LOGIN authentication failed: UGFzc3dvcmQ6
Oct 19 16:33:58 vps postfix/smtpd[27980]: disconnect from unknown[212.132.96.229]
Oct 19 16:34:12 vps postfix/smtpd[9456]: connect from unknown[61.177.120.165]
Oct 19 16:34:18 vps postfix/smtpd[9528]: connect from unknown[62.60.131.17]
Oct 19 16:34:18 vps postfix/smtpd[9456]: warning: unknown[61.177.120.165]: SASL LOGIN authentication failed: UGFzc3dvcmQ6
Oct 19 16:34:19 vps postfix/smtpd[9456]: lost connection after AUTH from unknown[61.177.120.165]
Oct 19 16:34:19 vps postfix/smtpd[9456]: disconnect from unknown[61.177.120.165]
Oct 19 16:34:21 vps postfix/smtpd[9528]: warning: unknown[62.60.131.17]: SASL LOGIN authentication failed: UGFzc3dvcmQ6
Oct 19 16:34:21 vps postfix/smtpd[9528]: disconnect from unknown[62.60.131.17]
Oct 19 16:35:08 vps postfix/smtpd[8885]: connect from unknown[212.132.96.229]
Oct 19 16:35:11 vps postfix/smtpd[8885]: warning: unknown[212.132.96.229]: SASL LOGIN authentication failed: UGFzc3dvcmQ6
Oct 19 16:35:11 vps postfix/smtpd[8885]: disconnect from unknown[212.132.96.229]
Oct 19 16:35:38 vps postfix/qmgr[26951]: 27C913BF595: from=, size=1078, nrcpt=1 (queue active)
Oct 19 16:35:38 vps postfix/qmgr[26951]: 4CE453BF5BD: from=, size=877, nrcpt=2 (queue active)
Oct 19 16:35:38 vps postfix/qmgr[26951]: ADC873C0145: from=, size=1116, nrcpt=2 (queue active)
