Oct 19 08:12:20 vps postfix/smtpd[7015]: disconnect from unknown[213.209.157.225]
Oct 19 08:12:48 vps postfix/smtpd[7015]: connect from unknown[195.211.188.86]
Oct 19 08:12:51 vps postfix/smtpd[7015]: warning: unknown[195.211.188.86]: SASL LOGIN authentication failed: UGFzc3dvcmQ6
Oct 19 08:12:51 vps postfix/smtpd[7015]: disconnect from unknown[195.211.188.86]
Oct 19 08:13:15 vps postfix/smtpd[25682]: connect from unknown[212.132.96.229]
Oct 19 08:13:17 vps postfix/smtpd[25682]: warning: unknown[212.132.96.229]: SASL LOGIN authentication failed: UGFzc3dvcmQ6
Oct 19 08:13:17 vps postfix/smtpd[25682]: disconnect from unknown[212.132.96.229]
Oct 19 08:14:33 vps postfix/smtpd[25682]: connect from unknown[212.132.96.229]
Oct 19 08:14:36 vps postfix/smtpd[25682]: warning: unknown[212.132.96.229]: SASL LOGIN authentication failed: UGFzc3dvcmQ6
Oct 19 08:14:36 vps postfix/smtpd[25682]: disconnect from unknown[212.132.96.229]
Oct 19 08:15:38 vps postfix/qmgr[26951]: 2A67E8F134: from=, size=1114, nrcpt=2 (queue active)
Oct 19 08:15:38 vps postfix/qmgr[26951]: D38D86F51A: from=, size=874, nrcpt=2 (queue active)
Oct 19 08:15:39 vps postfix/smtp[10330]: 2A67E8F134: host gmail-smtp-in.l.google.com[142.251.12.27] said: 550-5.7.26 Your email has been blocked because the sender is unauthenticated. 550-5.7.26 Gmail requires all senders to authenticate with either SPF or DKIM. 550-5.7.26 550-5.7.26 Authentication results: 550-5.7.26 DKIM = did not pass 550-5.7.26 SPF [vps.vcrowd.in] with ip: [103.120.179.240] = did not pass 550-5.7.26 550-5.7.26 For instructions on setting up authentication, go to 550 5.7.26 https://support.google.com/mail/answer/81126#authentication d2e1a72fcca58-7a22ff19bb9si2332245b3a.49 - gsmtp (in reply to end of DATA command)
Oct 19 08:15:39 vps postfix/smtp[10333]: D38D86F51A: host gmail-smtp-in.l.google.com[142.251.12.26] said: 550-5.7.26 Your email has been blocked because the sender is unauthenticated. 550-5.7.26 Gmail requires all senders to authenticate with either SPF or DKIM. 550-5.7.26 550-5.7.26 Authentication results: 550-5.7.26 DKIM = did not pass 550-5.7.26 SPF [vps.vcrowd.in] with ip: [103.120.179.240] = did not pass 550-5.7.26 550-5.7.26 For instructions on setting up authentication, go to 550 5.7.26 https://support.google.com/mail/answer/81126#authentication 41be03b00d2f7-b6a76b1babasi2047082a12.415 - gsmtp (in reply to end of DATA command)
Oct 19 08:15:41 vps postfix/smtp[10330]: 2A67E8F134: to=, relay=alt1.gmail-smtp-in.l.google.com[192.178.163.26]:25, delay=412, delays=409/0.06/2.2/0.75, dsn=4.7.26, status=SOFTBOUNCE (host alt1.gmail-smtp-in.l.google.com[192.178.163.26] said: 550-5.7.26 Your email has been blocked because the sender is unauthenticated. 550-5.7.26 Gmail requires all senders to authenticate with either SPF or DKIM. 550-5.7.26 550-5.7.26 Authentication results: 550-5.7.26 DKIM = did not pass 550-5.7.26 SPF [vps.vcrowd.in] with ip: [103.120.179.240] = did not pass 550-5.7.26 550-5.7.26 For instructions on setting up authentication, go to 550 5.7.26 https://support.google.com/mail/answer/81126#authentication d2e1a72fcca58-7a22ff19386si2291368b3a.4 - gsmtp (in reply to end of DATA command))
Oct 19 08:15:41 vps postfix/smtp[10333]: D38D86F51A: to=, relay=alt1.gmail-smtp-in.l.google.com[192.178.163.27]:25, delay=413, delays=409/0.05/2.5/0.91, dsn=4.7.26, status=SOFTBOUNCE (host alt1.gmail-smtp-in.l.google.com[192.178.163.27] said: 550-5.7.26 Your email has been blocked because the sender is unauthenticated. 550-5.7.26 Gmail requires all senders to authenticate with either SPF or DKIM. 550-5.7.26 550-5.7.26 Authentication results: 550-5.7.26 DKIM = did not pass 550-5.7.26 SPF [vps.vcrowd.in] with ip: [103.120.179.240] = did not pass 550-5.7.26 550-5.7.26 For instructions on setting up authentication, go to 550 5.7.26 https://support.google.com/mail/answer/81126#authentication d9443c01a7336-292471d7f3dsi23372715ad.254 - gsmtp (in reply to end of DATA command))
Oct 19 08:15:48 vps postfix/smtpd[25682]: connect from unknown[212.132.96.229]
Oct 19 08:15:51 vps postfix/smtpd[25682]: warning: unknown[212.132.96.229]: SASL LOGIN authentication failed: UGFzc3dvcmQ6
Oct 19 08:15:51 vps postfix/smtpd[25682]: disconnect from unknown[212.132.96.229]
Oct 19 08:16:00 vps postfix/smtpd[10579]: connect from unknown[213.209.157.116]
Oct 19 08:16:03 vps postfix/smtpd[10579]: warning: unknown[213.209.157.116]: SASL LOGIN authentication failed: UGFzc3dvcmQ6
Oct 19 08:16:03 vps postfix/smtpd[10579]: disconnect from unknown[213.209.157.116]
Oct 19 08:16:08 vps postfix/smtp[10329]: connect to crackersadaikki.com[13.248.213.45]:25: Connection timed out
Oct 19 08:16:08 vps postfix/smtp[10332]: connect to crackersadaikki.com[13.248.213.45]:25: Connection timed out
Oct 19 08:16:38 vps postfix/smtp[10329]: connect to crackersadaikki.com[76.223.67.189]:25: Connection timed out
Oct 19 08:16:38 vps postfix/smtp[10329]: 2A67E8F134: to=, relay=none, delay=469, delays=409/0.05/60/0, dsn=4.4.1, status=deferred (connect to crackersadaikki.com[76.223.67.189]:25: Connection timed out)
Oct 19 08:16:38 vps postfix/smtp[10332]: connect to crackersadaikki.com[76.223.67.189]:25: Connection timed out
Oct 19 08:16:38 vps postfix/smtp[10332]: D38D86F51A: to=, relay=none, delay=470, delays=409/0.04/60/0, dsn=4.4.1, status=deferred (connect to crackersadaikki.com[76.223.67.189]:25: Connection timed out)
Oct 19 08:17:05 vps postfix/smtpd[25682]: connect from unknown[212.132.96.229]
Oct 19 08:17:08 vps postfix/smtpd[25682]: warning: unknown[212.132.96.229]: SASL LOGIN authentication failed: UGFzc3dvcmQ6
Oct 19 08:17:08 vps postfix/smtpd[25682]: disconnect from unknown[212.132.96.229]
Oct 19 08:18:21 vps postfix/smtpd[25682]: connect from unknown[212.132.96.229]
Oct 19 08:18:23 vps postfix/smtpd[25682]: warning: unknown[212.132.96.229]: SASL LOGIN authentication failed: UGFzc3dvcmQ6
Oct 19 08:18:23 vps postfix/smtpd[25682]: disconnect from unknown[212.132.96.229]
Oct 19 08:19:04 vps postfix/smtpd[13128]: connect from unknown[195.211.188.86]
Oct 19 08:19:07 vps postfix/smtpd[13128]: warning: unknown[195.211.188.86]: SASL LOGIN authentication failed: UGFzc3dvcmQ6
Oct 19 08:19:07 vps postfix/smtpd[13128]: disconnect from unknown[195.211.188.86]
Oct 19 08:19:34 vps postfix/smtpd[25682]: connect from unknown[212.132.96.229]
Oct 19 08:19:37 vps postfix/smtpd[25682]: warning: unknown[212.132.96.229]: SASL LOGIN authentication failed: UGFzc3dvcmQ6
Oct 19 08:19:37 vps postfix/smtpd[25682]: disconnect from unknown[212.132.96.229]
Oct 19 08:20:29 vps postfix/smtpd[13128]: connect from unknown[62.60.131.17]
Oct 19 08:20:32 vps postfix/smtpd[13128]: warning: unknown[62.60.131.17]: SASL LOGIN authentication failed: UGFzc3dvcmQ6
Oct 19 08:20:32 vps postfix/smtpd[13128]: disconnect from unknown[62.60.131.17]
Oct 19 08:20:50 vps postfix/smtpd[25682]: connect from unknown[212.132.96.229]
Oct 19 08:20:50 vps postfix/anvil[27319]: statistics: max connection rate 1/60s for (submission:212.132.96.229) at
Oct 19 08:12:00
Oct 19 08:20:50 vps postfix/anvil[27319]: statistics: max connection count 1 for (submission:212.132.96.229) at
Oct 19 08:12:00
Oct 19 08:20:50 vps postfix/anvil[27319]: statistics: max cache size 3 at
Oct 19 08:12:48
Oct 19 08:20:52 vps postfix/smtpd[13128]: connect from unknown[14.48.112.8]
Oct 19 08:20:53 vps postfix/smtpd[25682]: warning: unknown[212.132.96.229]: SASL LOGIN authentication failed: UGFzc3dvcmQ6
Oct 19 08:20:53 vps postfix/smtpd[25682]: disconnect from unknown[212.132.96.229]
Oct 19 08:20:58 vps postfix/smtpd[13128]: warning: unknown[14.48.112.8]: SASL LOGIN authentication failed: UGFzc3dvcmQ6
Oct 19 08:20:59 vps postfix/smtpd[13128]: lost connection after AUTH from unknown[14.48.112.8]
Oct 19 08:20:59 vps postfix/smtpd[13128]: disconnect from unknown[14.48.112.8]
Oct 19 08:21:15 vps postfix/pickup[26421]: 454661D7C8: uid=1018 from=
Oct 19 08:21:15 vps postfix/cleanup[15780]: 454661D7C8: message-id=<20251019025115.454661D7C8@vps.vcrowd.in>
Oct 19 08:21:15 vps opendkim[5590]: 454661D7C8: DKIM-Signature field added (s=default, d=crackersgallery.com)
Oct 19 08:21:15 vps postfix/qmgr[26951]: 454661D7C8: from=, size=1098, nrcpt=2 (queue active)
Oct 19 08:21:15 vps postfix/pipe[15788]: 454661D7C8: to=, relay=dovecot, delay=0.33, delays=0.09/0.02/0/0.21, dsn=2.0.0, status=sent (delivered via dovecot service)
Oct 19 08:21:17 vps postfix/smtp[15789]: 454661D7C8: host gmail-smtp-in.l.google.com[142.251.12.27] said: 550-5.7.26 Your email has been blocked because the sender is unauthenticated. 550-5.7.26 Gmail requires all senders to authenticate with either SPF or DKIM. 550-5.7.26 550-5.7.26 Authentication results: 550-5.7.26 DKIM = did not pass 550-5.7.26 SPF [vps.vcrowd.in] with ip: [103.120.179.240] = did not pass 550-5.7.26 550-5.7.26 For instructions on setting up authentication, go to 550 5.7.26 https://support.google.com/mail/answer/81126#authentication 41be03b00d2f7-b6a76b53396si1898417a12.931 - gsmtp (in reply to end of DATA command)
Oct 19 08:21:19 vps postfix/smtp[15789]: 454661D7C8: to=, relay=alt1.gmail-smtp-in.l.google.com[192.178.163.27]:25, delay=3.9, delays=0.09/0.02/3/0.74, dsn=4.7.26, status=SOFTBOUNCE (host alt1.gmail-smtp-in.l.google.com[192.178.163.27] said: 550-5.7.26 Your email has been blocked because the sender is unauthenticated. 550-5.7.26 Gmail requires all senders to authenticate with either SPF or DKIM. 550-5.7.26 550-5.7.26 Authentication results: 550-5.7.26 DKIM = did not pass 550-5.7.26 SPF [vps.vcrowd.in] with ip: [103.120.179.240] = did not pass 550-5.7.26 550-5.7.26 For instructions on setting up authentication, go to 550 5.7.26 https://support.google.com/mail/answer/81126#authentication d2e1a72fcca58-7a22ff14d1asi2186740b3a.134 - gsmtp (in reply to end of DATA command))
Oct 19 08:21:26 vps postfix/smtpd[13128]: connect from eert.heritagcreations.info[96.31.94.29]
Oct 19 08:21:26 vps postfix/smtpd[13128]: NOQUEUE: reject: RCPT from eert.heritagcreations.info[96.31.94.29]: 450 4.1.8 : Sender address rejected: Domain not found; from= to= proto=ESMTP helo=
Oct 19 08:21:26 vps postfix/smtpd[13128]: disconnect from eert.heritagcreations.info[96.31.94.29]
Oct 19 08:22:08 vps postfix/smtpd[25682]: connect from unknown[212.132.96.229]
Oct 19 08:22:10 vps postfix/smtpd[25682]: warning: unknown[212.132.96.229]: SASL LOGIN authentication failed: UGFzc3dvcmQ6
Oct 19 08:22:10 vps postfix/smtpd[25682]: disconnect from unknown[212.132.96.229]
Oct 19 08:22:54 vps postfix/smtps/smtpd[16975]: warning: No server certs available. TLS won't be enabled
Oct 19 08:22:54 vps postfix/smtps/smtpd[16975]: connect from unknown[121.131.220.148]
Oct 19 08:22:54 vps postfix/smtps/smtpd[16975]: warning: Wrapper-mode request dropped from unknown[121.131.220.148] for service 465. TLS context initialization failed. For details see earlier warnings in your logs.
Oct 19 08:22:54 vps postfix/smtps/smtpd[16975]: disconnect from unknown[121.131.220.148]
Oct 19 08:23:13 vps postfix/smtps/smtpd[16975]: connect from unknown[125.23.203.114]
Oct 19 08:23:13 vps postfix/smtps/smtpd[16975]: warning: Wrapper-mode request dropped from unknown[125.23.203.114] for service 465. TLS context initialization failed. For details see earlier warnings in your logs.
Oct 19 08:23:13 vps postfix/smtps/smtpd[16975]: disconnect from unknown[125.23.203.114]
Oct 19 08:23:17 vps postfix/smtps/smtpd[16975]: connect from unknown[111.26.95.120]
Oct 19 08:23:17 vps postfix/smtps/smtpd[16975]: warning: Wrapper-mode request dropped from unknown[111.26.95.120] for service 465. TLS context initialization failed. For details see earlier warnings in your logs.
Oct 19 08:23:17 vps postfix/smtps/smtpd[16975]: disconnect from unknown[111.26.95.120]
Oct 19 08:23:25 vps postfix/smtpd[25682]: connect from unknown[212.132.96.229]
Oct 19 08:23:27 vps postfix/smtpd[25682]: warning: unknown[212.132.96.229]: SASL LOGIN authentication failed: UGFzc3dvcmQ6
Oct 19 08:23:27 vps postfix/smtpd[25682]: disconnect from unknown[212.132.96.229]
Oct 19 08:23:48 vps postfix/smtpd[17696]: connect from unknown[196.251.92.124]
Oct 19 08:23:50 vps postfix/smtpd[17696]: warning: unknown[196.251.92.124]: SASL LOGIN authentication failed: UGFzc3dvcmQ6
Oct 19 08:23:56 vps postfix/smtpd[17696]: warning: unknown[196.251.92.124]: SASL LOGIN authentication failed: UGFzc3dvcmQ6
Oct 19 08:24:06 vps postfix/smtpd[17696]: warning: unknown[196.251.92.124]: SASL LOGIN authentication failed: UGFzc3dvcmQ6
Oct 19 08:24:16 vps postfix/smtpd[17696]: warning: unknown[196.251.92.124]: SASL LOGIN authentication failed: Connection lost to authentication server
Oct 19 08:24:16 vps postfix/smtpd[17696]: disconnect from unknown[196.251.92.124]
Oct 19 08:24:42 vps postfix/smtpd[25682]: connect from unknown[212.132.96.229]
Oct 19 08:24:44 vps postfix/smtpd[25682]: warning: unknown[212.132.96.229]: SASL LOGIN authentication failed: UGFzc3dvcmQ6
Oct 19 08:24:44 vps postfix/smtpd[25682]: disconnect from unknown[212.132.96.229]
Oct 19 08:25:38 vps postfix/qmgr[26951]: 2A67E8F134: from=, size=1114, nrcpt=2 (queue active)
Oct 19 08:25:38 vps postfix/qmgr[26951]: D38D86F51A: from=, size=874, nrcpt=2 (queue active)
Oct 19 08:25:39 vps postfix/smtp[20171]: 2A67E8F134: host gmail-smtp-in.l.google.com[142.251.12.27] said: 550-5.7.26 Your email has been blocked because the sender is unauthenticated. 550-5.7.26 Gmail requires all senders to authenticate with either SPF or DKIM. 550-5.7.26 550-5.7.26 Authentication results: 550-5.7.26 DKIM = did not pass 550-5.7.26 SPF [vps.vcrowd.in] with ip: [103.120.179.240] = did not pass 550-5.7.26 550-5.7.26 For instructions on setting up authentication, go to 550 5.7.26 https://support.google.com/mail/answer/81126#authentication d2e1a72fcca58-7a2300d6689si2350506b3a.288 - gsmtp (in reply to end of DATA command)
Oct 19 08:25:39 vps postfix/smtp[20173]: D38D86F51A: host gmail-smtp-in.l.google.com[142.251.12.27] said: 550-5.7.26 Your email has been blocked because the sender is unauthenticated. 550-5.7.26 Gmail requires all senders to authenticate with either SPF or DKIM. 550-5.7.26 550-5.7.26 Authentication results: 550-5.7.26 DKIM = did not pass 550-5.7.26 SPF [vps.vcrowd.in] with ip: [103.120.179.240] = did not pass 550-5.7.26 550-5.7.26 For instructions on setting up authentication, go to 550 5.7.26 https://support.google.com/mail/answer/81126#authentication d2e1a72fcca58-7a22ff196bfsi2318273b3a.81 - gsmtp (in reply to end of DATA command)
Oct 19 08:25:40 vps postfix/smtp[20171]: 2A67E8F134: to=, relay=alt1.gmail-smtp-in.l.google.com[192.178.163.27]:25, delay=1012, delays=1009/0.05/1.9/0.62, dsn=4.7.26, status=SOFTBOUNCE (host alt1.gmail-smtp-in.l.google.com[192.178.163.27] said: 550-5.7.26 Your email has been blocked because the sender is unauthenticated. 550-5.7.26 Gmail requires all senders to authenticate with either SPF or DKIM. 550-5.7.26 550-5.7.26 Authentication results: 550-5.7.26 DKIM = did not pass 550-5.7.26 SPF [vps.vcrowd.in] with ip: [103.120.179.240] = did not pass 550-5.7.26 550-5.7.26 For instructions on setting up authentication, go to 550 5.7.26 https://support.google.com/mail/answer/81126#authentication d9443c01a7336-29246fc02ebsi23353945ad.150 - gsmtp (in reply to end of DATA command))
Oct 19 08:25:40 vps postfix/smtp[20173]: D38D86F51A: to=, relay=alt1.gmail-smtp-in.l.google.com[192.178.163.26]:25, delay=1012, delays=1009/0.06/2/0.63, dsn=4.7.26, status=SOFTBOUNCE (host alt1.gmail-smtp-in.l.google.com[192.178.163.26] said: 550-5.7.26 Your email has been blocked because the sender is unauthenticated. 550-5.7.26 Gmail requires all senders to authenticate with either SPF or DKIM. 550-5.7.26 550-5.7.26 Authentication results: 550-5.7.26 DKIM = did not pass 550-5.7.26 SPF [vps.vcrowd.in] with ip: [103.120.179.240] = did not pass 550-5.7.26 550-5.7.26 For instructions on setting up authentication, go to 550 5.7.26 https://support.google.com/mail/answer/81126#authentication d9443c01a7336-29246fc022bsi23217975ad.134 - gsmtp (in reply to end of DATA command))
Oct 19 08:25:57 vps postfix/smtpd[25682]: connect from unknown[212.132.96.229]
Oct 19 08:26:00 vps postfix/smtpd[25682]: warning: unknown[212.132.96.229]: SASL LOGIN authentication failed: UGFzc3dvcmQ6
Oct 19 08:26:00 vps postfix/smtpd[25682]: disconnect from unknown[212.132.96.229]
Oct 19 08:26:08 vps postfix/smtp[20170]: connect to crackersadaikki.com[76.223.67.189]:25: Connection timed out
Oct 19 08:26:08 vps postfix/smtp[20172]: connect to crackersadaikki.com[76.223.67.189]:25: Connection timed out
Oct 19 08:26:38 vps postfix/smtp[20170]: connect to crackersadaikki.com[13.248.213.45]:25: Connection timed out
Oct 19 08:26:38 vps postfix/smtp[20170]: 2A67E8F134: to=, relay=none, delay=1069, delays=1009/0.04/60/0, dsn=4.4.1, status=deferred (connect to crackersadaikki.com[13.248.213.45]:25: Connection timed out)
Oct 19 08:26:38 vps postfix/qmgr[26951]: 2A67E8F134: from=, status=expired, returned to sender
Oct 19 08:26:38 vps postfix/cleanup[21048]: 6182B3718BF: message-id=<20251019025638.6182B3718BF@vps.vcrowd.in>
Oct 19 08:26:38 vps postfix/bounce[20204]: 2A67E8F134: sender non-delivery notification: 6182B3718BF
Oct 19 08:26:38 vps postfix/qmgr[26951]: 6182B3718BF: from=<>, size=4701, nrcpt=1 (queue active)
Oct 19 08:26:38 vps postfix/qmgr[26951]: 2A67E8F134: removed
Oct 19 08:26:38 vps postfix/local[21051]: 6182B3718BF: to=, relay=local, delay=0.05, delays=0.03/0.02/0/0, dsn=2.0.0, status=sent (delivered to mailbox)
Oct 19 08:26:38 vps postfix/qmgr[26951]: 6182B3718BF: removed
Oct 19 08:26:38 vps postfix/smtp[20172]: connect to crackersadaikki.com[13.248.213.45]:25: Connection timed out
Oct 19 08:26:38 vps postfix/smtp[20172]: D38D86F51A: to=, relay=none, delay=1070, delays=1009/0.05/60/0, dsn=4.4.1, status=deferred (connect to crackersadaikki.com[13.248.213.45]:25: Connection timed out)
Oct 19 08:26:38 vps postfix/qmgr[26951]: D38D86F51A: from=, status=expired, returned to sender
Oct 19 08:26:38 vps postfix/cleanup[21048]: 723E18F134: message-id=<20251019025638.723E18F134@vps.vcrowd.in>
Oct 19 08:26:38 vps postfix/bounce[20204]: D38D86F51A: sender non-delivery notification: 723E18F134
Oct 19 08:26:38 vps postfix/qmgr[26951]: 723E18F134: from=<>, size=4467, nrcpt=1 (queue active)
Oct 19 08:26:38 vps postfix/qmgr[26951]: D38D86F51A: removed
Oct 19 08:26:38 vps postfix/local[21051]: 723E18F134: to=, relay=local, delay=0.01, delays=0.01/0/0/0, dsn=2.0.0, status=sent (delivered to mailbox)
Oct 19 08:26:38 vps postfix/qmgr[26951]: 723E18F134: removed
Oct 19 08:27:01 vps postfix/smtpd[25682]: connect from unknown[165.154.121.231]
Oct 19 08:27:04 vps postfix/smtpd[25682]: warning: unknown[165.154.121.231]: SASL LOGIN authentication failed: UGFzc3dvcmQ6
Oct 19 08:27:04 vps postfix/smtpd[25682]: disconnect from unknown[165.154.121.231]
Oct 19 08:27:15 vps postfix/smtpd[25682]: connect from unknown[212.132.96.229]
Oct 19 08:27:17 vps postfix/smtpd[25682]: warning: unknown[212.132.96.229]: SASL LOGIN authentication failed: UGFzc3dvcmQ6
Oct 19 08:27:17 vps postfix/smtpd[25682]: disconnect from unknown[212.132.96.229]
Oct 19 08:27:47 vps postfix/smtpd[21968]: connect from unknown[101.13.5.37]
Oct 19 08:27:52 vps postfix/smtpd[21968]: warning: unknown[101.13.5.37]: SASL LOGIN authentication failed: UGFzc3dvcmQ6
Oct 19 08:27:52 vps postfix/smtpd[21968]: lost connection after AUTH from unknown[101.13.5.37]
Oct 19 08:27:52 vps postfix/smtpd[21968]: disconnect from unknown[101.13.5.37]
Oct 19 08:28:19 vps postfix/smtps/smtpd[22448]: warning: No server certs available. TLS won't be enabled
Oct 19 08:28:19 vps postfix/smtps/smtpd[22448]: connect from unknown[111.225.207.166]
Oct 19 08:28:19 vps postfix/smtps/smtpd[22448]: warning: Wrapper-mode request dropped from unknown[111.225.207.166] for service 465. TLS context initialization failed. For details see earlier warnings in your logs.
Oct 19 08:28:19 vps postfix/smtps/smtpd[22448]: disconnect from unknown[111.225.207.166]
Oct 19 08:28:31 vps postfix/smtpd[25682]: connect from unknown[212.132.96.229]
Oct 19 08:28:33 vps postfix/smtpd[25682]: warning: unknown[212.132.96.229]: SASL LOGIN authentication failed: UGFzc3dvcmQ6
Oct 19 08:28:33 vps postfix/smtpd[25682]: disconnect from unknown[212.132.96.229]
Oct 19 08:29:01 vps postfix/smtpd[21968]: connect from unknown[62.60.131.124]
Oct 19 08:29:04 vps postfix/smtpd[21968]: warning: unknown[62.60.131.124]: SASL LOGIN authentication failed: UGFzc3dvcmQ6
Oct 19 08:29:04 vps postfix/smtpd[21968]: disconnect from unknown[62.60.131.124]
Oct 19 08:29:44 vps postfix/smtpd[25682]: connect from unknown[212.132.96.229]
Oct 19 08:29:47 vps postfix/smtpd[25682]: warning: unknown[212.132.96.229]: SASL LOGIN authentication failed: UGFzc3dvcmQ6
Oct 19 08:29:47 vps postfix/smtpd[25682]: disconnect from unknown[212.132.96.229]
Oct 19 08:30:38 vps postfix/qmgr[26951]: 454661D7C8: from=, size=1098, nrcpt=2 (queue active)
Oct 19 08:30:39 vps postfix/smtp[25189]: 454661D7C8: host gmail-smtp-in.l.google.com[142.251.12.26] said: 550-5.7.26 Your email has been blocked because the sender is unauthenticated. 550-5.7.26 Gmail requires all senders to authenticate with either SPF or DKIM. 550-5.7.26 550-5.7.26 Authentication results: 550-5.7.26 DKIM = did not pass 550-5.7.26 SPF [vps.vcrowd.in] with ip: [103.120.179.240] = did not pass 550-5.7.26 550-5.7.26 For instructions on setting up authentication, go to 550 5.7.26 https://support.google.com/mail/answer/81126#authentication 41be03b00d2f7-b6a76b395afsi1915298a12.657 - gsmtp (in reply to end of DATA command)
Oct 19 08:30:41 vps postfix/smtp[25189]: 454661D7C8: to=, relay=alt1.gmail-smtp-in.l.google.com[192.178.163.26]:25, delay=566, delays=563/0.05/1.9/1.2, dsn=4.7.26, status=SOFTBOUNCE (host alt1.gmail-smtp-in.l.google.com[192.178.163.26] said: 550-5.7.26 Your email has been blocked because the sender is unauthenticated. 550-5.7.26 Gmail requires all senders to authenticate with either SPF or DKIM. 550-5.7.26 550-5.7.26 Authentication results: 550-5.7.26 DKIM = did not pass 550-5.7.26 SPF [vps.vcrowd.in] with ip: [103.120.179.240] = did not pass 550-5.7.26 550-5.7.26 For instructions on setting up authentication, go to 550 5.7.26 https://support.google.com/mail/answer/81126#authentication d9443c01a7336-29246fc02casi23359685ad.53 - gsmtp (in reply to end of DATA command))
Oct 19 08:30:50 vps postfix/anvil[27319]: statistics: max connection rate 1/60s for (submission:212.132.96.229) at
Oct 19 08:20:50
Oct 19 08:30:50 vps postfix/anvil[27319]: statistics: max connection count 1 for (submission:212.132.96.229) at
Oct 19 08:20:50
Oct 19 08:30:50 vps postfix/anvil[27319]: statistics: max cache size 4 at
Oct 19 08:21:26
Oct 19 08:31:00 vps postfix/smtpd[25682]: connect from unknown[212.132.96.229]
Oct 19 08:31:02 vps postfix/smtpd[25682]: warning: unknown[212.132.96.229]: SASL LOGIN authentication failed: UGFzc3dvcmQ6
Oct 19 08:31:02 vps postfix/smtpd[25682]: disconnect from unknown[212.132.96.229]
Oct 19 08:31:09 vps postfix/smtpd[25584]: connect from unknown[62.60.131.17]
Oct 19 08:31:12 vps postfix/smtpd[25584]: warning: unknown[62.60.131.17]: SASL LOGIN authentication failed: UGFzc3dvcmQ6
Oct 19 08:31:12 vps postfix/smtpd[25584]: disconnect from unknown[62.60.131.17]
Oct 19 08:32:08 vps postfix/smtpd[25584]: connect from unknown[213.209.157.252]
Oct 19 08:32:10 vps postfix/smtpd[25584]: warning: unknown[213.209.157.252]: SASL LOGIN authentication failed: UGFzc3dvcmQ6
Oct 19 08:32:10 vps postfix/smtpd[25584]: disconnect from unknown[213.209.157.252]
Oct 19 08:32:16 vps postfix/smtpd[25682]: connect from unknown[212.132.96.229]
Oct 19 08:32:19 vps postfix/smtpd[25682]: warning: unknown[212.132.96.229]: SASL LOGIN authentication failed: UGFzc3dvcmQ6
Oct 19 08:32:19 vps postfix/smtpd[25682]: disconnect from unknown[212.132.96.229]
Oct 19 08:32:42 vps postfix/smtps/smtpd[26752]: warning: No server certs available. TLS won't be enabled
Oct 19 08:32:43 vps postfix/smtps/smtpd[26752]: warning: hostname hebei.22.121.in-addr.arpa does not resolve to address 121.22.99.2: Name or service not known
Oct 19 08:32:43 vps postfix/smtps/smtpd[26752]: connect from unknown[121.22.99.2]
Oct 19 08:32:43 vps postfix/smtps/smtpd[26752]: warning: Wrapper-mode request dropped from unknown[121.22.99.2] for service 465. TLS context initialization failed. For details see earlier warnings in your logs.
Oct 19 08:32:43 vps postfix/smtps/smtpd[26752]: disconnect from unknown[121.22.99.2]
Oct 19 08:33:13 vps postfix/smtpd[25584]: connect from unknown[62.60.131.17]
Oct 19 08:33:16 vps postfix/smtpd[25584]: warning: unknown[62.60.131.17]: SASL LOGIN authentication failed: UGFzc3dvcmQ6
Oct 19 08:33:16 vps postfix/smtpd[25584]: disconnect from unknown[62.60.131.17]
Oct 19 08:33:25 vps postfix/smtpd[25584]: connect from unknown[213.209.157.225]
Oct 19 08:33:27 vps postfix/smtpd[25584]: warning: unknown[213.209.157.225]: SASL LOGIN authentication failed: UGFzc3dvcmQ6
Oct 19 08:33:27 vps postfix/smtpd[25584]: disconnect from unknown[213.209.157.225]
Oct 19 08:33:32 vps postfix/smtpd[25682]: connect from unknown[212.132.96.229]
Oct 19 08:33:35 vps postfix/smtpd[25682]: warning: unknown[212.132.96.229]: SASL LOGIN authentication failed: UGFzc3dvcmQ6
Oct 19 08:33:35 vps postfix/smtpd[25682]: disconnect from unknown[212.132.96.229]
Oct 19 08:34:05 vps postfix/smtps/smtpd[26752]: warning: hostname 9.134.166.220.broad.dy.sc.dynamic.163data.com.cn does not resolve to address 220.166.134.9
Oct 19 08:34:05 vps postfix/smtps/smtpd[26752]: connect from unknown[220.166.134.9]
Oct 19 08:34:05 vps postfix/smtps/smtpd[26752]: warning: Wrapper-mode request dropped from unknown[220.166.134.9] for service 465. TLS context initialization failed. For details see earlier warnings in your logs.
Oct 19 08:34:05 vps postfix/smtps/smtpd[26752]: disconnect from unknown[220.166.134.9]
Oct 19 08:34:08 vps postfix/smtps/smtpd[26752]: connect from unknown[112.98.179.132]
Oct 19 08:34:08 vps postfix/smtps/smtpd[26752]: warning: Wrapper-mode request dropped from unknown[112.98.179.132] for service 465. TLS context initialization failed. For details see earlier warnings in your logs.
Oct 19 08:34:08 vps postfix/smtps/smtpd[26752]: disconnect from unknown[112.98.179.132]
Oct 19 08:34:10 vps postfix/smtps/smtpd[26752]: connect from unknown[191.59.187.13]
Oct 19 08:34:10 vps postfix/smtps/smtpd[26752]: warning: Wrapper-mode request dropped from unknown[191.59.187.13] for service 465. TLS context initialization failed. For details see earlier warnings in your logs.
Oct 19 08:34:10 vps postfix/smtps/smtpd[26752]: disconnect from unknown[191.59.187.13]
Oct 19 08:34:21 vps postfix/smtps/smtpd[26752]: connect from unknown[218.63.76.66]
Oct 19 08:34:21 vps postfix/smtps/smtpd[26752]: warning: Wrapper-mode request dropped from unknown[218.63.76.66] for service 465. TLS context initialization failed. For details see earlier warnings in your logs.
Oct 19 08:34:21 vps postfix/smtps/smtpd[26752]: disconnect from unknown[218.63.76.66]
Oct 19 08:34:22 vps postfix/smtps/smtpd[26752]: connect from unknown[211.253.10.61]
Oct 19 08:34:22 vps postfix/smtps/smtpd[26752]: warning: Wrapper-mode request dropped from unknown[211.253.10.61] for service 465. TLS context initialization failed. For details see earlier warnings in your logs.
Oct 19 08:34:22 vps postfix/smtps/smtpd[26752]: disconnect from unknown[211.253.10.61]
Oct 19 08:34:25 vps postfix/smtps/smtpd[26752]: connect from unknown[121.131.220.141]
Oct 19 08:34:25 vps postfix/smtps/smtpd[26752]: warning: Wrapper-mode request dropped from unknown[121.131.220.141] for service 465. TLS context initialization failed. For details see earlier warnings in your logs.
Oct 19 08:34:25 vps postfix/smtps/smtpd[26752]: disconnect from unknown[121.131.220.141]
Oct 19 08:34:48 vps postfix/smtpd[25682]: connect from unknown[212.132.96.229]
Oct 19 08:34:51 vps postfix/smtpd[25682]: warning: unknown[212.132.96.229]: SASL LOGIN authentication failed: UGFzc3dvcmQ6
Oct 19 08:34:51 vps postfix/smtpd[25682]: disconnect from unknown[212.132.96.229]
Oct 19 08:36:03 vps postfix/smtpd[25682]: connect from unknown[212.132.96.229]
Oct 19 08:36:06 vps postfix/smtpd[25682]: warning: unknown[212.132.96.229]: SASL LOGIN authentication failed: UGFzc3dvcmQ6
Oct 19 08:36:06 vps postfix/smtpd[25682]: disconnect from unknown[212.132.96.229]
Oct 19 08:37:18 vps postfix/smtpd[25682]: connect from unknown[212.132.96.229]
Oct 19 08:37:21 vps postfix/smtpd[25682]: warning: unknown[212.132.96.229]: SASL LOGIN authentication failed: UGFzc3dvcmQ6
Oct 19 08:37:21 vps postfix/smtpd[25682]: disconnect from unknown[212.132.96.229]
Oct 19 08:38:31 vps postfix/smtpd[32392]: connect from mail-southindiaazolkn19011031.outbound.protection.outlook.com[52.103.67.31]
Oct 19 08:38:32 vps postfix/smtpd[32392]: NOQUEUE: reject: RCPT from mail-southindiaazolkn19011031.outbound.protection.outlook.com[52.103.67.31]: 450 4.1.1 : Recipient address rejected: User unknown in virtual mailbox table; from= to= proto=ESMTP helo=
Oct 19 08:38:32 vps postfix/smtpd[32392]: disconnect from mail-southindiaazolkn19011031.outbound.protection.outlook.com[52.103.67.31]
Oct 19 08:38:35 vps postfix/smtpd[25682]: connect from unknown[212.132.96.229]
Oct 19 08:38:39 vps postfix/smtpd[25682]: warning: unknown[212.132.96.229]: SASL LOGIN authentication failed: UGFzc3dvcmQ6
Oct 19 08:38:39 vps postfix/smtpd[25682]: disconnect from unknown[212.132.96.229]
Oct 19 08:39:50 vps postfix/smtpd[25682]: connect from unknown[212.132.96.229]
Oct 19 08:39:53 vps postfix/smtpd[25682]: warning: unknown[212.132.96.229]: SASL LOGIN authentication failed: UGFzc3dvcmQ6
Oct 19 08:39:53 vps postfix/smtpd[25682]: disconnect from unknown[212.132.96.229]
Oct 19 08:40:38 vps postfix/qmgr[26951]: 454661D7C8: from=, size=1098, nrcpt=2 (queue active)
Oct 19 08:40:39 vps postfix/smtp[2684]: 454661D7C8: host gmail-smtp-in.l.google.com[142.251.12.26] said: 550-5.7.26 Your email has been blocked because the sender is unauthenticated. 550-5.7.26 Gmail requires all senders to authenticate with either SPF or DKIM. 550-5.7.26 550-5.7.26 Authentication results: 550-5.7.26 DKIM = did not pass 550-5.7.26 SPF [vps.vcrowd.in] with ip: [103.120.179.240] = did not pass 550-5.7.26 550-5.7.26 For instructions on setting up authentication, go to 550 5.7.26 https://support.google.com/mail/answer/81126#authentication 41be03b00d2f7-b6a76b19bcfsi2076576a12.404 - gsmtp (in reply to end of DATA command)
Oct 19 08:40:41 vps postfix/smtp[2684]: 454661D7C8: to=, relay=alt1.gmail-smtp-in.l.google.com[192.178.163.26]:25, delay=1166, delays=1163/0.05/2/1.1, dsn=4.7.26, status=SOFTBOUNCE (host alt1.gmail-smtp-in.l.google.com[192.178.163.26] said: 550-5.7.26 Your email has been blocked because the sender is unauthenticated. 550-5.7.26 Gmail requires all senders to authenticate with either SPF or DKIM. 550-5.7.26 550-5.7.26 Authentication results: 550-5.7.26 DKIM = did not pass 550-5.7.26 SPF [vps.vcrowd.in] with ip: [103.120.179.240] = did not pass 550-5.7.26 550-5.7.26 For instructions on setting up authentication, go to 550 5.7.26 https://support.google.com/mail/answer/81126#authentication d9443c01a7336-2924723a40esi22608325ad.675 - gsmtp (in reply to end of DATA command))
Oct 19 08:40:41 vps postfix/qmgr[26951]: 454661D7C8: from=, status=expired, returned to sender
Oct 19 08:40:41 vps postfix/cleanup[2724]: 60B7D1D858: message-id=<20251019031041.60B7D1D858@vps.vcrowd.in>
Oct 19 08:40:41 vps postfix/bounce[2723]: 454661D7C8: sender non-delivery notification: 60B7D1D858
Oct 19 08:40:41 vps postfix/qmgr[26951]: 60B7D1D858: from=<>, size=4390, nrcpt=1 (queue active)
Oct 19 08:40:41 vps postfix/qmgr[26951]: 454661D7C8: removed
Oct 19 08:40:41 vps postfix/local[2725]: 60B7D1D858: to=, relay=local, delay=0.03, delays=0.02/0.01/0/0, dsn=2.0.0, status=sent (delivered to mailbox)
Oct 19 08:40:41 vps postfix/qmgr[26951]: 60B7D1D858: removed
Oct 19 08:40:48 vps postfix/smtpd[25682]: connect from unknown[23.132.164.12]
Oct 19 08:40:50 vps postfix/anvil[27319]: statistics: max connection rate 1/60s for (submission:212.132.96.229) at
Oct 19 08:31:00
Oct 19 08:40:50 vps postfix/anvil[27319]: statistics: max connection count 1 for (submission:212.132.96.229) at
Oct 19 08:31:00
Oct 19 08:40:50 vps postfix/anvil[27319]: statistics: max cache size 3 at
Oct 19 08:33:32
Oct 19 08:40:51 vps postfix/smtpd[25682]: warning: unknown[23.132.164.12]: SASL LOGIN authentication failed: UGFzc3dvcmQ6
Oct 19 08:40:51 vps postfix/smtpd[25682]: disconnect from unknown[23.132.164.12]
Oct 19 08:41:07 vps postfix/smtpd[25682]: connect from unknown[212.132.96.229]
Oct 19 08:41:10 vps postfix/smtpd[25682]: warning: unknown[212.132.96.229]: SASL LOGIN authentication failed: UGFzc3dvcmQ6
Oct 19 08:41:10 vps postfix/smtpd[25682]: disconnect from unknown[212.132.96.229]
Oct 19 08:41:42 vps postfix/smtpd[3562]: connect from unknown[62.60.131.17]
Oct 19 08:41:46 vps postfix/smtpd[3562]: warning: unknown[62.60.131.17]: SASL LOGIN authentication failed: UGFzc3dvcmQ6
Oct 19 08:41:46 vps postfix/smtpd[3562]: disconnect from unknown[62.60.131.17]
Oct 19 08:41:57 vps postfix/smtpd[3562]: connect from unknown[213.209.157.116]
Oct 19 08:42:00 vps postfix/smtpd[3562]: warning: unknown[213.209.157.116]: SASL LOGIN authentication failed: UGFzc3dvcmQ6
Oct 19 08:42:00 vps postfix/smtpd[3562]: disconnect from unknown[213.209.157.116]
Oct 19 08:42:22 vps postfix/smtpd[25682]: connect from unknown[212.132.96.229]
Oct 19 08:42:25 vps postfix/smtpd[25682]: warning: unknown[212.132.96.229]: SASL LOGIN authentication failed: UGFzc3dvcmQ6
Oct 19 08:42:25 vps postfix/smtpd[25682]: disconnect from unknown[212.132.96.229]
Oct 19 08:43:40 vps postfix/smtpd[5060]: connect from unknown[212.132.96.229]
Oct 19 08:43:42 vps postfix/smtpd[5060]: warning: unknown[212.132.96.229]: SASL LOGIN authentication failed: UGFzc3dvcmQ6
Oct 19 08:43:42 vps postfix/smtpd[5060]: disconnect from unknown[212.132.96.229]
Oct 19 08:44:11 vps postfix/pickup[26421]: 91FC81D7C8: uid=1102 from=
Oct 19 08:44:11 vps postfix/cleanup[5524]: 91FC81D7C8: message-id=<20251019031411.91FC81D7C8@vps.vcrowd.in>
Oct 19 08:44:11 vps opendkim[5590]: 91FC81D7C8: no signing table match for 'blastmediasolutions@gmail.com'
Oct 19 08:44:11 vps opendkim[5590]: 91FC81D7C8: no signature data
Oct 19 08:44:11 vps postfix/qmgr[26951]: 91FC81D7C8: from=, size=1590, nrcpt=2 (queue active)
Oct 19 08:44:12 vps postfix/smtp[5531]: 91FC81D7C8: host gmail-smtp-in.l.google.com[142.251.12.27] said: 550-5.7.26 Your email has been blocked because the sender is unauthenticated. 550-5.7.26 Gmail requires all senders to authenticate with either SPF or DKIM. 550-5.7.26 550-5.7.26 Authentication results: 550-5.7.26 DKIM = did not pass 550-5.7.26 SPF [vps.vcrowd.in] with ip: [103.120.179.240] = did not pass 550-5.7.26 550-5.7.26 For instructions on setting up authentication, go to 550 5.7.26 https://support.google.com/mail/answer/81126#authentication d2e1a72fcca58-7a22ff15c51si2339943b3a.136 - gsmtp (in reply to end of DATA command)
Oct 19 08:44:14 vps postfix/smtp[5531]: 91FC81D7C8: to=, relay=alt1.gmail-smtp-in.l.google.com[192.178.163.27]:25, delay=2.7, delays=0.04/0.02/1.9/0.71, dsn=4.7.26, status=SOFTBOUNCE (host alt1.gmail-smtp-in.l.google.com[192.178.163.27] said: 550-5.7.26 Your email has been blocked because the sender is unauthenticated. 550-5.7.26 Gmail requires all senders to authenticate with either SPF or DKIM. 550-5.7.26 550-5.7.26 Authentication results: 550-5.7.26 DKIM = did not pass 550-5.7.26 SPF [vps.vcrowd.in] with ip: [103.120.179.240] = did not pass 550-5.7.26 550-5.7.26 For instructions on setting up authentication, go to 550 5.7.26 https://support.google.com/mail/answer/81126#authentication 41be03b00d2f7-b6a76b1c3fasi2036860a12.586 - gsmtp (in reply to end of DATA command))
Oct 19 08:44:14 vps postfix/smtp[5531]: 91FC81D7C8: to=, relay=alt1.gmail-smtp-in.l.google.com[192.178.163.27]:25, delay=2.7, delays=0.04/0.02/1.9/0.71, dsn=4.7.26, status=SOFTBOUNCE (host alt1.gmail-smtp-in.l.google.com[192.178.163.27] said: 550-5.7.26 Your email has been blocked because the sender is unauthenticated. 550-5.7.26 Gmail requires all senders to authenticate with either SPF or DKIM. 550-5.7.26 550-5.7.26 Authentication results: 550-5.7.26 DKIM = did not pass 550-5.7.26 SPF [vps.vcrowd.in] with ip: [103.120.179.240] = did not pass 550-5.7.26 550-5.7.26 For instructions on setting up authentication, go to 550 5.7.26 https://support.google.com/mail/answer/81126#authentication 41be03b00d2f7-b6a76b1c3fasi2036860a12.586 - gsmtp (in reply to end of DATA command))
Oct 19 08:44:51 vps postfix/smtpd[5940]: connect from unknown[77.90.185.216]
Oct 19 08:44:55 vps postfix/smtpd[5940]: warning: unknown[77.90.185.216]: SASL LOGIN authentication failed: UGFzc3dvcmQ6
Oct 19 08:44:55 vps postfix/smtpd[5940]: disconnect from unknown[77.90.185.216]
Oct 19 08:44:57 vps postfix/smtpd[5060]: connect from unknown[212.132.96.229]
Oct 19 08:45:00 vps postfix/smtpd[5060]: warning: unknown[212.132.96.229]: SASL LOGIN authentication failed: UGFzc3dvcmQ6
Oct 19 08:45:00 vps postfix/smtpd[5060]: disconnect from unknown[212.132.96.229]
Oct 19 08:45:04 vps postfix/smtpd[5940]: connect from mail-koreasouthazolkn19010001.outbound.protection.outlook.com[52.103.75.1]
Oct 19 08:45:04 vps postfix/smtpd[5940]: NOQUEUE: reject: RCPT from mail-koreasouthazolkn19010001.outbound.protection.outlook.com[52.103.75.1]: 450 4.1.1 : Recipient address rejected: User unknown in virtual mailbox table; from= to= proto=ESMTP helo=
Oct 19 08:45:04 vps postfix/smtpd[5940]: disconnect from mail-koreasouthazolkn19010001.outbound.protection.outlook.com[52.103.75.1]
Oct 19 08:45:05 vps postfix/smtpd[5940]: connect from unknown[77.90.185.216]
Oct 19 08:45:12 vps postfix/smtpd[5940]: warning: unknown[77.90.185.216]: SASL LOGIN authentication failed: UGFzc3dvcmQ6
Oct 19 08:45:12 vps postfix/smtpd[5940]: disconnect from unknown[77.90.185.216]
Oct 19 08:45:16 vps postfix/smtpd[5940]: connect from unknown[77.90.185.216]
Oct 19 08:45:18 vps postfix/smtpd[7067]: connect from unknown[77.90.185.216]
Oct 19 08:45:21 vps postfix/smtpd[7101]: connect from unknown[77.90.185.216]
Oct 19 08:45:26 vps postfix/smtpd[7149]: connect from unknown[77.90.185.216]
Oct 19 08:45:27 vps postfix/smtpd[7166]: connect from unknown[77.90.185.216]
Oct 19 08:45:30 vps postfix/smtpd[7101]: warning: unknown[77.90.185.216]: SASL LOGIN authentication failed: UGFzc3dvcmQ6
Oct 19 08:45:30 vps postfix/smtpd[7149]: warning: unknown[77.90.185.216]: SASL LOGIN authentication failed: UGFzc3dvcmQ6
Oct 19 08:45:30 vps postfix/smtpd[7149]: disconnect from unknown[77.90.185.216]
Oct 19 08:45:31 vps postfix/smtpd[7101]: disconnect from unknown[77.90.185.216]
Oct 19 08:45:31 vps postfix/smtpd[7067]: warning: unknown[77.90.185.216]: SASL LOGIN authentication failed: UGFzc3dvcmQ6
Oct 19 08:45:34 vps postfix/smtpd[5940]: warning: unknown[77.90.185.216]: SASL LOGIN authentication failed: UGFzc3dvcmQ6
Oct 19 08:45:34 vps postfix/smtpd[5940]: disconnect from unknown[77.90.185.216]
Oct 19 08:45:37 vps postfix/smtpd[7067]: disconnect from unknown[77.90.185.216]
Oct 19 08:45:40 vps postfix/smtpd[7166]: warning: unknown[77.90.185.216]: SASL LOGIN authentication failed: Connection lost to authentication server
Oct 19 08:45:40 vps postfix/smtpd[7166]: disconnect from unknown[77.90.185.216]
Oct 19 08:45:46 vps postfix/smtpd[7149]: connect from unknown[77.90.185.216]
Oct 19 08:45:50 vps postfix/smtpd[7149]: warning: unknown[77.90.185.216]: SASL LOGIN authentication failed: UGFzc3dvcmQ6
Oct 19 08:45:50 vps postfix/smtpd[7149]: disconnect from unknown[77.90.185.216]
Oct 19 08:46:12 vps postfix/smtpd[5060]: connect from unknown[212.132.96.229]
Oct 19 08:46:13 vps postfix/smtpd[7101]: connect from unknown[195.211.188.86]
Oct 19 08:46:14 vps postfix/smtpd[5060]: warning: unknown[212.132.96.229]: SASL LOGIN authentication failed: UGFzc3dvcmQ6
Oct 19 08:46:14 vps postfix/smtpd[5060]: disconnect from unknown[212.132.96.229]
Oct 19 08:46:15 vps postfix/smtpd[7101]: warning: unknown[195.211.188.86]: SASL LOGIN authentication failed: VXNlcm5hbWU6
Oct 19 08:46:15 vps postfix/smtpd[7101]: disconnect from unknown[195.211.188.86]
Oct 19 08:46:45 vps postfix/smtpd[5940]: connect from lewis.rolldeos.com[94.156.175.177]
Oct 19 08:46:45 vps postfix/smtpd[5940]: NOQUEUE: reject: RCPT from lewis.rolldeos.com[94.156.175.177]: 454 4.7.1 Service unavailable; Client host [94.156.175.177] blocked using bl.spamcop.net; Blocked - see https://www.spamcop.net/bl.shtml?94.156.175.177; from= to= proto=ESMTP helo=
Oct 19 08:46:45 vps postfix/smtpd[5940]: disconnect from lewis.rolldeos.com[94.156.175.177]
Oct 19 08:47:26 vps postfix/smtpd[7101]: connect from 156.153.12.34.bc.googleusercontent.com[34.12.153.156]
Oct 19 08:47:26 vps postfix/smtpd[7149]: connect from 156.153.12.34.bc.googleusercontent.com[34.12.153.156]
Oct 19 08:47:27 vps postfix/smtpd[7101]: NOQUEUE: reject: RCPT from 156.153.12.34.bc.googleusercontent.com[34.12.153.156]: 454 4.7.1 Service unavailable; Client host [34.12.153.156] blocked using b.barracudacentral.org; http://www.barracudanetworks.com/reputation/?pr=1&ip=34.12.153.156; from= to= proto=ESMTP helo=
Oct 19 08:47:27 vps postfix/smtpd[7149]: NOQUEUE: reject: RCPT from 156.153.12.34.bc.googleusercontent.com[34.12.153.156]: 454 4.7.1 Service unavailable; Client host [34.12.153.156] blocked using b.barracudacentral.org; http://www.barracudanetworks.com/reputation/?pr=1&ip=34.12.153.156; from= to= proto=ESMTP helo=
Oct 19 08:47:28 vps postfix/smtpd[7101]: disconnect from 156.153.12.34.bc.googleusercontent.com[34.12.153.156]
Oct 19 08:47:28 vps postfix/smtpd[7149]: disconnect from 156.153.12.34.bc.googleusercontent.com[34.12.153.156]
Oct 19 08:47:28 vps postfix/smtpd[5940]: connect from 156.153.12.34.bc.googleusercontent.com[34.12.153.156]
Oct 19 08:47:28 vps postfix/smtpd[7101]: connect from 156.153.12.34.bc.googleusercontent.com[34.12.153.156]
Oct 19 08:47:28 vps postfix/smtpd[7101]: NOQUEUE: reject: RCPT from 156.153.12.34.bc.googleusercontent.com[34.12.153.156]: 454 4.7.1 Service unavailable; Client host [34.12.153.156] blocked using b.barracudacentral.org; http://www.barracudanetworks.com/reputation/?pr=1&ip=34.12.153.156; from= to= proto=ESMTP helo=
Oct 19 08:47:28 vps postfix/smtpd[7101]: disconnect from 156.153.12.34.bc.googleusercontent.com[34.12.153.156]
Oct 19 08:47:29 vps postfix/smtpd[5940]: NOQUEUE: reject: RCPT from 156.153.12.34.bc.googleusercontent.com[34.12.153.156]: 454 4.7.1 Service unavailable; Client host [34.12.153.156] blocked using b.barracudacentral.org; http://www.barracudanetworks.com/reputation/?pr=1&ip=34.12.153.156; from= to= proto=ESMTP helo=
Oct 19 08:47:29 vps postfix/smtpd[5940]: disconnect from 156.153.12.34.bc.googleusercontent.com[34.12.153.156]
Oct 19 08:47:30 vps postfix/smtpd[5060]: connect from unknown[212.132.96.229]
Oct 19 08:47:30 vps postfix/smtpd[7149]: connect from unknown[62.60.131.124]
Oct 19 08:47:33 vps postfix/smtpd[5060]: warning: unknown[212.132.96.229]: SASL LOGIN authentication failed: UGFzc3dvcmQ6
Oct 19 08:47:33 vps postfix/smtpd[7149]: warning: unknown[62.60.131.124]: SASL LOGIN authentication failed: UGFzc3dvcmQ6
Oct 19 08:47:33 vps postfix/smtpd[5060]: disconnect from unknown[212.132.96.229]
Oct 19 08:47:33 vps postfix/smtpd[7149]: disconnect from unknown[62.60.131.124]
Oct 19 08:48:07 vps postfix/smtpd[7101]: connect from unknown[221.229.216.1]
Oct 19 08:48:10 vps postfix/smtpd[7101]: warning: unknown[221.229.216.1]: SASL LOGIN authentication failed: UGFzc3dvcmQ6
Oct 19 08:48:10 vps postfix/smtpd[7101]: disconnect from unknown[221.229.216.1]
Oct 19 08:48:11 vps postfix/smtpd[5940]: connect from unknown[221.229.216.1]
Oct 19 08:48:12 vps postfix/smtpd[5060]: connect from unknown[165.154.121.231]
Oct 19 08:48:14 vps postfix/smtpd[5060]: warning: unknown[165.154.121.231]: SASL LOGIN authentication failed: UGFzc3dvcmQ6
Oct 19 08:48:14 vps postfix/smtpd[5060]: disconnect from unknown[165.154.121.231]
Oct 19 08:48:19 vps postfix/smtpd[5940]: warning: unknown[221.229.216.1]: SASL LOGIN authentication failed: UGFzc3dvcmQ6
Oct 19 08:48:20 vps postfix/smtpd[5940]: disconnect from unknown[221.229.216.1]
Oct 19 08:48:25 vps postfix/smtpd[7101]: connect from unknown[62.60.131.17]
Oct 19 08:48:29 vps postfix/smtpd[7101]: warning: unknown[62.60.131.17]: SASL LOGIN authentication failed: UGFzc3dvcmQ6
Oct 19 08:48:29 vps postfix/smtpd[7101]: disconnect from unknown[62.60.131.17]
Oct 19 08:48:47 vps postfix/smtpd[5060]: connect from unknown[212.132.96.229]
Oct 19 08:48:50 vps postfix/smtpd[5060]: warning: unknown[212.132.96.229]: SASL LOGIN authentication failed: UGFzc3dvcmQ6
Oct 19 08:48:50 vps postfix/smtpd[5060]: disconnect from unknown[212.132.96.229]
Oct 19 08:50:02 vps postfix/smtpd[5060]: connect from unknown[212.132.96.229]
Oct 19 08:50:05 vps postfix/smtpd[5060]: warning: unknown[212.132.96.229]: SASL LOGIN authentication failed: UGFzc3dvcmQ6
Oct 19 08:50:05 vps postfix/smtpd[5060]: disconnect from unknown[212.132.96.229]
Oct 19 08:50:38 vps postfix/qmgr[26951]: 91FC81D7C8: from=, size=1590, nrcpt=2 (queue active)
Oct 19 08:50:39 vps postfix/smtp[11980]: 91FC81D7C8: host gmail-smtp-in.l.google.com[142.251.12.27] said: 550-5.7.26 Your email has been blocked because the sender is unauthenticated. 550-5.7.26 Gmail requires all senders to authenticate with either SPF or DKIM. 550-5.7.26 550-5.7.26 Authentication results: 550-5.7.26 DKIM = did not pass 550-5.7.26 SPF [vps.vcrowd.in] with ip: [103.120.179.240] = did not pass 550-5.7.26 550-5.7.26 For instructions on setting up authentication, go to 550 5.7.26 https://support.google.com/mail/answer/81126#authentication 41be03b00d2f7-b6a76b3d836si2083418a12.768 - gsmtp (in reply to end of DATA command)
Oct 19 08:50:40 vps postfix/smtp[11980]: 91FC81D7C8: to=, relay=alt1.gmail-smtp-in.l.google.com[192.178.163.26]:25, delay=389, delays=386/0.02/2.1/0.62, dsn=4.7.26, status=SOFTBOUNCE (host alt1.gmail-smtp-in.l.google.com[192.178.163.26] said: 550-5.7.26 Your email has been blocked because the sender is unauthenticated. 550-5.7.26 Gmail requires all senders to authenticate with either SPF or DKIM. 550-5.7.26 550-5.7.26 Authentication results: 550-5.7.26 DKIM = did not pass 550-5.7.26 SPF [vps.vcrowd.in] with ip: [103.120.179.240] = did not pass 550-5.7.26 550-5.7.26 For instructions on setting up authentication, go to 550 5.7.26 https://support.google.com/mail/answer/81126#authentication d9443c01a7336-29246fc08easi23005725ad.145 - gsmtp (in reply to end of DATA command))
Oct 19 08:50:40 vps postfix/smtp[11980]: 91FC81D7C8: to=, relay=alt1.gmail-smtp-in.l.google.com[192.178.163.26]:25, delay=389, delays=386/0.02/2.1/0.62, dsn=4.7.26, status=SOFTBOUNCE (host alt1.gmail-smtp-in.l.google.com[192.178.163.26] said: 550-5.7.26 Your email has been blocked because the sender is unauthenticated. 550-5.7.26 Gmail requires all senders to authenticate with either SPF or DKIM. 550-5.7.26 550-5.7.26 Authentication results: 550-5.7.26 DKIM = did not pass 550-5.7.26 SPF [vps.vcrowd.in] with ip: [103.120.179.240] = did not pass 550-5.7.26 550-5.7.26 For instructions on setting up authentication, go to 550 5.7.26 https://support.google.com/mail/answer/81126#authentication d9443c01a7336-29246fc08easi23005725ad.145 - gsmtp (in reply to end of DATA command))
Oct 19 08:50:50 vps postfix/anvil[27319]: statistics: max connection rate 8/60s for (smtp:77.90.185.216) at
Oct 19 08:45:46
Oct 19 08:50:50 vps postfix/anvil[27319]: statistics: max connection count 5 for (smtp:77.90.185.216) at
Oct 19 08:45:27
Oct 19 08:50:50 vps postfix/anvil[27319]: statistics: max cache size 6 at
Oct 19 08:48:25
Oct 19 08:51:18 vps postfix/smtpd[5060]: connect from unknown[212.132.96.229]
Oct 19 08:51:20 vps postfix/smtpd[5060]: warning: unknown[212.132.96.229]: SASL LOGIN authentication failed: UGFzc3dvcmQ6
Oct 19 08:51:20 vps postfix/smtpd[5060]: disconnect from unknown[212.132.96.229]
Oct 19 08:52:32 vps postfix/smtpd[5060]: connect from unknown[212.132.96.229]
Oct 19 08:52:35 vps postfix/smtpd[5060]: warning: unknown[212.132.96.229]: SASL LOGIN authentication failed: UGFzc3dvcmQ6
Oct 19 08:52:35 vps postfix/smtpd[5060]: disconnect from unknown[212.132.96.229]
Oct 19 08:53:49 vps postfix/smtpd[5060]: connect from unknown[212.132.96.229]
Oct 19 08:53:51 vps postfix/smtpd[5060]: warning: unknown[212.132.96.229]: SASL LOGIN authentication failed: UGFzc3dvcmQ6
Oct 19 08:53:51 vps postfix/smtpd[5060]: disconnect from unknown[212.132.96.229]
Oct 19 08:54:00 vps postfix/smtpd[14489]: connect from unknown[195.211.188.86]
Oct 19 08:54:03 vps postfix/smtpd[14489]: warning: unknown[195.211.188.86]: SASL LOGIN authentication failed: UGFzc3dvcmQ6
Oct 19 08:54:03 vps postfix/smtpd[14489]: disconnect from unknown[195.211.188.86]
Oct 19 08:54:28 vps postfix/smtpd[14489]: connect from unknown[182.160.107.51]
Oct 19 08:54:31 vps postfix/smtpd[14900]: connect from unknown[213.209.157.225]
Oct 19 08:54:32 vps postfix/smtpd[14489]: warning: unknown[182.160.107.51]: SASL LOGIN authentication failed: UGFzc3dvcmQ6
Oct 19 08:54:32 vps postfix/smtpd[14489]: lost connection after AUTH from unknown[182.160.107.51]
Oct 19 08:54:32 vps postfix/smtpd[14489]: disconnect from unknown[182.160.107.51]
Oct 19 08:54:33 vps postfix/smtpd[14900]: warning: unknown[213.209.157.225]: SASL LOGIN authentication failed: UGFzc3dvcmQ6
Oct 19 08:54:33 vps postfix/smtpd[14900]: disconnect from unknown[213.209.157.225]
Oct 19 08:55:03 vps postfix/smtpd[5060]: connect from unknown[212.132.96.229]
Oct 19 08:55:06 vps postfix/smtpd[5060]: warning: unknown[212.132.96.229]: SASL LOGIN authentication failed: UGFzc3dvcmQ6
Oct 19 08:55:06 vps postfix/smtpd[5060]: disconnect from unknown[212.132.96.229]
Oct 19 08:55:22 vps postfix/smtps/smtpd[16386]: warning: No server certs available. TLS won't be enabled
Oct 19 08:55:22 vps postfix/smtps/smtpd[16386]: connect from unknown[121.131.220.135]
