Oct 19 19:55:41 vps postfix/smtp[12880]: 50AAE3C0146: to=, relay=alt1.gmail-smtp-in.l.google.com[192.178.163.27]:25, delay=1005, delays=1002/0.08/2.3/0.6, dsn=4.7.26, status=SOFTBOUNCE (host alt1.gmail-smtp-in.l.google.com[192.178.163.27] said: 550-5.7.26 Your email has been blocked because the sender is unauthenticated. 550-5.7.26 Gmail requires all senders to authenticate with either SPF or DKIM. 550-5.7.26 550-5.7.26 Authentication results: 550-5.7.26 DKIM = did not pass 550-5.7.26 SPF [vps.vcrowd.in] with ip: [103.120.179.240] = did not pass 550-5.7.26 550-5.7.26 For instructions on setting up authentication, go to 550 5.7.26 https://support.google.com/mail/answer/81126#authentication d2e1a72fcca58-7a2300d4f94si2835463b3a.277 - gsmtp (in reply to end of DATA command))
Oct 19 19:55:41 vps postfix/smtp[12889]: 74B8F3C014F: to=, relay=mta7.am0.yahoodns.net[98.136.96.75]:25, delay=355, delays=352/0.13/2.3/0.78, dsn=4.7.9, status=SOFTBOUNCE (host mta7.am0.yahoodns.net[98.136.96.75] said: 554 5.7.9 This mail has been blocked because it failed authentication checks against the sending domains DMARC policy. See https://senders.yahooinc.com/smtp-error-codes#dmarc-fail for more information. (in reply to end of DATA command))
Oct 19 19:55:41 vps postfix/smtp[12888]: D6AD43C0148: host gmail-smtp-in.l.google.com[142.251.12.26] said: 550-5.7.26 Your email has been blocked because the sender is unauthenticated. 550-5.7.26 Gmail requires all senders to authenticate with either SPF or DKIM. 550-5.7.26 550-5.7.26 Authentication results: 550-5.7.26 DKIM = did not pass 550-5.7.26 SPF [vps.vcrowd.in] with ip: [103.120.179.240] = did not pass 550-5.7.26 550-5.7.26 For instructions on setting up authentication, go to 550 5.7.26 https://support.google.com/mail/answer/81126#authentication 98e67ed59e1d1-33d5de65c26si2564874a91.39 - gsmtp (in reply to end of DATA command)
Oct 19 19:55:42 vps postfix/smtp[12917]: DCB421D858: host gmail-smtp-in.l.google.com[142.251.12.26] said: 550-5.7.26 Your email has been blocked because the sender is unauthenticated. 550-5.7.26 Gmail requires all senders to authenticate with either SPF or DKIM. 550-5.7.26 550-5.7.26 Authentication results: 550-5.7.26 DKIM = did not pass 550-5.7.26 SPF [vps.vcrowd.in] with ip: [103.120.179.240] = did not pass 550-5.7.26 550-5.7.26 For instructions on setting up authentication, go to 550 5.7.26 https://support.google.com/mail/answer/81126#authentication d2e1a72fcca58-7a22ff19396si2941028b3a.155 - gsmtp (in reply to end of DATA command)
Oct 19 19:55:42 vps postfix/smtp[12918]: 926493C0147: host gmail-smtp-in.l.google.com[142.251.12.26] said: 550-5.7.26 Your email has been blocked because the sender is unauthenticated. 550-5.7.26 Gmail requires all senders to authenticate with either SPF or DKIM. 550-5.7.26 550-5.7.26 Authentication results: 550-5.7.26 DKIM = did not pass 550-5.7.26 SPF [vps.vcrowd.in] with ip: [103.120.179.240] = did not pass 550-5.7.26 550-5.7.26 For instructions on setting up authentication, go to 550 5.7.26 https://support.google.com/mail/answer/81126#authentication d2e1a72fcca58-7a230111d64si2840884b3a.639 - gsmtp (in reply to end of DATA command)
Oct 19 19:55:42 vps postfix/smtp[12886]: 74B8F3C014F: host gmail-smtp-in.l.google.com[142.251.12.26] said: 550-5.7.26 Unauthenticated email from yahoo.com is not accepted due to domain's 550-5.7.26 DMARC policy. Please contact the administrator of yahoo.com domain 550-5.7.26 if this was a legitimate mail. To learn about the DMARC initiative, 550-5.7.26 go to 550 5.7.26 https://support.google.com/mail/?p=DmarcRejection 41be03b00d2f7-b6a76b9e664si2516473a12.1641 - gsmtp (in reply to end of DATA command)
Oct 19 19:55:42 vps postfix/smtp[12882]: 9741E3C0151: host gmail-smtp-in.l.google.com[142.251.12.27] said: 550-5.7.26 Your email has been blocked because the sender is unauthenticated. 550-5.7.26 Gmail requires all senders to authenticate with either SPF or DKIM. 550-5.7.26 550-5.7.26 Authentication results: 550-5.7.26 DKIM = did not pass 550-5.7.26 SPF [vps.vcrowd.in] with ip: [103.120.179.240] = did not pass 550-5.7.26 550-5.7.26 For instructions on setting up authentication, go to 550 5.7.26 https://support.google.com/mail/answer/81126#authentication 41be03b00d2f7-b6a76b19aa6si2677100a12.369 - gsmtp (in reply to end of DATA command)
Oct 19 19:55:42 vps postfix/smtp[12921]: 037213BF595: host gmail-smtp-in.l.google.com[142.251.12.26] said: 550-5.7.26 Your email has been blocked because the sender is unauthenticated. 550-5.7.26 Gmail requires all senders to authenticate with either SPF or DKIM. 550-5.7.26 550-5.7.26 Authentication results: 550-5.7.26 DKIM = did not pass 550-5.7.26 SPF [vps.vcrowd.in] with ip: [103.120.179.240] = did not pass 550-5.7.26 550-5.7.26 For instructions on setting up authentication, go to 550 5.7.26 https://support.google.com/mail/answer/81126#authentication 41be03b00d2f7-b6a76b8915fsi2414553a12.1510 - gsmtp (in reply to end of DATA command)
Oct 19 19:55:43 vps postfix/smtp[12888]: D6AD43C0148: to=, relay=alt1.gmail-smtp-in.l.google.com[192.178.163.27]:25, delay=970, delays=965/2.8/1.8/0.61, dsn=4.7.26, status=SOFTBOUNCE (host alt1.gmail-smtp-in.l.google.com[192.178.163.27] said: 550-5.7.26 Your email has been blocked because the sender is unauthenticated. 550-5.7.26 Gmail requires all senders to authenticate with either SPF or DKIM. 550-5.7.26 550-5.7.26 Authentication results: 550-5.7.26 DKIM = did not pass 550-5.7.26 SPF [vps.vcrowd.in] with ip: [103.120.179.240] = did not pass 550-5.7.26 550-5.7.26 For instructions on setting up authentication, go to 550 5.7.26 https://support.google.com/mail/answer/81126#authentication d9443c01a7336-29246ff69a0si32514975ad.180 - gsmtp (in reply to end of DATA command))
Oct 19 19:55:43 vps postfix/smtp[12882]: 9741E3C0151: to=, relay=alt1.gmail-smtp-in.l.google.com[192.178.163.27]:25, delay=313, delays=307/2.9/1.9/0.59, dsn=4.7.26, status=SOFTBOUNCE (host alt1.gmail-smtp-in.l.google.com[192.178.163.27] said: 550-5.7.26 Your email has been blocked because the sender is unauthenticated. 550-5.7.26 Gmail requires all senders to authenticate with either SPF or DKIM. 550-5.7.26 550-5.7.26 Authentication results: 550-5.7.26 DKIM = did not pass 550-5.7.26 SPF [vps.vcrowd.in] with ip: [103.120.179.240] = did not pass 550-5.7.26 550-5.7.26 For instructions on setting up authentication, go to 550 5.7.26 https://support.google.com/mail/answer/81126#authentication 41be03b00d2f7-b6a76b1bb5asi2556436a12.347 - gsmtp (in reply to end of DATA command))
Oct 19 19:55:43 vps postfix/smtp[12918]: 926493C0147: to=, relay=alt1.gmail-smtp-in.l.google.com[192.178.163.27]:25, delay=971, delays=965/2.8/1.9/0.67, dsn=4.7.26, status=SOFTBOUNCE (host alt1.gmail-smtp-in.l.google.com[192.178.163.27] said: 550-5.7.26 Your email has been blocked because the sender is unauthenticated. 550-5.7.26 Gmail requires all senders to authenticate with either SPF or DKIM. 550-5.7.26 550-5.7.26 Authentication results: 550-5.7.26 DKIM = did not pass 550-5.7.26 SPF [vps.vcrowd.in] with ip: [103.120.179.240] = did not pass 550-5.7.26 550-5.7.26 For instructions on setting up authentication, go to 550 5.7.26 https://support.google.com/mail/answer/81126#authentication d2e1a72fcca58-7a23012b5e0si2850097b3a.941 - gsmtp (in reply to end of DATA command))
Oct 19 19:55:43 vps postfix/smtp[12917]: DCB421D858: to=, relay=alt1.gmail-smtp-in.l.google.com[192.178.163.27]:25, delay=496, delays=490/2.8/1.9/0.76, dsn=4.7.26, status=SOFTBOUNCE (host alt1.gmail-smtp-in.l.google.com[192.178.163.27] said: 550-5.7.26 Your email has been blocked because the sender is unauthenticated. 550-5.7.26 Gmail requires all senders to authenticate with either SPF or DKIM. 550-5.7.26 550-5.7.26 Authentication results: 550-5.7.26 DKIM = did not pass 550-5.7.26 SPF [vps.vcrowd.in] with ip: [103.120.179.240] = did not pass 550-5.7.26 550-5.7.26 For instructions on setting up authentication, go to 550 5.7.26 https://support.google.com/mail/answer/81126#authentication d2e1a72fcca58-7a22ff160a5si2967777b3a.154 - gsmtp (in reply to end of DATA command))
Oct 19 19:55:43 vps postfix/smtp[12886]: 74B8F3C014F: to=, relay=alt1.gmail-smtp-in.l.google.com[192.178.163.27]:25, delay=357, delays=352/2.8/2/0.73, dsn=4.7.26, status=SOFTBOUNCE (host alt1.gmail-smtp-in.l.google.com[192.178.163.27] said: 550-5.7.26 Unauthenticated email from yahoo.com is not accepted due to domain's 550-5.7.26 DMARC policy. Please contact the administrator of yahoo.com domain 550-5.7.26 if this was a legitimate mail. To learn about the DMARC initiative, 550-5.7.26 go to 550 5.7.26 https://support.google.com/mail/?p=DmarcRejection 41be03b00d2f7-b6a76b7dadesi2486329a12.1320 - gsmtp (in reply to end of DATA command))
Oct 19 19:55:43 vps postfix/smtp[12886]: 74B8F3C014F: to=, relay=alt1.gmail-smtp-in.l.google.com[192.178.163.27]:25, delay=357, delays=352/2.8/2/0.73, dsn=4.7.26, status=SOFTBOUNCE (host alt1.gmail-smtp-in.l.google.com[192.178.163.27] said: 550-5.7.26 Unauthenticated email from yahoo.com is not accepted due to domain's 550-5.7.26 DMARC policy. Please contact the administrator of yahoo.com domain 550-5.7.26 if this was a legitimate mail. To learn about the DMARC initiative, 550-5.7.26 go to 550 5.7.26 https://support.google.com/mail/?p=DmarcRejection 41be03b00d2f7-b6a76b7dadesi2486329a12.1320 - gsmtp (in reply to end of DATA command))
Oct 19 19:55:43 vps postfix/smtp[12921]: 037213BF595: to=, relay=alt1.gmail-smtp-in.l.google.com[192.178.163.27]:25, delay=405, delays=399/2.9/2/0.69, dsn=4.7.26, status=SOFTBOUNCE (host alt1.gmail-smtp-in.l.google.com[192.178.163.27] said: 550-5.7.26 Your email has been blocked because the sender is unauthenticated. 550-5.7.26 Gmail requires all senders to authenticate with either SPF or DKIM. 550-5.7.26 550-5.7.26 Authentication results: 550-5.7.26 DKIM = did not pass 550-5.7.26 SPF [vps.vcrowd.in] with ip: [103.120.179.240] = did not pass 550-5.7.26 550-5.7.26 For instructions on setting up authentication, go to 550 5.7.26 https://support.google.com/mail/answer/81126#authentication d2e1a72fcca58-7a2300fa194si2853102b3a.472 - gsmtp (in reply to end of DATA command))
Oct 19 19:55:44 vps postfix/smtp[12884]: 5471D3BF5BD: host gmail-smtp-in.l.google.com[142.251.12.26] said: 550-5.7.26 Your email has been blocked because the sender is unauthenticated. 550-5.7.26 Gmail requires all senders to authenticate with either SPF or DKIM. 550-5.7.26 550-5.7.26 Authentication results: 550-5.7.26 DKIM = did not pass 550-5.7.26 SPF [vps.vcrowd.in] with ip: [103.120.179.240] = did not pass 550-5.7.26 550-5.7.26 For instructions on setting up authentication, go to 550 5.7.26 https://support.google.com/mail/answer/81126#authentication d2e1a72fcca58-7a23011eea5si2859106b3a.771 - gsmtp (in reply to end of DATA command)
Oct 19 19:55:45 vps postfix/smtp[12884]: 5471D3BF5BD: to=, relay=alt1.gmail-smtp-in.l.google.com[192.178.163.26]:25, delay=316, delays=308/0.08/7/0.75, dsn=4.7.26, status=SOFTBOUNCE (host alt1.gmail-smtp-in.l.google.com[192.178.163.26] said: 550-5.7.26 Your email has been blocked because the sender is unauthenticated. 550-5.7.26 Gmail requires all senders to authenticate with either SPF or DKIM. 550-5.7.26 550-5.7.26 Authentication results: 550-5.7.26 DKIM = did not pass 550-5.7.26 SPF [vps.vcrowd.in] with ip: [103.120.179.240] = did not pass 550-5.7.26 550-5.7.26 For instructions on setting up authentication, go to 550 5.7.26 https://support.google.com/mail/answer/81126#authentication d2e1a72fcca58-7a22fd33e80si3001946b3a.0 - gsmtp (in reply to end of DATA command))
Oct 19 19:55:52 vps postfix/smtpd[10878]: connect from unknown[221.229.216.1]
Oct 19 19:55:57 vps postfix/smtpd[10878]: warning: unknown[221.229.216.1]: SASL LOGIN authentication failed: UGFzc3dvcmQ6
Oct 19 19:55:57 vps postfix/smtpd[10878]: disconnect from unknown[221.229.216.1]
Oct 19 19:55:57 vps postfix/smtpd[10878]: connect from unknown[221.229.216.1]
Oct 19 19:56:05 vps postfix/smtpd[10878]: warning: unknown[221.229.216.1]: SASL LOGIN authentication failed: UGFzc3dvcmQ6
Oct 19 19:56:05 vps postfix/smtpd[10878]: disconnect from unknown[221.229.216.1]
Oct 19 19:56:08 vps postfix/smtp[12878]: connect to crackersadaikki.com[13.248.213.45]:25: Connection timed out
Oct 19 19:56:08 vps postfix/smtp[12883]: connect to crackersadaikki.com[13.248.213.45]:25: Connection timed out
Oct 19 19:56:08 vps postfix/smtp[12881]: connect to crackersadaikki.com[76.223.67.189]:25: Connection timed out
Oct 19 19:56:08 vps postfix/smtp[12885]: connect to crackersadaikki.com[76.223.67.189]:25: Connection timed out
Oct 19 19:56:08 vps postfix/smtp[12887]: connect to crackersadaikki.com[13.248.213.45]:25: Connection timed out
Oct 19 19:56:28 vps postfix/smtpd[10239]: connect from unknown[212.132.96.229]
Oct 19 19:56:31 vps postfix/smtpd[10239]: warning: unknown[212.132.96.229]: SASL LOGIN authentication failed: UGFzc3dvcmQ6
Oct 19 19:56:31 vps postfix/smtpd[10239]: disconnect from unknown[212.132.96.229]
Oct 19 19:56:38 vps postfix/smtp[12878]: connect to crackersadaikki.com[76.223.67.189]:25: Connection timed out
Oct 19 19:56:38 vps postfix/smtp[12878]: 50AAE3C0146: to=, relay=none, delay=1062, delays=1002/0.05/60/0, dsn=4.4.1, status=deferred (connect to crackersadaikki.com[76.223.67.189]:25: Connection timed out)
Oct 19 19:56:38 vps postfix/qmgr[26951]: 50AAE3C0146: from=, status=expired, returned to sender
Oct 19 19:56:38 vps postfix/cleanup[13500]: 3E9703C0145: message-id=<20251019142638.3E9703C0145@vps.vcrowd.in>
Oct 19 19:56:38 vps postfix/bounce[12915]: 50AAE3C0146: sender non-delivery notification: 3E9703C0145
Oct 19 19:56:38 vps postfix/qmgr[26951]: 3E9703C0145: from=<>, size=4709, nrcpt=1 (queue active)
Oct 19 19:56:38 vps postfix/qmgr[26951]: 50AAE3C0146: removed
Oct 19 19:56:38 vps postfix/local[13505]: 3E9703C0145: to=, relay=local, delay=0.05, delays=0.03/0.02/0/0, dsn=2.0.0, status=sent (delivered to mailbox)
Oct 19 19:56:38 vps postfix/qmgr[26951]: 3E9703C0145: removed
Oct 19 19:56:38 vps postfix/smtp[12883]: connect to crackersadaikki.com[76.223.67.189]:25: Connection timed out
Oct 19 19:56:38 vps postfix/smtp[12883]: 5471D3BF5BD: to=, relay=none, delay=368, delays=308/0.06/60/0, dsn=4.4.1, status=deferred (connect to crackersadaikki.com[76.223.67.189]:25: Connection timed out)
Oct 19 19:56:38 vps postfix/smtp[12881]: connect to crackersadaikki.com[13.248.213.45]:25: Connection timed out
Oct 19 19:56:38 vps postfix/smtp[12881]: 5993A3C014E: to=, relay=none, delay=459, delays=399/0.04/60/0, dsn=4.4.1, status=deferred (connect to crackersadaikki.com[13.248.213.45]:25: Connection timed out)
Oct 19 19:56:38 vps postfix/smtp[12885]: connect to crackersadaikki.com[13.248.213.45]:25: Connection timed out
Oct 19 19:56:38 vps postfix/smtp[12885]: 365FA8F134: to=, relay=none, delay=550, delays=490/0.09/60/0, dsn=4.4.1, status=deferred (connect to crackersadaikki.com[13.248.213.45]:25: Connection timed out)
Oct 19 19:56:38 vps postfix/error[13507]: D6AD43C0148: to=, relay=none, delay=1025, delays=965/60/0/0.01, dsn=4.4.1, status=deferred (delivery temporarily suspended: connect to crackersadaikki.com[13.248.213.45]:25: Connection timed out)
Oct 19 19:56:38 vps postfix/smtp[12887]: connect to crackersadaikki.com[76.223.67.189]:25: Connection timed out
Oct 19 19:56:38 vps postfix/qmgr[26951]: D6AD43C0148: from=, status=expired, returned to sender
Oct 19 19:56:38 vps postfix/smtp[12887]: EDFC16F51A: to=, relay=none, delay=1062, delays=1002/0.11/60/0, dsn=4.4.1, status=deferred (connect to crackersadaikki.com[76.223.67.189]:25: Connection timed out)
Oct 19 19:56:38 vps postfix/cleanup[13500]: 5B86C3C0145: message-id=<20251019142638.5B86C3C0145@vps.vcrowd.in>
Oct 19 19:56:38 vps postfix/error[13508]: DCB421D858: to=, relay=none, delay=550, delays=490/60/0/0.01, dsn=4.4.1, status=deferred (delivery temporarily suspended: connect to crackersadaikki.com[13.248.213.45]:25: Connection timed out)
Oct 19 19:56:38 vps postfix/qmgr[26951]: EDFC16F51A: from=, status=expired, returned to sender
Oct 19 19:56:38 vps postfix/bounce[12914]: D6AD43C0148: sender non-delivery notification: 5B86C3C0145
Oct 19 19:56:38 vps postfix/error[13508]: 9741E3C0151: to=, relay=none, delay=368, delays=307/60/0/0.01, dsn=4.4.1, status=deferred (delivery temporarily suspended: connect to crackersadaikki.com[13.248.213.45]:25: Connection timed out)
Oct 19 19:56:38 vps postfix/cleanup[13500]: 5E2F13C0146: message-id=<20251019142638.5E2F13C0146@vps.vcrowd.in>
Oct 19 19:56:38 vps postfix/error[13507]: 926493C0147: to=, relay=none, delay=1026, delays=965/60/0/0.02, dsn=4.4.1, status=deferred (delivery temporarily suspended: connect to crackersadaikki.com[13.248.213.45]:25: Connection timed out)
Oct 19 19:56:38 vps postfix/qmgr[26951]: D6AD43C0148: removed
Oct 19 19:56:38 vps postfix/qmgr[26951]: 5B86C3C0145: from=<>, size=4773, nrcpt=1 (queue active)
Oct 19 19:56:38 vps postfix/bounce[12915]: EDFC16F51A: sender non-delivery notification: 5E2F13C0146
Oct 19 19:56:38 vps postfix/qmgr[26951]: 5E2F13C0146: from=<>, size=4472, nrcpt=1 (queue active)
Oct 19 19:56:38 vps postfix/qmgr[26951]: EDFC16F51A: removed
Oct 19 19:56:38 vps postfix/qmgr[26951]: 926493C0147: from=, status=expired, returned to sender
Oct 19 19:56:38 vps postfix/cleanup[13500]: 6141F3C0148: message-id=<20251019142638.6141F3C0148@vps.vcrowd.in>
Oct 19 19:56:38 vps postfix/error[13510]: 037213BF595: to=, relay=none, delay=459, delays=399/60/0/0.01, dsn=4.4.1, status=deferred (delivery temporarily suspended: connect to crackersadaikki.com[13.248.213.45]:25: Connection timed out)
Oct 19 19:56:38 vps postfix/bounce[13512]: 926493C0147: sender non-delivery notification: 6141F3C0148
Oct 19 19:56:38 vps postfix/qmgr[26951]: 6141F3C0148: from=<>, size=4544, nrcpt=1 (queue active)
Oct 19 19:56:38 vps postfix/qmgr[26951]: 926493C0147: removed
Oct 19 19:56:38 vps postfix/local[13505]: 5B86C3C0145: to=, relay=local, delay=0.04, delays=0.02/0/0/0.01, dsn=2.0.0, status=sent (delivered to mailbox)
Oct 19 19:56:38 vps postfix/qmgr[26951]: 5B86C3C0145: removed
Oct 19 19:56:38 vps postfix/local[13505]: 5E2F13C0146: to=, relay=local, delay=0.03, delays=0.01/0.01/0/0.01, dsn=2.0.0, status=sent (delivered to mailbox)
Oct 19 19:56:38 vps postfix/qmgr[26951]: 5E2F13C0146: removed
Oct 19 19:56:39 vps postfix/local[13515]: 6141F3C0148: to=, relay=local, delay=1.1, delays=0.01/0.01/0/1.1, dsn=2.0.0, status=sent (delivered to mailbox)
Oct 19 19:56:39 vps postfix/qmgr[26951]: 6141F3C0148: removed
Oct 19 19:57:45 vps postfix/smtpd[10239]: connect from unknown[212.132.96.229]
Oct 19 19:57:48 vps postfix/smtpd[10239]: warning: unknown[212.132.96.229]: SASL LOGIN authentication failed: UGFzc3dvcmQ6
Oct 19 19:57:48 vps postfix/smtpd[10239]: disconnect from unknown[212.132.96.229]
Oct 19 19:59:02 vps postfix/smtpd[10239]: connect from unknown[212.132.96.229]
Oct 19 19:59:05 vps postfix/smtpd[10239]: warning: unknown[212.132.96.229]: SASL LOGIN authentication failed: UGFzc3dvcmQ6
Oct 19 19:59:05 vps postfix/smtpd[10239]: disconnect from unknown[212.132.96.229]
Oct 19 19:59:27 vps postfix/smtpd[10239]: connect from unknown[165.154.121.231]
Oct 19 19:59:29 vps postfix/smtpd[10239]: warning: unknown[165.154.121.231]: SASL LOGIN authentication failed: UGFzc3dvcmQ6
Oct 19 19:59:29 vps postfix/smtpd[10239]: disconnect from unknown[165.154.121.231]
Oct 19 19:59:53 vps postfix/smtpd[10239]: connect from 59.211.203.35.bc.googleusercontent.com[35.203.211.59]
Oct 19 19:59:53 vps postfix/smtpd[10239]: lost connection after EHLO from 59.211.203.35.bc.googleusercontent.com[35.203.211.59]
Oct 19 19:59:53 vps postfix/smtpd[10239]: disconnect from 59.211.203.35.bc.googleusercontent.com[35.203.211.59]
Oct 19 19:59:58 vps postfix/scache[12919]: statistics: start interval
Oct 19 19:55:40
Oct 19 19:59:58 vps postfix/scache[12919]: statistics: domain lookup hits=0 miss=6 success=0%
Oct 19 19:59:58 vps postfix/scache[12919]: statistics: address lookup hits=0 miss=12 success=0%
Oct 19 19:59:58 vps postfix/scache[12919]: statistics: max simultaneous domains=1 addresses=3 connection=11
Oct 19 20:00:02 vps postfix/smtpd[16034]: connect from 111-70-43-178.emome-ip.hinet.net[111.70.43.178]
Oct 19 20:00:03 vps postfix/smtps/smtpd[16152]: warning: No server certs available. TLS won't be enabled
Oct 19 20:00:03 vps postfix/smtps/smtpd[16152]: connect from unknown[61.173.156.105]
Oct 19 20:00:03 vps postfix/smtps/smtpd[16152]: warning: Wrapper-mode request dropped from unknown[61.173.156.105] for service 465. TLS context initialization failed. For details see earlier warnings in your logs.
Oct 19 20:00:03 vps postfix/smtps/smtpd[16152]: disconnect from unknown[61.173.156.105]
Oct 19 20:00:08 vps postfix/smtpd[16034]: warning: 111-70-43-178.emome-ip.hinet.net[111.70.43.178]: SASL LOGIN authentication failed: UGFzc3dvcmQ6
Oct 19 20:00:09 vps postfix/smtpd[16034]: lost connection after AUTH from 111-70-43-178.emome-ip.hinet.net[111.70.43.178]
Oct 19 20:00:09 vps postfix/smtpd[16034]: disconnect from 111-70-43-178.emome-ip.hinet.net[111.70.43.178]
Oct 19 20:00:18 vps postfix/smtpd[10239]: connect from unknown[212.132.96.229]
Oct 19 20:00:21 vps postfix/smtpd[10239]: warning: unknown[212.132.96.229]: SASL LOGIN authentication failed: UGFzc3dvcmQ6
Oct 19 20:00:21 vps postfix/smtpd[10239]: disconnect from unknown[212.132.96.229]
Oct 19 20:00:38 vps postfix/qmgr[26951]: C16956F9D7: from=, size=964, nrcpt=1 (queue active)
Oct 19 20:00:38 vps postfix/qmgr[26951]: 9BDEA3C014B: from=, size=870, nrcpt=2 (queue active)
Oct 19 20:00:38 vps postfix/qmgr[26951]: F0FC03C014C: from=, size=1116, nrcpt=2 (queue active)
Oct 19 20:00:38 vps postfix/error[17117]: 9BDEA3C014B: to=, relay=none, delay=1077, delays=1077/0.02/0/0.03, dsn=4.4.1, status=deferred (delivery temporarily suspended: connect to crackersadaikki.com[13.248.213.45]:25: Connection timed out)
Oct 19 20:00:38 vps postfix/error[17120]: F0FC03C014C: to=, relay=none, delay=1077, delays=1076/0.03/0/0.01, dsn=4.4.1, status=deferred (delivery temporarily suspended: connect to crackersadaikki.com[13.248.213.45]:25: Connection timed out)
Oct 19 20:00:39 vps postfix/smtp[17115]: C16956F9D7: host gmail-smtp-in.l.google.com[142.251.12.26] said: 550-5.7.26 Your email has been blocked because the sender is unauthenticated. 550-5.7.26 Gmail requires all senders to authenticate with either SPF or DKIM. 550-5.7.26 550-5.7.26 Authentication results: 550-5.7.26 DKIM = did not pass 550-5.7.26 SPF [vps.vcrowd.in] with ip: [103.120.179.240] = did not pass 550-5.7.26 550-5.7.26 For instructions on setting up authentication, go to 550 5.7.26 https://support.google.com/mail/answer/81126#authentication 41be03b00d2f7-b6a76b5470bsi2513108a12.885 - gsmtp (in reply to end of DATA command)
Oct 19 20:00:39 vps postfix/smtp[17118]: 9BDEA3C014B: host gmail-smtp-in.l.google.com[142.251.12.26] said: 550-5.7.26 Your email has been blocked because the sender is unauthenticated. 550-5.7.26 Gmail requires all senders to authenticate with either SPF or DKIM. 550-5.7.26 550-5.7.26 Authentication results: 550-5.7.26 DKIM = did not pass 550-5.7.26 SPF [vps.vcrowd.in] with ip: [103.120.179.240] = did not pass 550-5.7.26 550-5.7.26 For instructions on setting up authentication, go to 550 5.7.26 https://support.google.com/mail/answer/81126#authentication d2e1a72fcca58-7a2300d6638si3006454b3a.404 - gsmtp (in reply to end of DATA command)
Oct 19 20:00:40 vps postfix/smtp[17121]: F0FC03C014C: host gmail-smtp-in.l.google.com[142.251.12.27] said: 550-5.7.26 Your email has been blocked because the sender is unauthenticated. 550-5.7.26 Gmail requires all senders to authenticate with either SPF or DKIM. 550-5.7.26 550-5.7.26 Authentication results: 550-5.7.26 DKIM = did not pass 550-5.7.26 SPF [vps.vcrowd.in] with ip: [103.120.179.240] = did not pass 550-5.7.26 550-5.7.26 For instructions on setting up authentication, go to 550 5.7.26 https://support.google.com/mail/answer/81126#authentication d2e1a72fcca58-7a2300d5ab2si2960417b3a.252 - gsmtp (in reply to end of DATA command)
Oct 19 20:00:41 vps postfix/smtp[17115]: C16956F9D7: to=, relay=alt1.gmail-smtp-in.l.google.com[192.178.163.26]:25, delay=1168, delays=1166/0.04/1.9/0.62, dsn=4.7.26, status=SOFTBOUNCE (host alt1.gmail-smtp-in.l.google.com[192.178.163.26] said: 550-5.7.26 Your email has been blocked because the sender is unauthenticated. 550-5.7.26 Gmail requires all senders to authenticate with either SPF or DKIM. 550-5.7.26 550-5.7.26 Authentication results: 550-5.7.26 DKIM = did not pass 550-5.7.26 SPF [vps.vcrowd.in] with ip: [103.120.179.240] = did not pass 550-5.7.26 550-5.7.26 For instructions on setting up authentication, go to 550 5.7.26 https://support.google.com/mail/answer/81126#authentication 41be03b00d2f7-b6a76b8a28dsi2548596a12.1529 - gsmtp (in reply to end of DATA command))
Oct 19 20:00:41 vps postfix/qmgr[26951]: C16956F9D7: from=, status=expired, returned to sender
Oct 19 20:00:41 vps postfix/cleanup[17151]: 0CDD43C0147: message-id=<20251019143041.0CDD43C0147@vps.vcrowd.in>
Oct 19 20:00:41 vps postfix/bounce[17122]: C16956F9D7: sender non-delivery notification: 0CDD43C0147
Oct 19 20:00:41 vps postfix/qmgr[26951]: C16956F9D7: removed
Oct 19 20:00:41 vps postfix/qmgr[26951]: 0CDD43C0147: from=<>, size=3880, nrcpt=1 (queue active)
Oct 19 20:00:41 vps postfix/local[17152]: 0CDD43C0147: to=, relay=local, delay=0.04, delays=0.02/0.02/0/0, dsn=2.0.0, status=sent (delivered to mailbox)
Oct 19 20:00:41 vps postfix/qmgr[26951]: 0CDD43C0147: removed
Oct 19 20:00:41 vps postfix/smtp[17118]: 9BDEA3C014B: to=, relay=alt1.gmail-smtp-in.l.google.com[192.178.163.26]:25, delay=1080, delays=1077/0.02/2.2/0.59, dsn=4.7.26, status=SOFTBOUNCE (host alt1.gmail-smtp-in.l.google.com[192.178.163.26] said: 550-5.7.26 Your email has been blocked because the sender is unauthenticated. 550-5.7.26 Gmail requires all senders to authenticate with either SPF or DKIM. 550-5.7.26 550-5.7.26 Authentication results: 550-5.7.26 DKIM = did not pass 550-5.7.26 SPF [vps.vcrowd.in] with ip: [103.120.179.240] = did not pass 550-5.7.26 550-5.7.26 For instructions on setting up authentication, go to 550 5.7.26 https://support.google.com/mail/answer/81126#authentication 41be03b00d2f7-b6a76b80a2asi2496955a12.1342 - gsmtp (in reply to end of DATA command))
Oct 19 20:00:41 vps postfix/qmgr[26951]: 9BDEA3C014B: from=, status=expired, returned to sender
Oct 19 20:00:41 vps postfix/cleanup[17151]: 3E2E56F9D7: message-id=<20251019143041.3E2E56F9D7@vps.vcrowd.in>
Oct 19 20:00:41 vps postfix/qmgr[26951]: 3E2E56F9D7: from=<>, size=4523, nrcpt=1 (queue active)
Oct 19 20:00:41 vps postfix/bounce[17122]: 9BDEA3C014B: sender non-delivery notification: 3E2E56F9D7
Oct 19 20:00:41 vps postfix/qmgr[26951]: 9BDEA3C014B: removed
Oct 19 20:00:41 vps postfix/local[17152]: 3E2E56F9D7: to=, relay=local, delay=0.01, delays=0/0/0/0, dsn=2.0.0, status=sent (delivered to mailbox)
Oct 19 20:00:41 vps postfix/qmgr[26951]: 3E2E56F9D7: removed
Oct 19 20:00:41 vps postfix/smtp[17121]: F0FC03C014C: to=, relay=alt1.gmail-smtp-in.l.google.com[192.178.163.26]:25, delay=1079, delays=1076/0.04/2.3/0.66, dsn=4.7.26, status=SOFTBOUNCE (host alt1.gmail-smtp-in.l.google.com[192.178.163.26] said: 550-5.7.26 Your email has been blocked because the sender is unauthenticated. 550-5.7.26 Gmail requires all senders to authenticate with either SPF or DKIM. 550-5.7.26 550-5.7.26 Authentication results: 550-5.7.26 DKIM = did not pass 550-5.7.26 SPF [vps.vcrowd.in] with ip: [103.120.179.240] = did not pass 550-5.7.26 550-5.7.26 For instructions on setting up authentication, go to 550 5.7.26 https://support.google.com/mail/answer/81126#authentication d2e1a72fcca58-7a230128b4esi2855138b3a.869 - gsmtp (in reply to end of DATA command))
Oct 19 20:00:41 vps postfix/qmgr[26951]: F0FC03C014C: from=, status=expired, returned to sender
Oct 19 20:00:41 vps postfix/cleanup[17151]: 6C0406F9D7: message-id=<20251019143041.6C0406F9D7@vps.vcrowd.in>
Oct 19 20:00:41 vps postfix/bounce[17122]: F0FC03C014C: sender non-delivery notification: 6C0406F9D7
Oct 19 20:00:41 vps postfix/qmgr[26951]: 6C0406F9D7: from=<>, size=4771, nrcpt=1 (queue active)
Oct 19 20:00:41 vps postfix/qmgr[26951]: F0FC03C014C: removed
Oct 19 20:00:41 vps postfix/local[17152]: 6C0406F9D7: to=, relay=local, delay=0.01, delays=0.01/0/0/0, dsn=2.0.0, status=sent (delivered to mailbox)
Oct 19 20:00:41 vps postfix/qmgr[26951]: 6C0406F9D7: removed
Oct 19 20:00:50 vps postfix/anvil[27319]: statistics: max connection rate 8/60s for (smtp:77.90.185.216) at
Oct 19 19:51:01
Oct 19 20:00:50 vps postfix/anvil[27319]: statistics: max connection count 7 for (smtp:77.90.185.216) at
Oct 19 19:51:01
Oct 19 20:00:50 vps postfix/anvil[27319]: statistics: max cache size 4 at
Oct 19 20:00:02
Oct 19 20:01:33 vps postfix/smtpd[10239]: connect from unknown[212.132.96.229]
Oct 19 20:01:36 vps postfix/smtpd[10239]: warning: unknown[212.132.96.229]: SASL LOGIN authentication failed: UGFzc3dvcmQ6
Oct 19 20:01:36 vps postfix/smtpd[10239]: disconnect from unknown[212.132.96.229]
Oct 19 20:01:52 vps postfix/smtpd[17861]: connect from unknown[62.60.131.17]
Oct 19 20:01:55 vps postfix/smtpd[17861]: warning: unknown[62.60.131.17]: SASL LOGIN authentication failed: UGFzc3dvcmQ6
Oct 19 20:01:55 vps postfix/smtpd[17861]: disconnect from unknown[62.60.131.17]
Oct 19 20:02:35 vps postfix/smtpd[17861]: connect from unknown[213.209.157.116]
Oct 19 20:02:37 vps postfix/smtpd[17861]: warning: unknown[213.209.157.116]: SASL LOGIN authentication failed: UGFzc3dvcmQ6
Oct 19 20:02:37 vps postfix/smtpd[17861]: disconnect from unknown[213.209.157.116]
Oct 19 20:02:50 vps postfix/smtpd[10239]: connect from unknown[212.132.96.229]
Oct 19 20:02:52 vps postfix/smtpd[10239]: warning: unknown[212.132.96.229]: SASL LOGIN authentication failed: UGFzc3dvcmQ6
Oct 19 20:02:52 vps postfix/smtpd[10239]: disconnect from unknown[212.132.96.229]
Oct 19 20:04:06 vps postfix/pickup[23535]: 7BF866F9D7: uid=1053 from=
Oct 19 20:04:06 vps postfix/cleanup[19443]: 7BF866F9D7: message-id=<20251019143406.7BF866F9D7@vps.vcrowd.in>
Oct 19 20:04:06 vps opendkim[5590]: 7BF866F9D7: no signing table match for 'noreply@yishglobalfirm.com'
Oct 19 20:04:06 vps opendkim[5590]: 7BF866F9D7: no signature data
Oct 19 20:04:06 vps postfix/qmgr[26951]: 7BF866F9D7: from=, size=1286, nrcpt=2 (queue active)
Oct 19 20:04:06 vps postfix/pipe[19451]: 7BF866F9D7: to=, relay=dovecot, delay=0.14, delays=0.05/0.02/0/0.07, dsn=4.1.1, status=SOFTBOUNCE (user unknown)
Oct 19 20:04:07 vps postfix/smtpd[10239]: connect from unknown[212.132.96.229]
Oct 19 20:04:08 vps postfix/smtp[19450]: 7BF866F9D7: host gmail-smtp-in.l.google.com[142.251.12.26] said: 550-5.7.26 Your email has been blocked because the sender is unauthenticated. 550-5.7.26 Gmail requires all senders to authenticate with either SPF or DKIM. 550-5.7.26 550-5.7.26 Authentication results: 550-5.7.26 DKIM = did not pass 550-5.7.26 SPF [vps.vcrowd.in] with ip: [103.120.179.240] = did not pass 550-5.7.26 550-5.7.26 For instructions on setting up authentication, go to 550 5.7.26 https://support.google.com/mail/answer/81126#authentication 41be03b00d2f7-b6a76b20c9esi2598476a12.513 - gsmtp (in reply to end of DATA command)
Oct 19 20:04:09 vps postfix/smtp[19450]: 7BF866F9D7: to=, relay=alt1.gmail-smtp-in.l.google.com[192.178.163.26]:25, delay=3.3, delays=0.05/0.02/2.3/0.9, dsn=4.7.26, status=SOFTBOUNCE (host alt1.gmail-smtp-in.l.google.com[192.178.163.26] said: 550-5.7.26 Your email has been blocked because the sender is unauthenticated. 550-5.7.26 Gmail requires all senders to authenticate with either SPF or DKIM. 550-5.7.26 550-5.7.26 Authentication results: 550-5.7.26 DKIM = did not pass 550-5.7.26 SPF [vps.vcrowd.in] with ip: [103.120.179.240] = did not pass 550-5.7.26 550-5.7.26 For instructions on setting up authentication, go to 550 5.7.26 https://support.google.com/mail/answer/81126#authentication d2e1a72fcca58-7a2300d4e96si2819933b3a.302 - gsmtp (in reply to end of DATA command))
Oct 19 20:04:10 vps postfix/smtpd[10239]: warning: unknown[212.132.96.229]: SASL LOGIN authentication failed: UGFzc3dvcmQ6
Oct 19 20:04:10 vps postfix/smtpd[10239]: disconnect from unknown[212.132.96.229]
Oct 19 20:05:22 vps postfix/smtpd[10239]: connect from unknown[212.132.96.229]
Oct 19 20:05:24 vps postfix/smtpd[10239]: warning: unknown[212.132.96.229]: SASL LOGIN authentication failed: UGFzc3dvcmQ6
Oct 19 20:05:24 vps postfix/smtpd[10239]: disconnect from unknown[212.132.96.229]
Oct 19 20:05:26 vps postfix/smtpd[21184]: connect from unknown[213.209.157.252]
Oct 19 20:05:29 vps postfix/smtpd[21184]: warning: unknown[213.209.157.252]: SASL LOGIN authentication failed: UGFzc3dvcmQ6
Oct 19 20:05:29 vps postfix/smtpd[21184]: disconnect from unknown[213.209.157.252]
Oct 19 20:05:38 vps postfix/qmgr[26951]: 5471D3BF5BD: from=, size=876, nrcpt=2 (queue active)
Oct 19 20:05:38 vps postfix/qmgr[26951]: 5993A3C014E: from=, size=1116, nrcpt=2 (queue active)
Oct 19 20:05:38 vps postfix/qmgr[26951]: 74B8F3C014F: from=, size=574, nrcpt=3 (queue active)
Oct 19 20:05:38 vps postfix/qmgr[26951]: 9741E3C0151: from=, size=1116, nrcpt=2 (queue active)
Oct 19 20:05:38 vps postfix/qmgr[26951]: 037213BF595: from=, size=871, nrcpt=2 (queue active)
Oct 19 20:05:39 vps postfix/smtp[21318]: 5993A3C014E: host gmail-smtp-in.l.google.com[142.251.12.27] said: 550-5.7.26 Your email has been blocked because the sender is unauthenticated. 550-5.7.26 Gmail requires all senders to authenticate with either SPF or DKIM. 550-5.7.26 550-5.7.26 Authentication results: 550-5.7.26 DKIM = did not pass 550-5.7.26 SPF [vps.vcrowd.in] with ip: [103.120.179.240] = did not pass 550-5.7.26 550-5.7.26 For instructions on setting up authentication, go to 550 5.7.26 https://support.google.com/mail/answer/81126#authentication d9443c01a7336-29246fc079fsi30984255ad.43 - gsmtp (in reply to end of DATA command)
Oct 19 20:05:39 vps postfix/smtp[21323]: 9741E3C0151: host gmail-smtp-in.l.google.com[142.251.12.26] said: 550-5.7.26 Your email has been blocked because the sender is unauthenticated. 550-5.7.26 Gmail requires all senders to authenticate with either SPF or DKIM. 550-5.7.26 550-5.7.26 Authentication results: 550-5.7.26 DKIM = did not pass 550-5.7.26 SPF [vps.vcrowd.in] with ip: [103.120.179.240] = did not pass 550-5.7.26 550-5.7.26 For instructions on setting up authentication, go to 550 5.7.26 https://support.google.com/mail/answer/81126#authentication d9443c01a7336-292471dadcbsi31741915ad.331 - gsmtp (in reply to end of DATA command)
Oct 19 20:05:39 vps postfix/smtp[21316]: 5471D3BF5BD: host gmail-smtp-in.l.google.com[142.251.12.26] said: 550-5.7.26 Your email has been blocked because the sender is unauthenticated. 550-5.7.26 Gmail requires all senders to authenticate with either SPF or DKIM. 550-5.7.26 550-5.7.26 Authentication results: 550-5.7.26 DKIM = did not pass 550-5.7.26 SPF [vps.vcrowd.in] with ip: [103.120.179.240] = did not pass 550-5.7.26 550-5.7.26 For instructions on setting up authentication, go to 550 5.7.26 https://support.google.com/mail/answer/81126#authentication d9443c01a7336-29246ec7635si29898985ad.92 - gsmtp (in reply to end of DATA command)
Oct 19 20:05:39 vps postfix/smtp[21319]: 74B8F3C014F: host gmail-smtp-in.l.google.com[142.251.12.26] said: 550-5.7.26 Unauthenticated email from yahoo.com is not accepted due to domain's 550-5.7.26 DMARC policy. Please contact the administrator of yahoo.com domain 550-5.7.26 if this was a legitimate mail. To learn about the DMARC initiative, 550-5.7.26 go to 550 5.7.26 https://support.google.com/mail/?p=DmarcRejection 41be03b00d2f7-b6a76b20d6fsi2557985a12.571 - gsmtp (in reply to end of DATA command)
Oct 19 20:05:39 vps postfix/smtp[21325]: 037213BF595: host gmail-smtp-in.l.google.com[142.251.12.26] said: 550-5.7.26 Your email has been blocked because the sender is unauthenticated. 550-5.7.26 Gmail requires all senders to authenticate with either SPF or DKIM. 550-5.7.26 550-5.7.26 Authentication results: 550-5.7.26 DKIM = did not pass 550-5.7.26 SPF [vps.vcrowd.in] with ip: [103.120.179.240] = did not pass 550-5.7.26 550-5.7.26 For instructions on setting up authentication, go to 550 5.7.26 https://support.google.com/mail/answer/81126#authentication d9443c01a7336-292471dac4asi31472955ad.256 - gsmtp (in reply to end of DATA command)
Oct 19 20:05:40 vps postfix/smtp[21321]: 74B8F3C014F: host mta7.am0.yahoodns.net[67.195.228.94] said: 554 5.7.9 This mail has been blocked because it failed authentication checks against the sending domains DMARC policy. See https://senders.yahooinc.com/smtp-error-codes#dmarc-fail for more information. (in reply to end of DATA command)
Oct 19 20:05:41 vps postfix/smtp[21323]: 9741E3C0151: to=, relay=alt1.gmail-smtp-in.l.google.com[192.178.163.27]:25, delay=910, delays=908/0.08/1.9/0.62, dsn=4.7.26, status=SOFTBOUNCE (host alt1.gmail-smtp-in.l.google.com[192.178.163.27] said: 550-5.7.26 Your email has been blocked because the sender is unauthenticated. 550-5.7.26 Gmail requires all senders to authenticate with either SPF or DKIM. 550-5.7.26 550-5.7.26 Authentication results: 550-5.7.26 DKIM = did not pass 550-5.7.26 SPF [vps.vcrowd.in] with ip: [103.120.179.240] = did not pass 550-5.7.26 550-5.7.26 For instructions on setting up authentication, go to 550 5.7.26 https://support.google.com/mail/answer/81126#authentication d9443c01a7336-2924722393dsi32168925ad.504 - gsmtp (in reply to end of DATA command))
Oct 19 20:05:41 vps postfix/smtp[21318]: 5993A3C014E: to=, relay=alt1.gmail-smtp-in.l.google.com[192.178.163.26]:25, delay=1002, delays=999/0.04/2.1/0.61, dsn=4.7.26, status=SOFTBOUNCE (host alt1.gmail-smtp-in.l.google.com[192.178.163.26] said: 550-5.7.26 Your email has been blocked because the sender is unauthenticated. 550-5.7.26 Gmail requires all senders to authenticate with either SPF or DKIM. 550-5.7.26 550-5.7.26 Authentication results: 550-5.7.26 DKIM = did not pass 550-5.7.26 SPF [vps.vcrowd.in] with ip: [103.120.179.240] = did not pass 550-5.7.26 550-5.7.26 For instructions on setting up authentication, go to 550 5.7.26 https://support.google.com/mail/answer/81126#authentication 98e67ed59e1d1-33d5dde0ceesi2576339a91.7 - gsmtp (in reply to end of DATA command))
Oct 19 20:05:41 vps postfix/smtp[21316]: 5471D3BF5BD: to=, relay=alt1.gmail-smtp-in.l.google.com[192.178.163.26]:25, delay=911, delays=908/0.03/2.1/0.75, dsn=4.7.26, status=SOFTBOUNCE (host alt1.gmail-smtp-in.l.google.com[192.178.163.26] said: 550-5.7.26 Your email has been blocked because the sender is unauthenticated. 550-5.7.26 Gmail requires all senders to authenticate with either SPF or DKIM. 550-5.7.26 550-5.7.26 Authentication results: 550-5.7.26 DKIM = did not pass 550-5.7.26 SPF [vps.vcrowd.in] with ip: [103.120.179.240] = did not pass 550-5.7.26 550-5.7.26 For instructions on setting up authentication, go to 550 5.7.26 https://support.google.com/mail/answer/81126#authentication d9443c01a7336-29247223895si28933275ad.558 - gsmtp (in reply to end of DATA command))
Oct 19 20:05:41 vps postfix/smtp[21325]: 037213BF595: to=, relay=alt1.gmail-smtp-in.l.google.com[192.178.163.26]:25, delay=1002, delays=999/0.1/2/0.72, dsn=4.7.26, status=SOFTBOUNCE (host alt1.gmail-smtp-in.l.google.com[192.178.163.26] said: 550-5.7.26 Your email has been blocked because the sender is unauthenticated. 550-5.7.26 Gmail requires all senders to authenticate with either SPF or DKIM. 550-5.7.26 550-5.7.26 Authentication results: 550-5.7.26 DKIM = did not pass 550-5.7.26 SPF [vps.vcrowd.in] with ip: [103.120.179.240] = did not pass 550-5.7.26 550-5.7.26 For instructions on setting up authentication, go to 550 5.7.26 https://support.google.com/mail/answer/81126#authentication d2e1a72fcca58-7a2300f9fd3si2842667b3a.433 - gsmtp (in reply to end of DATA command))
Oct 19 20:05:41 vps postfix/smtp[21319]: 74B8F3C014F: to=, relay=alt1.gmail-smtp-in.l.google.com[192.178.163.27]:25, delay=955, delays=952/0.05/2.1/0.79, dsn=4.7.26, status=SOFTBOUNCE (host alt1.gmail-smtp-in.l.google.com[192.178.163.27] said: 550-5.7.26 Unauthenticated email from yahoo.com is not accepted due to domain's 550-5.7.26 DMARC policy. Please contact the administrator of yahoo.com domain 550-5.7.26 if this was a legitimate mail. To learn about the DMARC initiative, 550-5.7.26 go to 550 5.7.26 https://support.google.com/mail/?p=DmarcRejection 41be03b00d2f7-b6a76b8915fsi2423013a12.1510 - gsmtp (in reply to end of DATA command))
Oct 19 20:05:41 vps postfix/smtp[21319]: 74B8F3C014F: to=, relay=alt1.gmail-smtp-in.l.google.com[192.178.163.27]:25, delay=955, delays=952/0.05/2.1/0.79, dsn=4.7.26, status=SOFTBOUNCE (host alt1.gmail-smtp-in.l.google.com[192.178.163.27] said: 550-5.7.26 Unauthenticated email from yahoo.com is not accepted due to domain's 550-5.7.26 DMARC policy. Please contact the administrator of yahoo.com domain 550-5.7.26 if this was a legitimate mail. To learn about the DMARC initiative, 550-5.7.26 go to 550 5.7.26 https://support.google.com/mail/?p=DmarcRejection 41be03b00d2f7-b6a76b8915fsi2423013a12.1510 - gsmtp (in reply to end of DATA command))
Oct 19 20:05:42 vps postfix/smtp[21321]: 74B8F3C014F: to=, relay=mta7.am0.yahoodns.net[67.195.204.73]:25, delay=956, delays=952/0.06/3.2/0.66, dsn=4.7.9, status=SOFTBOUNCE (host mta7.am0.yahoodns.net[67.195.204.73] said: 554 5.7.9 This mail has been blocked because it failed authentication checks against the sending domains DMARC policy. See https://senders.yahooinc.com/smtp-error-codes#dmarc-fail for more information. (in reply to end of DATA command))
Oct 19 20:05:42 vps postfix/qmgr[26951]: 74B8F3C014F: from=, status=expired, returned to sender
Oct 19 20:05:42 vps postfix/cleanup[19443]: 5EAE43C0146: message-id=<20251019143542.5EAE43C0146@vps.vcrowd.in>
Oct 19 20:05:42 vps postfix/bounce[19455]: 74B8F3C014F: sender non-delivery notification: 5EAE43C0146
Oct 19 20:05:42 vps postfix/qmgr[26951]: 5EAE43C0146: from=<>, size=4963, nrcpt=1 (queue active)
Oct 19 20:05:42 vps postfix/qmgr[26951]: 74B8F3C014F: removed
Oct 19 20:05:42 vps postfix/local[21359]: 5EAE43C0146: to=, relay=local, delay=0.02, delays=0.01/0.02/0/0, dsn=2.0.0, status=sent (delivered to mailbox)
Oct 19 20:05:42 vps postfix/qmgr[26951]: 5EAE43C0146: removed
Oct 19 20:06:08 vps postfix/smtp[21322]: connect to crackersadaikki.com[13.248.213.45]:25: Connection timed out
Oct 19 20:06:08 vps postfix/smtp[21324]: connect to crackersadaikki.com[13.248.213.45]:25: Connection timed out
Oct 19 20:06:08 vps postfix/smtp[21317]: connect to crackersadaikki.com[76.223.67.189]:25: Connection timed out
Oct 19 20:06:08 vps postfix/smtp[19450]: connect to crackersadaikki.com[76.223.67.189]:25: Connection timed out
Oct 19 20:06:13 vps postfix/smtps/smtpd[21796]: warning: No server certs available. TLS won't be enabled
Oct 19 20:06:13 vps postfix/smtps/smtpd[21796]: connect from unknown[213.209.157.37]
Oct 19 20:06:13 vps postfix/smtps/smtpd[21796]: warning: Wrapper-mode request dropped from unknown[213.209.157.37] for service 465. TLS context initialization failed. For details see earlier warnings in your logs.
Oct 19 20:06:13 vps postfix/smtps/smtpd[21796]: disconnect from unknown[213.209.157.37]
Oct 19 20:06:37 vps postfix/smtpd[10239]: connect from unknown[212.132.96.229]
Oct 19 20:06:38 vps postfix/smtp[21322]: connect to crackersadaikki.com[76.223.67.189]:25: Connection timed out
Oct 19 20:06:38 vps postfix/smtp[21322]: 9741E3C0151: to=, relay=none, delay=968, delays=908/0.07/60/0, dsn=4.4.1, status=deferred (connect to crackersadaikki.com[76.223.67.189]:25: Connection timed out)
Oct 19 20:06:38 vps postfix/qmgr[26951]: 9741E3C0151: from=, status=expired, returned to sender
Oct 19 20:06:38 vps postfix/cleanup[19443]: A600C3C0146: message-id=<20251019143638.A600C3C0146@vps.vcrowd.in>
Oct 19 20:06:38 vps postfix/qmgr[26951]: A600C3C0146: from=<>, size=4709, nrcpt=1 (queue active)
Oct 19 20:06:38 vps postfix/bounce[19455]: 9741E3C0151: sender non-delivery notification: A600C3C0146
Oct 19 20:06:38 vps postfix/qmgr[26951]: 9741E3C0151: removed
Oct 19 20:06:38 vps postfix/local[21359]: A600C3C0146: to=, relay=local, delay=0.03, delays=0.02/0/0/0, dsn=2.0.0, status=sent (delivered to mailbox)
Oct 19 20:06:38 vps postfix/qmgr[26951]: A600C3C0146: removed
Oct 19 20:06:38 vps postfix/smtp[21324]: connect to crackersadaikki.com[76.223.67.189]:25: Connection timed out
Oct 19 20:06:38 vps postfix/smtp[21324]: 037213BF595: to=, relay=none, delay=1060, delays=999/0.09/60/0, dsn=4.4.1, status=deferred (connect to crackersadaikki.com[76.223.67.189]:25: Connection timed out)
Oct 19 20:06:38 vps postfix/qmgr[26951]: 037213BF595: from=, status=expired, returned to sender
Oct 19 20:06:38 vps postfix/cleanup[19443]: B7AEE3C0146: message-id=<20251019143638.B7AEE3C0146@vps.vcrowd.in>
Oct 19 20:06:38 vps postfix/bounce[19455]: 037213BF595: sender non-delivery notification: B7AEE3C0146
Oct 19 20:06:38 vps postfix/qmgr[26951]: B7AEE3C0146: from=<>, size=4462, nrcpt=1 (queue active)
Oct 19 20:06:38 vps postfix/qmgr[26951]: 037213BF595: removed
Oct 19 20:06:38 vps postfix/local[21359]: B7AEE3C0146: to=, relay=local, delay=0.01, delays=0.01/0/0/0, dsn=2.0.0, status=sent (delivered to mailbox)
Oct 19 20:06:38 vps postfix/qmgr[26951]: B7AEE3C0146: removed
Oct 19 20:06:38 vps postfix/smtp[21317]: connect to crackersadaikki.com[13.248.213.45]:25: Connection timed out
Oct 19 20:06:38 vps postfix/smtp[21317]: 5993A3C014E: to=, relay=none, delay=1059, delays=999/0.03/60/0, dsn=4.4.1, status=deferred (connect to crackersadaikki.com[13.248.213.45]:25: Connection timed out)
Oct 19 20:06:38 vps postfix/qmgr[26951]: 5993A3C014E: from=, status=expired, returned to sender
Oct 19 20:06:38 vps postfix/cleanup[19443]: C1E0E3BF595: message-id=<20251019143638.C1E0E3BF595@vps.vcrowd.in>
Oct 19 20:06:38 vps postfix/qmgr[26951]: C1E0E3BF595: from=<>, size=4705, nrcpt=1 (queue active)
Oct 19 20:06:38 vps postfix/bounce[19455]: 5993A3C014E: sender non-delivery notification: C1E0E3BF595
Oct 19 20:06:38 vps postfix/qmgr[26951]: 5993A3C014E: removed
Oct 19 20:06:38 vps postfix/local[21359]: C1E0E3BF595: to=, relay=local, delay=0.01, delays=0/0/0/0, dsn=2.0.0, status=sent (delivered to mailbox)
Oct 19 20:06:38 vps postfix/qmgr[26951]: C1E0E3BF595: removed
Oct 19 20:06:38 vps postfix/smtp[19450]: connect to crackersadaikki.com[13.248.213.45]:25: Connection timed out
Oct 19 20:06:38 vps postfix/smtp[19450]: 5471D3BF5BD: to=, relay=none, delay=968, delays=908/0.01/60/0, dsn=4.4.1, status=deferred (connect to crackersadaikki.com[13.248.213.45]:25: Connection timed out)
Oct 19 20:06:38 vps postfix/qmgr[26951]: 5471D3BF5BD: from=, status=expired, returned to sender
Oct 19 20:06:38 vps postfix/cleanup[19443]: CC2023BF595: message-id=<20251019143638.CC2023BF595@vps.vcrowd.in>
Oct 19 20:06:38 vps postfix/bounce[19455]: 5471D3BF5BD: sender non-delivery notification: CC2023BF595
Oct 19 20:06:38 vps postfix/qmgr[26951]: CC2023BF595: from=<>, size=4475, nrcpt=1 (queue active)
Oct 19 20:06:38 vps postfix/qmgr[26951]: 5471D3BF5BD: removed
Oct 19 20:06:38 vps postfix/local[21359]: CC2023BF595: to=, relay=local, delay=0.01, delays=0.01/0/0/0, dsn=2.0.0, status=sent (delivered to mailbox)
Oct 19 20:06:38 vps postfix/qmgr[26951]: CC2023BF595: removed
Oct 19 20:06:40 vps postfix/smtpd[10239]: warning: unknown[212.132.96.229]: SASL LOGIN authentication failed: UGFzc3dvcmQ6
Oct 19 20:06:40 vps postfix/smtpd[10239]: disconnect from unknown[212.132.96.229]
Oct 19 20:07:54 vps postfix/smtpd[10239]: connect from unknown[212.132.96.229]
Oct 19 20:07:57 vps postfix/smtpd[10239]: warning: unknown[212.132.96.229]: SASL LOGIN authentication failed: UGFzc3dvcmQ6
Oct 19 20:07:57 vps postfix/smtpd[10239]: disconnect from unknown[212.132.96.229]
Oct 19 20:08:10 vps postfix/smtpd[23153]: connect from unknown[213.209.157.225]
Oct 19 20:08:13 vps postfix/smtpd[23153]: warning: unknown[213.209.157.225]: SASL LOGIN authentication failed: UGFzc3dvcmQ6
Oct 19 20:08:13 vps postfix/smtpd[23153]: disconnect from unknown[213.209.157.225]
Oct 19 20:08:13 vps postfix/smtpd[23153]: warning: unknown[213.209.157.225]: SASL LOGIN authentication failed: UGFzc3dvcmQ6
Oct 19 20:08:13 vps postfix/smtpd[23153]: disconnect from unknown[213.209.157.225]
Oct 19 20:08:18 vps postfix/smtpd[23153]: connect from unknown[195.211.188.86]
Oct 19 20:08:21 vps postfix/smtpd[23153]: warning: unknown[195.211.188.86]: SASL LOGIN authentication failed: UGFzc3dvcmQ6
Oct 19 20:08:21 vps postfix/smtpd[23153]: disconnect from unknown[195.211.188.86]
Oct 19 20:09:09 vps postfix/smtpd[10239]: connect from unknown[212.132.96.229]
Oct 19 20:09:12 vps postfix/smtpd[10239]: warning: unknown[212.132.96.229]: SASL LOGIN authentication failed: UGFzc3dvcmQ6
Oct 19 20:09:12 vps postfix/smtpd[10239]: disconnect from unknown[212.132.96.229]
Oct 19 20:10:25 vps postfix/smtpd[10239]: connect from unknown[212.132.96.229]
Oct 19 20:10:28 vps postfix/smtpd[10239]: warning: unknown[212.132.96.229]: SASL LOGIN authentication failed: UGFzc3dvcmQ6
Oct 19 20:10:28 vps postfix/smtpd[10239]: disconnect from unknown[212.132.96.229]
Oct 19 20:10:38 vps postfix/qmgr[26951]: 365FA8F134: from=, size=1114, nrcpt=2 (queue active)
Oct 19 20:10:38 vps postfix/qmgr[26951]: DCB421D858: from=, size=872, nrcpt=2 (queue active)
Oct 19 20:10:38 vps postfix/qmgr[26951]: 7BF866F9D7: from=, size=1286, nrcpt=2 (queue active)
Oct 19 20:10:38 vps postfix/error[25704]: 365FA8F134: to=, relay=none, delay=1390, delays=1390/0.06/0/0.03, dsn=4.4.1, status=deferred (delivery temporarily suspended: connect to crackersadaikki.com[13.248.213.45]:25: Connection timed out)
Oct 19 20:10:38 vps postfix/error[25708]: DCB421D858: to=, relay=none, delay=1390, delays=1390/0.04/0/0.02, dsn=4.4.1, status=deferred (delivery temporarily suspended: connect to crackersadaikki.com[13.248.213.45]:25: Connection timed out)
Oct 19 20:10:38 vps postfix/pipe[25707]: 7BF866F9D7: to=, relay=dovecot, delay=392, delays=392/0.02/0/0.04, dsn=4.1.1, status=SOFTBOUNCE (user unknown)
