Oct 19 08:55:22 vps postfix/smtps/smtpd[16386]: warning: Wrapper-mode request dropped from unknown[121.131.220.135] for service 465. TLS context initialization failed. For details see earlier warnings in your logs.
Oct 19 08:55:22 vps postfix/smtps/smtpd[16386]: disconnect from unknown[121.131.220.135]
Oct 19 08:55:24 vps postfix/smtps/smtpd[16386]: connect from unknown[203.193.168.136]
Oct 19 08:55:24 vps postfix/smtps/smtpd[16386]: warning: Wrapper-mode request dropped from unknown[203.193.168.136] for service 465. TLS context initialization failed. For details see earlier warnings in your logs.
Oct 19 08:55:24 vps postfix/smtps/smtpd[16386]: disconnect from unknown[203.193.168.136]
Oct 19 08:55:32 vps postfix/smtps/smtpd[16386]: connect from unknown[182.43.76.19]
Oct 19 08:55:32 vps postfix/smtps/smtpd[16386]: warning: Wrapper-mode request dropped from unknown[182.43.76.19] for service 465. TLS context initialization failed. For details see earlier warnings in your logs.
Oct 19 08:55:32 vps postfix/smtps/smtpd[16386]: disconnect from unknown[182.43.76.19]
Oct 19 08:55:36 vps postfix/smtps/smtpd[16386]: connect from unknown[125.19.195.66]
Oct 19 08:55:36 vps postfix/smtps/smtpd[16386]: warning: Wrapper-mode request dropped from unknown[125.19.195.66] for service 465. TLS context initialization failed. For details see earlier warnings in your logs.
Oct 19 08:55:36 vps postfix/smtps/smtpd[16386]: disconnect from unknown[125.19.195.66]
Oct 19 08:55:38 vps postfix/smtps/smtpd[16386]: connect from unknown[58.136.244.229]
Oct 19 08:55:38 vps postfix/smtps/smtpd[16386]: warning: Wrapper-mode request dropped from unknown[58.136.244.229] for service 465. TLS context initialization failed. For details see earlier warnings in your logs.
Oct 19 08:55:38 vps postfix/smtps/smtpd[16386]: disconnect from unknown[58.136.244.229]
Oct 19 08:55:40 vps postfix/smtpd[14489]: connect from jaid.pixelforgemedia.info[96.31.94.44]
Oct 19 08:55:41 vps postfix/smtps/smtpd[16386]: connect from unknown[183.111.171.9]
Oct 19 08:55:41 vps postfix/smtps/smtpd[16386]: warning: Wrapper-mode request dropped from unknown[183.111.171.9] for service 465. TLS context initialization failed. For details see earlier warnings in your logs.
Oct 19 08:55:41 vps postfix/smtps/smtpd[16386]: disconnect from unknown[183.111.171.9]
Oct 19 08:55:42 vps postfix/smtpd[14489]: NOQUEUE: reject: RCPT from jaid.pixelforgemedia.info[96.31.94.44]: 454 4.7.1 Service unavailable; Client host [96.31.94.44] blocked using b.barracudacentral.org; http://www.barracudanetworks.com/reputation/?pr=1&ip=96.31.94.44; from= to= proto=ESMTP helo=
Oct 19 08:55:42 vps postfix/smtpd[14489]: disconnect from jaid.pixelforgemedia.info[96.31.94.44]
Oct 19 08:56:18 vps postfix/smtpd[5060]: connect from unknown[212.132.96.229]
Oct 19 08:56:21 vps postfix/smtpd[5060]: warning: unknown[212.132.96.229]: SASL LOGIN authentication failed: UGFzc3dvcmQ6
Oct 19 08:56:21 vps postfix/smtpd[5060]: disconnect from unknown[212.132.96.229]
Oct 19 08:56:23 vps postfix/smtpd[14489]: connect from unknown[62.60.131.17]
Oct 19 08:56:26 vps postfix/smtpd[14489]: warning: unknown[62.60.131.17]: SASL LOGIN authentication failed: UGFzc3dvcmQ6
Oct 19 08:56:26 vps postfix/smtpd[14489]: disconnect from unknown[62.60.131.17]
Oct 19 08:56:30 vps postfix/smtpd[14489]: connect from unknown[223.166.87.145]
Oct 19 08:56:35 vps postfix/smtpd[14489]: warning: unknown[223.166.87.145]: SASL LOGIN authentication failed: UGFzc3dvcmQ6
Oct 19 08:56:36 vps postfix/smtpd[14489]: lost connection after AUTH from unknown[223.166.87.145]
Oct 19 08:56:36 vps postfix/smtpd[14489]: disconnect from unknown[223.166.87.145]
Oct 19 08:56:45 vps postfix/smtpd[14489]: connect from lewis.rolldeos.com[94.156.175.177]
Oct 19 08:56:45 vps postfix/smtpd[14489]: NOQUEUE: reject: RCPT from lewis.rolldeos.com[94.156.175.177]: 454 4.7.1 Service unavailable; Client host [94.156.175.177] blocked using bl.spamcop.net; Blocked - see https://www.spamcop.net/bl.shtml?94.156.175.177; from= to= proto=ESMTP helo=
Oct 19 08:56:46 vps postfix/smtpd[14489]: disconnect from lewis.rolldeos.com[94.156.175.177]
Oct 19 08:57:03 vps postfix/smtpd[14489]: connect from jaid.pixelforgemedia.info[96.31.94.44]
Oct 19 08:57:04 vps postfix/smtpd[14489]: NOQUEUE: reject: RCPT from jaid.pixelforgemedia.info[96.31.94.44]: 454 4.7.1 Service unavailable; Client host [96.31.94.44] blocked using b.barracudacentral.org; http://www.barracudanetworks.com/reputation/?pr=1&ip=96.31.94.44; from= to= proto=ESMTP helo=
Oct 19 08:57:04 vps postfix/smtpd[14489]: disconnect from jaid.pixelforgemedia.info[96.31.94.44]
Oct 19 08:57:34 vps postfix/smtpd[5060]: connect from unknown[212.132.96.229]
Oct 19 08:57:37 vps postfix/smtpd[5060]: warning: unknown[212.132.96.229]: SASL LOGIN authentication failed: UGFzc3dvcmQ6
Oct 19 08:57:37 vps postfix/smtpd[5060]: disconnect from unknown[212.132.96.229]
Oct 19 08:58:50 vps postfix/smtpd[5060]: connect from unknown[212.132.96.229]
Oct 19 08:58:53 vps postfix/smtpd[5060]: warning: unknown[212.132.96.229]: SASL LOGIN authentication failed: UGFzc3dvcmQ6
Oct 19 08:58:53 vps postfix/smtpd[5060]: disconnect from unknown[212.132.96.229]
Oct 19 08:59:37 vps postfix/smtpd[19442]: connect from mail-koreacentralazolkn19012049.outbound.protection.outlook.com[52.103.74.49]
Oct 19 08:59:37 vps postfix/smtpd[19442]: NOQUEUE: reject: RCPT from mail-koreacentralazolkn19012049.outbound.protection.outlook.com[52.103.74.49]: 450 4.1.1 : Recipient address rejected: User unknown in virtual mailbox table; from= to= proto=ESMTP helo=
Oct 19 08:59:37 vps postfix/smtpd[19442]: disconnect from mail-koreacentralazolkn19012049.outbound.protection.outlook.com[52.103.74.49]
Oct 19 09:00:07 vps postfix/smtpd[5060]: connect from unknown[212.132.96.229]
Oct 19 09:00:10 vps postfix/smtpd[5060]: warning: unknown[212.132.96.229]: SASL LOGIN authentication failed: UGFzc3dvcmQ6
Oct 19 09:00:10 vps postfix/smtpd[5060]: disconnect from unknown[212.132.96.229]
Oct 19 09:00:19 vps postfix/smtpd[19442]: connect from unknown[213.209.157.252]
Oct 19 09:00:22 vps postfix/smtpd[19442]: warning: unknown[213.209.157.252]: SASL LOGIN authentication failed: UGFzc3dvcmQ6
Oct 19 09:00:22 vps postfix/smtpd[19442]: disconnect from unknown[213.209.157.252]
Oct 19 09:00:38 vps postfix/qmgr[26951]: 91FC81D7C8: from=, size=1590, nrcpt=2 (queue active)
Oct 19 09:00:39 vps postfix/smtp[21029]: 91FC81D7C8: host gmail-smtp-in.l.google.com[142.251.12.27] said: 550-5.7.26 Your email has been blocked because the sender is unauthenticated. 550-5.7.26 Gmail requires all senders to authenticate with either SPF or DKIM. 550-5.7.26 550-5.7.26 Authentication results: 550-5.7.26 DKIM = did not pass 550-5.7.26 SPF [vps.vcrowd.in] with ip: [103.120.179.240] = did not pass 550-5.7.26 550-5.7.26 For instructions on setting up authentication, go to 550 5.7.26 https://support.google.com/mail/answer/81126#authentication d2e1a72fcca58-7a2300d59ecsi2401117b3a.283 - gsmtp (in reply to end of DATA command)
Oct 19 09:00:41 vps postfix/smtp[21029]: 91FC81D7C8: to=, relay=alt1.gmail-smtp-in.l.google.com[192.178.163.26]:25, delay=990, delays=987/0.02/2.1/0.67, dsn=4.7.26, status=SOFTBOUNCE (host alt1.gmail-smtp-in.l.google.com[192.178.163.26] said: 550-5.7.26 Your email has been blocked because the sender is unauthenticated. 550-5.7.26 Gmail requires all senders to authenticate with either SPF or DKIM. 550-5.7.26 550-5.7.26 Authentication results: 550-5.7.26 DKIM = did not pass 550-5.7.26 SPF [vps.vcrowd.in] with ip: [103.120.179.240] = did not pass 550-5.7.26 550-5.7.26 For instructions on setting up authentication, go to 550 5.7.26 https://support.google.com/mail/answer/81126#authentication d9443c01a7336-292471ff2d7si22644725ad.356 - gsmtp (in reply to end of DATA command))
Oct 19 09:00:41 vps postfix/smtp[21029]: 91FC81D7C8: to=, relay=alt1.gmail-smtp-in.l.google.com[192.178.163.26]:25, delay=990, delays=987/0.02/2.1/0.67, dsn=4.7.26, status=SOFTBOUNCE (host alt1.gmail-smtp-in.l.google.com[192.178.163.26] said: 550-5.7.26 Your email has been blocked because the sender is unauthenticated. 550-5.7.26 Gmail requires all senders to authenticate with either SPF or DKIM. 550-5.7.26 550-5.7.26 Authentication results: 550-5.7.26 DKIM = did not pass 550-5.7.26 SPF [vps.vcrowd.in] with ip: [103.120.179.240] = did not pass 550-5.7.26 550-5.7.26 For instructions on setting up authentication, go to 550 5.7.26 https://support.google.com/mail/answer/81126#authentication d9443c01a7336-292471ff2d7si22644725ad.356 - gsmtp (in reply to end of DATA command))
Oct 19 09:00:41 vps postfix/qmgr[26951]: 91FC81D7C8: from=, status=expired, returned to sender
Oct 19 09:00:41 vps postfix/cleanup[21056]: 2DF7E6F9D7: message-id=<20251019033041.2DF7E6F9D7@vps.vcrowd.in>
Oct 19 09:00:41 vps postfix/bounce[21055]: 91FC81D7C8: sender non-delivery notification: 2DF7E6F9D7
Oct 19 09:00:41 vps postfix/qmgr[26951]: 2DF7E6F9D7: from=<>, size=5897, nrcpt=1 (queue active)
Oct 19 09:00:41 vps postfix/qmgr[26951]: 91FC81D7C8: removed
Oct 19 09:00:41 vps postfix/local[21057]: 2DF7E6F9D7: to=, relay=local, delay=0.04, delays=0.02/0.02/0/0.01, dsn=2.0.0, status=sent (delivered to mailbox)
Oct 19 09:00:41 vps postfix/qmgr[26951]: 2DF7E6F9D7: removed
Oct 19 09:00:50 vps postfix/anvil[27319]: statistics: max connection rate 1/60s for (submission:212.132.96.229) at
Oct 19 08:51:18
Oct 19 09:00:50 vps postfix/anvil[27319]: statistics: max connection count 1 for (submission:212.132.96.229) at
Oct 19 08:51:18
Oct 19 09:00:50 vps postfix/anvil[27319]: statistics: max cache size 5 at
Oct 19 08:57:03
Oct 19 09:01:22 vps postfix/smtpd[5060]: connect from unknown[212.132.96.229]
Oct 19 09:01:25 vps postfix/smtpd[5060]: warning: unknown[212.132.96.229]: SASL LOGIN authentication failed: UGFzc3dvcmQ6
Oct 19 09:01:25 vps postfix/smtpd[5060]: disconnect from unknown[212.132.96.229]
Oct 19 09:02:39 vps postfix/smtpd[5060]: connect from unknown[212.132.96.229]
Oct 19 09:02:41 vps postfix/smtpd[5060]: warning: unknown[212.132.96.229]: SASL LOGIN authentication failed: UGFzc3dvcmQ6
Oct 19 09:02:41 vps postfix/smtpd[5060]: disconnect from unknown[212.132.96.229]
Oct 19 09:03:55 vps postfix/smtpd[5060]: connect from unknown[212.132.96.229]
Oct 19 09:03:57 vps postfix/smtpd[5060]: warning: unknown[212.132.96.229]: SASL LOGIN authentication failed: UGFzc3dvcmQ6
Oct 19 09:03:57 vps postfix/smtpd[5060]: disconnect from unknown[212.132.96.229]
Oct 19 09:05:12 vps postfix/smtpd[5060]: connect from unknown[212.132.96.229]
Oct 19 09:05:15 vps postfix/smtpd[5060]: warning: unknown[212.132.96.229]: SASL LOGIN authentication failed: UGFzc3dvcmQ6
Oct 19 09:05:15 vps postfix/smtpd[5060]: disconnect from unknown[212.132.96.229]
Oct 19 09:05:59 vps postfix/smtpd[26032]: connect from unknown[62.60.131.124]
Oct 19 09:06:02 vps postfix/smtpd[26032]: warning: unknown[62.60.131.124]: SASL LOGIN authentication failed: UGFzc3dvcmQ6
Oct 19 09:06:02 vps postfix/smtpd[26032]: disconnect from unknown[62.60.131.124]
Oct 19 09:06:29 vps postfix/smtpd[5060]: connect from unknown[212.132.96.229]
Oct 19 09:06:32 vps postfix/smtpd[5060]: warning: unknown[212.132.96.229]: SASL LOGIN authentication failed: UGFzc3dvcmQ6
Oct 19 09:06:32 vps postfix/smtpd[5060]: disconnect from unknown[212.132.96.229]
Oct 19 09:06:37 vps postfix/smtps/smtpd[26596]: warning: No server certs available. TLS won't be enabled
Oct 19 09:06:37 vps postfix/smtps/smtpd[26596]: connect from unknown[78.37.144.129]
Oct 19 09:06:37 vps postfix/smtps/smtpd[26596]: warning: Wrapper-mode request dropped from unknown[78.37.144.129] for service 465. TLS context initialization failed. For details see earlier warnings in your logs.
Oct 19 09:06:37 vps postfix/smtps/smtpd[26596]: disconnect from unknown[78.37.144.129]
Oct 19 09:06:45 vps postfix/smtpd[26032]: connect from unknown[62.60.131.17]
Oct 19 09:06:45 vps postfix/smtpd[26695]: connect from lewis.rolldeos.com[94.156.175.177]
Oct 19 09:06:45 vps postfix/smtpd[26695]: NOQUEUE: reject: RCPT from lewis.rolldeos.com[94.156.175.177]: 454 4.7.1 Service unavailable; Client host [94.156.175.177] blocked using bl.spamcop.net; Blocked - see https://www.spamcop.net/bl.shtml?94.156.175.177; from= to= proto=ESMTP helo=
Oct 19 09:06:45 vps postfix/smtpd[26695]: disconnect from lewis.rolldeos.com[94.156.175.177]
Oct 19 09:06:47 vps postfix/smtps/smtpd[26596]: connect from unknown[121.73.169.63]
Oct 19 09:06:47 vps postfix/smtps/smtpd[26596]: warning: Wrapper-mode request dropped from unknown[121.73.169.63] for service 465. TLS context initialization failed. For details see earlier warnings in your logs.
Oct 19 09:06:47 vps postfix/smtps/smtpd[26596]: disconnect from unknown[121.73.169.63]
Oct 19 09:06:48 vps postfix/smtpd[26032]: warning: unknown[62.60.131.17]: SASL LOGIN authentication failed: UGFzc3dvcmQ6
Oct 19 09:06:48 vps postfix/smtpd[26032]: disconnect from unknown[62.60.131.17]
Oct 19 09:06:49 vps postfix/smtps/smtpd[26596]: connect from bband-dyn118.95-103-178.t-com.sk[95.103.178.118]
Oct 19 09:06:49 vps postfix/smtps/smtpd[26596]: warning: Wrapper-mode request dropped from bband-dyn118.95-103-178.t-com.sk[95.103.178.118] for service 465. TLS context initialization failed. For details see earlier warnings in your logs.
Oct 19 09:06:49 vps postfix/smtps/smtpd[26596]: disconnect from bband-dyn118.95-103-178.t-com.sk[95.103.178.118]
Oct 19 09:07:45 vps postfix/smtpd[5060]: connect from unknown[212.132.96.229]
Oct 19 09:07:48 vps postfix/smtpd[5060]: warning: unknown[212.132.96.229]: SASL LOGIN authentication failed: UGFzc3dvcmQ6
Oct 19 09:07:48 vps postfix/smtpd[5060]: disconnect from unknown[212.132.96.229]
Oct 19 09:08:13 vps postfix/smtpd[26695]: connect from unknown[213.209.157.116]
Oct 19 09:08:13 vps postfix/smtpd[26695]: connect from unknown[213.209.157.116]
Oct 19 09:08:15 vps postfix/smtpd[26695]: warning: unknown[213.209.157.116]: SASL LOGIN authentication failed: UGFzc3dvcmQ6
Oct 19 09:08:15 vps postfix/smtpd[26695]: disconnect from unknown[213.209.157.116]
Oct 19 09:08:53 vps postfix/smtpd[5060]: connect from unknown[165.154.121.231]
Oct 19 09:08:55 vps postfix/smtpd[5060]: warning: unknown[165.154.121.231]: SASL LOGIN authentication failed: UGFzc3dvcmQ6
Oct 19 09:08:55 vps postfix/smtpd[5060]: disconnect from unknown[165.154.121.231]
Oct 19 09:08:59 vps postfix/smtpd[5060]: connect from unknown[212.132.96.229]
Oct 19 09:09:02 vps postfix/smtpd[5060]: warning: unknown[212.132.96.229]: SASL LOGIN authentication failed: UGFzc3dvcmQ6
Oct 19 09:09:02 vps postfix/smtpd[5060]: disconnect from unknown[212.132.96.229]
Oct 19 09:10:00 vps postfix/smtpd[29399]: connect from 31.211.203.35.bc.googleusercontent.com[35.203.211.31]
Oct 19 09:10:17 vps postfix/smtpd[5060]: connect from unknown[212.132.96.229]
Oct 19 09:10:17 vps postfix/smtpd[29399]: lost connection after UNKNOWN from 31.211.203.35.bc.googleusercontent.com[35.203.211.31]
Oct 19 09:10:17 vps postfix/smtpd[29399]: disconnect from 31.211.203.35.bc.googleusercontent.com[35.203.211.31]
Oct 19 09:10:17 vps postfix/smtpd[29399]: connect from 31.211.203.35.bc.googleusercontent.com[35.203.211.31]
Oct 19 09:10:18 vps postfix/smtpd[29399]: lost connection after EHLO from 31.211.203.35.bc.googleusercontent.com[35.203.211.31]
Oct 19 09:10:18 vps postfix/smtpd[29399]: disconnect from 31.211.203.35.bc.googleusercontent.com[35.203.211.31]
Oct 19 09:10:20 vps postfix/smtpd[5060]: warning: unknown[212.132.96.229]: SASL LOGIN authentication failed: UGFzc3dvcmQ6
Oct 19 09:10:20 vps postfix/smtpd[5060]: disconnect from unknown[212.132.96.229]
Oct 19 09:10:50 vps postfix/anvil[27319]: statistics: max connection rate 2/60s for (smtp:35.203.211.31) at
Oct 19 09:10:17
Oct 19 09:10:50 vps postfix/anvil[27319]: statistics: max connection count 1 for (submission:212.132.96.229) at
Oct 19 09:01:22
Oct 19 09:10:50 vps postfix/anvil[27319]: statistics: max cache size 4 at
Oct 19 09:06:45
Oct 19 09:11:01 vps postfix/smtpd[29399]: connect from 31.211.203.35.bc.googleusercontent.com[35.203.211.31]
Oct 19 09:11:24 vps postfix/smtpd[29399]: lost connection after UNKNOWN from 31.211.203.35.bc.googleusercontent.com[35.203.211.31]
Oct 19 09:11:24 vps postfix/smtpd[29399]: disconnect from 31.211.203.35.bc.googleusercontent.com[35.203.211.31]
Oct 19 09:11:33 vps postfix/smtpd[5060]: connect from unknown[212.132.96.229]
Oct 19 09:11:36 vps postfix/smtpd[5060]: warning: unknown[212.132.96.229]: SASL LOGIN authentication failed: UGFzc3dvcmQ6
Oct 19 09:11:36 vps postfix/smtpd[5060]: disconnect from unknown[212.132.96.229]
Oct 19 09:11:46 vps postfix/smtpd[29399]: connect from heds.naturallistings.info[96.31.94.168]
Oct 19 09:11:48 vps postfix/smtpd[29399]: NOQUEUE: reject: RCPT from heds.naturallistings.info[96.31.94.168]: 450 4.1.1 : Recipient address rejected: User unknown in virtual mailbox table; from= to= proto=ESMTP helo=
Oct 19 09:11:48 vps postfix/smtpd[29399]: disconnect from heds.naturallistings.info[96.31.94.168]
Oct 19 09:12:49 vps postfix/smtpd[5060]: connect from unknown[212.132.96.229]
Oct 19 09:12:52 vps postfix/smtpd[5060]: warning: unknown[212.132.96.229]: SASL LOGIN authentication failed: UGFzc3dvcmQ6
Oct 19 09:12:52 vps postfix/smtpd[5060]: disconnect from unknown[212.132.96.229]
Oct 19 09:13:06 vps postfix/smtpd[29399]: connect from unknown[195.211.188.86]
Oct 19 09:13:09 vps postfix/smtpd[29399]: warning: unknown[195.211.188.86]: SASL LOGIN authentication failed: UGFzc3dvcmQ6
Oct 19 09:13:09 vps postfix/smtpd[29399]: disconnect from unknown[195.211.188.86]
Oct 19 09:14:06 vps postfix/smtpd[5060]: connect from unknown[212.132.96.229]
Oct 19 09:14:08 vps postfix/smtpd[5060]: warning: unknown[212.132.96.229]: SASL LOGIN authentication failed: UGFzc3dvcmQ6
Oct 19 09:14:08 vps postfix/smtpd[5060]: disconnect from unknown[212.132.96.229]
Oct 19 09:14:11 vps postfix/pickup[13513]: 3AC008F134: uid=1061 from=
Oct 19 09:14:11 vps postfix/cleanup[1551]: 3AC008F134: message-id=<20251019034411.3AC008F134@vps.vcrowd.in>
Oct 19 09:14:11 vps opendkim[5590]: 3AC008F134: DKIM-Signature field added (s=default, d=laracorporate.com)
Oct 19 09:14:11 vps postfix/qmgr[26951]: 3AC008F134: from=, size=502, nrcpt=1 (queue active)
Oct 19 09:14:11 vps postfix/pipe[1558]: 3AC008F134: to=, relay=dovecot, delay=0.18, delays=0.1/0.03/0/0.05, dsn=4.1.1, status=SOFTBOUNCE (user unknown)
Oct 19 09:14:54 vps postfix/smtpd[2248]: connect from mail-1c.netcraft.com[52.31.138.216]
Oct 19 09:14:56 vps postfix/smtpd[2248]: NOQUEUE: reject: RCPT from mail-1c.netcraft.com[52.31.138.216]: 450 4.1.1 : Recipient address rejected: User unknown in virtual mailbox table; from= to= proto=ESMTP helo=
Oct 19 09:14:56 vps postfix/smtpd[2248]: disconnect from mail-1c.netcraft.com[52.31.138.216]
Oct 19 09:15:22 vps postfix/smtpd[2248]: connect from mail-1c.netcraft.com[52.31.138.216]
Oct 19 09:15:23 vps postfix/smtpd[2248]: NOQUEUE: reject: RCPT from mail-1c.netcraft.com[52.31.138.216]: 450 4.1.1 : Recipient address rejected: User unknown in virtual mailbox table; from= to= proto=ESMTP helo=
Oct 19 09:15:23 vps postfix/smtpd[2248]: disconnect from mail-1c.netcraft.com[52.31.138.216]
Oct 19 09:15:24 vps postfix/smtpd[5060]: connect from unknown[212.132.96.229]
Oct 19 09:15:26 vps postfix/smtpd[5060]: warning: unknown[212.132.96.229]: SASL LOGIN authentication failed: UGFzc3dvcmQ6
Oct 19 09:15:26 vps postfix/smtpd[5060]: disconnect from unknown[212.132.96.229]
Oct 19 09:15:34 vps postfix/smtpd[2248]: connect from unknown[213.209.157.225]
Oct 19 09:15:37 vps postfix/smtpd[2248]: warning: unknown[213.209.157.225]: SASL LOGIN authentication failed: UGFzc3dvcmQ6
Oct 19 09:15:37 vps postfix/smtpd[2248]: disconnect from unknown[213.209.157.225]
Oct 19 09:16:38 vps postfix/smtpd[5060]: connect from unknown[212.132.96.229]
Oct 19 09:16:41 vps postfix/smtpd[5060]: warning: unknown[212.132.96.229]: SASL LOGIN authentication failed: UGFzc3dvcmQ6
Oct 19 09:16:41 vps postfix/smtpd[5060]: disconnect from unknown[212.132.96.229]
Oct 19 09:16:45 vps postfix/smtpd[2248]: connect from lewis.rolldeos.com[94.156.175.177]
Oct 19 09:16:45 vps postfix/smtpd[2248]: NOQUEUE: reject: RCPT from lewis.rolldeos.com[94.156.175.177]: 454 4.7.1 Service unavailable; Client host [94.156.175.177] blocked using bl.spamcop.net; Blocked - see https://www.spamcop.net/bl.shtml?94.156.175.177; from= to= proto=ESMTP helo=
Oct 19 09:16:46 vps postfix/smtpd[2248]: disconnect from lewis.rolldeos.com[94.156.175.177]
Oct 19 09:17:49 vps postfix/smtpd[2248]: connect from mail-koreasouthazolkn19010011.outbound.protection.outlook.com[52.103.75.11]
Oct 19 09:17:50 vps postfix/smtpd[2248]: NOQUEUE: reject: RCPT from mail-koreasouthazolkn19010011.outbound.protection.outlook.com[52.103.75.11]: 450 4.1.1 : Recipient address rejected: User unknown in virtual mailbox table; from= to= proto=ESMTP helo=
Oct 19 09:17:50 vps postfix/smtpd[2248]: disconnect from mail-koreasouthazolkn19010011.outbound.protection.outlook.com[52.103.75.11]
Oct 19 09:17:55 vps postfix/smtpd[5060]: connect from unknown[212.132.96.229]
Oct 19 09:17:58 vps postfix/smtpd[5060]: warning: unknown[212.132.96.229]: SASL LOGIN authentication failed: UGFzc3dvcmQ6
Oct 19 09:17:58 vps postfix/smtpd[5060]: disconnect from unknown[212.132.96.229]
Oct 19 09:18:01 vps postfix/smtps/smtpd[5628]: warning: No server certs available. TLS won't be enabled
Oct 19 09:18:01 vps postfix/smtps/smtpd[5628]: connect from unknown[104.234.84.14]
Oct 19 09:18:01 vps postfix/smtps/smtpd[5628]: warning: Wrapper-mode request dropped from unknown[104.234.84.14] for service 465. TLS context initialization failed. For details see earlier warnings in your logs.
Oct 19 09:18:01 vps postfix/smtps/smtpd[5628]: disconnect from unknown[104.234.84.14]
Oct 19 09:18:03 vps postfix/smtps/smtpd[5628]: warning: hostname syn-024-196-148-169.res.spectrum.com does not resolve to address 24.196.148.169: Name or service not known
Oct 19 09:18:03 vps postfix/smtps/smtpd[5628]: connect from unknown[24.196.148.169]
Oct 19 09:18:03 vps postfix/smtps/smtpd[5628]: warning: Wrapper-mode request dropped from unknown[24.196.148.169] for service 465. TLS context initialization failed. For details see earlier warnings in your logs.
Oct 19 09:18:03 vps postfix/smtps/smtpd[5628]: disconnect from unknown[24.196.148.169]
Oct 19 09:18:06 vps postfix/smtps/smtpd[5628]: connect from unknown[102.209.163.49]
Oct 19 09:18:06 vps postfix/smtps/smtpd[5628]: warning: Wrapper-mode request dropped from unknown[102.209.163.49] for service 465. TLS context initialization failed. For details see earlier warnings in your logs.
Oct 19 09:18:06 vps postfix/smtps/smtpd[5628]: disconnect from unknown[102.209.163.49]
Oct 19 09:18:08 vps postfix/smtps/smtpd[5628]: connect from unknown[128.185.194.22]
Oct 19 09:18:08 vps postfix/smtps/smtpd[5628]: warning: Wrapper-mode request dropped from unknown[128.185.194.22] for service 465. TLS context initialization failed. For details see earlier warnings in your logs.
Oct 19 09:18:08 vps postfix/smtps/smtpd[5628]: disconnect from unknown[128.185.194.22]
Oct 19 09:18:18 vps postfix/smtps/smtpd[5628]: warning: hostname 177-174-95-245.user.vivozap.com.br does not resolve to address 177.174.95.245: Name or service not known
Oct 19 09:18:18 vps postfix/smtps/smtpd[5628]: connect from unknown[177.174.95.245]
Oct 19 09:18:18 vps postfix/smtps/smtpd[5628]: warning: Wrapper-mode request dropped from unknown[177.174.95.245] for service 465. TLS context initialization failed. For details see earlier warnings in your logs.
Oct 19 09:18:18 vps postfix/smtps/smtpd[5628]: disconnect from unknown[177.174.95.245]
Oct 19 09:18:45 vps postfix/smtpd[2248]: connect from 31.211.203.35.bc.googleusercontent.com[35.203.211.31]
Oct 19 09:18:46 vps postfix/smtpd[2248]: lost connection after EHLO from 31.211.203.35.bc.googleusercontent.com[35.203.211.31]
Oct 19 09:18:46 vps postfix/smtpd[2248]: disconnect from 31.211.203.35.bc.googleusercontent.com[35.203.211.31]
Oct 19 09:19:10 vps postfix/smtpd[5060]: connect from unknown[212.132.96.229]
Oct 19 09:19:13 vps postfix/smtpd[5060]: warning: unknown[212.132.96.229]: SASL LOGIN authentication failed: UGFzc3dvcmQ6
Oct 19 09:19:13 vps postfix/smtpd[5060]: disconnect from unknown[212.132.96.229]
Oct 19 09:20:00 vps postfix/pickup[13513]: A8C0A6F51A: uid=1092 from=
Oct 19 09:20:00 vps postfix/cleanup[7561]: A8C0A6F51A: message-id=<20251019035000.A8C0A6F51A@vps.vcrowd.in>
Oct 19 09:20:00 vps opendkim[5590]: A8C0A6F51A: no signing table match for 'qasimyaseen326@gmail.com'
Oct 19 09:20:00 vps opendkim[5590]: A8C0A6F51A: no signature data
Oct 19 09:20:00 vps postfix/qmgr[26951]: A8C0A6F51A: from=, size=6242, nrcpt=1 (queue active)
Oct 19 09:20:00 vps postfix/smtp[7568]: A8C0A6F51A: to=, relay=none, delay=0.1, delays=0.05/0.03/0.02/0, dsn=4.4.4, status=SOFTBOUNCE (Host or domain name not found. Name service error for name=adiworld.in type=A: Host not found)
Oct 19 09:20:25 vps postfix/smtpd[2248]: connect from unknown[77.90.185.216]
Oct 19 09:20:28 vps postfix/smtpd[5060]: connect from unknown[212.132.96.229]
Oct 19 09:20:28 vps postfix/smtpd[2248]: warning: unknown[77.90.185.216]: SASL LOGIN authentication failed: UGFzc3dvcmQ6
Oct 19 09:20:28 vps postfix/smtpd[2248]: disconnect from unknown[77.90.185.216]
Oct 19 09:20:30 vps postfix/smtpd[5060]: warning: unknown[212.132.96.229]: SASL LOGIN authentication failed: UGFzc3dvcmQ6
Oct 19 09:20:30 vps postfix/smtpd[5060]: disconnect from unknown[212.132.96.229]
Oct 19 09:20:38 vps postfix/qmgr[26951]: 3AC008F134: from=, size=502, nrcpt=1 (queue active)
Oct 19 09:20:38 vps postfix/pipe[8895]: 3AC008F134: to=, relay=dovecot, delay=387, delays=387/0.02/0/0.04, dsn=4.1.1, status=SOFTBOUNCE (user unknown)
Oct 19 09:20:43 vps postfix/smtpd[2248]: connect from unknown[77.90.185.216]
Oct 19 09:20:46 vps postfix/smtpd[2248]: warning: unknown[77.90.185.216]: SASL LOGIN authentication failed: UGFzc3dvcmQ6
Oct 19 09:20:46 vps postfix/smtpd[2248]: disconnect from unknown[77.90.185.216]
Oct 19 09:20:47 vps postfix/smtpd[2248]: connect from unknown[77.90.185.216]
Oct 19 09:20:48 vps postfix/smtpd[9009]: connect from unknown[77.90.185.216]
Oct 19 09:20:50 vps postfix/anvil[27319]: statistics: max connection rate 4/60s for (smtp:77.90.185.216) at
Oct 19 09:20:48
Oct 19 09:20:50 vps postfix/anvil[27319]: statistics: max connection count 2 for (smtp:77.90.185.216) at
Oct 19 09:20:48
Oct 19 09:20:50 vps postfix/anvil[27319]: statistics: max cache size 3 at
Oct 19 09:11:46
Oct 19 09:20:50 vps postfix/smtpd[9042]: connect from unknown[77.90.185.216]
Oct 19 09:20:54 vps postfix/smtpd[2248]: warning: unknown[77.90.185.216]: SASL LOGIN authentication failed: UGFzc3dvcmQ6
Oct 19 09:20:54 vps postfix/smtpd[2248]: disconnect from unknown[77.90.185.216]
Oct 19 09:20:55 vps postfix/smtpd[9009]: warning: unknown[77.90.185.216]: SASL LOGIN authentication failed: UGFzc3dvcmQ6
Oct 19 09:20:55 vps postfix/smtpd[9009]: disconnect from unknown[77.90.185.216]
Oct 19 09:20:55 vps postfix/smtpd[2248]: connect from unknown[77.90.185.216]
Oct 19 09:20:56 vps postfix/smtpd[9009]: connect from unknown[77.90.185.216]
Oct 19 09:20:57 vps postfix/smtpd[9042]: warning: unknown[77.90.185.216]: SASL LOGIN authentication failed: UGFzc3dvcmQ6
Oct 19 09:20:57 vps postfix/smtpd[9042]: disconnect from unknown[77.90.185.216]
Oct 19 09:21:02 vps postfix/smtpd[9042]: connect from unknown[77.90.185.216]
Oct 19 09:21:06 vps postfix/smtpd[2248]: warning: unknown[77.90.185.216]: SASL LOGIN authentication failed: UGFzc3dvcmQ6
Oct 19 09:21:06 vps postfix/smtpd[2248]: disconnect from unknown[77.90.185.216]
Oct 19 09:21:08 vps postfix/smtpd[9009]: warning: unknown[77.90.185.216]: SASL LOGIN authentication failed: UGFzc3dvcmQ6
Oct 19 09:21:08 vps postfix/smtpd[9009]: disconnect from unknown[77.90.185.216]
Oct 19 09:21:13 vps postfix/smtpd[9042]: warning: unknown[77.90.185.216]: SASL LOGIN authentication failed: UGFzc3dvcmQ6
Oct 19 09:21:13 vps postfix/smtpd[9042]: disconnect from unknown[77.90.185.216]
Oct 19 09:21:42 vps postfix/smtpd[5060]: connect from unknown[212.132.96.229]
Oct 19 09:21:44 vps postfix/smtpd[5060]: warning: unknown[212.132.96.229]: SASL LOGIN authentication failed: UGFzc3dvcmQ6
Oct 19 09:21:44 vps postfix/smtpd[5060]: disconnect from unknown[212.132.96.229]
Oct 19 09:22:58 vps postfix/smtpd[5060]: connect from unknown[212.132.96.229]
Oct 19 09:23:01 vps postfix/smtpd[5060]: warning: unknown[212.132.96.229]: SASL LOGIN authentication failed: UGFzc3dvcmQ6
Oct 19 09:23:01 vps postfix/smtpd[5060]: disconnect from unknown[212.132.96.229]
Oct 19 09:23:09 vps postfix/smtpd[10887]: connect from unknown[62.60.131.17]
Oct 19 09:23:12 vps postfix/smtpd[10887]: warning: unknown[62.60.131.17]: SASL LOGIN authentication failed: UGFzc3dvcmQ6
Oct 19 09:23:12 vps postfix/smtpd[10887]: disconnect from unknown[62.60.131.17]
Oct 19 09:23:33 vps postfix/smtpd[10887]: connect from unknown[196.251.92.11]
Oct 19 09:23:35 vps postfix/smtpd[10887]: warning: unknown[196.251.92.11]: SASL LOGIN authentication failed: UGFzc3dvcmQ6
Oct 19 09:23:35 vps postfix/smtpd[10887]: disconnect from unknown[196.251.92.11]
Oct 19 09:24:15 vps postfix/smtpd[5060]: connect from unknown[212.132.96.229]
Oct 19 09:24:18 vps postfix/smtpd[5060]: warning: unknown[212.132.96.229]: SASL LOGIN authentication failed: UGFzc3dvcmQ6
Oct 19 09:24:18 vps postfix/smtpd[5060]: disconnect from unknown[212.132.96.229]
Oct 19 09:24:27 vps postfix/smtpd[10887]: connect from unknown[62.60.131.124]
Oct 19 09:24:30 vps postfix/smtpd[10887]: warning: unknown[62.60.131.124]: SASL LOGIN authentication failed: UGFzc3dvcmQ6
Oct 19 09:24:30 vps postfix/smtpd[10887]: disconnect from unknown[62.60.131.124]
Oct 19 09:25:07 vps postfix/pickup[13513]: B6C313C0145: uid=1062 from=
Oct 19 09:25:07 vps postfix/cleanup[12886]: B6C313C0145: message-id=<20251019035507.B6C313C0145@vps.vcrowd.in>
Oct 19 09:25:07 vps opendkim[5590]: B6C313C0145: no signing table match for '"info@gvkennel"@gmail.com'
Oct 19 09:25:07 vps opendkim[5590]: B6C313C0145: no signature data
Oct 19 09:25:07 vps postfix/qmgr[26951]: B6C313C0145: from=, size=929, nrcpt=1 (queue active)
Oct 19 09:25:09 vps postfix/smtp[12897]: B6C313C0145: host gmail-smtp-in.l.google.com[142.251.12.27] said: 550-5.7.26 Your email has been blocked because the sender is unauthenticated. 550-5.7.26 Gmail requires all senders to authenticate with either SPF or DKIM. 550-5.7.26 550-5.7.26 Authentication results: 550-5.7.26 DKIM = did not pass 550-5.7.26 SPF [vps.vcrowd.in] with ip: [103.120.179.240] = did not pass 550-5.7.26 550-5.7.26 For instructions on setting up authentication, go to 550 5.7.26 https://support.google.com/mail/answer/81126#authentication d9443c01a7336-29246ff6941si23813205ad.173 - gsmtp (in reply to end of DATA command)
Oct 19 09:25:11 vps postfix/smtp[12897]: B6C313C0145: to=, relay=alt1.gmail-smtp-in.l.google.com[192.178.163.27]:25, delay=3.6, delays=0.07/0.02/2.5/0.99, dsn=4.7.26, status=SOFTBOUNCE (host alt1.gmail-smtp-in.l.google.com[192.178.163.27] said: 550-5.7.26 Your email has been blocked because the sender is unauthenticated. 550-5.7.26 Gmail requires all senders to authenticate with either SPF or DKIM. 550-5.7.26 550-5.7.26 Authentication results: 550-5.7.26 DKIM = did not pass 550-5.7.26 SPF [vps.vcrowd.in] with ip: [103.120.179.240] = did not pass 550-5.7.26 550-5.7.26 For instructions on setting up authentication, go to 550 5.7.26 https://support.google.com/mail/answer/81126#authentication 98e67ed59e1d1-33d5de656c5si1960006a91.38 - gsmtp (in reply to end of DATA command))
Oct 19 09:25:30 vps postfix/smtpd[5060]: connect from unknown[212.132.96.229]
Oct 19 09:25:33 vps postfix/smtpd[5060]: warning: unknown[212.132.96.229]: SASL LOGIN authentication failed: UGFzc3dvcmQ6
Oct 19 09:25:33 vps postfix/smtpd[5060]: disconnect from unknown[212.132.96.229]
Oct 19 09:25:38 vps postfix/qmgr[26951]: A8C0A6F51A: from=, size=6242, nrcpt=1 (queue active)
Oct 19 09:25:38 vps postfix/smtp[12897]: A8C0A6F51A: to=, relay=none, delay=338, delays=338/0/0.02/0, dsn=4.4.4, status=SOFTBOUNCE (Host or domain name not found. Name service error for name=adiworld.in type=A: Host not found)
Oct 19 09:26:13 vps postfix/smtpd[14132]: connect from unknown[180.71.9.31]
Oct 19 09:26:18 vps postfix/smtpd[14132]: warning: unknown[180.71.9.31]: SASL LOGIN authentication failed: UGFzc3dvcmQ6
Oct 19 09:26:19 vps postfix/smtpd[14132]: lost connection after AUTH from unknown[180.71.9.31]
Oct 19 09:26:19 vps postfix/smtpd[14132]: disconnect from unknown[180.71.9.31]
Oct 19 09:26:45 vps postfix/smtpd[14132]: connect from lewis.rolldeos.com[94.156.175.177]
Oct 19 09:26:46 vps postfix/smtpd[14132]: NOQUEUE: reject: RCPT from lewis.rolldeos.com[94.156.175.177]: 454 4.7.1 Service unavailable; Client host [94.156.175.177] blocked using bl.spamcop.net; Blocked - see https://www.spamcop.net/bl.shtml?94.156.175.177; from= to= proto=ESMTP helo=
Oct 19 09:26:46 vps postfix/smtpd[14132]: disconnect from lewis.rolldeos.com[94.156.175.177]
Oct 19 09:26:48 vps postfix/smtpd[5060]: connect from unknown[212.132.96.229]
Oct 19 09:26:50 vps postfix/smtpd[5060]: warning: unknown[212.132.96.229]: SASL LOGIN authentication failed: UGFzc3dvcmQ6
Oct 19 09:26:50 vps postfix/smtpd[5060]: disconnect from unknown[212.132.96.229]
Oct 19 09:27:15 vps postfix/smtpd[14132]: connect from iert.insightiqanalytics.info[96.31.94.58]
Oct 19 09:27:16 vps postfix/smtpd[14132]: NOQUEUE: reject: RCPT from iert.insightiqanalytics.info[96.31.94.58]: 450 4.1.1 : Recipient address rejected: User unknown in virtual mailbox table; from= to= proto=ESMTP helo=
Oct 19 09:27:16 vps postfix/smtpd[14132]: disconnect from iert.insightiqanalytics.info[96.31.94.58]
Oct 19 09:27:24 vps postfix/smtpd[14132]: connect from unknown[196.251.92.11]
Oct 19 09:27:26 vps postfix/smtpd[14132]: warning: unknown[196.251.92.11]: SASL LOGIN authentication failed: UGFzc3dvcmQ6
Oct 19 09:27:26 vps postfix/smtpd[14132]: disconnect from unknown[196.251.92.11]
Oct 19 09:28:05 vps postfix/smtpd[5060]: connect from unknown[212.132.96.229]
Oct 19 09:28:08 vps postfix/smtpd[5060]: warning: unknown[212.132.96.229]: SASL LOGIN authentication failed: UGFzc3dvcmQ6
Oct 19 09:28:08 vps postfix/smtpd[5060]: disconnect from unknown[212.132.96.229]
Oct 19 09:28:23 vps postfix/smtpd[14132]: connect from unknown[213.209.157.252]
Oct 19 09:28:26 vps postfix/smtpd[14132]: warning: unknown[213.209.157.252]: SASL LOGIN authentication failed: UGFzc3dvcmQ6
Oct 19 09:28:26 vps postfix/smtpd[14132]: disconnect from unknown[213.209.157.252]
Oct 19 09:29:23 vps postfix/smtpd[5060]: connect from unknown[212.132.96.229]
Oct 19 09:29:25 vps postfix/smtpd[5060]: warning: unknown[212.132.96.229]: SASL LOGIN authentication failed: UGFzc3dvcmQ6
Oct 19 09:29:25 vps postfix/smtpd[5060]: disconnect from unknown[212.132.96.229]
Oct 19 09:29:44 vps postfix/smtpd[5060]: connect from unknown[165.154.121.231]
Oct 19 09:29:46 vps postfix/smtps/smtpd[16996]: warning: No server certs available. TLS won't be enabled
Oct 19 09:29:46 vps postfix/smtps/smtpd[16996]: connect from scanner-27.ch1.censys-scanner.com[167.94.138.123]
Oct 19 09:29:46 vps postfix/smtps/smtpd[16996]: warning: Wrapper-mode request dropped from scanner-27.ch1.censys-scanner.com[167.94.138.123] for service 465. TLS context initialization failed. For details see earlier warnings in your logs.
Oct 19 09:29:46 vps postfix/smtps/smtpd[16996]: disconnect from scanner-27.ch1.censys-scanner.com[167.94.138.123]
Oct 19 09:29:47 vps postfix/smtpd[5060]: warning: unknown[165.154.121.231]: SASL LOGIN authentication failed: UGFzc3dvcmQ6
Oct 19 09:29:47 vps postfix/smtpd[5060]: disconnect from unknown[165.154.121.231]
Oct 19 09:29:52 vps postfix/smtps/smtpd[16996]: connect from unknown[162.142.125.113]
Oct 19 09:29:52 vps postfix/smtps/smtpd[16996]: warning: Wrapper-mode request dropped from unknown[162.142.125.113] for service 465. TLS context initialization failed. For details see earlier warnings in your logs.
Oct 19 09:29:52 vps postfix/smtps/smtpd[16996]: disconnect from unknown[162.142.125.113]
Oct 19 09:29:58 vps postfix/smtps/smtpd[16996]: connect from unknown[66.132.153.127]
Oct 19 09:29:58 vps postfix/smtps/smtpd[16996]: warning: Wrapper-mode request dropped from unknown[66.132.153.127] for service 465. TLS context initialization failed. For details see earlier warnings in your logs.
Oct 19 09:29:58 vps postfix/smtps/smtpd[16996]: disconnect from unknown[66.132.153.127]
Oct 19 09:30:38 vps postfix/qmgr[26951]: 3AC008F134: from=, size=502, nrcpt=1 (queue active)
Oct 19 09:30:38 vps postfix/qmgr[26951]: B6C313C0145: from=, size=929, nrcpt=1 (queue active)
Oct 19 09:30:38 vps postfix/pipe[18496]: 3AC008F134: to=, relay=dovecot, delay=987, delays=987/0.03/0/0.03, dsn=4.1.1, status=SOFTBOUNCE (user unknown)
Oct 19 09:30:38 vps postfix/qmgr[26951]: 3AC008F134: from=, status=expired, returned to sender
Oct 19 09:30:38 vps postfix/cleanup[18500]: 8BF831D858: message-id=<20251019040038.8BF831D858@vps.vcrowd.in>
Oct 19 09:30:38 vps postfix/qmgr[26951]: 8BF831D858: from=<>, size=2567, nrcpt=1 (queue active)
Oct 19 09:30:38 vps postfix/bounce[18499]: 3AC008F134: sender non-delivery notification: 8BF831D858
Oct 19 09:30:38 vps postfix/qmgr[26951]: 3AC008F134: removed
Oct 19 09:30:38 vps postfix/local[18501]: 8BF831D858: to=, relay=local, delay=0.04, delays=0.02/0.02/0/0, dsn=2.0.0, status=sent (delivered to mailbox)
Oct 19 09:30:38 vps postfix/qmgr[26951]: 8BF831D858: removed
Oct 19 09:30:39 vps postfix/smtpd[5060]: connect from unknown[212.132.96.229]
Oct 19 09:30:40 vps postfix/smtp[18497]: B6C313C0145: host gmail-smtp-in.l.google.com[142.251.12.27] said: 550-5.7.26 Your email has been blocked because the sender is unauthenticated. 550-5.7.26 Gmail requires all senders to authenticate with either SPF or DKIM. 550-5.7.26 550-5.7.26 Authentication results: 550-5.7.26 DKIM = did not pass 550-5.7.26 SPF [vps.vcrowd.in] with ip: [103.120.179.240] = did not pass 550-5.7.26 550-5.7.26 For instructions on setting up authentication, go to 550 5.7.26 https://support.google.com/mail/answer/81126#authentication 41be03b00d2f7-b6a76645b7csi1972471a12.285 - gsmtp (in reply to end of DATA command)
Oct 19 09:30:41 vps postfix/smtp[18497]: B6C313C0145: to=, relay=alt1.gmail-smtp-in.l.google.com[192.178.163.27]:25, delay=334, delays=331/0.02/2.4/0.72, dsn=4.7.26, status=SOFTBOUNCE (host alt1.gmail-smtp-in.l.google.com[192.178.163.27] said: 550-5.7.26 Your email has been blocked because the sender is unauthenticated. 550-5.7.26 Gmail requires all senders to authenticate with either SPF or DKIM. 550-5.7.26 550-5.7.26 Authentication results: 550-5.7.26 DKIM = did not pass 550-5.7.26 SPF [vps.vcrowd.in] with ip: [103.120.179.240] = did not pass 550-5.7.26 550-5.7.26 For instructions on setting up authentication, go to 550 5.7.26 https://support.google.com/mail/answer/81126#authentication 41be03b00d2f7-b6a795f6196si1694671a12.553 - gsmtp (in reply to end of DATA command))
Oct 19 09:30:42 vps postfix/smtpd[5060]: warning: unknown[212.132.96.229]: SASL LOGIN authentication failed: UGFzc3dvcmQ6
Oct 19 09:30:42 vps postfix/smtpd[5060]: disconnect from unknown[212.132.96.229]
Oct 19 09:30:50 vps postfix/anvil[27319]: statistics: max connection rate 8/60s for (smtp:77.90.185.216) at
Oct 19 09:21:02
Oct 19 09:30:50 vps postfix/anvil[27319]: statistics: max connection count 3 for (smtp:77.90.185.216) at
Oct 19 09:20:50
Oct 19 09:30:50 vps postfix/anvil[27319]: statistics: max cache size 4 at
Oct 19 09:27:15
Oct 19 09:31:58 vps postfix/smtpd[5060]: connect from unknown[212.132.96.229]
Oct 19 09:32:00 vps postfix/smtpd[5060]: warning: unknown[212.132.96.229]: SASL LOGIN authentication failed: UGFzc3dvcmQ6
Oct 19 09:32:00 vps postfix/smtpd[5060]: disconnect from unknown[212.132.96.229]
Oct 19 09:32:54 vps postfix/smtpd[20272]: connect from unknown[62.60.131.17]
Oct 19 09:32:58 vps postfix/smtpd[20272]: warning: unknown[62.60.131.17]: SASL LOGIN authentication failed: UGFzc3dvcmQ6
Oct 19 09:32:58 vps postfix/smtpd[20272]: disconnect from unknown[62.60.131.17]
Oct 19 09:33:14 vps postfix/smtpd[5060]: connect from unknown[212.132.96.229]
Oct 19 09:33:17 vps postfix/smtpd[5060]: warning: unknown[212.132.96.229]: SASL LOGIN authentication failed: UGFzc3dvcmQ6
Oct 19 09:33:17 vps postfix/smtpd[5060]: disconnect from unknown[212.132.96.229]
Oct 19 09:34:03 vps postfix/smtpd[20272]: connect from unknown[213.209.157.116]
Oct 19 09:34:06 vps postfix/smtpd[20272]: warning: unknown[213.209.157.116]: SASL LOGIN authentication failed: UGFzc3dvcmQ6
Oct 19 09:34:06 vps postfix/smtpd[20272]: disconnect from unknown[213.209.157.116]
Oct 19 09:34:30 vps postfix/smtpd[5060]: connect from unknown[212.132.96.229]
Oct 19 09:34:33 vps postfix/smtpd[5060]: warning: unknown[212.132.96.229]: SASL LOGIN authentication failed: UGFzc3dvcmQ6
Oct 19 09:34:33 vps postfix/smtpd[5060]: disconnect from unknown[212.132.96.229]
Oct 19 09:34:44 vps postfix/smtpd[20272]: connect from heds.naturallistings.info[96.31.94.168]
Oct 19 09:34:46 vps postfix/smtpd[20272]: NOQUEUE: reject: RCPT from heds.naturallistings.info[96.31.94.168]: 450 4.1.1 : Recipient address rejected: User unknown in virtual mailbox table; from= to= proto=ESMTP helo=
Oct 19 09:34:46 vps postfix/smtpd[20272]: disconnect from heds.naturallistings.info[96.31.94.168]
Oct 19 09:35:05 vps postfix/smtpd[20272]: connect from unknown[195.211.188.86]
Oct 19 09:35:08 vps postfix/smtpd[20272]: warning: unknown[195.211.188.86]: SASL LOGIN authentication failed: UGFzc3dvcmQ6
Oct 19 09:35:08 vps postfix/smtpd[20272]: disconnect from unknown[195.211.188.86]
Oct 19 09:35:38 vps postfix/qmgr[26951]: A8C0A6F51A: from=, size=6242, nrcpt=1 (queue active)
Oct 19 09:35:38 vps postfix/smtp[23180]: A8C0A6F51A: to=, relay=none, delay=938, delays=938/0.02/0.02/0, dsn=4.4.4, status=SOFTBOUNCE (Host or domain name not found. Name service error for name=adiworld.in type=A: Host not found)
Oct 19 09:35:38 vps postfix/qmgr[26951]: A8C0A6F51A: from=, status=expired, returned to sender
Oct 19 09:35:38 vps postfix/cleanup[23185]: 503523718BF: message-id=<20251019040538.503523718BF@vps.vcrowd.in>
Oct 19 09:35:38 vps postfix/bounce[23184]: A8C0A6F51A: sender non-delivery notification: 503523718BF
Oct 19 09:35:38 vps postfix/qmgr[26951]: 503523718BF: from=<>, size=8102, nrcpt=1 (queue active)
Oct 19 09:35:38 vps postfix/qmgr[26951]: A8C0A6F51A: removed
Oct 19 09:35:38 vps postfix/local[23186]: 503523718BF: to=, relay=local, delay=0.04, delays=0.02/0.02/0/0.01, dsn=2.0.0, status=sent (delivered to mailbox)
Oct 19 09:35:38 vps postfix/qmgr[26951]: 503523718BF: removed
Oct 19 09:35:46 vps postfix/smtpd[5060]: connect from unknown[212.132.96.229]
Oct 19 09:35:48 vps postfix/smtpd[5060]: warning: unknown[212.132.96.229]: SASL LOGIN authentication failed: UGFzc3dvcmQ6
Oct 19 09:35:48 vps postfix/smtpd[5060]: disconnect from unknown[212.132.96.229]
Oct 19 09:36:35 vps postfix/smtpd[20272]: connect from unknown[213.209.157.225]
Oct 19 09:36:37 vps postfix/smtpd[20272]: warning: unknown[213.209.157.225]: SASL LOGIN authentication failed: UGFzc3dvcmQ6
Oct 19 09:36:37 vps postfix/smtpd[20272]: disconnect from unknown[213.209.157.225]
Oct 19 09:36:58 vps postfix/smtpd[20272]: connect from unknown[unknown]
Oct 19 09:36:58 vps postfix/smtpd[20272]: lost connection after CONNECT from unknown[unknown]
Oct 19 09:36:58 vps postfix/smtpd[20272]: disconnect from unknown[unknown]
Oct 19 09:37:03 vps postfix/smtpd[5060]: connect from unknown[212.132.96.229]
Oct 19 09:37:06 vps postfix/smtpd[5060]: warning: unknown[212.132.96.229]: SASL LOGIN authentication failed: UGFzc3dvcmQ6
Oct 19 09:37:06 vps postfix/smtpd[5060]: disconnect from unknown[212.132.96.229]
Oct 19 09:38:21 vps postfix/smtpd[5060]: connect from unknown[212.132.96.229]
Oct 19 09:38:24 vps postfix/smtpd[5060]: warning: unknown[212.132.96.229]: SASL LOGIN authentication failed: UGFzc3dvcmQ6
Oct 19 09:38:24 vps postfix/smtpd[5060]: disconnect from unknown[212.132.96.229]
Oct 19 09:38:30 vps postfix/smtpd[20272]: connect from mail-centralindiaazolkn19010009.outbound.protection.outlook.com[52.103.68.9]
Oct 19 09:38:30 vps postfix/smtpd[20272]: NOQUEUE: reject: RCPT from mail-centralindiaazolkn19010009.outbound.protection.outlook.com[52.103.68.9]: 450 4.1.1 : Recipient address rejected: User unknown in virtual mailbox table; from= to= proto=ESMTP helo=
Oct 19 09:38:30 vps postfix/smtpd[20272]: disconnect from mail-centralindiaazolkn19010009.outbound.protection.outlook.com[52.103.68.9]
Oct 19 09:39:38 vps postfix/smtpd[5060]: connect from unknown[212.132.96.229]
Oct 19 09:39:41 vps postfix/smtpd[5060]: warning: unknown[212.132.96.229]: SASL LOGIN authentication failed: UGFzc3dvcmQ6
Oct 19 09:39:41 vps postfix/smtpd[5060]: disconnect from unknown[212.132.96.229]
Oct 19 09:40:01 vps postfix/smtpd[20272]: connect from mail-74-209-dc.etransmail.com[175.158.74.209]
Oct 19 09:40:02 vps postfix/smtpd[20272]: NOQUEUE: reject: RCPT from mail-74-209-dc.etransmail.com[175.158.74.209]: 450 4.1.1 : Recipient address rejected: User unknown in virtual mailbox table; from=<17607258827330126-176041-1-nyraatech.com@trans.axisbank.com> to= proto=ESMTP helo=
Oct 19 09:40:08 vps postfix/smtpd[27337]: connect from unknown[195.211.188.86]
Oct 19 09:40:11 vps postfix/smtpd[27337]: warning: unknown[195.211.188.86]: SASL LOGIN authentication failed: UGFzc3dvcmQ6
Oct 19 09:40:11 vps postfix/smtpd[27337]: disconnect from unknown[195.211.188.86]
Oct 19 09:40:32 vps postfix/smtpd[20272]: lost connection after DATA from mail-74-209-dc.etransmail.com[175.158.74.209]
Oct 19 09:40:32 vps postfix/smtpd[20272]: disconnect from mail-74-209-dc.etransmail.com[175.158.74.209]
Oct 19 09:40:38 vps postfix/qmgr[26951]: B6C313C0145: from=, size=929, nrcpt=1 (queue active)
Oct 19 09:40:39 vps postfix/smtp[27964]: B6C313C0145: host gmail-smtp-in.l.google.com[142.251.12.26] said: 550-5.7.26 Your email has been blocked because the sender is unauthenticated. 550-5.7.26 Gmail requires all senders to authenticate with either SPF or DKIM. 550-5.7.26 550-5.7.26 Authentication results: 550-5.7.26 DKIM = did not pass 550-5.7.26 SPF [vps.vcrowd.in] with ip: [103.120.179.240] = did not pass 550-5.7.26 550-5.7.26 For instructions on setting up authentication, go to 550 5.7.26 https://support.google.com/mail/answer/81126#authentication 41be03b00d2f7-b6a76b6a5c4si1939069a12.1119 - gsmtp (in reply to end of DATA command)
Oct 19 09:40:41 vps postfix/smtp[27964]: B6C313C0145: to=, relay=alt1.gmail-smtp-in.l.google.com[192.178.163.26]:25, delay=934, delays=931/0.02/2/0.79, dsn=4.7.26, status=SOFTBOUNCE (host alt1.gmail-smtp-in.l.google.com[192.178.163.26] said: 550-5.7.26 Your email has been blocked because the sender is unauthenticated. 550-5.7.26 Gmail requires all senders to authenticate with either SPF or DKIM. 550-5.7.26 550-5.7.26 Authentication results: 550-5.7.26 DKIM = did not pass 550-5.7.26 SPF [vps.vcrowd.in] with ip: [103.120.179.240] = did not pass 550-5.7.26 550-5.7.26 For instructions on setting up authentication, go to 550 5.7.26 https://support.google.com/mail/answer/81126#authentication d2e1a72fcca58-7a2300d725bsi2376253b3a.219 - gsmtp (in reply to end of DATA command))
Oct 19 09:40:41 vps postfix/qmgr[26951]: B6C313C0145: from=, status=expired, returned to sender
Oct 19 09:40:41 vps postfix/cleanup[28002]: 547E88F134: message-id=<20251019041041.547E88F134@vps.vcrowd.in>
Oct 19 09:40:41 vps postfix/qmgr[26951]: 547E88F134: from=<>, size=3855, nrcpt=1 (queue active)
Oct 19 09:40:41 vps postfix/bounce[28001]: B6C313C0145: sender non-delivery notification: 547E88F134
Oct 19 09:40:41 vps postfix/qmgr[26951]: B6C313C0145: removed
Oct 19 09:40:41 vps postfix/local[28004]: 547E88F134: to=, relay=local, delay=0.04, delays=0.02/0.02/0/0, dsn=2.0.0, status=sent (delivered to mailbox)
Oct 19 09:40:41 vps postfix/qmgr[26951]: 547E88F134: removed
Oct 19 09:40:50 vps postfix/anvil[27319]: statistics: max connection rate 1/60s for (submission:212.132.96.229) at
Oct 19 09:31:58
Oct 19 09:40:50 vps postfix/anvil[27319]: statistics: max connection count 1 for (submission:212.132.96.229) at
Oct 19 09:31:58
Oct 19 09:40:50 vps postfix/anvil[27319]: statistics: max cache size 4 at
Oct 19 09:35:05
Oct 19 09:40:56 vps postfix/smtpd[5060]: connect from unknown[212.132.96.229]
Oct 19 09:40:59 vps postfix/smtpd[5060]: warning: unknown[212.132.96.229]: SASL LOGIN authentication failed: UGFzc3dvcmQ6
Oct 19 09:40:59 vps postfix/smtpd[5060]: disconnect from unknown[212.132.96.229]
Oct 19 09:42:13 vps postfix/smtpd[5060]: connect from unknown[212.132.96.229]
Oct 19 09:42:15 vps postfix/smtpd[5060]: warning: unknown[212.132.96.229]: SASL LOGIN authentication failed: UGFzc3dvcmQ6
Oct 19 09:42:15 vps postfix/smtpd[5060]: disconnect from unknown[212.132.96.229]
Oct 19 09:43:29 vps postfix/smtpd[5060]: connect from unknown[212.132.96.229]
Oct 19 09:43:32 vps postfix/smtpd[5060]: warning: unknown[212.132.96.229]: SASL LOGIN authentication failed: UGFzc3dvcmQ6
Oct 19 09:43:32 vps postfix/smtpd[5060]: disconnect from unknown[212.132.96.229]
Oct 19 09:44:00 vps postfix/smtpd[30875]: connect from unknown[62.60.131.124]
Oct 19 09:44:03 vps postfix/smtpd[30875]: warning: unknown[62.60.131.124]: SASL LOGIN authentication failed: UGFzc3dvcmQ6
Oct 19 09:44:03 vps postfix/smtpd[30875]: disconnect from unknown[62.60.131.124]
Oct 19 09:44:46 vps postfix/smtpd[5060]: connect from unknown[212.132.96.229]
Oct 19 09:44:48 vps postfix/smtpd[5060]: warning: unknown[212.132.96.229]: SASL LOGIN authentication failed: UGFzc3dvcmQ6
Oct 19 09:44:48 vps postfix/smtpd[5060]: disconnect from unknown[212.132.96.229]
Oct 19 09:45:38 vps postfix/smtpd[30875]: connect from unknown[121.131.220.156]
Oct 19 09:45:45 vps postfix/smtpd[30875]: warning: unknown[121.131.220.156]: SASL LOGIN authentication failed: UGFzc3dvcmQ6
Oct 19 09:45:46 vps postfix/smtpd[30875]: lost connection after AUTH from unknown[121.131.220.156]
Oct 19 09:45:46 vps postfix/smtpd[30875]: disconnect from unknown[121.131.220.156]
