GIF89a; EcchiShell v1.0
//var/log/

Mass Deface Email Grabber

, size=927, nrcpt=1 (queue active)
Oct 19 03:52:21 vps postfix/pickup[17433]: 254951E029F: uid=1062 from=
Oct 19 03:52:21 vps postfix/cleanup[22071]: 254951E029F: message-id=<20251018222221.254951E029F@vps.vcrowd.in>
Oct 19 03:52:21 vps opendkim[5590]: 254951E029F: no signing table match for '"info@gvkennel"@gmail.com'
Oct 19 03:52:21 vps opendkim[5590]: 254951E029F: no signature data
Oct 19 03:52:21 vps postfix/qmgr[26951]: 254951E029F: from=, size=1046, nrcpt=1 (queue active)
Oct 19 03:52:21 vps postfix/smtp[22073]: 38D026F9D7: host gmail-smtp-in.l.google.com[142.251.12.27] said: 550-5.7.26 Your email has been blocked because the sender is unauthenticated. 550-5.7.26 Gmail requires all senders to authenticate with either SPF or DKIM. 550-5.7.26 550-5.7.26 Authentication results: 550-5.7.26 DKIM = did not pass 550-5.7.26 SPF [vps.vcrowd.in] with ip: [103.120.179.240] = did not pass 550-5.7.26 550-5.7.26 For instructions on setting up authentication, go to 550 5.7.26 https://support.google.com/mail/answer/81126#authentication 41be03b00d2f7-b6a76b83e0asi1793492a12.1337 - gsmtp (in reply to end of DATA command)
Oct 19 03:52:22 vps postfix/smtp[22098]: 254951E029F: host gmail-smtp-in.l.google.com[142.251.12.26] said: 550-5.7.26 Your email has been blocked because the sender is unauthenticated. 550-5.7.26 Gmail requires all senders to authenticate with either SPF or DKIM. 550-5.7.26 550-5.7.26 Authentication results: 550-5.7.26 DKIM = did not pass 550-5.7.26 SPF [vps.vcrowd.in] with ip: [103.120.179.240] = did not pass 550-5.7.26 550-5.7.26 For instructions on setting up authentication, go to 550 5.7.26 https://support.google.com/mail/answer/81126#authentication 41be03b00d2f7-b6a76b3d5absi1739179a12.771 - gsmtp (in reply to end of DATA command)
Oct 19 03:52:23 vps postfix/smtp[22073]: 38D026F9D7: to=, relay=alt1.gmail-smtp-in.l.google.com[192.178.163.27]:25, delay=3.3, delays=0.04/0.02/2.3/0.96, dsn=4.7.26, status=SOFTBOUNCE (host alt1.gmail-smtp-in.l.google.com[192.178.163.27] said: 550-5.7.26 Your email has been blocked because the sender is unauthenticated. 550-5.7.26 Gmail requires all senders to authenticate with either SPF or DKIM. 550-5.7.26 550-5.7.26 Authentication results: 550-5.7.26 DKIM = did not pass 550-5.7.26 SPF [vps.vcrowd.in] with ip: [103.120.179.240] = did not pass 550-5.7.26 550-5.7.26 For instructions on setting up authentication, go to 550 5.7.26 https://support.google.com/mail/answer/81126#authentication d9443c01a7336-292471dab2bsi20241775ad.200 - gsmtp (in reply to end of DATA command))
Oct 19 03:52:23 vps postfix/smtp[22098]: 254951E029F: to=, relay=alt1.gmail-smtp-in.l.google.com[192.178.163.26]:25, delay=2.8, delays=0.01/0.01/2/0.78, dsn=4.7.26, status=SOFTBOUNCE (host alt1.gmail-smtp-in.l.google.com[192.178.163.26] said: 550-5.7.26 Your email has been blocked because the sender is unauthenticated. 550-5.7.26 Gmail requires all senders to authenticate with either SPF or DKIM. 550-5.7.26 550-5.7.26 Authentication results: 550-5.7.26 DKIM = did not pass 550-5.7.26 SPF [vps.vcrowd.in] with ip: [103.120.179.240] = did not pass 550-5.7.26 550-5.7.26 For instructions on setting up authentication, go to 550 5.7.26 https://support.google.com/mail/answer/81126#authentication d2e1a72fcca58-7a22ff19be5si2029409b3a.38 - gsmtp (in reply to end of DATA command))
Oct 19 03:53:24 vps postfix/smtpd[6759]: connect from unknown[212.132.96.229]
Oct 19 03:53:27 vps postfix/smtpd[6759]: warning: unknown[212.132.96.229]: SASL LOGIN authentication failed: UGFzc3dvcmQ6
Oct 19 03:53:27 vps postfix/smtpd[6759]: disconnect from unknown[212.132.96.229]
Oct 19 03:53:48 vps postfix/smtpd[22774]: connect from unknown[193.32.162.71]
Oct 19 03:53:50 vps postfix/smtpd[22774]: warning: unknown[193.32.162.71]: SASL LOGIN authentication failed: UGFzc3dvcmQ6
Oct 19 03:53:50 vps postfix/smtpd[22774]: lost connection after AUTH from unknown[193.32.162.71]
Oct 19 03:53:50 vps postfix/smtpd[22774]: disconnect from unknown[193.32.162.71]
Oct 19 03:54:24 vps postfix/smtpd[22774]: connect from unknown[193.32.162.92]
Oct 19 03:54:27 vps postfix/smtpd[22774]: warning: unknown[193.32.162.92]: SASL LOGIN authentication failed: UGFzc3dvcmQ6
Oct 19 03:54:27 vps postfix/smtpd[22774]: lost connection after AUTH from unknown[193.32.162.92]
Oct 19 03:54:27 vps postfix/smtpd[22774]: disconnect from unknown[193.32.162.92]
Oct 19 03:54:41 vps postfix/smtpd[6759]: connect from unknown[212.132.96.229]
Oct 19 03:54:43 vps postfix/smtpd[6759]: warning: unknown[212.132.96.229]: SASL LOGIN authentication failed: UGFzc3dvcmQ6
Oct 19 03:54:43 vps postfix/smtpd[6759]: disconnect from unknown[212.132.96.229]
Oct 19 03:54:45 vps postfix/pickup[17433]: A6A1D3BF5BD: uid=1098 from=
Oct 19 03:54:45 vps postfix/cleanup[23359]: A6A1D3BF5BD: message-id=<20251018222445.A6A1D3BF5BD@vps.vcrowd.in>
Oct 19 03:54:45 vps opendkim[5590]: A6A1D3BF5BD: no signing table match for 'beneras1@yahoo.com'
Oct 19 03:54:45 vps opendkim[5590]: A6A1D3BF5BD: no signature data
Oct 19 03:54:45 vps postfix/qmgr[26951]: A6A1D3BF5BD: from=, size=548, nrcpt=3 (queue active)
Oct 19 03:54:47 vps postfix/smtp[23365]: A6A1D3BF5BD: host gmail-smtp-in.l.google.com[142.251.12.27] said: 550-5.7.26 Unauthenticated email from yahoo.com is not accepted due to domain's 550-5.7.26 DMARC policy. Please contact the administrator of yahoo.com domain 550-5.7.26 if this was a legitimate mail. To learn about the DMARC initiative, 550-5.7.26 go to 550 5.7.26 https://support.google.com/mail/?p=DmarcRejection d2e1a72fcca58-7a22ff19ba2si2060062b3a.18 - gsmtp (in reply to end of DATA command)
Oct 19 03:54:47 vps postfix/smtp[23366]: A6A1D3BF5BD: host mta6.am0.yahoodns.net[67.195.204.73] said: 554 5.7.9 This mail has been blocked because it failed authentication checks against the sending domains DMARC policy. See https://senders.yahooinc.com/smtp-error-codes#dmarc-fail for more information. (in reply to end of DATA command)
Oct 19 03:54:48 vps postfix/smtp[23365]: A6A1D3BF5BD: to=, relay=alt1.gmail-smtp-in.l.google.com[192.178.163.26]:25, delay=3.1, delays=0.05/0.02/2.3/0.75, dsn=4.7.26, status=SOFTBOUNCE (host alt1.gmail-smtp-in.l.google.com[192.178.163.26] said: 550-5.7.26 Unauthenticated email from yahoo.com is not accepted due to domain's 550-5.7.26 DMARC policy. Please contact the administrator of yahoo.com domain 550-5.7.26 if this was a legitimate mail. To learn about the DMARC initiative, 550-5.7.26 go to 550 5.7.26 https://support.google.com/mail/?p=DmarcRejection d2e1a72fcca58-7a23012d8c7si1963230b3a.940 - gsmtp (in reply to end of DATA command))
Oct 19 03:54:48 vps postfix/smtp[23365]: A6A1D3BF5BD: to=, relay=alt1.gmail-smtp-in.l.google.com[192.178.163.26]:25, delay=3.1, delays=0.05/0.02/2.3/0.75, dsn=4.7.26, status=SOFTBOUNCE (host alt1.gmail-smtp-in.l.google.com[192.178.163.26] said: 550-5.7.26 Unauthenticated email from yahoo.com is not accepted due to domain's 550-5.7.26 DMARC policy. Please contact the administrator of yahoo.com domain 550-5.7.26 if this was a legitimate mail. To learn about the DMARC initiative, 550-5.7.26 go to 550 5.7.26 https://support.google.com/mail/?p=DmarcRejection d2e1a72fcca58-7a23012d8c7si1963230b3a.940 - gsmtp (in reply to end of DATA command))
Oct 19 03:54:49 vps postfix/smtp[23366]: A6A1D3BF5BD: to=, relay=mta5.am0.yahoodns.net[67.195.204.77]:25, delay=3.6, delays=0.05/0.03/2.9/0.67, dsn=4.7.9, status=SOFTBOUNCE (host mta5.am0.yahoodns.net[67.195.204.77] said: 554 5.7.9 This mail has been blocked because it failed authentication checks against the sending domains DMARC policy. See https://senders.yahooinc.com/smtp-error-codes#dmarc-fail for more information. (in reply to end of DATA command))
Oct 19 03:55:55 vps postfix/smtpd[22774]: connect from unknown[77.90.185.216]
Oct 19 03:55:57 vps postfix/smtpd[6759]: connect from unknown[212.132.96.229]
Oct 19 03:55:58 vps postfix/smtpd[24856]: connect from unknown[77.90.185.216]
Oct 19 03:56:00 vps postfix/smtpd[6759]: warning: unknown[212.132.96.229]: SASL LOGIN authentication failed: UGFzc3dvcmQ6
Oct 19 03:56:00 vps postfix/smtpd[6759]: disconnect from unknown[212.132.96.229]
Oct 19 03:56:02 vps postfix/smtpd[22774]: warning: unknown[77.90.185.216]: SASL LOGIN authentication failed: UGFzc3dvcmQ6
Oct 19 03:56:02 vps postfix/smtpd[22774]: disconnect from unknown[77.90.185.216]
Oct 19 03:56:07 vps postfix/smtpd[22774]: connect from unknown[77.90.185.216]
Oct 19 03:56:09 vps postfix/smtpd[24856]: warning: unknown[77.90.185.216]: SASL LOGIN authentication failed: UGFzc3dvcmQ6
Oct 19 03:56:09 vps postfix/smtpd[24856]: disconnect from unknown[77.90.185.216]
Oct 19 03:56:10 vps postfix/smtpd[24856]: connect from unknown[77.90.185.216]
Oct 19 03:56:12 vps postfix/smtpd[25042]: connect from unknown[77.90.185.216]
Oct 19 03:56:12 vps postfix/smtpd[25043]: connect from unknown[77.90.185.216]
Oct 19 03:56:14 vps postfix/smtpd[25075]: connect from unknown[77.90.185.216]
Oct 19 03:56:16 vps postfix/smtpd[25093]: connect from unknown[77.90.185.216]
Oct 19 03:56:16 vps postfix/smtpd[25094]: connect from unknown[193.32.162.92]
Oct 19 03:56:19 vps postfix/smtpd[25094]: warning: unknown[193.32.162.92]: SASL LOGIN authentication failed: UGFzc3dvcmQ6
Oct 19 03:56:19 vps postfix/smtpd[25094]: lost connection after AUTH from unknown[193.32.162.92]
Oct 19 03:56:19 vps postfix/smtpd[25094]: disconnect from unknown[193.32.162.92]
Oct 19 03:56:23 vps postfix/smtpd[22774]: warning: unknown[77.90.185.216]: SASL LOGIN authentication failed: UGFzc3dvcmQ6
Oct 19 03:56:23 vps postfix/smtpd[22774]: disconnect from unknown[77.90.185.216]
Oct 19 03:56:26 vps postfix/smtpd[24856]: warning: unknown[77.90.185.216]: SASL LOGIN authentication failed: UGFzc3dvcmQ6
Oct 19 03:56:26 vps postfix/smtpd[24856]: disconnect from unknown[77.90.185.216]
Oct 19 03:56:27 vps postfix/smtpd[25042]: warning: unknown[77.90.185.216]: SASL LOGIN authentication failed: UGFzc3dvcmQ6
Oct 19 03:56:28 vps postfix/smtpd[25042]: disconnect from unknown[77.90.185.216]
Oct 19 03:56:30 vps postfix/smtpd[25075]: warning: unknown[77.90.185.216]: SASL LOGIN authentication failed: UGFzc3dvcmQ6
Oct 19 03:56:31 vps postfix/smtpd[25075]: disconnect from unknown[77.90.185.216]
Oct 19 03:56:33 vps postfix/smtpd[25043]: warning: unknown[77.90.185.216]: SASL LOGIN authentication failed: Connection lost to authentication server
Oct 19 03:56:33 vps postfix/smtpd[25093]: warning: unknown[77.90.185.216]: SASL LOGIN authentication failed: UGFzc3dvcmQ6
Oct 19 03:56:33 vps postfix/smtpd[25093]: disconnect from unknown[77.90.185.216]
Oct 19 03:56:33 vps postfix/smtpd[25043]: disconnect from unknown[77.90.185.216]
Oct 19 03:57:12 vps postfix/smtpd[6759]: connect from unknown[212.132.96.229]
Oct 19 03:57:14 vps postfix/smtpd[6759]: warning: unknown[212.132.96.229]: SASL LOGIN authentication failed: UGFzc3dvcmQ6
Oct 19 03:57:14 vps postfix/smtpd[6759]: disconnect from unknown[212.132.96.229]
Oct 19 03:57:37 vps postfix/smtpd[25094]: connect from unknown[193.32.162.92]
Oct 19 03:57:40 vps postfix/smtpd[25094]: warning: unknown[193.32.162.92]: SASL LOGIN authentication failed: UGFzc3dvcmQ6
Oct 19 03:57:40 vps postfix/smtpd[25094]: lost connection after AUTH from unknown[193.32.162.92]
Oct 19 03:57:40 vps postfix/smtpd[25094]: disconnect from unknown[193.32.162.92]
Oct 19 03:58:21 vps postfix/smtpd[25094]: connect from unknown[196.251.92.11]
Oct 19 03:58:24 vps postfix/smtpd[25094]: warning: unknown[196.251.92.11]: SASL LOGIN authentication failed: UGFzc3dvcmQ6
Oct 19 03:58:24 vps postfix/smtpd[25094]: disconnect from unknown[196.251.92.11]
Oct 19 03:58:27 vps postfix/smtpd[6759]: connect from unknown[212.132.96.229]
Oct 19 03:58:30 vps postfix/smtpd[6759]: warning: unknown[212.132.96.229]: SASL LOGIN authentication failed: UGFzc3dvcmQ6
Oct 19 03:58:30 vps postfix/smtpd[6759]: disconnect from unknown[212.132.96.229]
Oct 19 03:58:33 vps postfix/smtpd[25094]: connect from unknown[62.60.131.17]
Oct 19 03:58:37 vps postfix/smtpd[25094]: warning: unknown[62.60.131.17]: SASL LOGIN authentication failed: UGFzc3dvcmQ6
Oct 19 03:58:37 vps postfix/smtpd[25094]: disconnect from unknown[62.60.131.17]
Oct 19 03:58:40 vps postfix/smtpd[25094]: connect from unknown[213.209.157.225]
Oct 19 03:58:42 vps postfix/smtpd[25094]: warning: unknown[213.209.157.225]: SASL LOGIN authentication failed: UGFzc3dvcmQ6
Oct 19 03:58:42 vps postfix/smtpd[25094]: disconnect from unknown[213.209.157.225]
Oct 19 03:58:52 vps postfix/smtpd[25094]: connect from unknown[213.209.157.116]
Oct 19 03:58:54 vps postfix/smtpd[25094]: warning: unknown[213.209.157.116]: SASL LOGIN authentication failed: UGFzc3dvcmQ6
Oct 19 03:58:54 vps postfix/smtpd[25094]: disconnect from unknown[213.209.157.116]
Oct 19 03:59:44 vps postfix/smtpd[6759]: connect from unknown[212.132.96.229]
Oct 19 03:59:48 vps postfix/smtpd[6759]: warning: unknown[212.132.96.229]: SASL LOGIN authentication failed: UGFzc3dvcmQ6
Oct 19 03:59:48 vps postfix/smtpd[6759]: disconnect from unknown[212.132.96.229]
Oct 19 04:00:29 vps postfix/smtpd[25094]: connect from unknown[62.60.131.17]
Oct 19 04:00:32 vps postfix/smtpd[25094]: warning: unknown[62.60.131.17]: SASL LOGIN authentication failed: UGFzc3dvcmQ6
Oct 19 04:00:33 vps postfix/smtpd[25094]: disconnect from unknown[62.60.131.17]
Oct 19 04:00:38 vps postfix/qmgr[26951]: 38D026F9D7: from=, size=927, nrcpt=1 (queue active)
Oct 19 04:00:38 vps postfix/qmgr[26951]: 254951E029F: from=, size=1046, nrcpt=1 (queue active)
Oct 19 04:00:38 vps postfix/qmgr[26951]: A6A1D3BF5BD: from=, size=548, nrcpt=3 (queue active)
Oct 19 04:00:39 vps postfix/smtp[28551]: A6A1D3BF5BD: host gmail-smtp-in.l.google.com[142.251.12.26] said: 550-5.7.26 Unauthenticated email from yahoo.com is not accepted due to domain's 550-5.7.26 DMARC policy. Please contact the administrator of yahoo.com domain 550-5.7.26 if this was a legitimate mail. To learn about the DMARC initiative, 550-5.7.26 go to 550 5.7.26 https://support.google.com/mail/?p=DmarcRejection d9443c01a7336-292471ff1cfsi19610895ad.366 - gsmtp (in reply to end of DATA command)
Oct 19 04:00:39 vps postfix/smtp[28548]: 38D026F9D7: host gmail-smtp-in.l.google.com[142.251.12.26] said: 550-5.7.26 Your email has been blocked because the sender is unauthenticated. 550-5.7.26 Gmail requires all senders to authenticate with either SPF or DKIM. 550-5.7.26 550-5.7.26 Authentication results: 550-5.7.26 DKIM = did not pass 550-5.7.26 SPF [vps.vcrowd.in] with ip: [103.120.179.240] = did not pass 550-5.7.26 550-5.7.26 For instructions on setting up authentication, go to 550 5.7.26 https://support.google.com/mail/answer/81126#authentication d2e1a72fcca58-7a2300d4ef3si1922354b3a.350 - gsmtp (in reply to end of DATA command)
Oct 19 04:00:39 vps postfix/smtp[28550]: 254951E029F: host gmail-smtp-in.l.google.com[142.251.12.26] said: 550-5.7.26 Your email has been blocked because the sender is unauthenticated. 550-5.7.26 Gmail requires all senders to authenticate with either SPF or DKIM. 550-5.7.26 550-5.7.26 Authentication results: 550-5.7.26 DKIM = did not pass 550-5.7.26 SPF [vps.vcrowd.in] with ip: [103.120.179.240] = did not pass 550-5.7.26 550-5.7.26 For instructions on setting up authentication, go to 550 5.7.26 https://support.google.com/mail/answer/81126#authentication 41be03b00d2f7-b6a76b6a06dsi1838532a12.1130 - gsmtp (in reply to end of DATA command)
Oct 19 04:00:40 vps postfix/smtp[28553]: A6A1D3BF5BD: host mta5.am0.yahoodns.net[67.195.228.111] said: 554 5.7.9 This mail has been blocked because it failed authentication checks against the sending domains DMARC policy. See https://senders.yahooinc.com/smtp-error-codes#dmarc-fail for more information. (in reply to end of DATA command)
Oct 19 04:00:41 vps postfix/smtp[28551]: A6A1D3BF5BD: to=, relay=alt1.gmail-smtp-in.l.google.com[192.178.163.26]:25, delay=355, delays=353/0.05/1.9/0.74, dsn=4.7.26, status=SOFTBOUNCE (host alt1.gmail-smtp-in.l.google.com[192.178.163.26] said: 550-5.7.26 Unauthenticated email from yahoo.com is not accepted due to domain's 550-5.7.26 DMARC policy. Please contact the administrator of yahoo.com domain 550-5.7.26 if this was a legitimate mail. To learn about the DMARC initiative, 550-5.7.26 go to 550 5.7.26 https://support.google.com/mail/?p=DmarcRejection d9443c01a7336-292472048cfsi20920615ad.425 - gsmtp (in reply to end of DATA command))
Oct 19 04:00:41 vps postfix/smtp[28551]: A6A1D3BF5BD: to=, relay=alt1.gmail-smtp-in.l.google.com[192.178.163.26]:25, delay=355, delays=353/0.05/1.9/0.74, dsn=4.7.26, status=SOFTBOUNCE (host alt1.gmail-smtp-in.l.google.com[192.178.163.26] said: 550-5.7.26 Unauthenticated email from yahoo.com is not accepted due to domain's 550-5.7.26 DMARC policy. Please contact the administrator of yahoo.com domain 550-5.7.26 if this was a legitimate mail. To learn about the DMARC initiative, 550-5.7.26 go to 550 5.7.26 https://support.google.com/mail/?p=DmarcRejection d9443c01a7336-292472048cfsi20920615ad.425 - gsmtp (in reply to end of DATA command))
Oct 19 04:00:41 vps postfix/smtp[28548]: 38D026F9D7: to=, relay=alt1.gmail-smtp-in.l.google.com[192.178.163.27]:25, delay=501, delays=498/0.15/2/0.79, dsn=4.7.26, status=SOFTBOUNCE (host alt1.gmail-smtp-in.l.google.com[192.178.163.27] said: 550-5.7.26 Your email has been blocked because the sender is unauthenticated. 550-5.7.26 Gmail requires all senders to authenticate with either SPF or DKIM. 550-5.7.26 550-5.7.26 Authentication results: 550-5.7.26 DKIM = did not pass 550-5.7.26 SPF [vps.vcrowd.in] with ip: [103.120.179.240] = did not pass 550-5.7.26 550-5.7.26 For instructions on setting up authentication, go to 550 5.7.26 https://support.google.com/mail/answer/81126#authentication d2e1a72fcca58-7a230106ac6si1978717b3a.591 - gsmtp (in reply to end of DATA command))
Oct 19 04:00:41 vps postfix/smtp[28550]: 254951E029F: to=, relay=alt1.gmail-smtp-in.l.google.com[192.178.163.27]:25, delay=500, delays=497/0.04/2.3/0.78, dsn=4.7.26, status=SOFTBOUNCE (host alt1.gmail-smtp-in.l.google.com[192.178.163.27] said: 550-5.7.26 Your email has been blocked because the sender is unauthenticated. 550-5.7.26 Gmail requires all senders to authenticate with either SPF or DKIM. 550-5.7.26 550-5.7.26 Authentication results: 550-5.7.26 DKIM = did not pass 550-5.7.26 SPF [vps.vcrowd.in] with ip: [103.120.179.240] = did not pass 550-5.7.26 550-5.7.26 For instructions on setting up authentication, go to 550 5.7.26 https://support.google.com/mail/answer/81126#authentication 41be03b00d2f7-b6a76ba2e4dsi1814463a12.1634 - gsmtp (in reply to end of DATA command))
Oct 19 04:00:42 vps postfix/smtp[28553]: A6A1D3BF5BD: to=, relay=mta7.am0.yahoodns.net[67.195.204.77]:25, delay=357, delays=353/0.07/3.5/0.66, dsn=4.7.9, status=SOFTBOUNCE (host mta7.am0.yahoodns.net[67.195.204.77] said: 554 5.7.9 This mail has been blocked because it failed authentication checks against the sending domains DMARC policy. See https://senders.yahooinc.com/smtp-error-codes#dmarc-fail for more information. (in reply to end of DATA command))
Oct 19 04:00:50 vps postfix/anvil[27319]: statistics: max connection rate 8/60s for (smtp:77.90.185.216) at
Oct 19 03:56:16
Oct 19 04:00:50 vps postfix/anvil[27319]: statistics: max connection count 6 for (smtp:77.90.185.216) at
Oct 19 03:56:16
Oct 19 04:00:50 vps postfix/anvil[27319]: statistics: max cache size 5 at
Oct 19 03:58:52
Oct 19 04:01:03 vps postfix/smtpd[6759]: connect from unknown[212.132.96.229]
Oct 19 04:01:06 vps postfix/smtpd[6759]: warning: unknown[212.132.96.229]: SASL LOGIN authentication failed: UGFzc3dvcmQ6
Oct 19 04:01:06 vps postfix/smtpd[6759]: disconnect from unknown[212.132.96.229]
Oct 19 04:01:22 vps postfix/smtpd[25094]: connect from lewis.rolldeos.com[94.156.175.177]
Oct 19 04:01:22 vps postfix/smtpd[25094]: NOQUEUE: reject: RCPT from lewis.rolldeos.com[94.156.175.177]: 454 4.7.1 Service unavailable; Client host [94.156.175.177] blocked using bl.spamcop.net; Blocked - see https://www.spamcop.net/bl.shtml?94.156.175.177; from= to= proto=ESMTP helo=
Oct 19 04:01:22 vps postfix/smtpd[25094]: disconnect from lewis.rolldeos.com[94.156.175.177]
Oct 19 04:01:41 vps postfix/smtpd[25094]: connect from unknown[195.211.188.86]
Oct 19 04:01:44 vps postfix/smtpd[25094]: warning: unknown[195.211.188.86]: SASL LOGIN authentication failed: UGFzc3dvcmQ6
Oct 19 04:01:44 vps postfix/smtpd[25094]: disconnect from unknown[195.211.188.86]
Oct 19 04:02:18 vps postfix/smtpd[6759]: connect from unknown[212.132.96.229]
Oct 19 04:02:21 vps postfix/smtpd[6759]: warning: unknown[212.132.96.229]: SASL LOGIN authentication failed: UGFzc3dvcmQ6
Oct 19 04:02:21 vps postfix/smtpd[6759]: disconnect from unknown[212.132.96.229]
Oct 19 04:02:25 vps postfix/smtps/smtpd[30229]: warning: No server certs available. TLS won't be enabled
Oct 19 04:02:25 vps postfix/smtps/smtpd[30229]: connect from static-n58-105-195-4.bla4.nsw.optusnet.com.au[58.105.195.4]
Oct 19 04:02:25 vps postfix/smtps/smtpd[30229]: warning: Wrapper-mode request dropped from static-n58-105-195-4.bla4.nsw.optusnet.com.au[58.105.195.4] for service 465. TLS context initialization failed. For details see earlier warnings in your logs.
Oct 19 04:02:25 vps postfix/smtps/smtpd[30229]: disconnect from static-n58-105-195-4.bla4.nsw.optusnet.com.au[58.105.195.4]
Oct 19 04:02:36 vps postfix/smtps/smtpd[30229]: connect from unknown[103.50.5.94]
Oct 19 04:02:36 vps postfix/smtps/smtpd[30229]: warning: Wrapper-mode request dropped from unknown[103.50.5.94] for service 465. TLS context initialization failed. For details see earlier warnings in your logs.
Oct 19 04:02:36 vps postfix/smtps/smtpd[30229]: disconnect from unknown[103.50.5.94]
Oct 19 04:02:39 vps postfix/smtps/smtpd[30229]: connect from unknown[125.20.224.94]
Oct 19 04:02:39 vps postfix/smtps/smtpd[30229]: warning: Wrapper-mode request dropped from unknown[125.20.224.94] for service 465. TLS context initialization failed. For details see earlier warnings in your logs.
Oct 19 04:02:39 vps postfix/smtps/smtpd[30229]: disconnect from unknown[125.20.224.94]
Oct 19 04:02:42 vps postfix/smtps/smtpd[30229]: connect from mail.smanager.eu[116.203.254.30]
Oct 19 04:02:42 vps postfix/smtps/smtpd[30229]: warning: Wrapper-mode request dropped from mail.smanager.eu[116.203.254.30] for service 465. TLS context initialization failed. For details see earlier warnings in your logs.
Oct 19 04:02:42 vps postfix/smtps/smtpd[30229]: disconnect from mail.smanager.eu[116.203.254.30]
Oct 19 04:02:45 vps postfix/smtps/smtpd[30229]: connect from unknown[125.142.39.13]
Oct 19 04:02:45 vps postfix/smtps/smtpd[30229]: warning: Wrapper-mode request dropped from unknown[125.142.39.13] for service 465. TLS context initialization failed. For details see earlier warnings in your logs.
Oct 19 04:02:45 vps postfix/smtps/smtpd[30229]: disconnect from unknown[125.142.39.13]
Oct 19 04:02:47 vps postfix/smtps/smtpd[30229]: connect from unknown[218.10.27.190]
Oct 19 04:02:47 vps postfix/smtps/smtpd[30229]: warning: Wrapper-mode request dropped from unknown[218.10.27.190] for service 465. TLS context initialization failed. For details see earlier warnings in your logs.
Oct 19 04:02:47 vps postfix/smtps/smtpd[30229]: disconnect from unknown[218.10.27.190]
Oct 19 04:03:21 vps postfix/smtps/smtpd[30229]: warning: hostname 182.239.80.74.hk.chinamobile.com does not resolve to address 182.239.80.74: Name or service not known
Oct 19 04:03:21 vps postfix/smtps/smtpd[30229]: connect from unknown[182.239.80.74]
Oct 19 04:03:21 vps postfix/smtps/smtpd[30229]: warning: Wrapper-mode request dropped from unknown[182.239.80.74] for service 465. TLS context initialization failed. For details see earlier warnings in your logs.
Oct 19 04:03:21 vps postfix/smtps/smtpd[30229]: disconnect from unknown[182.239.80.74]
Oct 19 04:03:33 vps postfix/smtpd[6759]: connect from unknown[212.132.96.229]
Oct 19 04:03:36 vps postfix/smtpd[6759]: warning: unknown[212.132.96.229]: SASL LOGIN authentication failed: UGFzc3dvcmQ6
Oct 19 04:03:36 vps postfix/smtpd[6759]: disconnect from unknown[212.132.96.229]
Oct 19 04:04:50 vps postfix/smtpd[6759]: connect from unknown[212.132.96.229]
Oct 19 04:04:52 vps postfix/smtpd[6759]: warning: unknown[212.132.96.229]: SASL LOGIN authentication failed: UGFzc3dvcmQ6
Oct 19 04:04:52 vps postfix/smtpd[6759]: disconnect from unknown[212.132.96.229]
Oct 19 04:05:29 vps postfix/pickup[17433]: 577131D858: uid=1062 from=
Oct 19 04:05:29 vps postfix/cleanup[578]: 577131D858: message-id=<20251018223529.577131D858@vps.vcrowd.in>
Oct 19 04:05:29 vps opendkim[5590]: 577131D858: no signing table match for '"info@gvkennel"@gmail.com'
Oct 19 04:05:29 vps opendkim[5590]: 577131D858: no signature data
Oct 19 04:05:29 vps postfix/qmgr[26951]: 577131D858: from=, size=927, nrcpt=1 (queue active)
Oct 19 04:05:30 vps postfix/smtp[585]: 577131D858: host gmail-smtp-in.l.google.com[142.251.12.27] said: 550-5.7.26 Your email has been blocked because the sender is unauthenticated. 550-5.7.26 Gmail requires all senders to authenticate with either SPF or DKIM. 550-5.7.26 550-5.7.26 Authentication results: 550-5.7.26 DKIM = did not pass 550-5.7.26 SPF [vps.vcrowd.in] with ip: [103.120.179.240] = did not pass 550-5.7.26 550-5.7.26 For instructions on setting up authentication, go to 550 5.7.26 https://support.google.com/mail/answer/81126#authentication 41be03b00d2f7-b6a76b1e25dsi1662714a12.525 - gsmtp (in reply to end of DATA command)
Oct 19 04:05:32 vps postfix/smtp[585]: 577131D858: to=, relay=alt1.gmail-smtp-in.l.google.com[192.178.163.27]:25, delay=2.9, delays=0.11/0.03/2/0.72, dsn=4.7.26, status=SOFTBOUNCE (host alt1.gmail-smtp-in.l.google.com[192.178.163.27] said: 550-5.7.26 Your email has been blocked because the sender is unauthenticated. 550-5.7.26 Gmail requires all senders to authenticate with either SPF or DKIM. 550-5.7.26 550-5.7.26 Authentication results: 550-5.7.26 DKIM = did not pass 550-5.7.26 SPF [vps.vcrowd.in] with ip: [103.120.179.240] = did not pass 550-5.7.26 550-5.7.26 For instructions on setting up authentication, go to 550 5.7.26 https://support.google.com/mail/answer/81126#authentication 41be03b00d2f7-b6a76b920bfsi1746659a12.1576 - gsmtp (in reply to end of DATA command))
Oct 19 04:06:05 vps postfix/smtpd[6759]: connect from unknown[212.132.96.229]
Oct 19 04:06:08 vps postfix/smtpd[6759]: warning: unknown[212.132.96.229]: SASL LOGIN authentication failed: UGFzc3dvcmQ6
Oct 19 04:06:08 vps postfix/smtpd[6759]: disconnect from unknown[212.132.96.229]
Oct 19 04:06:26 vps postfix/smtpd[1245]: connect from unknown[193.32.162.92]
Oct 19 04:06:29 vps postfix/smtpd[1245]: warning: unknown[193.32.162.92]: SASL LOGIN authentication failed: UGFzc3dvcmQ6
Oct 19 04:06:29 vps postfix/smtpd[1245]: lost connection after AUTH from unknown[193.32.162.92]
Oct 19 04:06:29 vps postfix/smtpd[1245]: disconnect from unknown[193.32.162.92]
Oct 19 04:06:42 vps postfix/smtpd[1245]: connect from mail-vk1-f195.google.com[209.85.221.195]
Oct 19 04:06:43 vps postfix/smtpd[1245]: NOQUEUE: reject: RCPT from mail-vk1-f195.google.com[209.85.221.195]: 450 4.1.1 : Recipient address rejected: User unknown in virtual mailbox table; from= to= proto=ESMTP helo=
Oct 19 04:06:43 vps postfix/smtpd[1245]: disconnect from mail-vk1-f195.google.com[209.85.221.195]
Oct 19 04:07:20 vps postfix/smtpd[6759]: connect from unknown[212.132.96.229]
Oct 19 04:07:22 vps postfix/smtpd[6759]: warning: unknown[212.132.96.229]: SASL LOGIN authentication failed: UGFzc3dvcmQ6
Oct 19 04:07:22 vps postfix/smtpd[6759]: disconnect from unknown[212.132.96.229]
Oct 19 04:07:40 vps postfix/smtpd[1245]: connect from unknown[62.60.131.17]
Oct 19 04:07:44 vps postfix/smtpd[1245]: warning: unknown[62.60.131.17]: SASL LOGIN authentication failed: UGFzc3dvcmQ6
Oct 19 04:07:44 vps postfix/smtpd[1245]: disconnect from unknown[62.60.131.17]
Oct 19 04:08:17 vps postfix/smtpd[1245]: connect from unknown[193.32.162.92]
Oct 19 04:08:19 vps postfix/smtpd[2476]: connect from unknown[213.209.157.252]
Oct 19 04:08:20 vps postfix/smtpd[1245]: warning: unknown[193.32.162.92]: SASL LOGIN authentication failed: UGFzc3dvcmQ6
Oct 19 04:08:20 vps postfix/smtpd[1245]: lost connection after AUTH from unknown[193.32.162.92]
Oct 19 04:08:20 vps postfix/smtpd[1245]: disconnect from unknown[193.32.162.92]
Oct 19 04:08:22 vps postfix/smtpd[2476]: warning: unknown[213.209.157.252]: SASL LOGIN authentication failed: UGFzc3dvcmQ6
Oct 19 04:08:22 vps postfix/smtpd[2476]: disconnect from unknown[213.209.157.252]
Oct 19 04:08:37 vps postfix/smtpd[6759]: connect from unknown[212.132.96.229]
Oct 19 04:08:40 vps postfix/smtpd[6759]: warning: unknown[212.132.96.229]: SASL LOGIN authentication failed: UGFzc3dvcmQ6
Oct 19 04:08:40 vps postfix/smtpd[6759]: disconnect from unknown[212.132.96.229]
Oct 19 04:09:39 vps postfix/smtpd[1245]: connect from unknown[193.32.162.92]
Oct 19 04:09:41 vps postfix/smtpd[1245]: warning: unknown[193.32.162.92]: SASL LOGIN authentication failed: UGFzc3dvcmQ6
Oct 19 04:09:41 vps postfix/smtpd[1245]: lost connection after AUTH from unknown[193.32.162.92]
Oct 19 04:09:41 vps postfix/smtpd[1245]: disconnect from unknown[193.32.162.92]
Oct 19 04:09:53 vps postfix/smtpd[6759]: connect from unknown[212.132.96.229]
Oct 19 04:09:56 vps postfix/smtpd[6759]: warning: unknown[212.132.96.229]: SASL LOGIN authentication failed: UGFzc3dvcmQ6
Oct 19 04:09:56 vps postfix/smtpd[6759]: disconnect from unknown[212.132.96.229]
Oct 19 04:09:57 vps postfix/pickup[17433]: 8C4993C0143: uid=1062 from=
Oct 19 04:09:57 vps postfix/cleanup[3515]: 8C4993C0143: message-id=<20251018223957.8C4993C0143@vps.vcrowd.in>
Oct 19 04:09:57 vps opendkim[5590]: 8C4993C0143: no signing table match for '"info@gvkennel"@gmail.com'
Oct 19 04:09:57 vps opendkim[5590]: 8C4993C0143: no signature data
Oct 19 04:09:57 vps postfix/qmgr[26951]: 8C4993C0143: from=, size=929, nrcpt=1 (queue active)
Oct 19 04:09:58 vps postfix/pickup[17433]: 16A573C0144: uid=1062 from=
Oct 19 04:09:58 vps postfix/cleanup[3515]: 16A573C0144: message-id=<20251018223958.16A573C0144@vps.vcrowd.in>
Oct 19 04:09:58 vps opendkim[5590]: 16A573C0144: no signing table match for '"info@gvkennel"@gmail.com'
Oct 19 04:09:58 vps opendkim[5590]: 16A573C0144: no signature data
Oct 19 04:09:58 vps postfix/qmgr[26951]: 16A573C0144: from=, size=2396, nrcpt=1 (queue active)
Oct 19 04:09:58 vps postfix/pickup[17433]: 93C3F3C0145: uid=1062 from=
Oct 19 04:09:58 vps postfix/cleanup[3515]: 93C3F3C0145: message-id=<20251018223958.93C3F3C0145@vps.vcrowd.in>
Oct 19 04:09:58 vps opendkim[5590]: 93C3F3C0145: no signing table match for '"info@gvkennel"@gmail.com'
Oct 19 04:09:58 vps opendkim[5590]: 93C3F3C0145: no signature data
Oct 19 04:09:58 vps postfix/qmgr[26951]: 93C3F3C0145: from=, size=929, nrcpt=1 (queue active)
Oct 19 04:09:58 vps postfix/smtp[3522]: 8C4993C0143: host gmail-smtp-in.l.google.com[142.251.12.27] said: 550-5.7.26 Your email has been blocked because the sender is unauthenticated. 550-5.7.26 Gmail requires all senders to authenticate with either SPF or DKIM. 550-5.7.26 550-5.7.26 Authentication results: 550-5.7.26 DKIM = did not pass 550-5.7.26 SPF [vps.vcrowd.in] with ip: [103.120.179.240] = did not pass 550-5.7.26 550-5.7.26 For instructions on setting up authentication, go to 550 5.7.26 https://support.google.com/mail/answer/81126#authentication d2e1a72fcca58-7a2300fdab5si2010336b3a.582 - gsmtp (in reply to end of DATA command)
Oct 19 04:09:59 vps postfix/smtp[3543]: 16A573C0144: host gmail-smtp-in.l.google.com[142.251.12.26] said: 550-5.7.26 Your email has been blocked because the sender is unauthenticated. 550-5.7.26 Gmail requires all senders to authenticate with either SPF or DKIM. 550-5.7.26 550-5.7.26 Authentication results: 550-5.7.26 DKIM = did not pass 550-5.7.26 SPF [vps.vcrowd.in] with ip: [103.120.179.240] = did not pass 550-5.7.26 550-5.7.26 For instructions on setting up authentication, go to 550 5.7.26 https://support.google.com/mail/answer/81126#authentication d2e1a72fcca58-7a2300fb2ffsi2027659b3a.532 - gsmtp (in reply to end of DATA command)
Oct 19 04:09:59 vps postfix/smtp[3564]: 93C3F3C0145: host gmail-smtp-in.l.google.com[142.251.12.26] said: 550-5.7.26 Your email has been blocked because the sender is unauthenticated. 550-5.7.26 Gmail requires all senders to authenticate with either SPF or DKIM. 550-5.7.26 550-5.7.26 Authentication results: 550-5.7.26 DKIM = did not pass 550-5.7.26 SPF [vps.vcrowd.in] with ip: [103.120.179.240] = did not pass 550-5.7.26 550-5.7.26 For instructions on setting up authentication, go to 550 5.7.26 https://support.google.com/mail/answer/81126#authentication 41be03b00d2f7-b6a76b3a677si1748120a12.753 - gsmtp (in reply to end of DATA command)
Oct 19 04:10:00 vps postfix/smtp[3522]: 8C4993C0143: to=, relay=alt1.gmail-smtp-in.l.google.com[192.178.163.27]:25, delay=2.9, delays=0.05/0.02/2/0.81, dsn=4.7.26, status=SOFTBOUNCE (host alt1.gmail-smtp-in.l.google.com[192.178.163.27] said: 550-5.7.26 Your email has been blocked because the sender is unauthenticated. 550-5.7.26 Gmail requires all senders to authenticate with either SPF or DKIM. 550-5.7.26 550-5.7.26 Authentication results: 550-5.7.26 DKIM = did not pass 550-5.7.26 SPF [vps.vcrowd.in] with ip: [103.120.179.240] = did not pass 550-5.7.26 550-5.7.26 For instructions on setting up authentication, go to 550 5.7.26 https://support.google.com/mail/answer/81126#authentication 41be03b00d2f7-b6a76b8a0a2si1821077a12.1533 - gsmtp (in reply to end of DATA command))
Oct 19 04:10:00 vps postfix/smtp[3543]: 16A573C0144: to=, relay=alt1.gmail-smtp-in.l.google.com[192.178.163.26]:25, delay=2.9, delays=0.02/0.02/2.1/0.78, dsn=4.7.26, status=SOFTBOUNCE (host alt1.gmail-smtp-in.l.google.com[192.178.163.26] said: 550-5.7.26 Your email has been blocked because the sender is unauthenticated. 550-5.7.26 Gmail requires all senders to authenticate with either SPF or DKIM. 550-5.7.26 550-5.7.26 Authentication results: 550-5.7.26 DKIM = did not pass 550-5.7.26 SPF [vps.vcrowd.in] with ip: [103.120.179.240] = did not pass 550-5.7.26 550-5.7.26 For instructions on setting up authentication, go to 550 5.7.26 https://support.google.com/mail/answer/81126#authentication d2e1a72fcca58-7a2300d5328si1946191b3a.373 - gsmtp (in reply to end of DATA command))
Oct 19 04:10:01 vps postfix/smtp[3564]: 93C3F3C0145: to=, relay=alt1.gmail-smtp-in.l.google.com[192.178.163.27]:25, delay=2.8, delays=0.01/0.01/2/0.8, dsn=4.7.26, status=SOFTBOUNCE (host alt1.gmail-smtp-in.l.google.com[192.178.163.27] said: 550-5.7.26 Your email has been blocked because the sender is unauthenticated. 550-5.7.26 Gmail requires all senders to authenticate with either SPF or DKIM. 550-5.7.26 550-5.7.26 Authentication results: 550-5.7.26 DKIM = did not pass 550-5.7.26 SPF [vps.vcrowd.in] with ip: [103.120.179.240] = did not pass 550-5.7.26 550-5.7.26 For instructions on setting up authentication, go to 550 5.7.26 https://support.google.com/mail/answer/81126#authentication d9443c01a7336-292471dae3esi21708615ad.332 - gsmtp (in reply to end of DATA command))
Oct 19 04:10:15 vps postfix/smtpd[1245]: connect from unknown[62.60.131.17]
Oct 19 04:10:18 vps postfix/smtpd[1245]: warning: unknown[62.60.131.17]: SASL LOGIN authentication failed: UGFzc3dvcmQ6
Oct 19 04:10:18 vps postfix/smtpd[1245]: disconnect from unknown[62.60.131.17]
Oct 19 04:10:20 vps postfix/smtpd[1245]: connect from unknown[62.60.131.124]
Oct 19 04:10:23 vps postfix/smtpd[1245]: warning: unknown[62.60.131.124]: SASL LOGIN authentication failed: UGFzc3dvcmQ6
Oct 19 04:10:23 vps postfix/smtpd[1245]: disconnect from unknown[62.60.131.124]
Oct 19 04:10:38 vps postfix/qmgr[26951]: 577131D858: from=, size=927, nrcpt=1 (queue active)
Oct 19 04:10:38 vps postfix/qmgr[26951]: 38D026F9D7: from=, size=927, nrcpt=1 (queue active)
Oct 19 04:10:38 vps postfix/qmgr[26951]: 254951E029F: from=, size=1046, nrcpt=1 (queue active)
Oct 19 04:10:38 vps postfix/qmgr[26951]: A6A1D3BF5BD: from=, size=548, nrcpt=3 (queue active)
Oct 19 04:10:39 vps postfix/smtp[4846]: A6A1D3BF5BD: host gmail-smtp-in.l.google.com[142.251.12.26] said: 550-5.7.26 Unauthenticated email from yahoo.com is not accepted due to domain's 550-5.7.26 DMARC policy. Please contact the administrator of yahoo.com domain 550-5.7.26 if this was a legitimate mail. To learn about the DMARC initiative, 550-5.7.26 go to 550 5.7.26 https://support.google.com/mail/?p=DmarcRejection d2e1a72fcca58-7a2300faf0fsi1958299b3a.489 - gsmtp (in reply to end of DATA command)
Oct 19 04:10:39 vps postfix/smtp[3543]: 38D026F9D7: host gmail-smtp-in.l.google.com[142.251.12.26] said: 550-5.7.26 Your email has been blocked because the sender is unauthenticated. 550-5.7.26 Gmail requires all senders to authenticate with either SPF or DKIM. 550-5.7.26 550-5.7.26 Authentication results: 550-5.7.26 DKIM = did not pass 550-5.7.26 SPF [vps.vcrowd.in] with ip: [103.120.179.240] = did not pass 550-5.7.26 550-5.7.26 For instructions on setting up authentication, go to 550 5.7.26 https://support.google.com/mail/answer/81126#authentication d2e1a72fcca58-7a230116f4asi2012433b3a.741 - gsmtp (in reply to end of DATA command)
Oct 19 04:10:39 vps postfix/smtp[3522]: 577131D858: host gmail-smtp-in.l.google.com[142.251.12.26] said: 550-5.7.26 Your email has been blocked because the sender is unauthenticated. 550-5.7.26 Gmail requires all senders to authenticate with either SPF or DKIM. 550-5.7.26 550-5.7.26 Authentication results: 550-5.7.26 DKIM = did not pass 550-5.7.26 SPF [vps.vcrowd.in] with ip: [103.120.179.240] = did not pass 550-5.7.26 550-5.7.26 For instructions on setting up authentication, go to 550 5.7.26 https://support.google.com/mail/answer/81126#authentication d2e1a72fcca58-7a230112866si1940074b3a.677 - gsmtp (in reply to end of DATA command)
Oct 19 04:10:39 vps postfix/smtp[3564]: 254951E029F: host gmail-smtp-in.l.google.com[142.251.12.26] said: 550-5.7.26 Your email has been blocked because the sender is unauthenticated. 550-5.7.26 Gmail requires all senders to authenticate with either SPF or DKIM. 550-5.7.26 550-5.7.26 Authentication results: 550-5.7.26 DKIM = did not pass 550-5.7.26 SPF [vps.vcrowd.in] with ip: [103.120.179.240] = did not pass 550-5.7.26 550-5.7.26 For instructions on setting up authentication, go to 550 5.7.26 https://support.google.com/mail/answer/81126#authentication d9443c01a7336-29246ec7d0asi21470285ad.131 - gsmtp (in reply to end of DATA command)
Oct 19 04:10:40 vps postfix/smtp[4847]: A6A1D3BF5BD: host mta7.am0.yahoodns.net[67.195.228.94] said: 554 5.7.9 This mail has been blocked because it failed authentication checks against the sending domains DMARC policy. See https://senders.yahooinc.com/smtp-error-codes#dmarc-fail for more information. (in reply to end of DATA command)
Oct 19 04:10:41 vps postfix/smtp[4846]: A6A1D3BF5BD: to=, relay=alt1.gmail-smtp-in.l.google.com[192.178.163.27]:25, delay=955, delays=953/0.02/1.9/0.76, dsn=4.7.26, status=SOFTBOUNCE (host alt1.gmail-smtp-in.l.google.com[192.178.163.27] said: 550-5.7.26 Unauthenticated email from yahoo.com is not accepted due to domain's 550-5.7.26 DMARC policy. Please contact the administrator of yahoo.com domain 550-5.7.26 if this was a legitimate mail. To learn about the DMARC initiative, 550-5.7.26 go to 550 5.7.26 https://support.google.com/mail/?p=DmarcRejection 41be03b00d2f7-b6a76b180e9si1812235a12.353 - gsmtp (in reply to end of DATA command))
Oct 19 04:10:41 vps postfix/smtp[4846]: A6A1D3BF5BD: to=, relay=alt1.gmail-smtp-in.l.google.com[192.178.163.27]:25, delay=955, delays=953/0.02/1.9/0.76, dsn=4.7.26, status=SOFTBOUNCE (host alt1.gmail-smtp-in.l.google.com[192.178.163.27] said: 550-5.7.26 Unauthenticated email from yahoo.com is not accepted due to domain's 550-5.7.26 DMARC policy. Please contact the administrator of yahoo.com domain 550-5.7.26 if this was a legitimate mail. To learn about the DMARC initiative, 550-5.7.26 go to 550 5.7.26 https://support.google.com/mail/?p=DmarcRejection 41be03b00d2f7-b6a76b180e9si1812235a12.353 - gsmtp (in reply to end of DATA command))
Oct 19 04:10:41 vps postfix/smtp[3522]: 577131D858: to=, relay=alt1.gmail-smtp-in.l.google.com[192.178.163.26]:25, delay=312, delays=309/0.01/2/0.73, dsn=4.7.26, status=SOFTBOUNCE (host alt1.gmail-smtp-in.l.google.com[192.178.163.26] said: 550-5.7.26 Your email has been blocked because the sender is unauthenticated. 550-5.7.26 Gmail requires all senders to authenticate with either SPF or DKIM. 550-5.7.26 550-5.7.26 Authentication results: 550-5.7.26 DKIM = did not pass 550-5.7.26 SPF [vps.vcrowd.in] with ip: [103.120.179.240] = did not pass 550-5.7.26 550-5.7.26 For instructions on setting up authentication, go to 550 5.7.26 https://support.google.com/mail/answer/81126#authentication 41be03b00d2f7-b6a76b8d82asi1889903a12.1540 - gsmtp (in reply to end of DATA command))
Oct 19 04:10:41 vps postfix/smtp[3543]: 38D026F9D7: to=, relay=alt1.gmail-smtp-in.l.google.com[192.178.163.26]:25, delay=1101, delays=1098/0.01/2/0.78, dsn=4.7.26, status=SOFTBOUNCE (host alt1.gmail-smtp-in.l.google.com[192.178.163.26] said: 550-5.7.26 Your email has been blocked because the sender is unauthenticated. 550-5.7.26 Gmail requires all senders to authenticate with either SPF or DKIM. 550-5.7.26 550-5.7.26 Authentication results: 550-5.7.26 DKIM = did not pass 550-5.7.26 SPF [vps.vcrowd.in] with ip: [103.120.179.240] = did not pass 550-5.7.26 550-5.7.26 For instructions on setting up authentication, go to 550 5.7.26 https://support.google.com/mail/answer/81126#authentication 41be03b00d2f7-b6a76b6a06dsi1845844a12.1130 - gsmtp (in reply to end of DATA command))
Oct 19 04:10:41 vps postfix/qmgr[26951]: 38D026F9D7: from=, status=expired, returned to sender
Oct 19 04:10:41 vps postfix/cleanup[3515]: 1D9668F134: message-id=<20251018224041.1D9668F134@vps.vcrowd.in>
Oct 19 04:10:41 vps postfix/bounce[3581]: 38D026F9D7: sender non-delivery notification: 1D9668F134
Oct 19 04:10:41 vps postfix/qmgr[26951]: 1D9668F134: from=<>, size=3849, nrcpt=1 (queue active)
Oct 19 04:10:41 vps postfix/qmgr[26951]: 38D026F9D7: removed
Oct 19 04:10:41 vps postfix/local[4879]: 1D9668F134: to=, relay=local, delay=0.04, delays=0.01/0.02/0/0.01, dsn=2.0.0, status=sent (delivered to mailbox)
Oct 19 04:10:41 vps postfix/qmgr[26951]: 1D9668F134: removed
Oct 19 04:10:41 vps postfix/smtp[3564]: 254951E029F: to=, relay=alt1.gmail-smtp-in.l.google.com[192.178.163.26]:25, delay=1100, delays=1097/0.02/2/0.77, dsn=4.7.26, status=SOFTBOUNCE (host alt1.gmail-smtp-in.l.google.com[192.178.163.26] said: 550-5.7.26 Your email has been blocked because the sender is unauthenticated. 550-5.7.26 Gmail requires all senders to authenticate with either SPF or DKIM. 550-5.7.26 550-5.7.26 Authentication results: 550-5.7.26 DKIM = did not pass 550-5.7.26 SPF [vps.vcrowd.in] with ip: [103.120.179.240] = did not pass 550-5.7.26 550-5.7.26 For instructions on setting up authentication, go to 550 5.7.26 https://support.google.com/mail/answer/81126#authentication d2e1a72fcca58-7a2301195fbsi1959934b3a.762 - gsmtp (in reply to end of DATA command))
Oct 19 04:10:41 vps postfix/qmgr[26951]: 254951E029F: from=, status=expired, returned to sender
Oct 19 04:10:41 vps postfix/cleanup[3515]: 2CCA26F9D7: message-id=<20251018224041.2CCA26F9D7@vps.vcrowd.in>
Oct 19 04:10:41 vps postfix/bounce[3581]: 254951E029F: sender non-delivery notification: 2CCA26F9D7
Oct 19 04:10:41 vps postfix/qmgr[26951]: 2CCA26F9D7: from=<>, size=3972, nrcpt=1 (queue active)
Oct 19 04:10:41 vps postfix/qmgr[26951]: 254951E029F: removed
Oct 19 04:10:41 vps postfix/local[4879]: 2CCA26F9D7: to=, relay=local, delay=0.01, delays=0.01/0/0/0, dsn=2.0.0, status=sent (delivered to mailbox)
Oct 19 04:10:41 vps postfix/qmgr[26951]: 2CCA26F9D7: removed
Oct 19 04:10:42 vps postfix/smtp[4847]: A6A1D3BF5BD: to=, relay=mta7.am0.yahoodns.net[67.195.204.73]:25, delay=957, delays=953/0.04/3.2/0.66, dsn=4.7.9, status=SOFTBOUNCE (host mta7.am0.yahoodns.net[67.195.204.73] said: 554 5.7.9 This mail has been blocked because it failed authentication checks against the sending domains DMARC policy. See https://senders.yahooinc.com/smtp-error-codes#dmarc-fail for more information. (in reply to end of DATA command))
Oct 19 04:10:42 vps postfix/qmgr[26951]: A6A1D3BF5BD: from=, status=expired, returned to sender
Oct 19 04:10:42 vps postfix/cleanup[3515]: 4C2D76F9D7: message-id=<20251018224042.4C2D76F9D7@vps.vcrowd.in>
Oct 19 04:10:42 vps postfix/bounce[3581]: A6A1D3BF5BD: sender non-delivery notification: 4C2D76F9D7
Oct 19 04:10:42 vps postfix/qmgr[26951]: 4C2D76F9D7: from=<>, size=4931, nrcpt=1 (queue active)
Oct 19 04:10:42 vps postfix/qmgr[26951]: A6A1D3BF5BD: removed
Oct 19 04:10:42 vps postfix/local[4879]: 4C2D76F9D7: to=, relay=local, delay=0.02, delays=0.01/0/0/0.01, dsn=2.0.0, status=sent (delivered to mailbox)
Oct 19 04:10:42 vps postfix/qmgr[26951]: 4C2D76F9D7: removed
Oct 19 04:10:48 vps postfix/pickup[17433]: 58B846F9D7: uid=1052 from=
Oct 19 04:10:48 vps postfix/cleanup[3515]: 58B846F9D7: message-id=<20251018224048.58B846F9D7@vps.vcrowd.in>
Oct 19 04:10:48 vps opendkim[5590]: 58B846F9D7: DKIM-Signature field added (s=default, d=crackersadaikki.com)
Oct 19 04:10:48 vps postfix/qmgr[26951]: 58B846F9D7: from=, size=879, nrcpt=2 (queue active)
Oct 19 04:10:48 vps postfix/pickup[17433]: E39298F134: uid=1052 from=
Oct 19 04:10:48 vps postfix/cleanup[3515]: E39298F134: message-id=<20251018224048.E39298F134@vps.vcrowd.in>
Oct 19 04:10:48 vps opendkim[5590]: E39298F134: DKIM-Signature field added (s=default, d=crackersadaikki.com)
Oct 19 04:10:48 vps postfix/qmgr[26951]: E39298F134: from=, size=1114, nrcpt=2 (queue active)
Oct 19 04:10:49 vps postfix/smtp[3522]: 58B846F9D7: host gmail-smtp-in.l.google.com[142.251.12.27] said: 550-5.7.26 Your email has been blocked because the sender is unauthenticated. 550-5.7.26 Gmail requires all senders to authenticate with either SPF or DKIM. 550-5.7.26 550-5.7.26 Authentication results: 550-5.7.26 DKIM = did not pass 550-5.7.26 SPF [vps.vcrowd.in] with ip: [103.120.179.240] = did not pass 550-5.7.26 550-5.7.26 For instructions on setting up authentication, go to 550 5.7.26 https://support.google.com/mail/answer/81126#authentication 41be03b00d2f7-b6a76b1d578si1813467a12.505 - gsmtp (in reply to end of DATA command)
Oct 19 04:10:50 vps postfix/smtp[3564]: E39298F134: host gmail-smtp-in.l.google.com[142.251.12.26] said: 550-5.7.26 Your email has been blocked because the sender is unauthenticated. 550-5.7.26 Gmail requires all senders to authenticate with either SPF or DKIM. 550-5.7.26 550-5.7.26 Authentication results: 550-5.7.26 DKIM = did not pass 550-5.7.26 SPF [vps.vcrowd.in] with ip: [103.120.179.240] = did not pass 550-5.7.26 550-5.7.26 For instructions on setting up authentication, go to 550 5.7.26 https://support.google.com/mail/answer/81126#authentication 41be03b00d2f7-b6a76646cc1si1946686a12.11 - gsmtp (in reply to end of DATA command)
Oct 19 04:10:50 vps postfix/anvil[27319]: statistics: max connection rate 1/60s for (submission:212.132.96.229) at
Oct 19 04:01:03
Oct 19 04:10:50 vps postfix/anvil[27319]: statistics: max connection count 1 for (submission:212.132.96.229) at
Oct 19 04:01:03
Oct 19 04:10:50 vps postfix/anvil[27319]: statistics: max cache size 4 at
Oct 19 04:08:19
Oct 19 04:10:51 vps postfix/smtp[3522]: 58B846F9D7: to=, relay=alt1.gmail-smtp-in.l.google.com[192.178.163.26]:25, delay=3.1, delays=0.07/0.01/2.2/0.78, dsn=4.7.26, status=SOFTBOUNCE (host alt1.gmail-smtp-in.l.google.com[192.178.163.26] said: 550-5.7.26 Your email has been blocked because the sender is unauthenticated. 550-5.7.26 Gmail requires all senders to authenticate with either SPF or DKIM. 550-5.7.26 550-5.7.26 Authentication results: 550-5.7.26 DKIM = did not pass 550-5.7.26 SPF [vps.vcrowd.in] with ip: [103.120.179.240] = did not pass 550-5.7.26 550-5.7.26 For instructions on setting up authentication, go to 550 5.7.26 https://support.google.com/mail/answer/81126#authentication d2e1a72fcca58-7a2301171dfsi1952870b3a.731 - gsmtp (in reply to end of DATA command))
Oct 19 04:10:51 vps postfix/smtp[3564]: E39298F134: to=, relay=alt1.gmail-smtp-in.l.google.com[192.178.163.26]:25, delay=2.5, delays=0.06/0/1.8/0.64, dsn=4.7.26, status=SOFTBOUNCE (host alt1.gmail-smtp-in.l.google.com[192.178.163.26] said: 550-5.7.26 Your email has been blocked because the sender is unauthenticated. 550-5.7.26 Gmail requires all senders to authenticate with either SPF or DKIM. 550-5.7.26 550-5.7.26 Authentication results: 550-5.7.26 DKIM = did not pass 550-5.7.26 SPF [vps.vcrowd.in] with ip: [103.120.179.240] = did not pass 550-5.7.26 550-5.7.26 For instructions on setting up authentication, go to 550 5.7.26 https://support.google.com/mail/answer/81126#authentication 41be03b00d2f7-b6a76b1ac3fsi1803166a12.487 - gsmtp (in reply to end of DATA command))
Oct 19 04:11:08 vps postfix/smtpd[6759]: connect from unknown[212.132.96.229]
Oct 19 04:11:11 vps postfix/smtpd[6759]: warning: unknown[212.132.96.229]: SASL LOGIN authentication failed: UGFzc3dvcmQ6
Oct 19 04:11:11 vps postfix/smtpd[6759]: disconnect from unknown[212.132.96.229]
Oct 19 04:11:18 vps postfix/smtp[4846]: connect to crackersadaikki.com[13.248.213.45]:25: Connection timed out
Oct 19 04:11:19 vps postfix/smtp[3543]: connect to crackersadaikki.com[13.248.213.45]:25: Connection timed out
Oct 19 04:11:22 vps postfix/smtpd[1245]: connect from lewis.rolldeos.com[94.156.175.177]
Oct 19 04:11:22 vps postfix/smtpd[1245]: NOQUEUE: reject: RCPT from lewis.rolldeos.com[94.156.175.177]: 454 4.7.1 Service unavailable; Client host [94.156.175.177] blocked using bl.spamcop.net; Blocked - see https://www.spamcop.net/bl.shtml?94.156.175.177; from= to= proto=ESMTP helo=
Oct 19 04:11:23 vps postfix/smtpd[1245]: disconnect from lewis.rolldeos.com[94.156.175.177]
Oct 19 04:11:34 vps postfix/smtpd[1245]: connect from land.greenlabsmedia.info[96.31.94.178]
