Oct 19 12:50:39 vps postfix/smtp[8989]: A54D21D858: host gmail-smtp-in.l.google.com[142.251.12.27] said: 550-5.7.26 Your email has been blocked because the sender is unauthenticated. 550-5.7.26 Gmail requires all senders to authenticate with either SPF or DKIM. 550-5.7.26 550-5.7.26 Authentication results: 550-5.7.26 DKIM = did not pass 550-5.7.26 SPF [vps.vcrowd.in] with ip: [103.120.179.240] = did not pass 550-5.7.26 550-5.7.26 For instructions on setting up authentication, go to 550 5.7.26 https://support.google.com/mail/answer/81126#authentication d9443c01a7336-29246ff694csi24763725ad.160 - gsmtp (in reply to end of DATA command)
Oct 19 12:50:39 vps postfix/smtp[6684]: 2D60C6F51A: host gmail-smtp-in.l.google.com[142.251.12.27] said: 550-5.7.26 Your email has been blocked because the sender is unauthenticated. 550-5.7.26 Gmail requires all senders to authenticate with either SPF or DKIM. 550-5.7.26 550-5.7.26 Authentication results: 550-5.7.26 DKIM = did not pass 550-5.7.26 SPF [vps.vcrowd.in] with ip: [103.120.179.240] = did not pass 550-5.7.26 550-5.7.26 For instructions on setting up authentication, go to 550 5.7.26 https://support.google.com/mail/answer/81126#authentication 41be03b00d2f7-b6a76b92797si2233151a12.1592 - gsmtp (in reply to end of DATA command)
Oct 19 12:50:40 vps postfix/smtp[8989]: A54D21D858: to=, relay=alt1.gmail-smtp-in.l.google.com[192.178.163.27]:25, delay=441, delays=439/0.03/1.8/0.56, dsn=4.7.26, status=SOFTBOUNCE (host alt1.gmail-smtp-in.l.google.com[192.178.163.27] said: 550-5.7.26 Your email has been blocked because the sender is unauthenticated. 550-5.7.26 Gmail requires all senders to authenticate with either SPF or DKIM. 550-5.7.26 550-5.7.26 Authentication results: 550-5.7.26 DKIM = did not pass 550-5.7.26 SPF [vps.vcrowd.in] with ip: [103.120.179.240] = did not pass 550-5.7.26 550-5.7.26 For instructions on setting up authentication, go to 550 5.7.26 https://support.google.com/mail/answer/81126#authentication d9443c01a7336-29246ec8638si25580445ad.99 - gsmtp (in reply to end of DATA command))
Oct 19 12:50:41 vps postfix/smtp[6684]: 2D60C6F51A: to=, relay=alt1.gmail-smtp-in.l.google.com[192.178.163.26]:25, delay=441, delays=438/0.01/2/0.64, dsn=4.7.26, status=SOFTBOUNCE (host alt1.gmail-smtp-in.l.google.com[192.178.163.26] said: 550-5.7.26 Your email has been blocked because the sender is unauthenticated. 550-5.7.26 Gmail requires all senders to authenticate with either SPF or DKIM. 550-5.7.26 550-5.7.26 Authentication results: 550-5.7.26 DKIM = did not pass 550-5.7.26 SPF [vps.vcrowd.in] with ip: [103.120.179.240] = did not pass 550-5.7.26 550-5.7.26 For instructions on setting up authentication, go to 550 5.7.26 https://support.google.com/mail/answer/81126#authentication 41be03b00d2f7-b6a7664610fsi2060449a12.156 - gsmtp (in reply to end of DATA command))
Oct 19 12:50:50 vps postfix/anvil[27319]: statistics: max connection rate 2/60s for (smtp:62.60.131.17) at
Oct 19 12:49:27
Oct 19 12:50:51 vps postfix/anvil[27319]: statistics: max connection count 1 for (submission:212.132.96.229) at
Oct 19 12:41:06
Oct 19 12:50:51 vps postfix/anvil[27319]: statistics: max cache size 7 at
Oct 19 12:50:06
Oct 19 12:50:53 vps postfix/smtp[6664]: connect to crackersadaikki.com[76.223.67.189]:25: Connection timed out
Oct 19 12:50:53 vps postfix/smtp[6685]: connect to crackersadaikki.com[13.248.213.45]:25: Connection timed out
Oct 19 12:51:08 vps postfix/smtp[8988]: connect to crackersadaikki.com[13.248.213.45]:25: Connection timed out
Oct 19 12:51:08 vps postfix/smtp[6663]: connect to crackersadaikki.com[13.248.213.45]:25: Connection timed out
Oct 19 12:51:20 vps postfix/smtpd[27414]: connect from unknown[212.132.96.229]
Oct 19 12:51:23 vps postfix/smtpd[27414]: warning: unknown[212.132.96.229]: SASL LOGIN authentication failed: UGFzc3dvcmQ6
Oct 19 12:51:23 vps postfix/smtpd[27414]: disconnect from unknown[212.132.96.229]
Oct 19 12:51:23 vps postfix/smtp[6664]: connect to crackersadaikki.com[13.248.213.45]:25: Connection timed out
Oct 19 12:51:23 vps postfix/smtp[6664]: 4755B6F9D7: to=, relay=none, delay=60, delays=0.06/0.01/60/0, dsn=4.4.1, status=deferred (connect to crackersadaikki.com[13.248.213.45]:25: Connection timed out)
Oct 19 12:51:23 vps postfix/smtp[6685]: connect to crackersadaikki.com[76.223.67.189]:25: Connection timed out
Oct 19 12:51:23 vps postfix/smtp[6685]: B23E73C0147: to=, relay=none, delay=60, delays=0.06/0.01/60/0, dsn=4.4.1, status=deferred (connect to crackersadaikki.com[76.223.67.189]:25: Connection timed out)
Oct 19 12:51:38 vps postfix/smtp[8988]: connect to crackersadaikki.com[76.223.67.189]:25: Connection timed out
Oct 19 12:51:38 vps postfix/smtp[8988]: A54D21D858: to=, relay=none, delay=499, delays=439/0.02/60/0, dsn=4.4.1, status=deferred (connect to crackersadaikki.com[76.223.67.189]:25: Connection timed out)
Oct 19 12:51:38 vps postfix/smtp[6663]: connect to crackersadaikki.com[76.223.67.189]:25: Connection timed out
Oct 19 12:51:38 vps postfix/smtp[6663]: 2D60C6F51A: to=, relay=none, delay=499, delays=438/0.01/60/0, dsn=4.4.1, status=deferred (connect to crackersadaikki.com[76.223.67.189]:25: Connection timed out)
Oct 19 12:51:43 vps postfix/smtpd[3209]: connect from mail-74-209-dc.etransmail.com[175.158.74.209]
Oct 19 12:51:44 vps postfix/smtpd[3209]: NOQUEUE: reject: RCPT from mail-74-209-dc.etransmail.com[175.158.74.209]: 450 4.1.1 : Recipient address rejected: User unknown in virtual mailbox table; from=<17608122848236752-176041-1-nyraatech.com@trans.axisbank.com> to= proto=ESMTP helo=
Oct 19 12:52:14 vps postfix/smtpd[3209]: lost connection after DATA from mail-74-209-dc.etransmail.com[175.158.74.209]
Oct 19 12:52:14 vps postfix/smtpd[3209]: disconnect from mail-74-209-dc.etransmail.com[175.158.74.209]
Oct 19 12:52:33 vps postfix/smtpd[27414]: connect from unknown[212.132.96.229]
Oct 19 12:52:36 vps postfix/smtpd[27414]: warning: unknown[212.132.96.229]: SASL LOGIN authentication failed: UGFzc3dvcmQ6
Oct 19 12:52:36 vps postfix/smtpd[27414]: disconnect from unknown[212.132.96.229]
Oct 19 12:52:38 vps postfix/smtps/smtpd[10781]: warning: No server certs available. TLS won't be enabled
Oct 19 12:52:38 vps postfix/smtps/smtpd[10781]: connect from oskar.probe.onyphe.net[91.196.152.230]
Oct 19 12:52:38 vps postfix/smtps/smtpd[10781]: warning: Wrapper-mode request dropped from oskar.probe.onyphe.net[91.196.152.230] for service 465. TLS context initialization failed. For details see earlier warnings in your logs.
Oct 19 12:52:38 vps postfix/smtps/smtpd[10781]: disconnect from oskar.probe.onyphe.net[91.196.152.230]
Oct 19 12:52:39 vps postfix/smtps/smtpd[10781]: connect from mirko.probe.onyphe.net[91.196.152.159]
Oct 19 12:52:39 vps postfix/smtps/smtpd[10781]: warning: Wrapper-mode request dropped from mirko.probe.onyphe.net[91.196.152.159] for service 465. TLS context initialization failed. For details see earlier warnings in your logs.
Oct 19 12:52:39 vps postfix/smtps/smtpd[10781]: disconnect from mirko.probe.onyphe.net[91.196.152.159]
Oct 19 12:53:49 vps postfix/smtpd[27414]: connect from unknown[212.132.96.229]
Oct 19 12:53:52 vps postfix/smtpd[27414]: warning: unknown[212.132.96.229]: SASL LOGIN authentication failed: UGFzc3dvcmQ6
Oct 19 12:53:52 vps postfix/smtpd[27414]: disconnect from unknown[212.132.96.229]
Oct 19 12:55:07 vps postfix/smtpd[27414]: connect from unknown[212.132.96.229]
Oct 19 12:55:09 vps postfix/smtpd[27414]: warning: unknown[212.132.96.229]: SASL LOGIN authentication failed: UGFzc3dvcmQ6
Oct 19 12:55:09 vps postfix/smtpd[27414]: disconnect from unknown[212.132.96.229]
Oct 19 12:55:31 vps postfix/smtpd[15058]: connect from scan-41a.shadowserver.org[64.62.197.152]
Oct 19 12:55:31 vps postfix/smtpd[15058]: warning: non-SMTP command from scan-41a.shadowserver.org[64.62.197.152]: GET / HTTP/1.1
Oct 19 12:55:31 vps postfix/smtpd[15058]: disconnect from scan-41a.shadowserver.org[64.62.197.152]
Oct 19 12:55:38 vps postfix/qmgr[26951]: 132243BF5BD: from=, size=871, nrcpt=2 (queue active)
Oct 19 12:55:38 vps postfix/qmgr[26951]: 659913C0145: from=, size=1116, nrcpt=2 (queue active)
Oct 19 12:55:38 vps postfix/error[15158]: 132243BF5BD: to=, relay=none, delay=404, delays=404/0.04/0/0.02, dsn=4.4.1, status=deferred (delivery temporarily suspended: connect to crackersadaikki.com[76.223.67.189]:25: Connection timed out)
Oct 19 12:55:38 vps postfix/error[15163]: 659913C0145: to=, relay=none, delay=404, delays=404/0.03/0/0.01, dsn=4.4.1, status=deferred (delivery temporarily suspended: connect to crackersadaikki.com[76.223.67.189]:25: Connection timed out)
Oct 19 12:55:39 vps postfix/smtp[15159]: 132243BF5BD: host gmail-smtp-in.l.google.com[142.251.12.27] said: 550-5.7.26 Your email has been blocked because the sender is unauthenticated. 550-5.7.26 Gmail requires all senders to authenticate with either SPF or DKIM. 550-5.7.26 550-5.7.26 Authentication results: 550-5.7.26 DKIM = did not pass 550-5.7.26 SPF [vps.vcrowd.in] with ip: [103.120.179.240] = did not pass 550-5.7.26 550-5.7.26 For instructions on setting up authentication, go to 550 5.7.26 https://support.google.com/mail/answer/81126#authentication d2e1a72fcca58-7a2300fb1f8si2427142b3a.552 - gsmtp (in reply to end of DATA command)
Oct 19 12:55:39 vps postfix/smtp[15161]: 659913C0145: host gmail-smtp-in.l.google.com[142.251.12.26] said: 550-5.7.26 Your email has been blocked because the sender is unauthenticated. 550-5.7.26 Gmail requires all senders to authenticate with either SPF or DKIM. 550-5.7.26 550-5.7.26 Authentication results: 550-5.7.26 DKIM = did not pass 550-5.7.26 SPF [vps.vcrowd.in] with ip: [103.120.179.240] = did not pass 550-5.7.26 550-5.7.26 For instructions on setting up authentication, go to 550 5.7.26 https://support.google.com/mail/answer/81126#authentication d9443c01a7336-2924723916esi26669365ad.677 - gsmtp (in reply to end of DATA command)
Oct 19 12:55:40 vps postfix/smtp[15159]: 132243BF5BD: to=, relay=alt1.gmail-smtp-in.l.google.com[192.178.163.26]:25, delay=407, delays=404/0.04/1.8/0.61, dsn=4.7.26, status=SOFTBOUNCE (host alt1.gmail-smtp-in.l.google.com[192.178.163.26] said: 550-5.7.26 Your email has been blocked because the sender is unauthenticated. 550-5.7.26 Gmail requires all senders to authenticate with either SPF or DKIM. 550-5.7.26 550-5.7.26 Authentication results: 550-5.7.26 DKIM = did not pass 550-5.7.26 SPF [vps.vcrowd.in] with ip: [103.120.179.240] = did not pass 550-5.7.26 550-5.7.26 For instructions on setting up authentication, go to 550 5.7.26 https://support.google.com/mail/answer/81126#authentication d2e1a72fcca58-7a2300d667bsi2545949b3a.266 - gsmtp (in reply to end of DATA command))
Oct 19 12:55:40 vps postfix/smtp[15161]: 659913C0145: to=, relay=alt1.gmail-smtp-in.l.google.com[192.178.163.27]:25, delay=406, delays=404/0.02/1.9/0.76, dsn=4.7.26, status=SOFTBOUNCE (host alt1.gmail-smtp-in.l.google.com[192.178.163.27] said: 550-5.7.26 Your email has been blocked because the sender is unauthenticated. 550-5.7.26 Gmail requires all senders to authenticate with either SPF or DKIM. 550-5.7.26 550-5.7.26 Authentication results: 550-5.7.26 DKIM = did not pass 550-5.7.26 SPF [vps.vcrowd.in] with ip: [103.120.179.240] = did not pass 550-5.7.26 550-5.7.26 For instructions on setting up authentication, go to 550 5.7.26 https://support.google.com/mail/answer/81126#authentication d2e1a72fcca58-7a22ff1493csi2463676b3a.193 - gsmtp (in reply to end of DATA command))
Oct 19 12:55:44 vps postfix/smtpd[15058]: connect from unknown[77.90.185.216]
Oct 19 12:55:47 vps postfix/smtpd[15058]: warning: unknown[77.90.185.216]: SASL LOGIN authentication failed: UGFzc3dvcmQ6
Oct 19 12:55:47 vps postfix/smtpd[15058]: disconnect from unknown[77.90.185.216]
Oct 19 12:56:06 vps postfix/smtpd[15058]: connect from unknown[77.90.185.216]
Oct 19 12:56:09 vps postfix/smtpd[15058]: warning: unknown[77.90.185.216]: SASL LOGIN authentication failed: UGFzc3dvcmQ6
Oct 19 12:56:09 vps postfix/smtpd[15058]: disconnect from unknown[77.90.185.216]
Oct 19 12:56:21 vps postfix/smtpd[27414]: connect from unknown[212.132.96.229]
Oct 19 12:56:24 vps postfix/smtpd[27414]: warning: unknown[212.132.96.229]: SASL LOGIN authentication failed: UGFzc3dvcmQ6
Oct 19 12:56:24 vps postfix/smtpd[27414]: disconnect from unknown[212.132.96.229]
Oct 19 12:56:54 vps postfix/smtpd[15058]: connect from unknown[77.90.185.216]
Oct 19 12:56:57 vps postfix/smtpd[15058]: warning: unknown[77.90.185.216]: SASL LOGIN authentication failed: UGFzc3dvcmQ6
Oct 19 12:56:57 vps postfix/smtpd[16864]: connect from unknown[77.90.185.216]
Oct 19 12:56:57 vps postfix/smtpd[15058]: disconnect from unknown[77.90.185.216]
Oct 19 12:56:59 vps postfix/smtpd[15058]: connect from unknown[77.90.185.216]
Oct 19 12:56:59 vps postfix/smtpd[16899]: connect from unknown[77.90.185.216]
Oct 19 12:57:00 vps postfix/smtpd[16906]: connect from unknown[77.90.185.216]
Oct 19 12:57:04 vps postfix/smtpd[17002]: connect from unknown[77.90.185.216]
Oct 19 12:57:04 vps postfix/smtpd[16864]: warning: unknown[77.90.185.216]: SASL LOGIN authentication failed: UGFzc3dvcmQ6
Oct 19 12:57:04 vps postfix/smtpd[16864]: disconnect from unknown[77.90.185.216]
Oct 19 12:57:06 vps postfix/smtpd[16899]: warning: unknown[77.90.185.216]: SASL LOGIN authentication failed: UGFzc3dvcmQ6
Oct 19 12:57:06 vps postfix/smtpd[15058]: warning: unknown[77.90.185.216]: SASL LOGIN authentication failed: UGFzc3dvcmQ6
Oct 19 12:57:06 vps postfix/smtpd[16906]: warning: unknown[77.90.185.216]: SASL LOGIN authentication failed: UGFzc3dvcmQ6
Oct 19 12:57:06 vps postfix/smtpd[15058]: disconnect from unknown[77.90.185.216]
Oct 19 12:57:06 vps postfix/smtpd[16899]: disconnect from unknown[77.90.185.216]
Oct 19 12:57:06 vps postfix/smtpd[16906]: disconnect from unknown[77.90.185.216]
Oct 19 12:57:15 vps postfix/smtpd[17002]: warning: unknown[77.90.185.216]: SASL LOGIN authentication failed: UGFzc3dvcmQ6
Oct 19 12:57:15 vps postfix/smtpd[17002]: disconnect from unknown[77.90.185.216]
Oct 19 12:57:39 vps postfix/smtpd[27414]: connect from unknown[212.132.96.229]
Oct 19 12:57:42 vps postfix/smtpd[27414]: warning: unknown[212.132.96.229]: SASL LOGIN authentication failed: UGFzc3dvcmQ6
Oct 19 12:57:42 vps postfix/smtpd[27414]: disconnect from unknown[212.132.96.229]
Oct 19 12:57:52 vps postfix/smtpd[16864]: connect from unknown[62.60.131.17]
Oct 19 12:57:55 vps postfix/smtpd[16864]: warning: unknown[62.60.131.17]: SASL LOGIN authentication failed: UGFzc3dvcmQ6
Oct 19 12:57:55 vps postfix/smtpd[16864]: disconnect from unknown[62.60.131.17]
Oct 19 12:58:59 vps postfix/smtpd[16864]: connect from unknown[62.60.131.17]
Oct 19 12:58:59 vps postfix/smtpd[27414]: connect from unknown[212.132.96.229]
Oct 19 12:59:02 vps postfix/smtpd[27414]: warning: unknown[212.132.96.229]: SASL LOGIN authentication failed: UGFzc3dvcmQ6
Oct 19 12:59:02 vps postfix/smtpd[27414]: disconnect from unknown[212.132.96.229]
Oct 19 12:59:03 vps postfix/smtpd[16864]: warning: unknown[62.60.131.17]: SASL LOGIN authentication failed: UGFzc3dvcmQ6
Oct 19 12:59:03 vps postfix/smtpd[16864]: disconnect from unknown[62.60.131.17]
Oct 19 12:59:55 vps postfix/smtpd[16864]: connect from unknown[195.211.188.86]
Oct 19 12:59:58 vps postfix/smtpd[16864]: warning: unknown[195.211.188.86]: SASL LOGIN authentication failed: UGFzc3dvcmQ6
Oct 19 12:59:58 vps postfix/smtpd[16864]: disconnect from unknown[195.211.188.86]
Oct 19 13:00:16 vps postfix/smtpd[27414]: connect from unknown[212.132.96.229]
Oct 19 13:00:19 vps postfix/smtpd[27414]: warning: unknown[212.132.96.229]: SASL LOGIN authentication failed: UGFzc3dvcmQ6
Oct 19 13:00:19 vps postfix/smtpd[27414]: disconnect from unknown[212.132.96.229]
Oct 19 13:00:38 vps postfix/qmgr[26951]: 2D60C6F51A: from=, size=1114, nrcpt=2 (queue active)
Oct 19 13:00:38 vps postfix/qmgr[26951]: 4755B6F9D7: from=, size=871, nrcpt=2 (queue active)
Oct 19 13:00:38 vps postfix/qmgr[26951]: B23E73C0147: from=, size=1116, nrcpt=2 (queue active)
Oct 19 13:00:38 vps postfix/qmgr[26951]: A54D21D858: from=, size=865, nrcpt=2 (queue active)
Oct 19 13:00:40 vps postfix/smtp[22782]: 2D60C6F51A: host gmail-smtp-in.l.google.com[142.251.12.26] said: 550-5.7.26 Your email has been blocked because the sender is unauthenticated. 550-5.7.26 Gmail requires all senders to authenticate with either SPF or DKIM. 550-5.7.26 550-5.7.26 Authentication results: 550-5.7.26 DKIM = did not pass 550-5.7.26 SPF [vps.vcrowd.in] with ip: [103.120.179.240] = did not pass 550-5.7.26 550-5.7.26 For instructions on setting up authentication, go to 550 5.7.26 https://support.google.com/mail/answer/81126#authentication d9443c01a7336-292471ff63dsi25692035ad.399 - gsmtp (in reply to end of DATA command)
Oct 19 13:00:40 vps postfix/smtp[22836]: 4755B6F9D7: host gmail-smtp-in.l.google.com[142.251.12.26] said: 550-5.7.26 Your email has been blocked because the sender is unauthenticated. 550-5.7.26 Gmail requires all senders to authenticate with either SPF or DKIM. 550-5.7.26 550-5.7.26 Authentication results: 550-5.7.26 DKIM = did not pass 550-5.7.26 SPF [vps.vcrowd.in] with ip: [103.120.179.240] = did not pass 550-5.7.26 550-5.7.26 For instructions on setting up authentication, go to 550 5.7.26 https://support.google.com/mail/answer/81126#authentication 41be03b00d2f7-b6a76648938si2212316a12.114 - gsmtp (in reply to end of DATA command)
Oct 19 13:00:40 vps postfix/smtp[22852]: B23E73C0147: host gmail-smtp-in.l.google.com[142.251.12.26] said: 550-5.7.26 Your email has been blocked because the sender is unauthenticated. 550-5.7.26 Gmail requires all senders to authenticate with either SPF or DKIM. 550-5.7.26 550-5.7.26 Authentication results: 550-5.7.26 DKIM = did not pass 550-5.7.26 SPF [vps.vcrowd.in] with ip: [103.120.179.240] = did not pass 550-5.7.26 550-5.7.26 For instructions on setting up authentication, go to 550 5.7.26 https://support.google.com/mail/answer/81126#authentication d2e1a72fcca58-7a23012afc4si2534062b3a.917 - gsmtp (in reply to end of DATA command)
Oct 19 13:00:40 vps postfix/smtp[22878]: A54D21D858: host gmail-smtp-in.l.google.com[142.251.12.26] said: 550-5.7.26 Your email has been blocked because the sender is unauthenticated. 550-5.7.26 Gmail requires all senders to authenticate with either SPF or DKIM. 550-5.7.26 550-5.7.26 Authentication results: 550-5.7.26 DKIM = did not pass 550-5.7.26 SPF [vps.vcrowd.in] with ip: [103.120.179.240] = did not pass 550-5.7.26 550-5.7.26 For instructions on setting up authentication, go to 550 5.7.26 https://support.google.com/mail/answer/81126#authentication d9443c01a7336-29246ec7eefsi26330835ad.78 - gsmtp (in reply to end of DATA command)
Oct 19 13:00:41 vps postfix/smtp[22782]: 2D60C6F51A: to=, relay=alt1.gmail-smtp-in.l.google.com[192.178.163.26]:25, delay=1041, delays=1038/0.7/1.9/0.6, dsn=4.7.26, status=SOFTBOUNCE (host alt1.gmail-smtp-in.l.google.com[192.178.163.26] said: 550-5.7.26 Your email has been blocked because the sender is unauthenticated. 550-5.7.26 Gmail requires all senders to authenticate with either SPF or DKIM. 550-5.7.26 550-5.7.26 Authentication results: 550-5.7.26 DKIM = did not pass 550-5.7.26 SPF [vps.vcrowd.in] with ip: [103.120.179.240] = did not pass 550-5.7.26 550-5.7.26 For instructions on setting up authentication, go to 550 5.7.26 https://support.google.com/mail/answer/81126#authentication d9443c01a7336-292471dbeeesi27881355ad.188 - gsmtp (in reply to end of DATA command))
Oct 19 13:00:41 vps postfix/smtp[22836]: 4755B6F9D7: to=, relay=alt1.gmail-smtp-in.l.google.com[192.178.163.27]:25, delay=619, delays=615/0.61/2/0.64, dsn=4.7.26, status=SOFTBOUNCE (host alt1.gmail-smtp-in.l.google.com[192.178.163.27] said: 550-5.7.26 Your email has been blocked because the sender is unauthenticated. 550-5.7.26 Gmail requires all senders to authenticate with either SPF or DKIM. 550-5.7.26 550-5.7.26 Authentication results: 550-5.7.26 DKIM = did not pass 550-5.7.26 SPF [vps.vcrowd.in] with ip: [103.120.179.240] = did not pass 550-5.7.26 550-5.7.26 For instructions on setting up authentication, go to 550 5.7.26 https://support.google.com/mail/answer/81126#authentication d2e1a72fcca58-7a23012b5e0si2443668b3a.941 - gsmtp (in reply to end of DATA command))
Oct 19 13:00:42 vps postfix/smtp[22852]: B23E73C0147: to=, relay=alt1.gmail-smtp-in.l.google.com[192.178.163.27]:25, delay=618, delays=615/0.83/2/0.67, dsn=4.7.26, status=SOFTBOUNCE (host alt1.gmail-smtp-in.l.google.com[192.178.163.27] said: 550-5.7.26 Your email has been blocked because the sender is unauthenticated. 550-5.7.26 Gmail requires all senders to authenticate with either SPF or DKIM. 550-5.7.26 550-5.7.26 Authentication results: 550-5.7.26 DKIM = did not pass 550-5.7.26 SPF [vps.vcrowd.in] with ip: [103.120.179.240] = did not pass 550-5.7.26 550-5.7.26 For instructions on setting up authentication, go to 550 5.7.26 https://support.google.com/mail/answer/81126#authentication d9443c01a7336-29246fc02e0si26379305ad.85 - gsmtp (in reply to end of DATA command))
Oct 19 13:00:42 vps postfix/smtp[22878]: A54D21D858: to=, relay=alt1.gmail-smtp-in.l.google.com[192.178.163.27]:25, delay=1043, delays=1039/1.1/1.9/0.65, dsn=4.7.26, status=SOFTBOUNCE (host alt1.gmail-smtp-in.l.google.com[192.178.163.27] said: 550-5.7.26 Your email has been blocked because the sender is unauthenticated. 550-5.7.26 Gmail requires all senders to authenticate with either SPF or DKIM. 550-5.7.26 550-5.7.26 Authentication results: 550-5.7.26 DKIM = did not pass 550-5.7.26 SPF [vps.vcrowd.in] with ip: [103.120.179.240] = did not pass 550-5.7.26 550-5.7.26 For instructions on setting up authentication, go to 550 5.7.26 https://support.google.com/mail/answer/81126#authentication d2e1a72fcca58-7a2300d7267si2570905b3a.256 - gsmtp (in reply to end of DATA command))
Oct 19 13:00:50 vps postfix/anvil[27319]: statistics: max connection rate 6/60s for (smtp:77.90.185.216) at
Oct 19 12:57:04
Oct 19 13:00:50 vps postfix/anvil[27319]: statistics: max connection count 5 for (smtp:77.90.185.216) at
Oct 19 12:57:04
Oct 19 13:00:50 vps postfix/anvil[27319]: statistics: max cache size 3 at
Oct 19 12:55:44
Oct 19 13:00:54 vps postfix/smtpd[16864]: connect from unknown[196.251.92.11]
Oct 19 13:00:56 vps postfix/smtps/smtpd[23216]: warning: No server certs available. TLS won't be enabled
Oct 19 13:00:57 vps postfix/smtps/smtpd[23216]: warning: hostname 6-red145.ceviamonte.com.ar does not resolve to address 143.202.145.6: Name or service not known
Oct 19 13:00:57 vps postfix/smtps/smtpd[23216]: connect from unknown[143.202.145.6]
Oct 19 13:00:57 vps postfix/smtps/smtpd[23216]: warning: Wrapper-mode request dropped from unknown[143.202.145.6] for service 465. TLS context initialization failed. For details see earlier warnings in your logs.
Oct 19 13:00:57 vps postfix/smtps/smtpd[23216]: disconnect from unknown[143.202.145.6]
Oct 19 13:00:57 vps postfix/smtpd[16864]: warning: unknown[196.251.92.11]: SASL LOGIN authentication failed: UGFzc3dvcmQ6
Oct 19 13:00:57 vps postfix/smtpd[16864]: disconnect from unknown[196.251.92.11]
Oct 19 13:00:59 vps postfix/smtps/smtpd[23216]: connect from unknown[202.179.189.194]
Oct 19 13:00:59 vps postfix/smtps/smtpd[23216]: warning: Wrapper-mode request dropped from unknown[202.179.189.194] for service 465. TLS context initialization failed. For details see earlier warnings in your logs.
Oct 19 13:00:59 vps postfix/smtps/smtpd[23216]: disconnect from unknown[202.179.189.194]
Oct 19 13:01:06 vps postfix/smtps/smtpd[23216]: connect from unknown[117.174.25.64]
Oct 19 13:01:06 vps postfix/smtps/smtpd[23216]: warning: Wrapper-mode request dropped from unknown[117.174.25.64] for service 465. TLS context initialization failed. For details see earlier warnings in your logs.
Oct 19 13:01:06 vps postfix/smtps/smtpd[23216]: disconnect from unknown[117.174.25.64]
Oct 19 13:01:08 vps postfix/smtp[22768]: connect to crackersadaikki.com[13.248.213.45]:25: Connection timed out
Oct 19 13:01:09 vps postfix/smtps/smtpd[23216]: connect from unknown[91.75.107.62]
Oct 19 13:01:09 vps postfix/smtps/smtpd[23216]: warning: Wrapper-mode request dropped from unknown[91.75.107.62] for service 465. TLS context initialization failed. For details see earlier warnings in your logs.
Oct 19 13:01:09 vps postfix/smtps/smtpd[23216]: disconnect from unknown[91.75.107.62]
Oct 19 13:01:09 vps postfix/smtp[22819]: connect to crackersadaikki.com[76.223.67.189]:25: Connection timed out
Oct 19 13:01:09 vps postfix/smtp[22845]: connect to crackersadaikki.com[76.223.67.189]:25: Connection timed out
Oct 19 13:01:09 vps postfix/smtp[22864]: connect to crackersadaikki.com[76.223.67.189]:25: Connection timed out
Oct 19 13:01:23 vps postfix/smtps/smtpd[23216]: connect from unknown[116.233.6.238]
Oct 19 13:01:23 vps postfix/smtps/smtpd[23216]: warning: Wrapper-mode request dropped from unknown[116.233.6.238] for service 465. TLS context initialization failed. For details see earlier warnings in your logs.
Oct 19 13:01:23 vps postfix/smtps/smtpd[23216]: disconnect from unknown[116.233.6.238]
Oct 19 13:01:25 vps postfix/smtps/smtpd[23216]: connect from unknown[121.131.220.139]
Oct 19 13:01:25 vps postfix/smtps/smtpd[23216]: warning: Wrapper-mode request dropped from unknown[121.131.220.139] for service 465. TLS context initialization failed. For details see earlier warnings in your logs.
Oct 19 13:01:25 vps postfix/smtps/smtpd[23216]: disconnect from unknown[121.131.220.139]
Oct 19 13:01:33 vps postfix/smtpd[27414]: connect from unknown[212.132.96.229]
Oct 19 13:01:36 vps postfix/smtpd[27414]: warning: unknown[212.132.96.229]: SASL LOGIN authentication failed: UGFzc3dvcmQ6
Oct 19 13:01:36 vps postfix/smtpd[27414]: disconnect from unknown[212.132.96.229]
Oct 19 13:01:38 vps postfix/smtp[22768]: connect to crackersadaikki.com[76.223.67.189]:25: Connection timed out
Oct 19 13:01:38 vps postfix/smtp[22768]: 2D60C6F51A: to=, relay=none, delay=1099, delays=1038/0.56/60/0, dsn=4.4.1, status=deferred (connect to crackersadaikki.com[76.223.67.189]:25: Connection timed out)
Oct 19 13:01:39 vps postfix/qmgr[26951]: 2D60C6F51A: from=, status=expired, returned to sender
Oct 19 13:01:39 vps postfix/cleanup[24163]: 3DC653718BF: message-id=<20251019073139.3DC653718BF@vps.vcrowd.in>
Oct 19 13:01:39 vps postfix/qmgr[26951]: 3DC653718BF: from=<>, size=4701, nrcpt=1 (queue active)
Oct 19 13:01:39 vps postfix/bounce[22943]: 2D60C6F51A: sender non-delivery notification: 3DC653718BF
Oct 19 13:01:39 vps postfix/qmgr[26951]: 2D60C6F51A: removed
Oct 19 13:01:39 vps postfix/local[24181]: 3DC653718BF: to=, relay=local, delay=0.21, delays=0.17/0.03/0/0.02, dsn=2.0.0, status=sent (delivered to mailbox)
Oct 19 13:01:39 vps postfix/qmgr[26951]: 3DC653718BF: removed
Oct 19 13:01:39 vps postfix/smtp[22819]: connect to crackersadaikki.com[13.248.213.45]:25: Connection timed out
Oct 19 13:01:39 vps postfix/smtp[22819]: 4755B6F9D7: to=, relay=none, delay=676, delays=615/0.53/60/0, dsn=4.4.1, status=deferred (connect to crackersadaikki.com[13.248.213.45]:25: Connection timed out)
Oct 19 13:01:39 vps postfix/bounce[22943]: warning: [built-in]: zero result in delay template conversion of parameter "delay_warning_time_hours"
Oct 19 13:01:39 vps postfix/bounce[22943]: warning: please reduce time unit "hours" of "delay_warning_time_hours" in delay template
Oct 19 13:01:39 vps postfix/bounce[22943]: warning: for instructions see the bounce(5) manual
Oct 19 13:01:39 vps postfix/bounce[22943]: warning: [built-in]: zero result in delay template conversion of parameter "maximal_queue_lifetime_days"
Oct 19 13:01:39 vps postfix/bounce[22943]: warning: please reduce time unit "days" of "maximal_queue_lifetime_days" in delay template
Oct 19 13:01:39 vps postfix/bounce[22943]: warning: for instructions see the bounce(5) manual
Oct 19 13:01:39 vps postfix/cleanup[24163]: 5D2096F51A: message-id=<20251019073139.5D2096F51A@vps.vcrowd.in>
Oct 19 13:01:39 vps postfix/qmgr[26951]: 5D2096F51A: from=<>, size=4422, nrcpt=1 (queue active)
Oct 19 13:01:39 vps postfix/bounce[22943]: 4755B6F9D7: sender delay notification: 5D2096F51A
Oct 19 13:01:39 vps postfix/local[24181]: 5D2096F51A: to=, relay=local, delay=0.02, delays=0.02/0/0/0, dsn=2.0.0, status=sent (delivered to mailbox)
Oct 19 13:01:39 vps postfix/qmgr[26951]: 5D2096F51A: removed
Oct 19 13:01:39 vps postfix/smtp[22845]: connect to crackersadaikki.com[13.248.213.45]:25: Connection timed out
Oct 19 13:01:39 vps postfix/smtp[22845]: B23E73C0147: to=, relay=none, delay=676, delays=615/0.68/60/0, dsn=4.4.1, status=deferred (connect to crackersadaikki.com[13.248.213.45]:25: Connection timed out)
Oct 19 13:01:39 vps postfix/bounce[22943]: warning: [built-in]: zero result in delay template conversion of parameter "delay_warning_time_hours"
Oct 19 13:01:39 vps postfix/bounce[22943]: warning: please reduce time unit "hours" of "delay_warning_time_hours" in delay template
Oct 19 13:01:39 vps postfix/bounce[22943]: warning: for instructions see the bounce(5) manual
Oct 19 13:01:39 vps postfix/bounce[22943]: warning: [built-in]: zero result in delay template conversion of parameter "maximal_queue_lifetime_days"
Oct 19 13:01:39 vps postfix/bounce[22943]: warning: please reduce time unit "days" of "maximal_queue_lifetime_days" in delay template
Oct 19 13:01:39 vps postfix/bounce[22943]: warning: for instructions see the bounce(5) manual
Oct 19 13:01:39 vps postfix/cleanup[24163]: 8EBCC6F51A: message-id=<20251019073139.8EBCC6F51A@vps.vcrowd.in>
Oct 19 13:01:39 vps postfix/bounce[22943]: B23E73C0147: sender delay notification: 8EBCC6F51A
Oct 19 13:01:39 vps postfix/qmgr[26951]: 8EBCC6F51A: from=<>, size=4394, nrcpt=1 (queue active)
Oct 19 13:01:39 vps postfix/local[24181]: 8EBCC6F51A: to=, relay=local, delay=0.01, delays=0.01/0/0/0, dsn=2.0.0, status=sent (delivered to mailbox)
Oct 19 13:01:39 vps postfix/qmgr[26951]: 8EBCC6F51A: removed
Oct 19 13:01:39 vps postfix/smtp[22864]: connect to crackersadaikki.com[13.248.213.45]:25: Connection timed out
Oct 19 13:01:39 vps postfix/smtp[22864]: A54D21D858: to=, relay=none, delay=1100, delays=1039/0.92/60/0, dsn=4.4.1, status=deferred (connect to crackersadaikki.com[13.248.213.45]:25: Connection timed out)
Oct 19 13:01:39 vps postfix/qmgr[26951]: A54D21D858: from=, status=expired, returned to sender
Oct 19 13:01:39 vps postfix/cleanup[24163]: CF7876F51A: message-id=<20251019073139.CF7876F51A@vps.vcrowd.in>
Oct 19 13:01:39 vps postfix/qmgr[26951]: CF7876F51A: from=<>, size=4446, nrcpt=1 (queue active)
Oct 19 13:01:39 vps postfix/bounce[22943]: A54D21D858: sender non-delivery notification: CF7876F51A
Oct 19 13:01:39 vps postfix/qmgr[26951]: A54D21D858: removed
Oct 19 13:01:39 vps postfix/local[24181]: CF7876F51A: to=, relay=local, delay=0.02, delays=0.01/0/0/0.01, dsn=2.0.0, status=sent (delivered to mailbox)
Oct 19 13:01:39 vps postfix/qmgr[26951]: CF7876F51A: removed
Oct 19 13:02:49 vps postfix/smtpd[27414]: connect from unknown[212.132.96.229]
Oct 19 13:02:52 vps postfix/smtpd[27414]: warning: unknown[212.132.96.229]: SASL LOGIN authentication failed: UGFzc3dvcmQ6
Oct 19 13:02:52 vps postfix/smtpd[27414]: disconnect from unknown[212.132.96.229]
Oct 19 13:03:35 vps postfix/smtpd[27414]: connect from unknown[165.154.121.231]
Oct 19 13:03:37 vps postfix/smtpd[27414]: warning: unknown[165.154.121.231]: SASL LOGIN authentication failed: UGFzc3dvcmQ6
Oct 19 13:03:37 vps postfix/smtpd[27414]: disconnect from unknown[165.154.121.231]
Oct 19 13:04:05 vps postfix/smtpd[27414]: connect from unknown[212.132.96.229]
Oct 19 13:04:08 vps postfix/smtpd[27414]: warning: unknown[212.132.96.229]: SASL LOGIN authentication failed: UGFzc3dvcmQ6
Oct 19 13:04:08 vps postfix/smtpd[27414]: disconnect from unknown[212.132.96.229]
Oct 19 13:05:21 vps postfix/smtpd[27414]: connect from unknown[212.132.96.229]
Oct 19 13:05:24 vps postfix/smtpd[27414]: warning: unknown[212.132.96.229]: SASL LOGIN authentication failed: UGFzc3dvcmQ6
Oct 19 13:05:24 vps postfix/smtpd[27414]: disconnect from unknown[212.132.96.229]
Oct 19 13:05:28 vps postfix/pickup[18999]: 5351E7AFB3: uid=1097 from=
Oct 19 13:05:28 vps postfix/cleanup[29207]: 5351E7AFB3: message-id=<20251019073528.5351E7AFB3@vps.vcrowd.in>
Oct 19 13:05:28 vps opendkim[5590]: 5351E7AFB3: DKIM-Signature field added (s=default, d=hicarechennai.in)
Oct 19 13:05:28 vps postfix/qmgr[26951]: 5351E7AFB3: from=, size=1006, nrcpt=1 (queue active)
Oct 19 13:05:28 vps postfix/pipe[29214]: 5351E7AFB3: to=, relay=dovecot, delay=0.17, delays=0.11/0.02/0/0.04, dsn=4.1.1, status=SOFTBOUNCE (user unknown)
Oct 19 13:05:38 vps postfix/qmgr[26951]: 132243BF5BD: from=, size=871, nrcpt=2 (queue active)
Oct 19 13:05:38 vps postfix/qmgr[26951]: 659913C0145: from=, size=1116, nrcpt=2 (queue active)
Oct 19 13:05:38 vps postfix/error[29381]: 132243BF5BD: to=, relay=none, delay=1004, delays=1004/0.02/0/0, dsn=4.4.1, status=deferred (delivery temporarily suspended: connect to crackersadaikki.com[13.248.213.45]:25: Connection timed out)
Oct 19 13:05:38 vps postfix/error[29381]: 659913C0145: to=, relay=none, delay=1004, delays=1004/0.02/0/0.01, dsn=4.4.1, status=deferred (delivery temporarily suspended: connect to crackersadaikki.com[13.248.213.45]:25: Connection timed out)
Oct 19 13:05:39 vps postfix/smtp[29380]: 132243BF5BD: host gmail-smtp-in.l.google.com[142.251.12.26] said: 550-5.7.26 Your email has been blocked because the sender is unauthenticated. 550-5.7.26 Gmail requires all senders to authenticate with either SPF or DKIM. 550-5.7.26 550-5.7.26 Authentication results: 550-5.7.26 DKIM = did not pass 550-5.7.26 SPF [vps.vcrowd.in] with ip: [103.120.179.240] = did not pass 550-5.7.26 550-5.7.26 For instructions on setting up authentication, go to 550 5.7.26 https://support.google.com/mail/answer/81126#authentication 41be03b00d2f7-b6a76b8057dsi2182646a12.1329 - gsmtp (in reply to end of DATA command)
Oct 19 13:05:39 vps postfix/smtp[29383]: 659913C0145: host gmail-smtp-in.l.google.com[142.251.12.27] said: 550-5.7.26 Your email has been blocked because the sender is unauthenticated. 550-5.7.26 Gmail requires all senders to authenticate with either SPF or DKIM. 550-5.7.26 550-5.7.26 Authentication results: 550-5.7.26 DKIM = did not pass 550-5.7.26 SPF [vps.vcrowd.in] with ip: [103.120.179.240] = did not pass 550-5.7.26 550-5.7.26 For instructions on setting up authentication, go to 550 5.7.26 https://support.google.com/mail/answer/81126#authentication d2e1a72fcca58-7a23010f817si2530528b3a.594 - gsmtp (in reply to end of DATA command)
Oct 19 13:05:41 vps postfix/smtp[29383]: 659913C0145: to=, relay=alt1.gmail-smtp-in.l.google.com[192.178.163.27]:25, delay=1007, delays=1004/0.02/1.9/0.6, dsn=4.7.26, status=SOFTBOUNCE (host alt1.gmail-smtp-in.l.google.com[192.178.163.27] said: 550-5.7.26 Your email has been blocked because the sender is unauthenticated. 550-5.7.26 Gmail requires all senders to authenticate with either SPF or DKIM. 550-5.7.26 550-5.7.26 Authentication results: 550-5.7.26 DKIM = did not pass 550-5.7.26 SPF [vps.vcrowd.in] with ip: [103.120.179.240] = did not pass 550-5.7.26 550-5.7.26 For instructions on setting up authentication, go to 550 5.7.26 https://support.google.com/mail/answer/81126#authentication d9443c01a7336-29247238440si26654365ad.709 - gsmtp (in reply to end of DATA command))
Oct 19 13:05:41 vps postfix/qmgr[26951]: 659913C0145: from=, status=expired, returned to sender
Oct 19 13:05:41 vps postfix/cleanup[29207]: 012B23C0146: message-id=<20251019073541.012B23C0146@vps.vcrowd.in>
Oct 19 13:05:41 vps postfix/bounce[29216]: 659913C0145: sender non-delivery notification: 012B23C0146
Oct 19 13:05:41 vps postfix/qmgr[26951]: 012B23C0146: from=<>, size=4773, nrcpt=1 (queue active)
Oct 19 13:05:41 vps postfix/qmgr[26951]: 659913C0145: removed
Oct 19 13:05:41 vps postfix/local[29422]: 012B23C0146: to=, relay=local, delay=0.03, delays=0.01/0.02/0/0, dsn=2.0.0, status=sent (delivered to mailbox)
Oct 19 13:05:41 vps postfix/qmgr[26951]: 012B23C0146: removed
Oct 19 13:05:41 vps postfix/smtp[29380]: 132243BF5BD: to=, relay=alt1.gmail-smtp-in.l.google.com[192.178.163.26]:25, delay=1007, delays=1004/0.02/1.9/0.78, dsn=4.7.26, status=SOFTBOUNCE (host alt1.gmail-smtp-in.l.google.com[192.178.163.26] said: 550-5.7.26 Your email has been blocked because the sender is unauthenticated. 550-5.7.26 Gmail requires all senders to authenticate with either SPF or DKIM. 550-5.7.26 550-5.7.26 Authentication results: 550-5.7.26 DKIM = did not pass 550-5.7.26 SPF [vps.vcrowd.in] with ip: [103.120.179.240] = did not pass 550-5.7.26 550-5.7.26 For instructions on setting up authentication, go to 550 5.7.26 https://support.google.com/mail/answer/81126#authentication 41be03b00d2f7-b6a76b6a8a6si2115876a12.1094 - gsmtp (in reply to end of DATA command))
Oct 19 13:05:41 vps postfix/qmgr[26951]: 132243BF5BD: from=, status=expired, returned to sender
Oct 19 13:05:41 vps postfix/cleanup[29207]: 27FB23C0145: message-id=<20251019073541.27FB23C0145@vps.vcrowd.in>
Oct 19 13:05:41 vps postfix/bounce[29216]: 132243BF5BD: sender non-delivery notification: 27FB23C0145
Oct 19 13:05:41 vps postfix/qmgr[26951]: 27FB23C0145: from=<>, size=4528, nrcpt=1 (queue active)
Oct 19 13:05:41 vps postfix/qmgr[26951]: 132243BF5BD: removed
Oct 19 13:05:41 vps postfix/local[29422]: 27FB23C0145: to=, relay=local, delay=0.01, delays=0.01/0/0/0, dsn=2.0.0, status=sent (delivered to mailbox)
Oct 19 13:05:41 vps postfix/qmgr[26951]: 27FB23C0145: removed
Oct 19 13:06:06 vps postfix/smtpd[29827]: warning: hostname abts-tn-dynamic-229.84.164.122.airtelbroadband.in does not resolve to address 122.164.84.229: Name or service not known
Oct 19 13:06:06 vps postfix/smtpd[29827]: connect from unknown[122.164.84.229]
Oct 19 13:06:07 vps postfix/smtpd[29827]: NOQUEUE: reject: RCPT from unknown[122.164.84.229]: 454 4.7.1 Service unavailable; Client host [122.164.84.229] blocked using b.barracudacentral.org; http://www.barracudanetworks.com/reputation/?pr=1&ip=122.164.84.229; from= to= proto=SMTP helo=
Oct 19 13:06:07 vps postfix/smtpd[29827]: lost connection after UNKNOWN from unknown[122.164.84.229]
Oct 19 13:06:07 vps postfix/smtpd[29827]: disconnect from unknown[122.164.84.229]
Oct 19 13:06:36 vps postfix/smtpd[27414]: connect from unknown[212.132.96.229]
Oct 19 13:06:39 vps postfix/smtpd[27414]: warning: unknown[212.132.96.229]: SASL LOGIN authentication failed: UGFzc3dvcmQ6
Oct 19 13:06:39 vps postfix/smtpd[27414]: disconnect from unknown[212.132.96.229]
Oct 19 13:07:28 vps postfix/smtpd[29827]: connect from unknown[213.209.157.225]
Oct 19 13:07:31 vps postfix/smtpd[29827]: warning: unknown[213.209.157.225]: SASL LOGIN authentication failed: UGFzc3dvcmQ6
Oct 19 13:07:31 vps postfix/smtpd[29827]: disconnect from unknown[213.209.157.225]
Oct 19 13:07:41 vps postfix/smtpd[29827]: connect from unknown[62.60.131.124]
Oct 19 13:07:44 vps postfix/smtpd[29827]: warning: unknown[62.60.131.124]: SASL LOGIN authentication failed: UGFzc3dvcmQ6
Oct 19 13:07:44 vps postfix/smtpd[29827]: disconnect from unknown[62.60.131.124]
Oct 19 13:07:52 vps postfix/smtpd[29827]: connect from unknown[213.209.157.116]
Oct 19 13:07:54 vps postfix/smtpd[27414]: connect from unknown[212.132.96.229]
Oct 19 13:07:54 vps postfix/smtpd[29827]: warning: unknown[213.209.157.116]: SASL LOGIN authentication failed: UGFzc3dvcmQ6
Oct 19 13:07:54 vps postfix/smtpd[29827]: disconnect from unknown[213.209.157.116]
Oct 19 13:07:56 vps postfix/smtpd[27414]: warning: unknown[212.132.96.229]: SASL LOGIN authentication failed: UGFzc3dvcmQ6
Oct 19 13:07:56 vps postfix/smtpd[27414]: disconnect from unknown[212.132.96.229]
Oct 19 13:07:59 vps postfix/smtpd[29827]: warning: hostname abts-tn-dynamic-229.84.164.122.airtelbroadband.in does not resolve to address 122.164.84.229: Name or service not known
Oct 19 13:07:59 vps postfix/smtpd[29827]: connect from unknown[122.164.84.229]
Oct 19 13:07:59 vps postfix/smtpd[29827]: NOQUEUE: reject: RCPT from unknown[122.164.84.229]: 454 4.7.1 Service unavailable; Client host [122.164.84.229] blocked using b.barracudacentral.org; http://www.barracudanetworks.com/reputation/?pr=1&ip=122.164.84.229; from= to= proto=SMTP helo=
Oct 19 13:07:59 vps postfix/smtpd[29827]: lost connection after UNKNOWN from unknown[122.164.84.229]
Oct 19 13:07:59 vps postfix/smtpd[29827]: disconnect from unknown[122.164.84.229]
Oct 19 13:08:41 vps postfix/smtpd[29827]: connect from mail-vs1-f68.google.com[209.85.217.68]
Oct 19 13:08:42 vps postfix/smtpd[29827]: NOQUEUE: reject: RCPT from mail-vs1-f68.google.com[209.85.217.68]: 450 4.1.1 : Recipient address rejected: User unknown in virtual mailbox table; from= to= proto=ESMTP helo=
Oct 19 13:08:42 vps postfix/smtpd[29827]: disconnect from mail-vs1-f68.google.com[209.85.217.68]
Oct 19 13:09:00 vps postfix/smtpd[29827]: warning: hostname abts-tn-dynamic-229.84.164.122.airtelbroadband.in does not resolve to address 122.164.84.229: Name or service not known
Oct 19 13:09:00 vps postfix/smtpd[29827]: connect from unknown[122.164.84.229]
Oct 19 13:09:01 vps postfix/smtpd[29827]: NOQUEUE: reject: RCPT from unknown[122.164.84.229]: 454 4.7.1 Service unavailable; Client host [122.164.84.229] blocked using b.barracudacentral.org; http://www.barracudanetworks.com/reputation/?pr=1&ip=122.164.84.229; from= to= proto=SMTP helo=
Oct 19 13:09:01 vps postfix/smtpd[29827]: lost connection after UNKNOWN from unknown[122.164.84.229]
Oct 19 13:09:01 vps postfix/smtpd[29827]: disconnect from unknown[122.164.84.229]
Oct 19 13:09:10 vps postfix/smtpd[27414]: connect from unknown[212.132.96.229]
Oct 19 13:09:13 vps postfix/smtpd[27414]: warning: unknown[212.132.96.229]: SASL LOGIN authentication failed: UGFzc3dvcmQ6
Oct 19 13:09:13 vps postfix/smtpd[27414]: disconnect from unknown[212.132.96.229]
Oct 19 13:09:40 vps postfix/smtpd[29827]: connect from unknown[58.226.255.240]
Oct 19 13:09:46 vps postfix/smtpd[29827]: warning: unknown[58.226.255.240]: SASL LOGIN authentication failed: UGFzc3dvcmQ6
Oct 19 13:09:47 vps postfix/smtpd[29827]: lost connection after AUTH from unknown[58.226.255.240]
Oct 19 13:09:47 vps postfix/smtpd[29827]: disconnect from unknown[58.226.255.240]
Oct 19 13:10:26 vps postfix/smtpd[27414]: connect from unknown[212.132.96.229]
Oct 19 13:10:29 vps postfix/smtpd[27414]: warning: unknown[212.132.96.229]: SASL LOGIN authentication failed: UGFzc3dvcmQ6
Oct 19 13:10:29 vps postfix/smtpd[27414]: disconnect from unknown[212.132.96.229]
Oct 19 13:10:38 vps postfix/qmgr[26951]: 5351E7AFB3: from=, size=1006, nrcpt=1 (queue active)
Oct 19 13:10:38 vps postfix/pipe[2509]: 5351E7AFB3: to=, relay=dovecot, delay=310, delays=310/0.04/0/0.04, dsn=4.1.1, status=SOFTBOUNCE (user unknown)
Oct 19 13:10:50 vps postfix/anvil[27319]: statistics: max connection rate 1/60s for (smtp:196.251.92.11) at
Oct 19 13:00:54
Oct 19 13:10:50 vps postfix/anvil[27319]: statistics: max connection count 1 for (smtp:196.251.92.11) at
Oct 19 13:00:54
Oct 19 13:10:50 vps postfix/anvil[27319]: statistics: max cache size 5 at
Oct 19 13:07:59
Oct 19 13:11:08 vps postfix/smtpd[29827]: connect from unknown[62.60.131.17]
Oct 19 13:11:12 vps postfix/smtpd[29827]: warning: unknown[62.60.131.17]: SASL LOGIN authentication failed: UGFzc3dvcmQ6
Oct 19 13:11:13 vps postfix/smtpd[29827]: disconnect from unknown[62.60.131.17]
Oct 19 13:11:23 vps postfix/smtpd[29827]: connect from unknown[213.209.157.252]
Oct 19 13:11:26 vps postfix/smtpd[29827]: warning: unknown[213.209.157.252]: SASL LOGIN authentication failed: UGFzc3dvcmQ6
Oct 19 13:11:26 vps postfix/smtpd[29827]: disconnect from unknown[213.209.157.252]
Oct 19 13:11:44 vps postfix/smtpd[27414]: connect from unknown[212.132.96.229]
Oct 19 13:11:47 vps postfix/smtpd[27414]: warning: unknown[212.132.96.229]: SASL LOGIN authentication failed: UGFzc3dvcmQ6
Oct 19 13:11:47 vps postfix/smtpd[27414]: disconnect from unknown[212.132.96.229]
Oct 19 13:12:29 vps postfix/smtps/smtpd[5191]: warning: No server certs available. TLS won't be enabled
Oct 19 13:12:29 vps postfix/smtps/smtpd[5191]: warning: hostname 37-222-199-217.red-acceso.airtel.net does not resolve to address 37.222.199.217: Name or service not known
Oct 19 13:12:29 vps postfix/smtps/smtpd[5191]: connect from unknown[37.222.199.217]
Oct 19 13:12:29 vps postfix/smtps/smtpd[5191]: warning: Wrapper-mode request dropped from unknown[37.222.199.217] for service 465. TLS context initialization failed. For details see earlier warnings in your logs.
Oct 19 13:12:29 vps postfix/smtps/smtpd[5191]: disconnect from unknown[37.222.199.217]
Oct 19 13:12:32 vps postfix/smtps/smtpd[5191]: connect from unknown[211.141.56.185]
Oct 19 13:12:32 vps postfix/smtps/smtpd[5191]: warning: Wrapper-mode request dropped from unknown[211.141.56.185] for service 465. TLS context initialization failed. For details see earlier warnings in your logs.
Oct 19 13:12:32 vps postfix/smtps/smtpd[5191]: disconnect from unknown[211.141.56.185]
Oct 19 13:12:36 vps postfix/smtps/smtpd[5191]: connect from unknown[163.53.156.194]
Oct 19 13:12:36 vps postfix/smtps/smtpd[5191]: warning: Wrapper-mode request dropped from unknown[163.53.156.194] for service 465. TLS context initialization failed. For details see earlier warnings in your logs.
Oct 19 13:12:36 vps postfix/smtps/smtpd[5191]: disconnect from unknown[163.53.156.194]
Oct 19 13:12:39 vps postfix/smtps/smtpd[5191]: connect from unknown[27.15.19.156]
Oct 19 13:12:39 vps postfix/smtps/smtpd[5191]: warning: Wrapper-mode request dropped from unknown[27.15.19.156] for service 465. TLS context initialization failed. For details see earlier warnings in your logs.
Oct 19 13:12:39 vps postfix/smtps/smtpd[5191]: disconnect from unknown[27.15.19.156]
Oct 19 13:12:56 vps postfix/smtps/smtpd[5191]: connect from h79-138-90-195.cust.bredband2.com[79.138.90.195]
Oct 19 13:12:56 vps postfix/smtps/smtpd[5191]: warning: Wrapper-mode request dropped from h79-138-90-195.cust.bredband2.com[79.138.90.195] for service 465. TLS context initialization failed. For details see earlier warnings in your logs.
Oct 19 13:12:56 vps postfix/smtps/smtpd[5191]: disconnect from h79-138-90-195.cust.bredband2.com[79.138.90.195]
Oct 19 13:12:59 vps postfix/smtps/smtpd[5191]: connect from unknown[125.141.193.42]
Oct 19 13:12:59 vps postfix/smtps/smtpd[5191]: warning: Wrapper-mode request dropped from unknown[125.141.193.42] for service 465. TLS context initialization failed. For details see earlier warnings in your logs.
Oct 19 13:12:59 vps postfix/smtps/smtpd[5191]: disconnect from unknown[125.141.193.42]
Oct 19 13:13:00 vps postfix/smtpd[27414]: connect from unknown[212.132.96.229]
Oct 19 13:13:03 vps postfix/smtpd[27414]: warning: unknown[212.132.96.229]: SASL LOGIN authentication failed: UGFzc3dvcmQ6
Oct 19 13:13:03 vps postfix/smtpd[27414]: disconnect from unknown[212.132.96.229]
Oct 19 13:14:18 vps postfix/smtpd[27414]: connect from unknown[212.132.96.229]
Oct 19 13:14:20 vps postfix/smtpd[27414]: warning: unknown[212.132.96.229]: SASL LOGIN authentication failed: UGFzc3dvcmQ6
Oct 19 13:14:20 vps postfix/smtpd[27414]: disconnect from unknown[212.132.96.229]
Oct 19 13:15:34 vps postfix/smtpd[27414]: connect from unknown[212.132.96.229]
Oct 19 13:15:36 vps postfix/smtpd[27414]: warning: unknown[212.132.96.229]: SASL LOGIN authentication failed: UGFzc3dvcmQ6
Oct 19 13:15:36 vps postfix/smtpd[27414]: disconnect from unknown[212.132.96.229]
Oct 19 13:15:38 vps postfix/qmgr[26951]: 4755B6F9D7: from=, size=871, nrcpt=2 (queue active)
Oct 19 13:15:38 vps postfix/qmgr[26951]: B23E73C0147: from=, size=1116, nrcpt=2 (queue active)
Oct 19 13:15:40 vps postfix/smtp[9714]: 4755B6F9D7: host gmail-smtp-in.l.google.com[142.251.12.27] said: 550-5.7.26 Your email has been blocked because the sender is unauthenticated. 550-5.7.26 Gmail requires all senders to authenticate with either SPF or DKIM. 550-5.7.26 550-5.7.26 Authentication results: 550-5.7.26 DKIM = did not pass 550-5.7.26 SPF [vps.vcrowd.in] with ip: [103.120.179.240] = did not pass 550-5.7.26 550-5.7.26 For instructions on setting up authentication, go to 550 5.7.26 https://support.google.com/mail/answer/81126#authentication d2e1a72fcca58-7a23013e4b7si2574583b3a.965 - gsmtp (in reply to end of DATA command)
Oct 19 13:15:40 vps postfix/smtp[9716]: B23E73C0147: host gmail-smtp-in.l.google.com[142.251.12.27] said: 550-5.7.26 Your email has been blocked because the sender is unauthenticated. 550-5.7.26 Gmail requires all senders to authenticate with either SPF or DKIM. 550-5.7.26 550-5.7.26 Authentication results: 550-5.7.26 DKIM = did not pass 550-5.7.26 SPF [vps.vcrowd.in] with ip: [103.120.179.240] = did not pass 550-5.7.26 550-5.7.26 For instructions on setting up authentication, go to 550 5.7.26 https://support.google.com/mail/answer/81126#authentication d2e1a72fcca58-7a23012b3dbsi2583780b3a.880 - gsmtp (in reply to end of DATA command)
Oct 19 13:15:41 vps postfix/smtp[9714]: 4755B6F9D7: to=, relay=alt1.gmail-smtp-in.l.google.com[192.178.163.27]:25, delay=1518, delays=1515/0.34/2.2/0.7, dsn=4.7.26, status=SOFTBOUNCE (host alt1.gmail-smtp-in.l.google.com[192.178.163.27] said: 550-5.7.26 Your email has been blocked because the sender is unauthenticated. 550-5.7.26 Gmail requires all senders to authenticate with either SPF or DKIM. 550-5.7.26 550-5.7.26 Authentication results: 550-5.7.26 DKIM = did not pass 550-5.7.26 SPF [vps.vcrowd.in] with ip: [103.120.179.240] = did not pass 550-5.7.26 550-5.7.26 For instructions on setting up authentication, go to 550 5.7.26 https://support.google.com/mail/answer/81126#authentication 41be03b00d2f7-b6a76b79fb4si2194348a12.1287 - gsmtp (in reply to end of DATA command))
