Oct 19 05:43:56 vps postfix/smtp[10022]: 4A4776F9D7: to=, relay=alt1.gmail-smtp-in.l.google.com[192.178.163.27]:25, delay=3.1, delays=0.06/0.02/2.2/0.8, dsn=4.7.26, status=SOFTBOUNCE (host alt1.gmail-smtp-in.l.google.com[192.178.163.27] said: 550-5.7.26 Your email has been blocked because the sender is unauthenticated. 550-5.7.26 Gmail requires all senders to authenticate with either SPF or DKIM. 550-5.7.26 550-5.7.26 Authentication results: 550-5.7.26 DKIM = did not pass 550-5.7.26 SPF [vps.vcrowd.in] with ip: [103.120.179.240] = did not pass 550-5.7.26 550-5.7.26 For instructions on setting up authentication, go to 550 5.7.26 https://support.google.com/mail/answer/81126#authentication d2e1a72fcca58-7a22ff147a5si2050775b3a.190 - gsmtp (in reply to end of DATA command))
Oct 19 05:43:56 vps postfix/smtp[10041]: D88F53718BF: to=, relay=alt1.gmail-smtp-in.l.google.com[192.178.163.27]:25, delay=2.7, delays=0.01/0.01/2/0.73, dsn=4.7.26, status=SOFTBOUNCE (host alt1.gmail-smtp-in.l.google.com[192.178.163.27] said: 550-5.7.26 Your email has been blocked because the sender is unauthenticated. 550-5.7.26 Gmail requires all senders to authenticate with either SPF or DKIM. 550-5.7.26 550-5.7.26 Authentication results: 550-5.7.26 DKIM = did not pass 550-5.7.26 SPF [vps.vcrowd.in] with ip: [103.120.179.240] = did not pass 550-5.7.26 550-5.7.26 For instructions on setting up authentication, go to 550 5.7.26 https://support.google.com/mail/answer/81126#authentication d9443c01a7336-292472270a4si20521035ad.577 - gsmtp (in reply to end of DATA command))
Oct 19 05:44:04 vps postfix/smtpd[6510]: connect from unknown[213.209.157.225]
Oct 19 05:44:07 vps postfix/smtpd[6510]: warning: unknown[213.209.157.225]: SASL LOGIN authentication failed: UGFzc3dvcmQ6
Oct 19 05:44:07 vps postfix/smtpd[6510]: disconnect from unknown[213.209.157.225]
Oct 19 05:44:51 vps postfix/smtpd[6510]: connect from unknown[77.90.185.216]
Oct 19 05:44:52 vps postfix/smtpd[1839]: connect from unknown[212.132.96.229]
Oct 19 05:44:55 vps postfix/smtpd[1839]: warning: unknown[212.132.96.229]: SASL LOGIN authentication failed: UGFzc3dvcmQ6
Oct 19 05:44:55 vps postfix/smtpd[6510]: warning: unknown[77.90.185.216]: SASL LOGIN authentication failed: UGFzc3dvcmQ6
Oct 19 05:44:55 vps postfix/smtpd[1839]: disconnect from unknown[212.132.96.229]
Oct 19 05:44:55 vps postfix/smtpd[6510]: disconnect from unknown[77.90.185.216]
Oct 19 05:44:59 vps postfix/smtpd[6510]: connect from unknown[77.90.185.216]
Oct 19 05:45:00 vps postfix/smtpd[10821]: connect from unknown[77.90.185.216]
Oct 19 05:45:04 vps postfix/smtpd[11244]: connect from unknown[77.90.185.216]
Oct 19 05:45:05 vps postfix/smtpd[11314]: connect from unknown[77.90.185.216]
Oct 19 05:45:05 vps postfix/smtpd[11326]: connect from unknown[77.90.185.216]
Oct 19 05:45:07 vps postfix/smtpd[6510]: warning: unknown[77.90.185.216]: SASL LOGIN authentication failed: UGFzc3dvcmQ6
Oct 19 05:45:07 vps postfix/smtpd[10821]: warning: unknown[77.90.185.216]: SASL LOGIN authentication failed: UGFzc3dvcmQ6
Oct 19 05:45:07 vps postfix/smtpd[6510]: disconnect from unknown[77.90.185.216]
Oct 19 05:45:07 vps postfix/smtpd[10821]: disconnect from unknown[77.90.185.216]
Oct 19 05:45:10 vps postfix/smtpd[6510]: connect from unknown[77.90.185.216]
Oct 19 05:45:11 vps postfix/smtpd[11244]: warning: unknown[77.90.185.216]: SASL LOGIN authentication failed: UGFzc3dvcmQ6
Oct 19 05:45:11 vps postfix/smtpd[11244]: disconnect from unknown[77.90.185.216]
Oct 19 05:45:16 vps postfix/smtpd[11326]: warning: unknown[77.90.185.216]: SASL LOGIN authentication failed: UGFzc3dvcmQ6
Oct 19 05:45:16 vps postfix/smtpd[11326]: disconnect from unknown[77.90.185.216]
Oct 19 05:45:17 vps postfix/smtpd[11314]: warning: unknown[77.90.185.216]: SASL LOGIN authentication failed: UGFzc3dvcmQ6
Oct 19 05:45:17 vps postfix/smtpd[11314]: disconnect from unknown[77.90.185.216]
Oct 19 05:45:22 vps postfix/smtpd[6510]: warning: unknown[77.90.185.216]: SASL LOGIN authentication failed: UGFzc3dvcmQ6
Oct 19 05:45:23 vps postfix/smtpd[6510]: disconnect from unknown[77.90.185.216]
Oct 19 05:45:32 vps postfix/smtpd[10821]: connect from unknown[77.90.185.216]
Oct 19 05:45:42 vps postfix/smtpd[10821]: warning: unknown[77.90.185.216]: SASL LOGIN authentication failed: Connection lost to authentication server
Oct 19 05:45:43 vps postfix/smtpd[10821]: disconnect from unknown[77.90.185.216]
Oct 19 05:45:56 vps postfix/smtps/smtpd[12208]: warning: No server certs available. TLS won't be enabled
Oct 19 05:46:00 vps postfix/smtps/smtpd[12208]: connect from unknown[115.190.9.143]
Oct 19 05:46:00 vps postfix/smtps/smtpd[12208]: warning: Wrapper-mode request dropped from unknown[115.190.9.143] for service 465. TLS context initialization failed. For details see earlier warnings in your logs.
Oct 19 05:46:00 vps postfix/smtps/smtpd[12208]: disconnect from unknown[115.190.9.143]
Oct 19 05:46:07 vps postfix/smtpd[1839]: connect from unknown[212.132.96.229]
Oct 19 05:46:10 vps postfix/smtpd[1839]: warning: unknown[212.132.96.229]: SASL LOGIN authentication failed: UGFzc3dvcmQ6
Oct 19 05:46:10 vps postfix/smtpd[1839]: disconnect from unknown[212.132.96.229]
Oct 19 05:46:28 vps postfix/smtpd[11244]: connect from mail-koreasouthazolkn19010009.outbound.protection.outlook.com[52.103.75.9]
Oct 19 05:46:28 vps postfix/smtpd[11244]: NOQUEUE: reject: RCPT from mail-koreasouthazolkn19010009.outbound.protection.outlook.com[52.103.75.9]: 450 4.1.1 : Recipient address rejected: User unknown in virtual mailbox table; from= to= proto=ESMTP helo=
Oct 19 05:46:28 vps postfix/smtpd[11244]: disconnect from mail-koreasouthazolkn19010009.outbound.protection.outlook.com[52.103.75.9]
Oct 19 05:47:24 vps postfix/smtpd[1839]: connect from unknown[212.132.96.229]
Oct 19 05:47:26 vps postfix/smtpd[1839]: warning: unknown[212.132.96.229]: SASL LOGIN authentication failed: UGFzc3dvcmQ6
Oct 19 05:47:26 vps postfix/smtpd[1839]: disconnect from unknown[212.132.96.229]
Oct 19 05:47:48 vps postfix/smtpd[11244]: connect from unknown[196.251.92.11]
Oct 19 05:47:51 vps postfix/smtpd[11244]: warning: unknown[196.251.92.11]: SASL LOGIN authentication failed: UGFzc3dvcmQ6
Oct 19 05:47:51 vps postfix/smtpd[11244]: disconnect from unknown[196.251.92.11]
Oct 19 05:48:41 vps postfix/smtpd[1839]: connect from unknown[212.132.96.229]
Oct 19 05:48:44 vps postfix/smtpd[1839]: warning: unknown[212.132.96.229]: SASL LOGIN authentication failed: UGFzc3dvcmQ6
Oct 19 05:48:44 vps postfix/smtpd[1839]: disconnect from unknown[212.132.96.229]
Oct 19 05:49:57 vps postfix/smtpd[1839]: connect from unknown[212.132.96.229]
Oct 19 05:50:00 vps postfix/smtpd[1839]: warning: unknown[212.132.96.229]: SASL LOGIN authentication failed: UGFzc3dvcmQ6
Oct 19 05:50:00 vps postfix/smtpd[1839]: disconnect from unknown[212.132.96.229]
Oct 19 05:50:38 vps postfix/qmgr[26951]: D88F53718BF: from=, size=1034, nrcpt=1 (queue active)
Oct 19 05:50:38 vps postfix/qmgr[26951]: 4A4776F9D7: from=, size=927, nrcpt=1 (queue active)
Oct 19 05:50:39 vps postfix/smtp[15933]: 4A4776F9D7: host gmail-smtp-in.l.google.com[142.251.12.27] said: 550-5.7.26 Your email has been blocked because the sender is unauthenticated. 550-5.7.26 Gmail requires all senders to authenticate with either SPF or DKIM. 550-5.7.26 550-5.7.26 Authentication results: 550-5.7.26 DKIM = did not pass 550-5.7.26 SPF [vps.vcrowd.in] with ip: [103.120.179.240] = did not pass 550-5.7.26 550-5.7.26 For instructions on setting up authentication, go to 550 5.7.26 https://support.google.com/mail/answer/81126#authentication 41be03b00d2f7-b6a76b98101si1878199a12.1614 - gsmtp (in reply to end of DATA command)
Oct 19 05:50:39 vps postfix/smtp[15932]: D88F53718BF: host gmail-smtp-in.l.google.com[142.251.12.27] said: 550-5.7.26 Your email has been blocked because the sender is unauthenticated. 550-5.7.26 Gmail requires all senders to authenticate with either SPF or DKIM. 550-5.7.26 550-5.7.26 Authentication results: 550-5.7.26 DKIM = did not pass 550-5.7.26 SPF [vps.vcrowd.in] with ip: [103.120.179.240] = did not pass 550-5.7.26 550-5.7.26 For instructions on setting up authentication, go to 550 5.7.26 https://support.google.com/mail/answer/81126#authentication 41be03b00d2f7-b6a76b51ec0si1765967a12.870 - gsmtp (in reply to end of DATA command)
Oct 19 05:50:41 vps postfix/smtp[15933]: 4A4776F9D7: to=, relay=alt1.gmail-smtp-in.l.google.com[192.178.163.27]:25, delay=408, delays=405/0.02/2/0.8, dsn=4.7.26, status=SOFTBOUNCE (host alt1.gmail-smtp-in.l.google.com[192.178.163.27] said: 550-5.7.26 Your email has been blocked because the sender is unauthenticated. 550-5.7.26 Gmail requires all senders to authenticate with either SPF or DKIM. 550-5.7.26 550-5.7.26 Authentication results: 550-5.7.26 DKIM = did not pass 550-5.7.26 SPF [vps.vcrowd.in] with ip: [103.120.179.240] = did not pass 550-5.7.26 550-5.7.26 For instructions on setting up authentication, go to 550 5.7.26 https://support.google.com/mail/answer/81126#authentication d2e1a72fcca58-7a230126fbcsi2127106b3a.822 - gsmtp (in reply to end of DATA command))
Oct 19 05:50:41 vps postfix/smtp[15932]: D88F53718BF: to=, relay=alt1.gmail-smtp-in.l.google.com[192.178.163.27]:25, delay=408, delays=404/0.05/2.1/1, dsn=4.7.26, status=SOFTBOUNCE (host alt1.gmail-smtp-in.l.google.com[192.178.163.27] said: 550-5.7.26 Your email has been blocked because the sender is unauthenticated. 550-5.7.26 Gmail requires all senders to authenticate with either SPF or DKIM. 550-5.7.26 550-5.7.26 Authentication results: 550-5.7.26 DKIM = did not pass 550-5.7.26 SPF [vps.vcrowd.in] with ip: [103.120.179.240] = did not pass 550-5.7.26 550-5.7.26 For instructions on setting up authentication, go to 550 5.7.26 https://support.google.com/mail/answer/81126#authentication 98e67ed59e1d1-33d5df819f6si1741536a91.66 - gsmtp (in reply to end of DATA command))
Oct 19 05:50:50 vps postfix/anvil[27319]: statistics: max connection rate 8/60s for (smtp:77.90.185.216) at
Oct 19 05:45:32
Oct 19 05:50:50 vps postfix/anvil[27319]: statistics: max connection count 5 for (smtp:77.90.185.216) at
Oct 19 05:45:05
Oct 19 05:50:50 vps postfix/anvil[27319]: statistics: max cache size 3 at
Oct 19 05:44:52
Oct 19 05:51:12 vps postfix/smtpd[1839]: connect from unknown[212.132.96.229]
Oct 19 05:51:15 vps postfix/smtpd[1839]: warning: unknown[212.132.96.229]: SASL LOGIN authentication failed: UGFzc3dvcmQ6
Oct 19 05:51:15 vps postfix/smtpd[1839]: disconnect from unknown[212.132.96.229]
Oct 19 05:51:36 vps postfix/smtpd[16457]: connect from unknown[213.209.157.252]
Oct 19 05:51:38 vps postfix/smtpd[16457]: warning: unknown[213.209.157.252]: SASL LOGIN authentication failed: UGFzc3dvcmQ6
Oct 19 05:51:38 vps postfix/smtpd[16457]: disconnect from unknown[213.209.157.252]
Oct 19 05:51:40 vps postfix/smtps/smtpd[16485]: warning: No server certs available. TLS won't be enabled
Oct 19 05:51:40 vps postfix/smtps/smtpd[16485]: connect from unknown[109.233.215.154]
Oct 19 05:51:40 vps postfix/smtps/smtpd[16485]: warning: Wrapper-mode request dropped from unknown[109.233.215.154] for service 465. TLS context initialization failed. For details see earlier warnings in your logs.
Oct 19 05:51:40 vps postfix/smtps/smtpd[16485]: disconnect from unknown[109.233.215.154]
Oct 19 05:51:41 vps postfix/smtpd[16457]: connect from unknown[196.251.92.11]
Oct 19 05:51:42 vps postfix/smtps/smtpd[16485]: warning: hostname static-221.76.249.49-tataidc.co.in does not resolve to address 49.249.76.221: Name or service not known
Oct 19 05:51:42 vps postfix/smtps/smtpd[16485]: connect from unknown[49.249.76.221]
Oct 19 05:51:42 vps postfix/smtps/smtpd[16485]: warning: Wrapper-mode request dropped from unknown[49.249.76.221] for service 465. TLS context initialization failed. For details see earlier warnings in your logs.
Oct 19 05:51:42 vps postfix/smtps/smtpd[16485]: disconnect from unknown[49.249.76.221]
Oct 19 05:51:43 vps postfix/smtpd[16457]: warning: unknown[196.251.92.11]: SASL LOGIN authentication failed: UGFzc3dvcmQ6
Oct 19 05:51:43 vps postfix/smtpd[16457]: disconnect from unknown[196.251.92.11]
Oct 19 05:51:53 vps postfix/smtps/smtpd[16582]: warning: No server certs available. TLS won't be enabled
Oct 19 05:51:53 vps postfix/smtps/smtpd[16582]: connect from unknown[221.2.40.10]
Oct 19 05:51:53 vps postfix/smtps/smtpd[16582]: warning: Wrapper-mode request dropped from unknown[221.2.40.10] for service 465. TLS context initialization failed. For details see earlier warnings in your logs.
Oct 19 05:51:53 vps postfix/smtps/smtpd[16582]: disconnect from unknown[221.2.40.10]
Oct 19 05:52:00 vps postfix/smtps/smtpd[16485]: connect from unknown[218.21.246.238]
Oct 19 05:52:00 vps postfix/smtps/smtpd[16485]: warning: Wrapper-mode request dropped from unknown[218.21.246.238] for service 465. TLS context initialization failed. For details see earlier warnings in your logs.
Oct 19 05:52:00 vps postfix/smtps/smtpd[16485]: disconnect from unknown[218.21.246.238]
Oct 19 05:52:07 vps postfix/smtps/smtpd[16582]: connect from unknown[176.194.206.41]
Oct 19 05:52:07 vps postfix/smtps/smtpd[16582]: warning: Wrapper-mode request dropped from unknown[176.194.206.41] for service 465. TLS context initialization failed. For details see earlier warnings in your logs.
Oct 19 05:52:07 vps postfix/smtps/smtpd[16582]: disconnect from unknown[176.194.206.41]
Oct 19 05:52:28 vps postfix/smtpd[1839]: connect from unknown[212.132.96.229]
Oct 19 05:52:30 vps postfix/smtpd[1839]: warning: unknown[212.132.96.229]: SASL LOGIN authentication failed: UGFzc3dvcmQ6
Oct 19 05:52:30 vps postfix/smtpd[1839]: disconnect from unknown[212.132.96.229]
Oct 19 05:53:43 vps postfix/smtpd[1839]: connect from unknown[212.132.96.229]
Oct 19 05:53:46 vps postfix/smtpd[1839]: warning: unknown[212.132.96.229]: SASL LOGIN authentication failed: UGFzc3dvcmQ6
Oct 19 05:53:46 vps postfix/smtpd[1839]: disconnect from unknown[212.132.96.229]
Oct 19 05:54:23 vps postfix/smtpd[18079]: connect from unknown[62.60.131.17]
Oct 19 05:54:26 vps postfix/smtpd[18079]: warning: unknown[62.60.131.17]: SASL LOGIN authentication failed: UGFzc3dvcmQ6
Oct 19 05:54:26 vps postfix/smtpd[18079]: disconnect from unknown[62.60.131.17]
Oct 19 05:55:00 vps postfix/smtpd[1839]: connect from unknown[212.132.96.229]
Oct 19 05:55:03 vps postfix/smtpd[1839]: warning: unknown[212.132.96.229]: SASL LOGIN authentication failed: UGFzc3dvcmQ6
Oct 19 05:55:03 vps postfix/smtpd[1839]: disconnect from unknown[212.132.96.229]
Oct 19 05:55:52 vps postfix/smtpd[18079]: connect from unknown[62.60.131.17]
Oct 19 05:55:55 vps postfix/smtpd[18079]: warning: unknown[62.60.131.17]: SASL LOGIN authentication failed: UGFzc3dvcmQ6
Oct 19 05:55:55 vps postfix/smtpd[18079]: disconnect from unknown[62.60.131.17]
Oct 19 05:56:18 vps postfix/smtpd[1839]: connect from unknown[212.132.96.229]
Oct 19 05:56:21 vps postfix/smtpd[1839]: warning: unknown[212.132.96.229]: SASL LOGIN authentication failed: UGFzc3dvcmQ6
Oct 19 05:56:21 vps postfix/smtpd[1839]: disconnect from unknown[212.132.96.229]
Oct 19 05:57:36 vps postfix/smtpd[1839]: connect from unknown[212.132.96.229]
Oct 19 05:57:38 vps postfix/smtpd[1839]: warning: unknown[212.132.96.229]: SASL LOGIN authentication failed: UGFzc3dvcmQ6
Oct 19 05:57:38 vps postfix/smtpd[1839]: disconnect from unknown[212.132.96.229]
Oct 19 05:57:49 vps postfix/smtpd[20875]: warning: hostname c-50-188-204-213.unallocated.comcastbusiness.net does not resolve to address 50.188.204.213: Name or service not known
Oct 19 05:57:49 vps postfix/smtpd[20875]: connect from unknown[50.188.204.213]
Oct 19 05:57:54 vps postfix/smtpd[20875]: warning: unknown[50.188.204.213]: SASL LOGIN authentication failed: UGFzc3dvcmQ6
Oct 19 05:57:54 vps postfix/smtpd[20875]: lost connection after AUTH from unknown[50.188.204.213]
Oct 19 05:57:54 vps postfix/smtpd[20875]: disconnect from unknown[50.188.204.213]
Oct 19 05:58:18 vps postfix/smtpd[20875]: connect from unknown[62.60.131.17]
Oct 19 05:58:21 vps postfix/smtpd[20875]: warning: unknown[62.60.131.17]: SASL LOGIN authentication failed: UGFzc3dvcmQ6
Oct 19 05:58:21 vps postfix/smtpd[20875]: disconnect from unknown[62.60.131.17]
Oct 19 05:58:51 vps postfix/smtpd[1839]: connect from unknown[212.132.96.229]
Oct 19 05:58:54 vps postfix/smtpd[1839]: warning: unknown[212.132.96.229]: SASL LOGIN authentication failed: UGFzc3dvcmQ6
Oct 19 05:58:54 vps postfix/smtpd[1839]: disconnect from unknown[212.132.96.229]
Oct 19 05:59:01 vps postfix/smtpd[20875]: connect from unknown[196.251.92.11]
Oct 19 05:59:04 vps postfix/smtpd[20875]: warning: unknown[196.251.92.11]: SASL LOGIN authentication failed: UGFzc3dvcmQ6
Oct 19 05:59:04 vps postfix/smtpd[20875]: disconnect from unknown[196.251.92.11]
Oct 19 05:59:24 vps postfix/smtpd[1839]: connect from unknown[165.154.121.231]
Oct 19 05:59:25 vps postfix/smtpd[22047]: connect from unknown[115.231.78.3]
Oct 19 05:59:26 vps postfix/smtpd[1839]: warning: unknown[165.154.121.231]: SASL LOGIN authentication failed: UGFzc3dvcmQ6
Oct 19 05:59:26 vps postfix/smtpd[1839]: disconnect from unknown[165.154.121.231]
Oct 19 05:59:26 vps postfix/smtpd[22047]: lost connection after UNKNOWN from unknown[115.231.78.3]
Oct 19 05:59:26 vps postfix/smtpd[22047]: disconnect from unknown[115.231.78.3]
Oct 19 06:00:09 vps postfix/smtpd[1839]: connect from unknown[212.132.96.229]
Oct 19 06:00:12 vps postfix/smtpd[1839]: warning: unknown[212.132.96.229]: SASL LOGIN authentication failed: UGFzc3dvcmQ6
Oct 19 06:00:12 vps postfix/smtpd[1839]: disconnect from unknown[212.132.96.229]
Oct 19 06:00:38 vps postfix/qmgr[26951]: D88F53718BF: from=, size=1034, nrcpt=1 (queue active)
Oct 19 06:00:38 vps postfix/qmgr[26951]: 4A4776F9D7: from=, size=927, nrcpt=1 (queue active)
Oct 19 06:00:39 vps postfix/smtp[23959]: D88F53718BF: host gmail-smtp-in.l.google.com[142.251.12.27] said: 550-5.7.26 Your email has been blocked because the sender is unauthenticated. 550-5.7.26 Gmail requires all senders to authenticate with either SPF or DKIM. 550-5.7.26 550-5.7.26 Authentication results: 550-5.7.26 DKIM = did not pass 550-5.7.26 SPF [vps.vcrowd.in] with ip: [103.120.179.240] = did not pass 550-5.7.26 550-5.7.26 For instructions on setting up authentication, go to 550 5.7.26 https://support.google.com/mail/answer/81126#authentication d9443c01a7336-29247237fc4si20744915ad.648 - gsmtp (in reply to end of DATA command)
Oct 19 06:00:39 vps postfix/smtp[23960]: 4A4776F9D7: host gmail-smtp-in.l.google.com[142.251.12.26] said: 550-5.7.26 Your email has been blocked because the sender is unauthenticated. 550-5.7.26 Gmail requires all senders to authenticate with either SPF or DKIM. 550-5.7.26 550-5.7.26 Authentication results: 550-5.7.26 DKIM = did not pass 550-5.7.26 SPF [vps.vcrowd.in] with ip: [103.120.179.240] = did not pass 550-5.7.26 550-5.7.26 For instructions on setting up authentication, go to 550 5.7.26 https://support.google.com/mail/answer/81126#authentication d9443c01a7336-2924722cc7asi20908065ad.622 - gsmtp (in reply to end of DATA command)
Oct 19 06:00:41 vps postfix/smtp[23960]: 4A4776F9D7: to=, relay=alt1.gmail-smtp-in.l.google.com[192.178.163.27]:25, delay=1008, delays=1005/0.02/1.9/0.72, dsn=4.7.26, status=SOFTBOUNCE (host alt1.gmail-smtp-in.l.google.com[192.178.163.27] said: 550-5.7.26 Your email has been blocked because the sender is unauthenticated. 550-5.7.26 Gmail requires all senders to authenticate with either SPF or DKIM. 550-5.7.26 550-5.7.26 Authentication results: 550-5.7.26 DKIM = did not pass 550-5.7.26 SPF [vps.vcrowd.in] with ip: [103.120.179.240] = did not pass 550-5.7.26 550-5.7.26 For instructions on setting up authentication, go to 550 5.7.26 https://support.google.com/mail/answer/81126#authentication 41be03b00d2f7-b6a76646e67si1913326a12.215 - gsmtp (in reply to end of DATA command))
Oct 19 06:00:41 vps postfix/qmgr[26951]: 4A4776F9D7: from=, status=expired, returned to sender
Oct 19 06:00:41 vps postfix/smtp[23959]: D88F53718BF: to=, relay=alt1.gmail-smtp-in.l.google.com[192.178.163.27]:25, delay=1007, delays=1005/0.05/2/0.72, dsn=4.7.26, status=SOFTBOUNCE (host alt1.gmail-smtp-in.l.google.com[192.178.163.27] said: 550-5.7.26 Your email has been blocked because the sender is unauthenticated. 550-5.7.26 Gmail requires all senders to authenticate with either SPF or DKIM. 550-5.7.26 550-5.7.26 Authentication results: 550-5.7.26 DKIM = did not pass 550-5.7.26 SPF [vps.vcrowd.in] with ip: [103.120.179.240] = did not pass 550-5.7.26 550-5.7.26 For instructions on setting up authentication, go to 550 5.7.26 https://support.google.com/mail/answer/81126#authentication d9443c01a7336-29247206ffdsi22107215ad.459 - gsmtp (in reply to end of DATA command))
Oct 19 06:00:41 vps postfix/qmgr[26951]: D88F53718BF: from=, status=expired, returned to sender
Oct 19 06:00:41 vps postfix/cleanup[23990]: 37BB91D7C8: message-id=<20251019003041.37BB91D7C8@vps.vcrowd.in>
Oct 19 06:00:41 vps postfix/qmgr[26951]: 37BB91D7C8: from=<>, size=3847, nrcpt=1 (queue active)
Oct 19 06:00:41 vps postfix/bounce[23989]: 4A4776F9D7: sender non-delivery notification: 37BB91D7C8
Oct 19 06:00:41 vps postfix/qmgr[26951]: 4A4776F9D7: removed
Oct 19 06:00:41 vps postfix/cleanup[23990]: 397593C0145: message-id=<20251019003041.397593C0145@vps.vcrowd.in>
Oct 19 06:00:41 vps postfix/bounce[23988]: D88F53718BF: sender non-delivery notification: 397593C0145
Oct 19 06:00:41 vps postfix/qmgr[26951]: 397593C0145: from=<>, size=3962, nrcpt=1 (queue active)
Oct 19 06:00:41 vps postfix/qmgr[26951]: D88F53718BF: removed
Oct 19 06:00:41 vps postfix/local[23992]: 37BB91D7C8: to=, relay=local, delay=0.04, delays=0.02/0.02/0/0, dsn=2.0.0, status=sent (delivered to mailbox)
Oct 19 06:00:41 vps postfix/qmgr[26951]: 37BB91D7C8: removed
Oct 19 06:00:41 vps postfix/local[23992]: 397593C0145: to=, relay=local, delay=0.04, delays=0.02/0.01/0/0, dsn=2.0.0, status=sent (delivered to mailbox)
Oct 19 06:00:41 vps postfix/qmgr[26951]: 397593C0145: removed
Oct 19 06:00:50 vps postfix/anvil[27319]: statistics: max connection rate 1/60s for (submission:212.132.96.229) at
Oct 19 05:51:12
Oct 19 06:00:50 vps postfix/anvil[27319]: statistics: max connection count 1 for (submission:212.132.96.229) at
Oct 19 05:51:12
Oct 19 06:00:50 vps postfix/anvil[27319]: statistics: max cache size 4 at
Oct 19 05:59:25
Oct 19 06:01:13 vps postfix/smtpd[24340]: connect from unknown[62.60.131.124]
Oct 19 06:01:16 vps postfix/smtpd[24340]: warning: unknown[62.60.131.124]: SASL LOGIN authentication failed: UGFzc3dvcmQ6
Oct 19 06:01:16 vps postfix/smtpd[24340]: disconnect from unknown[62.60.131.124]
Oct 19 06:01:24 vps postfix/smtpd[1839]: connect from unknown[212.132.96.229]
Oct 19 06:01:27 vps postfix/smtpd[1839]: warning: unknown[212.132.96.229]: SASL LOGIN authentication failed: UGFzc3dvcmQ6
Oct 19 06:01:27 vps postfix/smtpd[1839]: disconnect from unknown[212.132.96.229]
Oct 19 06:02:14 vps postfix/pickup[13882]: C19F61D7C8: uid=1062 from=
Oct 19 06:02:14 vps postfix/cleanup[23991]: C19F61D7C8: message-id=<20251019003214.C19F61D7C8@vps.vcrowd.in>
Oct 19 06:02:14 vps opendkim[5590]: C19F61D7C8: no signing table match for '"info@gvkennel"@gmail.com'
Oct 19 06:02:14 vps opendkim[5590]: C19F61D7C8: no signature data
Oct 19 06:02:14 vps postfix/qmgr[26951]: C19F61D7C8: from=, size=927, nrcpt=1 (queue active)
Oct 19 06:02:15 vps postfix/pickup[13882]: AFCC06F9D7: uid=1062 from=
Oct 19 06:02:15 vps postfix/cleanup[23990]: AFCC06F9D7: message-id=<20251019003215.AFCC06F9D7@vps.vcrowd.in>
Oct 19 06:02:15 vps opendkim[5590]: AFCC06F9D7: no signing table match for '"info@gvkennel"@gmail.com'
Oct 19 06:02:15 vps opendkim[5590]: AFCC06F9D7: no signature data
Oct 19 06:02:15 vps postfix/qmgr[26951]: AFCC06F9D7: from=, size=1347, nrcpt=1 (queue active)
Oct 19 06:02:16 vps postfix/smtp[23960]: C19F61D7C8: host gmail-smtp-in.l.google.com[142.251.12.26] said: 550-5.7.26 Your email has been blocked because the sender is unauthenticated. 550-5.7.26 Gmail requires all senders to authenticate with either SPF or DKIM. 550-5.7.26 550-5.7.26 Authentication results: 550-5.7.26 DKIM = did not pass 550-5.7.26 SPF [vps.vcrowd.in] with ip: [103.120.179.240] = did not pass 550-5.7.26 550-5.7.26 For instructions on setting up authentication, go to 550 5.7.26 https://support.google.com/mail/answer/81126#authentication d9443c01a7336-292472383d1si21045375ad.729 - gsmtp (in reply to end of DATA command)
Oct 19 06:02:17 vps postfix/smtp[23959]: AFCC06F9D7: host gmail-smtp-in.l.google.com[142.251.12.26] said: 550-5.7.26 Your email has been blocked because the sender is unauthenticated. 550-5.7.26 Gmail requires all senders to authenticate with either SPF or DKIM. 550-5.7.26 550-5.7.26 Authentication results: 550-5.7.26 DKIM = did not pass 550-5.7.26 SPF [vps.vcrowd.in] with ip: [103.120.179.240] = did not pass 550-5.7.26 550-5.7.26 For instructions on setting up authentication, go to 550 5.7.26 https://support.google.com/mail/answer/81126#authentication d9443c01a7336-2924720407esi20847195ad.418 - gsmtp (in reply to end of DATA command)
Oct 19 06:02:17 vps postfix/smtp[23960]: C19F61D7C8: to=, relay=alt1.gmail-smtp-in.l.google.com[192.178.163.27]:25, delay=2.9, delays=0.02/0.01/2.1/0.76, dsn=4.7.26, status=SOFTBOUNCE (host alt1.gmail-smtp-in.l.google.com[192.178.163.27] said: 550-5.7.26 Your email has been blocked because the sender is unauthenticated. 550-5.7.26 Gmail requires all senders to authenticate with either SPF or DKIM. 550-5.7.26 550-5.7.26 Authentication results: 550-5.7.26 DKIM = did not pass 550-5.7.26 SPF [vps.vcrowd.in] with ip: [103.120.179.240] = did not pass 550-5.7.26 550-5.7.26 For instructions on setting up authentication, go to 550 5.7.26 https://support.google.com/mail/answer/81126#authentication d2e1a72fcca58-7a2301082c7si2136114b3a.588 - gsmtp (in reply to end of DATA command))
Oct 19 06:02:18 vps postfix/smtp[23959]: AFCC06F9D7: to=, relay=alt1.gmail-smtp-in.l.google.com[192.178.163.26]:25, delay=2.8, delays=0.01/0/2/0.75, dsn=4.7.26, status=SOFTBOUNCE (host alt1.gmail-smtp-in.l.google.com[192.178.163.26] said: 550-5.7.26 Your email has been blocked because the sender is unauthenticated. 550-5.7.26 Gmail requires all senders to authenticate with either SPF or DKIM. 550-5.7.26 550-5.7.26 Authentication results: 550-5.7.26 DKIM = did not pass 550-5.7.26 SPF [vps.vcrowd.in] with ip: [103.120.179.240] = did not pass 550-5.7.26 550-5.7.26 For instructions on setting up authentication, go to 550 5.7.26 https://support.google.com/mail/answer/81126#authentication 41be03b00d2f7-b6a76b54a2asi1812990a12.911 - gsmtp (in reply to end of DATA command))
Oct 19 06:02:40 vps postfix/smtpd[1839]: connect from unknown[212.132.96.229]
Oct 19 06:02:43 vps postfix/smtpd[1839]: warning: unknown[212.132.96.229]: SASL LOGIN authentication failed: UGFzc3dvcmQ6
Oct 19 06:02:43 vps postfix/smtpd[1839]: disconnect from unknown[212.132.96.229]
Oct 19 06:02:51 vps postfix/smtps/smtpd[25440]: warning: No server certs available. TLS won't be enabled
Oct 19 06:02:51 vps postfix/smtps/smtpd[25440]: warning: hostname nsg-corporate-70.172.187.122.airtel.in does not resolve to address 122.187.172.70: Name or service not known
Oct 19 06:02:51 vps postfix/smtps/smtpd[25440]: connect from unknown[122.187.172.70]
Oct 19 06:02:51 vps postfix/smtps/smtpd[25440]: warning: Wrapper-mode request dropped from unknown[122.187.172.70] for service 465. TLS context initialization failed. For details see earlier warnings in your logs.
Oct 19 06:02:51 vps postfix/smtps/smtpd[25440]: disconnect from unknown[122.187.172.70]
Oct 19 06:03:09 vps postfix/smtps/smtpd[25440]: connect from unknown[58.57.154.146]
Oct 19 06:03:09 vps postfix/smtps/smtpd[25440]: warning: Wrapper-mode request dropped from unknown[58.57.154.146] for service 465. TLS context initialization failed. For details see earlier warnings in your logs.
Oct 19 06:03:09 vps postfix/smtps/smtpd[25440]: disconnect from unknown[58.57.154.146]
Oct 19 06:03:26 vps postfix/smtps/smtpd[25440]: warning: hostname ip-4.121.40.jogjaringan.net.id does not resolve to address 103.40.121.4: Name or service not known
Oct 19 06:03:26 vps postfix/smtps/smtpd[25440]: connect from unknown[103.40.121.4]
Oct 19 06:03:26 vps postfix/smtps/smtpd[25440]: warning: Wrapper-mode request dropped from unknown[103.40.121.4] for service 465. TLS context initialization failed. For details see earlier warnings in your logs.
Oct 19 06:03:26 vps postfix/smtps/smtpd[25440]: disconnect from unknown[103.40.121.4]
Oct 19 06:03:54 vps postfix/smtpd[1839]: connect from unknown[212.132.96.229]
Oct 19 06:03:57 vps postfix/smtpd[1839]: warning: unknown[212.132.96.229]: SASL LOGIN authentication failed: UGFzc3dvcmQ6
Oct 19 06:03:57 vps postfix/smtpd[1839]: disconnect from unknown[212.132.96.229]
Oct 19 06:04:09 vps postfix/smtpd[26352]: connect from unknown[195.211.188.86]
Oct 19 06:04:12 vps postfix/smtpd[26352]: warning: unknown[195.211.188.86]: SASL LOGIN authentication failed: UGFzc3dvcmQ6
Oct 19 06:04:12 vps postfix/smtpd[26352]: disconnect from unknown[195.211.188.86]
Oct 19 06:05:10 vps postfix/smtpd[1839]: connect from unknown[212.132.96.229]
Oct 19 06:05:13 vps postfix/smtpd[1839]: warning: unknown[212.132.96.229]: SASL LOGIN authentication failed: UGFzc3dvcmQ6
Oct 19 06:05:13 vps postfix/smtpd[1839]: disconnect from unknown[212.132.96.229]
Oct 19 06:05:18 vps postfix/smtpd[26352]: connect from unknown[213.209.157.225]
Oct 19 06:05:21 vps postfix/smtpd[26352]: warning: unknown[213.209.157.225]: SASL LOGIN authentication failed: UGFzc3dvcmQ6
Oct 19 06:05:21 vps postfix/smtpd[26352]: disconnect from unknown[213.209.157.225]
Oct 19 06:06:16 vps postfix/smtps/smtpd[28441]: warning: No server certs available. TLS won't be enabled
Oct 19 06:06:16 vps postfix/smtps/smtpd[28441]: connect from unknown[183.230.252.103]
Oct 19 06:06:16 vps postfix/smtps/smtpd[28441]: warning: Wrapper-mode request dropped from unknown[183.230.252.103] for service 465. TLS context initialization failed. For details see earlier warnings in your logs.
Oct 19 06:06:16 vps postfix/smtps/smtpd[28441]: disconnect from unknown[183.230.252.103]
Oct 19 06:06:26 vps postfix/smtpd[1839]: connect from unknown[212.132.96.229]
Oct 19 06:06:29 vps postfix/smtpd[1839]: warning: unknown[212.132.96.229]: SASL LOGIN authentication failed: UGFzc3dvcmQ6
Oct 19 06:06:29 vps postfix/smtpd[1839]: disconnect from unknown[212.132.96.229]
Oct 19 06:07:04 vps postfix/smtpd[28927]: connect from unknown[213.209.157.116]
Oct 19 06:07:06 vps postfix/smtpd[28927]: warning: unknown[213.209.157.116]: SASL LOGIN authentication failed: UGFzc3dvcmQ6
Oct 19 06:07:06 vps postfix/smtpd[28927]: disconnect from unknown[213.209.157.116]
Oct 19 06:07:32 vps postfix/smtpd[28927]: connect from unknown[195.211.188.86]
Oct 19 06:07:35 vps postfix/smtpd[28927]: warning: unknown[195.211.188.86]: SASL LOGIN authentication failed: UGFzc3dvcmQ6
Oct 19 06:07:35 vps postfix/smtpd[28927]: disconnect from unknown[195.211.188.86]
Oct 19 06:07:43 vps postfix/smtpd[1839]: connect from unknown[212.132.96.229]
Oct 19 06:07:45 vps postfix/smtpd[1839]: warning: unknown[212.132.96.229]: SASL LOGIN authentication failed: UGFzc3dvcmQ6
Oct 19 06:07:45 vps postfix/smtpd[1839]: disconnect from unknown[212.132.96.229]
Oct 19 06:08:59 vps postfix/smtpd[1839]: connect from unknown[212.132.96.229]
Oct 19 06:09:01 vps postfix/smtpd[1839]: warning: unknown[212.132.96.229]: SASL LOGIN authentication failed: UGFzc3dvcmQ6
Oct 19 06:09:01 vps postfix/smtpd[1839]: disconnect from unknown[212.132.96.229]
Oct 19 06:09:36 vps postfix/smtpd[30447]: connect from unknown[62.60.131.17]
Oct 19 06:09:39 vps postfix/smtpd[30447]: warning: unknown[62.60.131.17]: SASL LOGIN authentication failed: UGFzc3dvcmQ6
Oct 19 06:09:39 vps postfix/smtpd[30447]: disconnect from unknown[62.60.131.17]
Oct 19 06:09:54 vps postfix/smtpd[30447]: connect from mail-1c.netcraft.com[52.31.138.216]
Oct 19 06:09:55 vps postfix/smtpd[30447]: NOQUEUE: reject: RCPT from mail-1c.netcraft.com[52.31.138.216]: 450 4.1.1 : Recipient address rejected: User unknown in virtual mailbox table; from= to= proto=ESMTP helo=
Oct 19 06:09:55 vps postfix/smtpd[30447]: disconnect from mail-1c.netcraft.com[52.31.138.216]
Oct 19 06:10:14 vps postfix/smtpd[1839]: connect from unknown[212.132.96.229]
Oct 19 06:10:17 vps postfix/smtpd[1839]: warning: unknown[212.132.96.229]: SASL LOGIN authentication failed: UGFzc3dvcmQ6
Oct 19 06:10:17 vps postfix/smtpd[1839]: disconnect from unknown[212.132.96.229]
Oct 19 06:10:21 vps postfix/smtpd[30447]: connect from mail-1c.netcraft.com[52.31.138.216]
Oct 19 06:10:22 vps postfix/smtpd[30447]: NOQUEUE: reject: RCPT from mail-1c.netcraft.com[52.31.138.216]: 450 4.1.1 : Recipient address rejected: User unknown in virtual mailbox table; from= to= proto=ESMTP helo=
Oct 19 06:10:22 vps postfix/smtpd[30447]: disconnect from mail-1c.netcraft.com[52.31.138.216]
Oct 19 06:10:38 vps postfix/qmgr[26951]: C19F61D7C8: from=, size=927, nrcpt=1 (queue active)
Oct 19 06:10:38 vps postfix/qmgr[26951]: AFCC06F9D7: from=, size=1347, nrcpt=1 (queue active)
Oct 19 06:10:40 vps postfix/smtp[31850]: C19F61D7C8: host gmail-smtp-in.l.google.com[142.251.12.27] said: 550-5.7.26 Your email has been blocked because the sender is unauthenticated. 550-5.7.26 Gmail requires all senders to authenticate with either SPF or DKIM. 550-5.7.26 550-5.7.26 Authentication results: 550-5.7.26 DKIM = did not pass 550-5.7.26 SPF [vps.vcrowd.in] with ip: [103.120.179.240] = did not pass 550-5.7.26 550-5.7.26 For instructions on setting up authentication, go to 550 5.7.26 https://support.google.com/mail/answer/81126#authentication 41be03b00d2f7-b6a766473aesi1865992a12.29 - gsmtp (in reply to end of DATA command)
Oct 19 06:10:40 vps postfix/smtp[31851]: AFCC06F9D7: host gmail-smtp-in.l.google.com[142.251.12.26] said: 550-5.7.26 Your email has been blocked because the sender is unauthenticated. 550-5.7.26 Gmail requires all senders to authenticate with either SPF or DKIM. 550-5.7.26 550-5.7.26 Authentication results: 550-5.7.26 DKIM = did not pass 550-5.7.26 SPF [vps.vcrowd.in] with ip: [103.120.179.240] = did not pass 550-5.7.26 550-5.7.26 For instructions on setting up authentication, go to 550 5.7.26 https://support.google.com/mail/answer/81126#authentication 41be03b00d2f7-b6a76b7dad2si1830522a12.1316 - gsmtp (in reply to end of DATA command)
Oct 19 06:10:41 vps postfix/smtp[31850]: C19F61D7C8: to=, relay=alt1.gmail-smtp-in.l.google.com[192.178.163.26]:25, delay=507, delays=504/0.02/2.3/0.79, dsn=4.7.26, status=SOFTBOUNCE (host alt1.gmail-smtp-in.l.google.com[192.178.163.26] said: 550-5.7.26 Your email has been blocked because the sender is unauthenticated. 550-5.7.26 Gmail requires all senders to authenticate with either SPF or DKIM. 550-5.7.26 550-5.7.26 Authentication results: 550-5.7.26 DKIM = did not pass 550-5.7.26 SPF [vps.vcrowd.in] with ip: [103.120.179.240] = did not pass 550-5.7.26 550-5.7.26 For instructions on setting up authentication, go to 550 5.7.26 https://support.google.com/mail/answer/81126#authentication 41be03b00d2f7-b6a76b8411csi1861631a12.1353 - gsmtp (in reply to end of DATA command))
Oct 19 06:10:41 vps postfix/smtp[31851]: AFCC06F9D7: to=, relay=alt1.gmail-smtp-in.l.google.com[192.178.163.26]:25, delay=506, delays=503/0.02/2.4/0.78, dsn=4.7.26, status=SOFTBOUNCE (host alt1.gmail-smtp-in.l.google.com[192.178.163.26] said: 550-5.7.26 Your email has been blocked because the sender is unauthenticated. 550-5.7.26 Gmail requires all senders to authenticate with either SPF or DKIM. 550-5.7.26 550-5.7.26 Authentication results: 550-5.7.26 DKIM = did not pass 550-5.7.26 SPF [vps.vcrowd.in] with ip: [103.120.179.240] = did not pass 550-5.7.26 550-5.7.26 For instructions on setting up authentication, go to 550 5.7.26 https://support.google.com/mail/answer/81126#authentication d2e1a72fcca58-7a2300fac8fsi2087553b3a.502 - gsmtp (in reply to end of DATA command))
Oct 19 06:10:50 vps postfix/anvil[27319]: statistics: max connection rate 2/60s for (smtp:52.31.138.216) at
Oct 19 06:10:21
Oct 19 06:10:50 vps postfix/anvil[27319]: statistics: max connection count 1 for (smtp:62.60.131.124) at
Oct 19 06:01:13
Oct 19 06:10:50 vps postfix/anvil[27319]: statistics: max cache size 3 at
Oct 19 06:07:43
Oct 19 06:11:30 vps postfix/smtpd[1839]: connect from unknown[212.132.96.229]
Oct 19 06:11:33 vps postfix/smtpd[1839]: warning: unknown[212.132.96.229]: SASL LOGIN authentication failed: UGFzc3dvcmQ6
Oct 19 06:11:33 vps postfix/smtpd[1839]: disconnect from unknown[212.132.96.229]
Oct 19 06:12:46 vps postfix/smtpd[1839]: connect from unknown[212.132.96.229]
Oct 19 06:12:48 vps postfix/smtpd[1839]: warning: unknown[212.132.96.229]: SASL LOGIN authentication failed: UGFzc3dvcmQ6
Oct 19 06:12:48 vps postfix/smtpd[1839]: disconnect from unknown[212.132.96.229]
Oct 19 06:13:29 vps postfix/smtps/smtpd[1107]: warning: No server certs available. TLS won't be enabled
Oct 19 06:13:29 vps postfix/smtps/smtpd[1107]: connect from unknown[110.47.242.222]
Oct 19 06:13:29 vps postfix/smtps/smtpd[1107]: warning: Wrapper-mode request dropped from unknown[110.47.242.222] for service 465. TLS context initialization failed. For details see earlier warnings in your logs.
Oct 19 06:13:29 vps postfix/smtps/smtpd[1107]: disconnect from unknown[110.47.242.222]
Oct 19 06:13:33 vps postfix/smtpd[1839]: warning: hostname 50.108.178.93.donpac.ru does not resolve to address 93.178.108.50: Name or service not known
Oct 19 06:13:33 vps postfix/smtpd[1839]: connect from unknown[93.178.108.50]
Oct 19 06:13:36 vps postfix/smtpd[1839]: warning: unknown[93.178.108.50]: SASL PLAIN authentication failed:
Oct 19 06:13:36 vps postfix/smtpd[1839]: lost connection after AUTH from unknown[93.178.108.50]
Oct 19 06:13:36 vps postfix/smtpd[1839]: disconnect from unknown[93.178.108.50]
Oct 19 06:14:01 vps postfix/smtpd[1839]: connect from unknown[212.132.96.229]
Oct 19 06:14:04 vps postfix/smtpd[1839]: warning: unknown[212.132.96.229]: SASL LOGIN authentication failed: UGFzc3dvcmQ6
Oct 19 06:14:04 vps postfix/smtpd[1839]: disconnect from unknown[212.132.96.229]
Oct 19 06:15:17 vps postfix/smtpd[1839]: connect from unknown[212.132.96.229]
Oct 19 06:15:20 vps postfix/smtpd[1839]: warning: unknown[212.132.96.229]: SASL LOGIN authentication failed: UGFzc3dvcmQ6
Oct 19 06:15:20 vps postfix/smtpd[1839]: disconnect from unknown[212.132.96.229]
Oct 19 06:16:34 vps postfix/smtpd[1839]: connect from unknown[212.132.96.229]
Oct 19 06:16:37 vps postfix/smtpd[1839]: warning: unknown[212.132.96.229]: SASL LOGIN authentication failed: UGFzc3dvcmQ6
Oct 19 06:16:37 vps postfix/smtpd[1839]: disconnect from unknown[212.132.96.229]
Oct 19 06:17:08 vps postfix/smtpd[4083]: connect from unknown[27.13.153.191]
Oct 19 06:17:13 vps postfix/smtpd[4083]: warning: unknown[27.13.153.191]: SASL LOGIN authentication failed: UGFzc3dvcmQ6
Oct 19 06:17:13 vps postfix/smtpd[4083]: lost connection after AUTH from unknown[27.13.153.191]
Oct 19 06:17:13 vps postfix/smtpd[4083]: disconnect from unknown[27.13.153.191]
Oct 19 06:17:48 vps postfix/smtpd[1839]: connect from unknown[212.132.96.229]
Oct 19 06:17:50 vps postfix/smtpd[1839]: warning: unknown[212.132.96.229]: SASL LOGIN authentication failed: UGFzc3dvcmQ6
Oct 19 06:17:50 vps postfix/smtpd[1839]: disconnect from unknown[212.132.96.229]
Oct 19 06:18:40 vps postfix/smtpd[4083]: connect from unknown[213.209.157.252]
Oct 19 06:18:42 vps postfix/smtpd[4083]: warning: unknown[213.209.157.252]: SASL LOGIN authentication failed: UGFzc3dvcmQ6
Oct 19 06:18:42 vps postfix/smtpd[4083]: disconnect from unknown[213.209.157.252]
Oct 19 06:19:02 vps postfix/smtpd[1839]: connect from unknown[212.132.96.229]
Oct 19 06:19:05 vps postfix/smtpd[1839]: warning: unknown[212.132.96.229]: SASL LOGIN authentication failed: UGFzc3dvcmQ6
Oct 19 06:19:05 vps postfix/smtpd[1839]: disconnect from unknown[212.132.96.229]
Oct 19 06:19:42 vps postfix/smtpd[4083]: connect from unknown[62.60.131.124]
Oct 19 06:19:45 vps postfix/smtpd[4083]: warning: unknown[62.60.131.124]: SASL LOGIN authentication failed: UGFzc3dvcmQ6
Oct 19 06:19:45 vps postfix/smtpd[4083]: disconnect from unknown[62.60.131.124]
Oct 19 06:20:09 vps postfix/smtpd[4083]: connect from unknown[77.90.185.216]
Oct 19 06:20:10 vps postfix/smtpd[6277]: connect from unknown[77.90.185.216]
Oct 19 06:20:11 vps postfix/smtpd[4083]: warning: unknown[77.90.185.216]: SASL LOGIN authentication failed: UGFzc3dvcmQ6
Oct 19 06:20:11 vps postfix/smtpd[4083]: disconnect from unknown[77.90.185.216]
Oct 19 06:20:14 vps postfix/smtpd[4083]: connect from unknown[77.90.185.216]
Oct 19 06:20:17 vps postfix/smtpd[6277]: warning: unknown[77.90.185.216]: SASL LOGIN authentication failed: UGFzc3dvcmQ6
Oct 19 06:20:17 vps postfix/smtpd[6277]: disconnect from unknown[77.90.185.216]
Oct 19 06:20:17 vps postfix/smtpd[6277]: connect from unknown[77.90.185.216]
Oct 19 06:20:17 vps postfix/smtpd[1839]: connect from unknown[212.132.96.229]
Oct 19 06:20:17 vps postfix/smtpd[6527]: connect from unknown[77.90.185.216]
Oct 19 06:20:18 vps postfix/smtpd[6535]: connect from unknown[77.90.185.216]
Oct 19 06:20:19 vps postfix/smtpd[1839]: warning: unknown[212.132.96.229]: SASL LOGIN authentication failed: UGFzc3dvcmQ6
Oct 19 06:20:19 vps postfix/smtpd[1839]: disconnect from unknown[212.132.96.229]
Oct 19 06:20:20 vps postfix/smtpd[6555]: connect from unknown[77.90.185.216]
Oct 19 06:20:25 vps postfix/smtpd[4083]: warning: unknown[77.90.185.216]: SASL LOGIN authentication failed: UGFzc3dvcmQ6
Oct 19 06:20:25 vps postfix/smtpd[4083]: disconnect from unknown[77.90.185.216]
Oct 19 06:20:27 vps postfix/smtpd[4083]: connect from unknown[77.90.185.216]
Oct 19 06:20:28 vps postfix/smtpd[6527]: warning: unknown[77.90.185.216]: SASL LOGIN authentication failed: UGFzc3dvcmQ6
Oct 19 06:20:28 vps postfix/smtpd[6277]: warning: unknown[77.90.185.216]: SASL LOGIN authentication failed: UGFzc3dvcmQ6
Oct 19 06:20:28 vps postfix/smtpd[6277]: disconnect from unknown[77.90.185.216]
Oct 19 06:20:28 vps postfix/smtpd[6527]: disconnect from unknown[77.90.185.216]
Oct 19 06:20:29 vps postfix/smtpd[6535]: warning: unknown[77.90.185.216]: SASL LOGIN authentication failed: UGFzc3dvcmQ6
Oct 19 06:20:29 vps postfix/smtpd[6535]: disconnect from unknown[77.90.185.216]
Oct 19 06:20:31 vps postfix/smtpd[6555]: warning: unknown[77.90.185.216]: SASL LOGIN authentication failed: UGFzc3dvcmQ6
Oct 19 06:20:31 vps postfix/smtpd[6555]: disconnect from unknown[77.90.185.216]
Oct 19 06:20:37 vps postfix/smtpd[4083]: warning: unknown[77.90.185.216]: SASL LOGIN authentication failed: Connection lost to authentication server
Oct 19 06:20:37 vps postfix/smtpd[4083]: disconnect from unknown[77.90.185.216]
Oct 19 06:20:38 vps postfix/qmgr[26951]: C19F61D7C8: from=, size=927, nrcpt=1 (queue active)
Oct 19 06:20:38 vps postfix/qmgr[26951]: AFCC06F9D7: from=, size=1347, nrcpt=1 (queue active)
Oct 19 06:20:40 vps postfix/smtp[6705]: AFCC06F9D7: host gmail-smtp-in.l.google.com[142.251.12.26] said: 550-5.7.26 Your email has been blocked because the sender is unauthenticated. 550-5.7.26 Gmail requires all senders to authenticate with either SPF or DKIM. 550-5.7.26 550-5.7.26 Authentication results: 550-5.7.26 DKIM = did not pass 550-5.7.26 SPF [vps.vcrowd.in] with ip: [103.120.179.240] = did not pass 550-5.7.26 550-5.7.26 For instructions on setting up authentication, go to 550 5.7.26 https://support.google.com/mail/answer/81126#authentication d9443c01a7336-29246ec8664si21437335ad.127 - gsmtp (in reply to end of DATA command)
Oct 19 06:20:40 vps postfix/smtp[6704]: C19F61D7C8: host gmail-smtp-in.l.google.com[142.251.12.27] said: 550-5.7.26 Your email has been blocked because the sender is unauthenticated. 550-5.7.26 Gmail requires all senders to authenticate with either SPF or DKIM. 550-5.7.26 550-5.7.26 Authentication results: 550-5.7.26 DKIM = did not pass 550-5.7.26 SPF [vps.vcrowd.in] with ip: [103.120.179.240] = did not pass 550-5.7.26 550-5.7.26 For instructions on setting up authentication, go to 550 5.7.26 https://support.google.com/mail/answer/81126#authentication 41be03b00d2f7-b6a76b4512dsi1826090a12.837 - gsmtp (in reply to end of DATA command)
Oct 19 06:20:41 vps postfix/smtp[6705]: AFCC06F9D7: to=, relay=alt1.gmail-smtp-in.l.google.com[192.178.163.27]:25, delay=1106, delays=1103/0.03/2.2/0.77, dsn=4.7.26, status=SOFTBOUNCE (host alt1.gmail-smtp-in.l.google.com[192.178.163.27] said: 550-5.7.26 Your email has been blocked because the sender is unauthenticated. 550-5.7.26 Gmail requires all senders to authenticate with either SPF or DKIM. 550-5.7.26 550-5.7.26 Authentication results: 550-5.7.26 DKIM = did not pass 550-5.7.26 SPF [vps.vcrowd.in] with ip: [103.120.179.240] = did not pass 550-5.7.26 550-5.7.26 For instructions on setting up authentication, go to 550 5.7.26 https://support.google.com/mail/answer/81126#authentication d2e1a72fcca58-7a2300d5234si2099202b3a.323 - gsmtp (in reply to end of DATA command))
Oct 19 06:20:41 vps postfix/qmgr[26951]: AFCC06F9D7: from=, status=expired, returned to sender
Oct 19 06:20:41 vps postfix/cleanup[6729]: 8AEF68F134: message-id=<20251019005041.8AEF68F134@vps.vcrowd.in>
Oct 19 06:20:41 vps postfix/bounce[6728]: AFCC06F9D7: sender non-delivery notification: 8AEF68F134
Oct 19 06:20:41 vps postfix/qmgr[26951]: 8AEF68F134: from=<>, size=4267, nrcpt=1 (queue active)
Oct 19 06:20:41 vps postfix/qmgr[26951]: AFCC06F9D7: removed
Oct 19 06:20:41 vps postfix/smtp[6704]: C19F61D7C8: to=, relay=alt1.gmail-smtp-in.l.google.com[192.178.163.26]:25, delay=1107, delays=1104/0.03/2.2/0.79, dsn=4.7.26, status=SOFTBOUNCE (host alt1.gmail-smtp-in.l.google.com[192.178.163.26] said: 550-5.7.26 Your email has been blocked because the sender is unauthenticated. 550-5.7.26 Gmail requires all senders to authenticate with either SPF or DKIM. 550-5.7.26 550-5.7.26 Authentication results: 550-5.7.26 DKIM = did not pass 550-5.7.26 SPF [vps.vcrowd.in] with ip: [103.120.179.240] = did not pass 550-5.7.26 550-5.7.26 For instructions on setting up authentication, go to 550 5.7.26 https://support.google.com/mail/answer/81126#authentication 41be03b00d2f7-b6a76b5536dsi1918086a12.894 - gsmtp (in reply to end of DATA command))
Oct 19 06:20:41 vps postfix/qmgr[26951]: C19F61D7C8: from=, status=expired, returned to sender
Oct 19 06:20:41 vps postfix/cleanup[6729]: 8F44E6F9D7: message-id=<20251019005041.8F44E6F9D7@vps.vcrowd.in>
Oct 19 06:20:41 vps postfix/qmgr[26951]: 8F44E6F9D7: from=<>, size=3847, nrcpt=1 (queue active)
Oct 19 06:20:41 vps postfix/bounce[6728]: C19F61D7C8: sender non-delivery notification: 8F44E6F9D7
Oct 19 06:20:41 vps postfix/qmgr[26951]: C19F61D7C8: removed
Oct 19 06:20:41 vps postfix/local[6730]: 8AEF68F134: to=, relay=local, delay=0.04, delays=0.02/0.01/0/0, dsn=2.0.0, status=sent (delivered to mailbox)
Oct 19 06:20:41 vps postfix/qmgr[26951]: 8AEF68F134: removed
Oct 19 06:20:41 vps postfix/local[6730]: 8F44E6F9D7: to=, relay=local, delay=0.01, delays=0/0/0/0, dsn=2.0.0, status=sent (delivered to mailbox)
Oct 19 06:20:41 vps postfix/qmgr[26951]: 8F44E6F9D7: removed
Oct 19 06:20:41 vps postfix/smtpd[6277]: connect from unknown[62.60.131.17]
Oct 19 06:20:45 vps postfix/smtpd[6277]: warning: unknown[62.60.131.17]: SASL LOGIN authentication failed: UGFzc3dvcmQ6
Oct 19 06:20:45 vps postfix/smtpd[6277]: disconnect from unknown[62.60.131.17]
Oct 19 06:20:50 vps postfix/anvil[27319]: statistics: max connection rate 8/60s for (smtp:77.90.185.216) at
Oct 19 06:20:27
Oct 19 06:20:50 vps postfix/anvil[27319]: statistics: max connection count 5 for (smtp:77.90.185.216) at
Oct 19 06:20:20
Oct 19 06:20:50 vps postfix/anvil[27319]: statistics: max cache size 4 at
Oct 19 06:20:41
Oct 19 06:21:09 vps postfix/smtpd[1839]: connect from unknown[165.154.121.231]
Oct 19 06:21:11 vps postfix/smtpd[1839]: warning: unknown[165.154.121.231]: SASL LOGIN authentication failed: UGFzc3dvcmQ6
Oct 19 06:21:11 vps postfix/smtpd[1839]: disconnect from unknown[165.154.121.231]
Oct 19 06:21:32 vps postfix/smtpd[1839]: connect from unknown[212.132.96.229]
Oct 19 06:21:35 vps postfix/smtpd[1839]: warning: unknown[212.132.96.229]: SASL LOGIN authentication failed: UGFzc3dvcmQ6
Oct 19 06:21:35 vps postfix/smtpd[1839]: disconnect from unknown[212.132.96.229]
Oct 19 06:22:31 vps postfix/smtpd[7629]: connect from unknown[62.60.131.17]
Oct 19 06:22:34 vps postfix/smtpd[7629]: warning: unknown[62.60.131.17]: SASL LOGIN authentication failed: UGFzc3dvcmQ6
Oct 19 06:22:34 vps postfix/smtpd[7629]: disconnect from unknown[62.60.131.17]
Oct 19 06:22:47 vps postfix/smtpd[1839]: connect from unknown[212.132.96.229]
Oct 19 06:22:50 vps postfix/smtpd[1839]: warning: unknown[212.132.96.229]: SASL LOGIN authentication failed: UGFzc3dvcmQ6
Oct 19 06:22:50 vps postfix/smtpd[1839]: disconnect from unknown[212.132.96.229]
Oct 19 06:23:23 vps postfix/smtpd[7629]: connect from admin.digitalnodellp.com[104.225.219.130]
Oct 19 06:23:24 vps postfix/smtpd[7629]: NOQUEUE: reject: RCPT from admin.digitalnodellp.com[104.225.219.130]: 450 4.1.1 : Recipient address rejected: User unknown in virtual mailbox table; from= to= proto=ESMTP helo=
Oct 19 06:23:24 vps postfix/smtpd[7629]: disconnect from admin.digitalnodellp.com[104.225.219.130]
Oct 19 06:24:04 vps postfix/smtpd[1839]: connect from unknown[212.132.96.229]
Oct 19 06:24:07 vps postfix/smtpd[1839]: warning: unknown[212.132.96.229]: SASL LOGIN authentication failed: UGFzc3dvcmQ6
Oct 19 06:24:07 vps postfix/smtpd[1839]: disconnect from unknown[212.132.96.229]
Oct 19 06:24:16 vps postfix/smtps/smtpd[8563]: warning: No server certs available. TLS won't be enabled
Oct 19 06:24:16 vps postfix/smtps/smtpd[8563]: connect from unknown[216.194.174.27]
Oct 19 06:24:16 vps postfix/smtps/smtpd[8563]: warning: Wrapper-mode request dropped from unknown[216.194.174.27] for service 465. TLS context initialization failed. For details see earlier warnings in your logs.
Oct 19 06:24:16 vps postfix/smtps/smtpd[8563]: disconnect from unknown[216.194.174.27]
