Oct 19 14:05:39 vps postfix/smtp[20461]: 4AB763C0145: host gmail-smtp-in.l.google.com[142.251.12.27] said: 550-5.7.26 Your email has been blocked because the sender is unauthenticated. 550-5.7.26 Gmail requires all senders to authenticate with either SPF or DKIM. 550-5.7.26 550-5.7.26 Authentication results: 550-5.7.26 DKIM = did not pass 550-5.7.26 SPF [vps.vcrowd.in] with ip: [103.120.179.240] = did not pass 550-5.7.26 550-5.7.26 For instructions on setting up authentication, go to 550 5.7.26 https://support.google.com/mail/answer/81126#authentication 41be03b00d2f7-b6a76b1c436si2234587a12.548 - gsmtp (in reply to end of DATA command)
Oct 19 14:05:40 vps postfix/smtp[20465]: A41A13C0147: to=, relay=alt1.gmail-smtp-in.l.google.com[192.178.163.26]:25, delay=447, delays=445/0.06/1.8/0.68, dsn=4.7.26, status=SOFTBOUNCE (host alt1.gmail-smtp-in.l.google.com[192.178.163.26] said: 550-5.7.26 Your email has been blocked because the sender is unauthenticated. 550-5.7.26 Gmail requires all senders to authenticate with either SPF or DKIM. 550-5.7.26 550-5.7.26 Authentication results: 550-5.7.26 DKIM = did not pass 550-5.7.26 SPF [vps.vcrowd.in] with ip: [103.120.179.240] = did not pass 550-5.7.26 550-5.7.26 For instructions on setting up authentication, go to 550 5.7.26 https://support.google.com/mail/answer/81126#authentication 41be03b00d2f7-b6a76b87c3dsi2211394a12.1491 - gsmtp (in reply to end of DATA command))
Oct 19 14:05:40 vps postfix/smtp[20462]: A57163718BF: to=, relay=alt1.gmail-smtp-in.l.google.com[192.178.163.27]:25, delay=1122, delays=1120/0.05/1.9/0.66, dsn=4.7.26, status=SOFTBOUNCE (host alt1.gmail-smtp-in.l.google.com[192.178.163.27] said: 550-5.7.26 Your email has been blocked because the sender is unauthenticated. 550-5.7.26 Gmail requires all senders to authenticate with either SPF or DKIM. 550-5.7.26 550-5.7.26 Authentication results: 550-5.7.26 DKIM = did not pass 550-5.7.26 SPF [vps.vcrowd.in] with ip: [103.120.179.240] = did not pass 550-5.7.26 550-5.7.26 For instructions on setting up authentication, go to 550 5.7.26 https://support.google.com/mail/answer/81126#authentication d2e1a72fcca58-7a2300d5cf8si2649700b3a.265 - gsmtp (in reply to end of DATA command))
Oct 19 14:05:40 vps postfix/qmgr[26951]: A57163718BF: from=, status=expired, returned to sender
Oct 19 14:05:41 vps postfix/cleanup[20498]: F3B436F51A: message-id=<20251019083540.F3B436F51A@vps.vcrowd.in>
Oct 19 14:05:41 vps postfix/bounce[20496]: A57163718BF: sender non-delivery notification: F3B436F51A
Oct 19 14:05:41 vps postfix/qmgr[26951]: F3B436F51A: from=<>, size=4028, nrcpt=1 (queue active)
Oct 19 14:05:41 vps postfix/qmgr[26951]: A57163718BF: removed
Oct 19 14:05:41 vps postfix/smtp[20461]: 4AB763C0145: to=, relay=alt1.gmail-smtp-in.l.google.com[192.178.163.27]:25, delay=448, delays=445/0.04/1.9/0.69, dsn=4.7.26, status=SOFTBOUNCE (host alt1.gmail-smtp-in.l.google.com[192.178.163.27] said: 550-5.7.26 Your email has been blocked because the sender is unauthenticated. 550-5.7.26 Gmail requires all senders to authenticate with either SPF or DKIM. 550-5.7.26 550-5.7.26 Authentication results: 550-5.7.26 DKIM = did not pass 550-5.7.26 SPF [vps.vcrowd.in] with ip: [103.120.179.240] = did not pass 550-5.7.26 550-5.7.26 For instructions on setting up authentication, go to 550 5.7.26 https://support.google.com/mail/answer/81126#authentication d9443c01a7336-292471daa5esi27854665ad.266 - gsmtp (in reply to end of DATA command))
Oct 19 14:05:41 vps postfix/local[20499]: F3B436F51A: to=, relay=local, delay=0.04, delays=0.02/0.01/0/0.01, dsn=2.0.0, status=sent (delivered to mailbox)
Oct 19 14:05:41 vps postfix/qmgr[26951]: F3B436F51A: removed
Oct 19 14:06:08 vps postfix/smtp[20458]: connect to hostingraja.info[103.92.235.73]:25: Connection timed out
Oct 19 14:06:08 vps postfix/smtp[20458]: C7B6B7AFB3: to=, relay=none, delay=483, delays=453/0.02/30/0, dsn=4.4.1, status=deferred (connect to hostingraja.info[103.92.235.73]:25: Connection timed out)
Oct 19 14:06:08 vps postfix/smtp[20460]: connect to crackersadaikki.com[76.223.67.189]:25: Connection timed out
Oct 19 14:06:08 vps postfix/smtp[20464]: connect to crackersadaikki.com[76.223.67.189]:25: Connection timed out
Oct 19 14:06:38 vps postfix/smtp[20460]: connect to crackersadaikki.com[13.248.213.45]:25: Connection timed out
Oct 19 14:06:38 vps postfix/smtp[20460]: 4AB763C0145: to=, relay=none, delay=505, delays=445/0.03/60/0, dsn=4.4.1, status=deferred (connect to crackersadaikki.com[13.248.213.45]:25: Connection timed out)
Oct 19 14:06:38 vps postfix/smtp[20464]: connect to crackersadaikki.com[13.248.213.45]:25: Connection timed out
Oct 19 14:06:38 vps postfix/smtp[20464]: A41A13C0147: to=, relay=none, delay=505, delays=445/0.05/60/0, dsn=4.4.1, status=deferred (connect to crackersadaikki.com[13.248.213.45]:25: Connection timed out)
Oct 19 14:06:40 vps postfix/smtpd[11616]: connect from unknown[212.132.96.229]
Oct 19 14:06:42 vps postfix/smtpd[21979]: connect from unknown[165.154.121.231]
Oct 19 14:06:43 vps postfix/smtpd[11616]: warning: unknown[212.132.96.229]: SASL LOGIN authentication failed: UGFzc3dvcmQ6
Oct 19 14:06:43 vps postfix/smtpd[11616]: disconnect from unknown[212.132.96.229]
Oct 19 14:06:44 vps postfix/smtpd[21979]: warning: unknown[165.154.121.231]: SASL LOGIN authentication failed: UGFzc3dvcmQ6
Oct 19 14:06:44 vps postfix/smtpd[21979]: disconnect from unknown[165.154.121.231]
Oct 19 14:07:57 vps postfix/smtpd[11616]: connect from unknown[212.132.96.229]
Oct 19 14:08:00 vps postfix/smtpd[11616]: warning: unknown[212.132.96.229]: SASL LOGIN authentication failed: UGFzc3dvcmQ6
Oct 19 14:08:00 vps postfix/smtpd[11616]: disconnect from unknown[212.132.96.229]
Oct 19 14:08:21 vps postfix/smtpd[25197]: connect from mail-southindiaazolkn19011034.outbound.protection.outlook.com[52.103.67.34]
Oct 19 14:08:21 vps postfix/smtpd[25197]: NOQUEUE: reject: RCPT from mail-southindiaazolkn19011034.outbound.protection.outlook.com[52.103.67.34]: 450 4.1.1 : Recipient address rejected: User unknown in virtual mailbox table; from= to= proto=ESMTP helo=
Oct 19 14:08:21 vps postfix/smtpd[25197]: disconnect from mail-southindiaazolkn19011034.outbound.protection.outlook.com[52.103.67.34]
Oct 19 14:08:26 vps postfix/smtpd[25197]: connect from unknown[213.209.157.252]
Oct 19 14:08:29 vps postfix/smtpd[25197]: warning: unknown[213.209.157.252]: SASL LOGIN authentication failed: UGFzc3dvcmQ6
Oct 19 14:08:29 vps postfix/smtpd[25197]: disconnect from unknown[213.209.157.252]
Oct 19 14:08:57 vps postfix/pickup[4134]: 335676F51A: uid=1052 from=
Oct 19 14:08:57 vps postfix/cleanup[26078]: 335676F51A: message-id=<20251019083857.335676F51A@vps.vcrowd.in>
Oct 19 14:08:57 vps opendkim[5590]: 335676F51A: DKIM-Signature field added (s=default, d=crackersadaikki.com)
Oct 19 14:08:57 vps postfix/qmgr[26951]: 335676F51A: from=, size=874, nrcpt=2 (queue active)
Oct 19 14:08:57 vps postfix/pickup[4134]: 8E2093718BF: uid=1052 from=
Oct 19 14:08:57 vps postfix/cleanup[26078]: 8E2093718BF: message-id=<20251019083857.8E2093718BF@vps.vcrowd.in>
Oct 19 14:08:57 vps opendkim[5590]: 8E2093718BF: DKIM-Signature field added (s=default, d=crackersadaikki.com)
Oct 19 14:08:57 vps postfix/qmgr[26951]: 8E2093718BF: from=, size=1116, nrcpt=2 (queue active)
Oct 19 14:08:58 vps postfix/smtp[26082]: 335676F51A: host gmail-smtp-in.l.google.com[142.251.12.27] said: 550-5.7.26 Your email has been blocked because the sender is unauthenticated. 550-5.7.26 Gmail requires all senders to authenticate with either SPF or DKIM. 550-5.7.26 550-5.7.26 Authentication results: 550-5.7.26 DKIM = did not pass 550-5.7.26 SPF [vps.vcrowd.in] with ip: [103.120.179.240] = did not pass 550-5.7.26 550-5.7.26 For instructions on setting up authentication, go to 550 5.7.26 https://support.google.com/mail/answer/81126#authentication 41be03b00d2f7-b6a766446c5si2188310a12.232 - gsmtp (in reply to end of DATA command)
Oct 19 14:08:58 vps postfix/smtp[26106]: 8E2093718BF: host gmail-smtp-in.l.google.com[142.251.12.27] said: 550-5.7.26 Your email has been blocked because the sender is unauthenticated. 550-5.7.26 Gmail requires all senders to authenticate with either SPF or DKIM. 550-5.7.26 550-5.7.26 Authentication results: 550-5.7.26 DKIM = did not pass 550-5.7.26 SPF [vps.vcrowd.in] with ip: [103.120.179.240] = did not pass 550-5.7.26 550-5.7.26 For instructions on setting up authentication, go to 550 5.7.26 https://support.google.com/mail/answer/81126#authentication 98e67ed59e1d1-33d5def007esi2239961a91.73 - gsmtp (in reply to end of DATA command)
Oct 19 14:09:00 vps postfix/smtp[26082]: 335676F51A: to=, relay=alt1.gmail-smtp-in.l.google.com[192.178.163.26]:25, delay=2.8, delays=0.08/0.03/2/0.71, dsn=4.7.26, status=SOFTBOUNCE (host alt1.gmail-smtp-in.l.google.com[192.178.163.26] said: 550-5.7.26 Your email has been blocked because the sender is unauthenticated. 550-5.7.26 Gmail requires all senders to authenticate with either SPF or DKIM. 550-5.7.26 550-5.7.26 Authentication results: 550-5.7.26 DKIM = did not pass 550-5.7.26 SPF [vps.vcrowd.in] with ip: [103.120.179.240] = did not pass 550-5.7.26 550-5.7.26 For instructions on setting up authentication, go to 550 5.7.26 https://support.google.com/mail/answer/81126#authentication 98e67ed59e1d1-33d5ddee3b5si2228632a91.18 - gsmtp (in reply to end of DATA command))
Oct 19 14:09:00 vps postfix/smtp[26106]: 8E2093718BF: to=, relay=alt1.gmail-smtp-in.l.google.com[192.178.163.27]:25, delay=2.5, delays=0.06/0.02/1.8/0.59, dsn=4.7.26, status=SOFTBOUNCE (host alt1.gmail-smtp-in.l.google.com[192.178.163.27] said: 550-5.7.26 Your email has been blocked because the sender is unauthenticated. 550-5.7.26 Gmail requires all senders to authenticate with either SPF or DKIM. 550-5.7.26 550-5.7.26 Authentication results: 550-5.7.26 DKIM = did not pass 550-5.7.26 SPF [vps.vcrowd.in] with ip: [103.120.179.240] = did not pass 550-5.7.26 550-5.7.26 For instructions on setting up authentication, go to 550 5.7.26 https://support.google.com/mail/answer/81126#authentication d9443c01a7336-292471dbe72si26072625ad.286 - gsmtp (in reply to end of DATA command))
Oct 19 14:09:13 vps postfix/smtpd[11616]: connect from unknown[212.132.96.229]
Oct 19 14:09:16 vps postfix/smtpd[11616]: warning: unknown[212.132.96.229]: SASL LOGIN authentication failed: UGFzc3dvcmQ6
Oct 19 14:09:16 vps postfix/smtpd[11616]: disconnect from unknown[212.132.96.229]
Oct 19 14:09:27 vps postfix/smtp[26081]: connect to crackersadaikki.com[13.248.213.45]:25: Connection timed out
Oct 19 14:09:27 vps postfix/smtp[26105]: connect to crackersadaikki.com[76.223.67.189]:25: Connection timed out
Oct 19 14:09:57 vps postfix/smtp[26081]: connect to crackersadaikki.com[76.223.67.189]:25: Connection timed out
Oct 19 14:09:57 vps postfix/smtp[26081]: 335676F51A: to=, relay=none, delay=60, delays=0.08/0.02/60/0, dsn=4.4.1, status=deferred (connect to crackersadaikki.com[76.223.67.189]:25: Connection timed out)
Oct 19 14:09:57 vps postfix/smtp[26105]: connect to crackersadaikki.com[13.248.213.45]:25: Connection timed out
Oct 19 14:09:57 vps postfix/smtp[26105]: 8E2093718BF: to=, relay=none, delay=60, delays=0.06/0.01/60/0, dsn=4.4.1, status=deferred (connect to crackersadaikki.com[13.248.213.45]:25: Connection timed out)
Oct 19 14:10:11 vps postfix/smtpd[29324]: connect from unknown[14.18.77.99]
Oct 19 14:10:16 vps postfix/smtpd[29324]: warning: unknown[14.18.77.99]: SASL LOGIN authentication failed: UGFzc3dvcmQ6
Oct 19 14:10:16 vps postfix/smtpd[29324]: disconnect from unknown[14.18.77.99]
Oct 19 14:10:19 vps postfix/smtpd[29324]: connect from unknown[14.18.77.99]
Oct 19 14:10:26 vps postfix/smtpd[29324]: warning: unknown[14.18.77.99]: SASL LOGIN authentication failed: UGFzc3dvcmQ6
Oct 19 14:10:26 vps postfix/pickup[4134]: 8AF963BF5BD: uid=1052 from=
Oct 19 14:10:26 vps postfix/cleanup[26078]: 8AF963BF5BD: message-id=<20251019084026.8AF963BF5BD@vps.vcrowd.in>
Oct 19 14:10:26 vps opendkim[5590]: 8AF963BF5BD: DKIM-Signature field added (s=default, d=crackersadaikki.com)
Oct 19 14:10:26 vps postfix/qmgr[26951]: 8AF963BF5BD: from=, size=873, nrcpt=2 (queue active)
Oct 19 14:10:26 vps postfix/smtpd[29324]: disconnect from unknown[14.18.77.99]
Oct 19 14:10:26 vps postfix/pickup[4134]: D2F053C014A: uid=1052 from=
Oct 19 14:10:26 vps postfix/cleanup[26078]: D2F053C014A: message-id=<20251019084026.D2F053C014A@vps.vcrowd.in>
Oct 19 14:10:26 vps opendkim[5590]: D2F053C014A: DKIM-Signature field added (s=default, d=crackersadaikki.com)
Oct 19 14:10:26 vps postfix/qmgr[26951]: D2F053C014A: from=, size=1116, nrcpt=2 (queue active)
Oct 19 14:10:28 vps postfix/smtp[26105]: D2F053C014A: host gmail-smtp-in.l.google.com[142.251.12.27] said: 550-5.7.26 Your email has been blocked because the sender is unauthenticated. 550-5.7.26 Gmail requires all senders to authenticate with either SPF or DKIM. 550-5.7.26 550-5.7.26 Authentication results: 550-5.7.26 DKIM = did not pass 550-5.7.26 SPF [vps.vcrowd.in] with ip: [103.120.179.240] = did not pass 550-5.7.26 550-5.7.26 For instructions on setting up authentication, go to 550 5.7.26 https://support.google.com/mail/answer/81126#authentication d2e1a72fcca58-7a230112e20si2537025b3a.673 - gsmtp (in reply to end of DATA command)
Oct 19 14:10:28 vps postfix/smtp[26106]: 8AF963BF5BD: host gmail-smtp-in.l.google.com[142.251.12.26] said: 550-5.7.26 Your email has been blocked because the sender is unauthenticated. 550-5.7.26 Gmail requires all senders to authenticate with either SPF or DKIM. 550-5.7.26 550-5.7.26 Authentication results: 550-5.7.26 DKIM = did not pass 550-5.7.26 SPF [vps.vcrowd.in] with ip: [103.120.179.240] = did not pass 550-5.7.26 550-5.7.26 For instructions on setting up authentication, go to 550 5.7.26 https://support.google.com/mail/answer/81126#authentication d9443c01a7336-292472065a7si26010465ad.386 - gsmtp (in reply to end of DATA command)
Oct 19 14:10:29 vps postfix/smtp[26105]: D2F053C014A: to=, relay=alt1.gmail-smtp-in.l.google.com[192.178.163.27]:25, delay=2.5, delays=0.05/0.01/1.8/0.6, dsn=4.7.26, status=SOFTBOUNCE (host alt1.gmail-smtp-in.l.google.com[192.178.163.27] said: 550-5.7.26 Your email has been blocked because the sender is unauthenticated. 550-5.7.26 Gmail requires all senders to authenticate with either SPF or DKIM. 550-5.7.26 550-5.7.26 Authentication results: 550-5.7.26 DKIM = did not pass 550-5.7.26 SPF [vps.vcrowd.in] with ip: [103.120.179.240] = did not pass 550-5.7.26 550-5.7.26 For instructions on setting up authentication, go to 550 5.7.26 https://support.google.com/mail/answer/81126#authentication d9443c01a7336-29246ec7e60si27931865ad.24 - gsmtp (in reply to end of DATA command))
Oct 19 14:10:29 vps postfix/smtp[26106]: 8AF963BF5BD: to=, relay=alt1.gmail-smtp-in.l.google.com[192.178.163.26]:25, delay=3, delays=0.06/0.01/2.2/0.75, dsn=4.7.26, status=SOFTBOUNCE (host alt1.gmail-smtp-in.l.google.com[192.178.163.26] said: 550-5.7.26 Your email has been blocked because the sender is unauthenticated. 550-5.7.26 Gmail requires all senders to authenticate with either SPF or DKIM. 550-5.7.26 550-5.7.26 Authentication results: 550-5.7.26 DKIM = did not pass 550-5.7.26 SPF [vps.vcrowd.in] with ip: [103.120.179.240] = did not pass 550-5.7.26 550-5.7.26 For instructions on setting up authentication, go to 550 5.7.26 https://support.google.com/mail/answer/81126#authentication d9443c01a7336-292471da9a2si27601685ad.232 - gsmtp (in reply to end of DATA command))
Oct 19 14:10:30 vps postfix/smtpd[11616]: connect from unknown[212.132.96.229]
Oct 19 14:10:32 vps postfix/smtpd[11616]: warning: unknown[212.132.96.229]: SASL LOGIN authentication failed: UGFzc3dvcmQ6
Oct 19 14:10:32 vps postfix/smtpd[11616]: disconnect from unknown[212.132.96.229]
Oct 19 14:10:37 vps postfix/smtpd[29324]: connect from unknown[213.209.157.225]
Oct 19 14:10:38 vps postfix/qmgr[26951]: CBB236F9D7: from=, size=927, nrcpt=1 (queue active)
Oct 19 14:10:39 vps postfix/smtp[26105]: CBB236F9D7: host gmail-smtp-in.l.google.com[142.251.12.27] said: 550-5.7.26 Your email has been blocked because the sender is unauthenticated. 550-5.7.26 Gmail requires all senders to authenticate with either SPF or DKIM. 550-5.7.26 550-5.7.26 Authentication results: 550-5.7.26 DKIM = did not pass 550-5.7.26 SPF [vps.vcrowd.in] with ip: [103.120.179.240] = did not pass 550-5.7.26 550-5.7.26 For instructions on setting up authentication, go to 550 5.7.26 https://support.google.com/mail/answer/81126#authentication 41be03b00d2f7-b6a76b199d1si2292556a12.633 - gsmtp (in reply to end of DATA command)
Oct 19 14:10:40 vps postfix/smtpd[29324]: warning: unknown[213.209.157.225]: SASL LOGIN authentication failed: UGFzc3dvcmQ6
Oct 19 14:10:40 vps postfix/smtpd[29324]: disconnect from unknown[213.209.157.225]
Oct 19 14:10:41 vps postfix/smtp[26105]: CBB236F9D7: to=, relay=alt1.gmail-smtp-in.l.google.com[192.178.163.27]:25, delay=431, delays=428/0/2.1/0.77, dsn=4.7.26, status=SOFTBOUNCE (host alt1.gmail-smtp-in.l.google.com[192.178.163.27] said: 550-5.7.26 Your email has been blocked because the sender is unauthenticated. 550-5.7.26 Gmail requires all senders to authenticate with either SPF or DKIM. 550-5.7.26 550-5.7.26 Authentication results: 550-5.7.26 DKIM = did not pass 550-5.7.26 SPF [vps.vcrowd.in] with ip: [103.120.179.240] = did not pass 550-5.7.26 550-5.7.26 For instructions on setting up authentication, go to 550 5.7.26 https://support.google.com/mail/answer/81126#authentication d9443c01a7336-292472384b8si26353125ad.672 - gsmtp (in reply to end of DATA command))
Oct 19 14:10:44 vps postfix/smtpd[29324]: connect from unknown[77.90.185.216]
Oct 19 14:10:49 vps postfix/smtpd[29324]: warning: unknown[77.90.185.216]: SASL LOGIN authentication failed: UGFzc3dvcmQ6
Oct 19 14:10:50 vps postfix/anvil[27319]: statistics: max connection rate 2/60s for (smtp:14.18.77.99) at
Oct 19 14:10:19
Oct 19 14:10:50 vps postfix/anvil[27319]: statistics: max connection count 1 for (smtp:62.60.131.17) at
Oct 19 14:01:13
Oct 19 14:10:50 vps postfix/anvil[27319]: statistics: max cache size 4 at
Oct 19 14:01:13
Oct 19 14:10:52 vps postfix/smtpd[29324]: disconnect from unknown[77.90.185.216]
Oct 19 14:10:56 vps postfix/smtp[26082]: connect to crackersadaikki.com[76.223.67.189]:25: Connection timed out
Oct 19 14:10:57 vps postfix/smtp[26081]: connect to crackersadaikki.com[76.223.67.189]:25: Connection timed out
Oct 19 14:11:05 vps postfix/smtpd[29324]: connect from unknown[77.90.185.216]
Oct 19 14:11:08 vps postfix/smtpd[29324]: warning: unknown[77.90.185.216]: SASL LOGIN authentication failed: UGFzc3dvcmQ6
Oct 19 14:11:08 vps postfix/smtpd[29324]: disconnect from unknown[77.90.185.216]
Oct 19 14:11:22 vps postfix/smtpd[29324]: connect from unknown[77.90.185.216]
Oct 19 14:11:26 vps postfix/smtpd[31551]: connect from unknown[77.90.185.216]
Oct 19 14:11:26 vps postfix/smtp[26082]: connect to crackersadaikki.com[13.248.213.45]:25: Connection timed out
Oct 19 14:11:26 vps postfix/smtp[26082]: 8AF963BF5BD: to=, relay=none, delay=60, delays=0.06/0.01/60/0, dsn=4.4.1, status=deferred (connect to crackersadaikki.com[13.248.213.45]:25: Connection timed out)
Oct 19 14:11:27 vps postfix/smtp[26081]: connect to crackersadaikki.com[13.248.213.45]:25: Connection timed out
Oct 19 14:11:27 vps postfix/smtp[26081]: D2F053C014A: to=, relay=none, delay=60, delays=0.05/0.01/60/0, dsn=4.4.1, status=deferred (connect to crackersadaikki.com[13.248.213.45]:25: Connection timed out)
Oct 19 14:11:27 vps postfix/smtpd[29324]: warning: unknown[77.90.185.216]: SASL LOGIN authentication failed: UGFzc3dvcmQ6
Oct 19 14:11:28 vps postfix/smtpd[29324]: disconnect from unknown[77.90.185.216]
Oct 19 14:11:34 vps postfix/smtpd[29324]: connect from unknown[77.90.185.216]
Oct 19 14:11:36 vps postfix/smtpd[31718]: connect from unknown[77.90.185.216]
Oct 19 14:11:36 vps postfix/smtpd[31720]: connect from unknown[77.90.185.216]
Oct 19 14:11:37 vps postfix/smtpd[31551]: warning: unknown[77.90.185.216]: SASL LOGIN authentication failed: UGFzc3dvcmQ6
Oct 19 14:11:38 vps postfix/smtpd[31551]: disconnect from unknown[77.90.185.216]
Oct 19 14:11:39 vps postfix/smtpd[31551]: connect from unknown[195.211.188.86]
Oct 19 14:11:41 vps postfix/smtpd[31551]: warning: unknown[195.211.188.86]: SASL LOGIN authentication failed: UGFzc3dvcmQ6
Oct 19 14:11:41 vps postfix/smtpd[31551]: disconnect from unknown[195.211.188.86]
Oct 19 14:11:41 vps postfix/smtpd[31551]: connect from unknown[77.90.185.216]
Oct 19 14:11:42 vps postfix/smtpd[29324]: warning: unknown[77.90.185.216]: SASL LOGIN authentication failed: UGFzc3dvcmQ6
Oct 19 14:11:42 vps postfix/smtpd[29324]: disconnect from unknown[77.90.185.216]
Oct 19 14:11:44 vps postfix/smtpd[11616]: connect from unknown[212.132.96.229]
Oct 19 14:11:46 vps postfix/smtpd[11616]: warning: unknown[212.132.96.229]: SASL LOGIN authentication failed: UGFzc3dvcmQ6
Oct 19 14:11:46 vps postfix/smtpd[11616]: disconnect from unknown[212.132.96.229]
Oct 19 14:11:55 vps postfix/smtpd[31720]: warning: unknown[77.90.185.216]: SASL LOGIN authentication failed: UGFzc3dvcmQ6
Oct 19 14:11:55 vps postfix/smtpd[31720]: disconnect from unknown[77.90.185.216]
Oct 19 14:11:57 vps postfix/smtpd[31551]: warning: unknown[77.90.185.216]: SASL LOGIN authentication failed: UGFzc3dvcmQ6
Oct 19 14:11:57 vps postfix/smtpd[31718]: warning: unknown[77.90.185.216]: SASL LOGIN authentication failed: UGFzc3dvcmQ6
Oct 19 14:11:57 vps postfix/smtpd[31718]: disconnect from unknown[77.90.185.216]
Oct 19 14:11:57 vps postfix/smtpd[31551]: disconnect from unknown[77.90.185.216]
Oct 19 14:12:39 vps postfix/pickup[4134]: CA2843C014B: uid=1062 from=
Oct 19 14:12:39 vps postfix/cleanup[1444]: CA2843C014B: message-id=<20251019084239.CA2843C014B@vps.vcrowd.in>
Oct 19 14:12:39 vps opendkim[5590]: CA2843C014B: no signing table match for '"info@gvkennel"@gmail.com'
Oct 19 14:12:39 vps opendkim[5590]: CA2843C014B: no signature data
Oct 19 14:12:39 vps postfix/qmgr[26951]: CA2843C014B: from=, size=918, nrcpt=1 (queue active)
Oct 19 14:12:41 vps postfix/smtp[26082]: CA2843C014B: host gmail-smtp-in.l.google.com[142.251.12.27] said: 550-5.7.26 Your email has been blocked because the sender is unauthenticated. 550-5.7.26 Gmail requires all senders to authenticate with either SPF or DKIM. 550-5.7.26 550-5.7.26 Authentication results: 550-5.7.26 DKIM = did not pass 550-5.7.26 SPF [vps.vcrowd.in] with ip: [103.120.179.240] = did not pass 550-5.7.26 550-5.7.26 For instructions on setting up authentication, go to 550 5.7.26 https://support.google.com/mail/answer/81126#authentication d2e1a72fcca58-7a23010a097si2528399b3a.589 - gsmtp (in reply to end of DATA command)
Oct 19 14:12:42 vps postfix/smtp[26082]: CA2843C014B: to=, relay=alt1.gmail-smtp-in.l.google.com[192.178.163.27]:25, delay=2.8, delays=0.04/0.01/2/0.73, dsn=4.7.26, status=SOFTBOUNCE (host alt1.gmail-smtp-in.l.google.com[192.178.163.27] said: 550-5.7.26 Your email has been blocked because the sender is unauthenticated. 550-5.7.26 Gmail requires all senders to authenticate with either SPF or DKIM. 550-5.7.26 550-5.7.26 Authentication results: 550-5.7.26 DKIM = did not pass 550-5.7.26 SPF [vps.vcrowd.in] with ip: [103.120.179.240] = did not pass 550-5.7.26 550-5.7.26 For instructions on setting up authentication, go to 550 5.7.26 https://support.google.com/mail/answer/81126#authentication d9443c01a7336-29247219821si25758245ad.495 - gsmtp (in reply to end of DATA command))
Oct 19 14:12:47 vps postfix/smtpd[29324]: connect from unknown[62.60.131.17]
Oct 19 14:12:50 vps postfix/smtpd[29324]: warning: unknown[62.60.131.17]: SASL LOGIN authentication failed: UGFzc3dvcmQ6
Oct 19 14:12:50 vps postfix/smtpd[29324]: disconnect from unknown[62.60.131.17]
Oct 19 14:12:58 vps postfix/smtpd[11616]: connect from unknown[212.132.96.229]
Oct 19 14:13:01 vps postfix/smtpd[11616]: warning: unknown[212.132.96.229]: SASL LOGIN authentication failed: UGFzc3dvcmQ6
Oct 19 14:13:01 vps postfix/smtpd[11616]: disconnect from unknown[212.132.96.229]
Oct 19 14:13:08 vps postfix/pickup[4134]: 0005F3C014C: uid=1062 from=
Oct 19 14:13:08 vps postfix/cleanup[1444]: 0005F3C014C: message-id=<20251019084308.0005F3C014C@vps.vcrowd.in>
Oct 19 14:13:08 vps opendkim[5590]: 0005F3C014C: no signing table match for '"info@gvkennel"@gmail.com'
Oct 19 14:13:08 vps opendkim[5590]: 0005F3C014C: no signature data
Oct 19 14:13:08 vps postfix/qmgr[26951]: 0005F3C014C: from=, size=972, nrcpt=1 (queue active)
Oct 19 14:13:09 vps postfix/smtp[26082]: 0005F3C014C: host gmail-smtp-in.l.google.com[142.251.12.26] said: 550-5.7.26 Your email has been blocked because the sender is unauthenticated. 550-5.7.26 Gmail requires all senders to authenticate with either SPF or DKIM. 550-5.7.26 550-5.7.26 Authentication results: 550-5.7.26 DKIM = did not pass 550-5.7.26 SPF [vps.vcrowd.in] with ip: [103.120.179.240] = did not pass 550-5.7.26 550-5.7.26 For instructions on setting up authentication, go to 550 5.7.26 https://support.google.com/mail/answer/81126#authentication 41be03b00d2f7-b6a76b54730si2199792a12.923 - gsmtp (in reply to end of DATA command)
Oct 19 14:13:10 vps postfix/smtp[26082]: 0005F3C014C: to=, relay=alt1.gmail-smtp-in.l.google.com[192.178.163.26]:25, delay=2.7, delays=0.03/0/2/0.73, dsn=4.7.26, status=SOFTBOUNCE (host alt1.gmail-smtp-in.l.google.com[192.178.163.26] said: 550-5.7.26 Your email has been blocked because the sender is unauthenticated. 550-5.7.26 Gmail requires all senders to authenticate with either SPF or DKIM. 550-5.7.26 550-5.7.26 Authentication results: 550-5.7.26 DKIM = did not pass 550-5.7.26 SPF [vps.vcrowd.in] with ip: [103.120.179.240] = did not pass 550-5.7.26 550-5.7.26 For instructions on setting up authentication, go to 550 5.7.26 https://support.google.com/mail/answer/81126#authentication 98e67ed59e1d1-33d5de12386si2263881a91.22 - gsmtp (in reply to end of DATA command))
Oct 19 14:14:06 vps postfix/smtpd[29324]: connect from vastu172039.nic.in[164.100.172.39]
Oct 19 14:14:07 vps postfix/smtpd[29324]: NOQUEUE: reject: RCPT from vastu172039.nic.in[164.100.172.39]: 450 4.1.1 : Recipient address rejected: User unknown in virtual mailbox table; from= to= proto=ESMTP helo=
Oct 19 14:14:07 vps postfix/smtpd[29324]: disconnect from vastu172039.nic.in[164.100.172.39]
Oct 19 14:14:15 vps postfix/smtpd[11616]: connect from unknown[212.132.96.229]
Oct 19 14:14:18 vps postfix/smtpd[11616]: warning: unknown[212.132.96.229]: SASL LOGIN authentication failed: UGFzc3dvcmQ6
Oct 19 14:14:18 vps postfix/smtpd[11616]: disconnect from unknown[212.132.96.229]
Oct 19 14:14:50 vps postfix/smtpd[29324]: connect from mail-1c.netcraft.com[52.31.138.216]
Oct 19 14:14:52 vps postfix/smtpd[29324]: NOQUEUE: reject: RCPT from mail-1c.netcraft.com[52.31.138.216]: 450 4.1.1 : Recipient address rejected: User unknown in virtual mailbox table; from= to= proto=ESMTP helo=
Oct 19 14:14:52 vps postfix/smtpd[29324]: disconnect from mail-1c.netcraft.com[52.31.138.216]
Oct 19 14:15:20 vps postfix/smtpd[29324]: connect from mail-1c.netcraft.com[52.31.138.216]
Oct 19 14:15:21 vps postfix/smtpd[29324]: NOQUEUE: reject: RCPT from mail-1c.netcraft.com[52.31.138.216]: 450 4.1.1 : Recipient address rejected: User unknown in virtual mailbox table; from= to= proto=ESMTP helo=
Oct 19 14:15:21 vps postfix/smtpd[29324]: disconnect from mail-1c.netcraft.com[52.31.138.216]
Oct 19 14:15:32 vps postfix/smtpd[11616]: connect from unknown[212.132.96.229]
Oct 19 14:15:35 vps postfix/smtpd[11616]: warning: unknown[212.132.96.229]: SASL LOGIN authentication failed: UGFzc3dvcmQ6
Oct 19 14:15:35 vps postfix/smtpd[11616]: disconnect from unknown[212.132.96.229]
Oct 19 14:15:38 vps postfix/qmgr[26951]: 335676F51A: from=, size=874, nrcpt=2 (queue active)
Oct 19 14:15:38 vps postfix/qmgr[26951]: C7B6B7AFB3: from=, size=520, nrcpt=1 (queue active)
Oct 19 14:15:38 vps postfix/qmgr[26951]: 4AB763C0145: from=, size=877, nrcpt=2 (queue active)
Oct 19 14:15:38 vps postfix/qmgr[26951]: 8E2093718BF: from=, size=1116, nrcpt=2 (queue active)
Oct 19 14:15:38 vps postfix/qmgr[26951]: A41A13C0147: from=, size=1116, nrcpt=2 (queue active)
Oct 19 14:15:39 vps postfix/smtp[5263]: 8E2093718BF: host gmail-smtp-in.l.google.com[142.251.12.27] said: 550-5.7.26 Your email has been blocked because the sender is unauthenticated. 550-5.7.26 Gmail requires all senders to authenticate with either SPF or DKIM. 550-5.7.26 550-5.7.26 Authentication results: 550-5.7.26 DKIM = did not pass 550-5.7.26 SPF [vps.vcrowd.in] with ip: [103.120.179.240] = did not pass 550-5.7.26 550-5.7.26 For instructions on setting up authentication, go to 550 5.7.26 https://support.google.com/mail/answer/81126#authentication d9443c01a7336-292471d799bsi26238295ad.301 - gsmtp (in reply to end of DATA command)
Oct 19 14:15:39 vps postfix/smtp[5267]: A41A13C0147: host gmail-smtp-in.l.google.com[142.251.12.26] said: 550-5.7.26 Your email has been blocked because the sender is unauthenticated. 550-5.7.26 Gmail requires all senders to authenticate with either SPF or DKIM. 550-5.7.26 550-5.7.26 Authentication results: 550-5.7.26 DKIM = did not pass 550-5.7.26 SPF [vps.vcrowd.in] with ip: [103.120.179.240] = did not pass 550-5.7.26 550-5.7.26 For instructions on setting up authentication, go to 550 5.7.26 https://support.google.com/mail/answer/81126#authentication 98e67ed59e1d1-33d5def406asi2215018a91.78 - gsmtp (in reply to end of DATA command)
Oct 19 14:15:39 vps postfix/smtp[5257]: 335676F51A: host gmail-smtp-in.l.google.com[142.251.12.26] said: 550-5.7.26 Your email has been blocked because the sender is unauthenticated. 550-5.7.26 Gmail requires all senders to authenticate with either SPF or DKIM. 550-5.7.26 550-5.7.26 Authentication results: 550-5.7.26 DKIM = did not pass 550-5.7.26 SPF [vps.vcrowd.in] with ip: [103.120.179.240] = did not pass 550-5.7.26 550-5.7.26 For instructions on setting up authentication, go to 550 5.7.26 https://support.google.com/mail/answer/81126#authentication d9443c01a7336-29247206fc9si27309345ad.384 - gsmtp (in reply to end of DATA command)
Oct 19 14:15:39 vps postfix/smtp[5263]: 8E2093718BF: host gmail-smtp-in.l.google.com[142.251.12.27] said: 550-5.7.26 Your email has been blocked because the sender is unauthenticated. 550-5.7.26 Gmail requires all senders to authenticate with either SPF or DKIM. 550-5.7.26 550-5.7.26 Authentication results: 550-5.7.26 DKIM = did not pass 550-5.7.26 SPF [vps.vcrowd.in] with ip: [103.120.179.240] = did not pass 550-5.7.26 550-5.7.26 For instructions on setting up authentication, go to 550 5.7.26 https://support.google.com/mail/answer/81126#authentication d9443c01a7336-292471d799bsi26238295ad.301 - gsmtp (in reply to end of DATA command)
Oct 19 14:15:39 vps postfix/smtp[5267]: A41A13C0147: host gmail-smtp-in.l.google.com[142.251.12.26] said: 550-5.7.26 Your email has been blocked because the sender is unauthenticated. 550-5.7.26 Gmail requires all senders to authenticate with either SPF or DKIM. 550-5.7.26 550-5.7.26 Authentication results: 550-5.7.26 DKIM = did not pass 550-5.7.26 SPF [vps.vcrowd.in] with ip: [103.120.179.240] = did not pass 550-5.7.26 550-5.7.26 For instructions on setting up authentication, go to 550 5.7.26 https://support.google.com/mail/answer/81126#authentication 98e67ed59e1d1-33d5def406asi2215018a91.78 - gsmtp (in reply to end of DATA command)
Oct 19 14:15:39 vps postfix/smtp[5257]: 335676F51A: host gmail-smtp-in.l.google.com[142.251.12.26] said: 550-5.7.26 Your email has been blocked because the sender is unauthenticated. 550-5.7.26 Gmail requires all senders to authenticate with either SPF or DKIM. 550-5.7.26 550-5.7.26 Authentication results: 550-5.7.26 DKIM = did not pass 550-5.7.26 SPF [vps.vcrowd.in] with ip: [103.120.179.240] = did not pass 550-5.7.26 550-5.7.26 For instructions on setting up authentication, go to 550 5.7.26 https://support.google.com/mail/answer/81126#authentication d9443c01a7336-29247206fc9si27309345ad.384 - gsmtp (in reply to end of DATA command)
Oct 19 14:15:39 vps postfix/smtp[5261]: 4AB763C0145: host gmail-smtp-in.l.google.com[142.251.12.27] said: 550-5.7.26 Your email has been blocked because the sender is unauthenticated. 550-5.7.26 Gmail requires all senders to authenticate with either SPF or DKIM. 550-5.7.26 550-5.7.26 Authentication results: 550-5.7.26 DKIM = did not pass 550-5.7.26 SPF [vps.vcrowd.in] with ip: [103.120.179.240] = did not pass 550-5.7.26 550-5.7.26 For instructions on setting up authentication, go to 550 5.7.26 https://support.google.com/mail/answer/81126#authentication 41be03b00d2f7-b6a76b7dcfdsi2182779a12.1333 - gsmtp (in reply to end of DATA command)
Oct 19 14:15:41 vps postfix/smtp[5263]: 8E2093718BF: to=, relay=alt1.gmail-smtp-in.l.google.com[192.178.163.27]:25, delay=403, delays=401/0.08/1.8/0.65, dsn=4.7.26, status=SOFTBOUNCE (host alt1.gmail-smtp-in.l.google.com[192.178.163.27] said: 550-5.7.26 Your email has been blocked because the sender is unauthenticated. 550-5.7.26 Gmail requires all senders to authenticate with either SPF or DKIM. 550-5.7.26 550-5.7.26 Authentication results: 550-5.7.26 DKIM = did not pass 550-5.7.26 SPF [vps.vcrowd.in] with ip: [103.120.179.240] = did not pass 550-5.7.26 550-5.7.26 For instructions on setting up authentication, go to 550 5.7.26 https://support.google.com/mail/answer/81126#authentication 98e67ed59e1d1-33d5ddee362si2244477a91.8 - gsmtp (in reply to end of DATA command))
Oct 19 14:15:41 vps postfix/smtp[5257]: 335676F51A: to=, relay=alt1.gmail-smtp-in.l.google.com[192.178.163.26]:25, delay=404, delays=401/0.03/1.9/0.77, dsn=4.7.26, status=SOFTBOUNCE (host alt1.gmail-smtp-in.l.google.com[192.178.163.26] said: 550-5.7.26 Your email has been blocked because the sender is unauthenticated. 550-5.7.26 Gmail requires all senders to authenticate with either SPF or DKIM. 550-5.7.26 550-5.7.26 Authentication results: 550-5.7.26 DKIM = did not pass 550-5.7.26 SPF [vps.vcrowd.in] with ip: [103.120.179.240] = did not pass 550-5.7.26 550-5.7.26 For instructions on setting up authentication, go to 550 5.7.26 https://support.google.com/mail/answer/81126#authentication d9443c01a7336-292471dceb2si27648525ad.197 - gsmtp (in reply to end of DATA command))
Oct 19 14:15:41 vps postfix/smtp[5261]: 4AB763C0145: to=, relay=alt1.gmail-smtp-in.l.google.com[192.178.163.26]:25, delay=1048, delays=1045/0.06/1.9/0.86, dsn=4.7.26, status=SOFTBOUNCE (host alt1.gmail-smtp-in.l.google.com[192.178.163.26] said: 550-5.7.26 Your email has been blocked because the sender is unauthenticated. 550-5.7.26 Gmail requires all senders to authenticate with either SPF or DKIM. 550-5.7.26 550-5.7.26 Authentication results: 550-5.7.26 DKIM = did not pass 550-5.7.26 SPF [vps.vcrowd.in] with ip: [103.120.179.240] = did not pass 550-5.7.26 550-5.7.26 For instructions on setting up authentication, go to 550 5.7.26 https://support.google.com/mail/answer/81126#authentication d2e1a72fcca58-7a22ff19ca2si2623795b3a.11 - gsmtp (in reply to end of DATA command))
Oct 19 14:15:41 vps postfix/smtp[5267]: A41A13C0147: to=, relay=alt1.gmail-smtp-in.l.google.com[192.178.163.26]:25, delay=1048, delays=1045/0.1/1.8/0.93, dsn=4.7.26, status=SOFTBOUNCE (host alt1.gmail-smtp-in.l.google.com[192.178.163.26] said: 550-5.7.26 Your email has been blocked because the sender is unauthenticated. 550-5.7.26 Gmail requires all senders to authenticate with either SPF or DKIM. 550-5.7.26 550-5.7.26 Authentication results: 550-5.7.26 DKIM = did not pass 550-5.7.26 SPF [vps.vcrowd.in] with ip: [103.120.179.240] = did not pass 550-5.7.26 550-5.7.26 For instructions on setting up authentication, go to 550 5.7.26 https://support.google.com/mail/answer/81126#authentication d2e1a72fcca58-7a2300f8743si2737786b3a.446 - gsmtp (in reply to end of DATA command))
Oct 19 14:16:08 vps postfix/smtp[5256]: connect to crackersadaikki.com[13.248.213.45]:25: Connection timed out
Oct 19 14:16:08 vps postfix/smtp[5258]: connect to hostingraja.info[103.92.235.73]:25: Connection timed out
Oct 19 14:16:08 vps postfix/smtp[5258]: C7B6B7AFB3: to=, relay=none, delay=1083, delays=1053/0.04/30/0, dsn=4.4.1, status=deferred (connect to hostingraja.info[103.92.235.73]:25: Connection timed out)
Oct 19 14:16:08 vps postfix/qmgr[26951]: C7B6B7AFB3: from=, status=expired, returned to sender
Oct 19 14:16:08 vps postfix/cleanup[5854]: 80E9C1D858: message-id=<20251019084608.80E9C1D858@vps.vcrowd.in>
Oct 19 14:16:08 vps postfix/qmgr[26951]: 80E9C1D858: from=<>, size=2321, nrcpt=1 (queue active)
Oct 19 14:16:08 vps postfix/bounce[5299]: C7B6B7AFB3: sender non-delivery notification: 80E9C1D858
Oct 19 14:16:08 vps postfix/qmgr[26951]: C7B6B7AFB3: removed
Oct 19 14:16:08 vps postfix/local[5856]: 80E9C1D858: to=, relay=local, delay=0.05, delays=0.02/0.02/0/0.01, dsn=2.0.0, status=sent (delivered to mailbox)
Oct 19 14:16:08 vps postfix/qmgr[26951]: 80E9C1D858: removed
Oct 19 14:16:08 vps postfix/smtp[5260]: connect to crackersadaikki.com[76.223.67.189]:25: Connection timed out
Oct 19 14:16:08 vps postfix/smtp[5265]: connect to crackersadaikki.com[13.248.213.45]:25: Connection timed out
Oct 19 14:16:08 vps postfix/smtp[5262]: connect to crackersadaikki.com[13.248.213.45]:25: Connection timed out
Oct 19 14:16:38 vps postfix/smtp[5256]: connect to crackersadaikki.com[76.223.67.189]:25: Connection timed out
Oct 19 14:16:38 vps postfix/smtp[5256]: 335676F51A: to=, relay=none, delay=461, delays=401/0.02/60/0, dsn=4.4.1, status=deferred (connect to crackersadaikki.com[76.223.67.189]:25: Connection timed out)
Oct 19 14:16:38 vps postfix/smtp[5260]: connect to crackersadaikki.com[13.248.213.45]:25: Connection timed out
Oct 19 14:16:38 vps postfix/smtp[5260]: 4AB763C0145: to=, relay=none, delay=1105, delays=1045/0.05/60/0, dsn=4.4.1, status=deferred (connect to crackersadaikki.com[13.248.213.45]:25: Connection timed out)
Oct 19 14:16:38 vps postfix/qmgr[26951]: 4AB763C0145: from=, status=expired, returned to sender
Oct 19 14:16:38 vps postfix/cleanup[5854]: 9CB9C1D858: message-id=<20251019084638.9CB9C1D858@vps.vcrowd.in>
Oct 19 14:16:38 vps postfix/bounce[5299]: 4AB763C0145: sender non-delivery notification: 9CB9C1D858
Oct 19 14:16:38 vps postfix/qmgr[26951]: 9CB9C1D858: from=<>, size=4476, nrcpt=1 (queue active)
Oct 19 14:16:38 vps postfix/qmgr[26951]: 4AB763C0145: removed
Oct 19 14:16:38 vps postfix/local[5856]: 9CB9C1D858: to=, relay=local, delay=0.01, delays=0.01/0/0/0, dsn=2.0.0, status=sent (delivered to mailbox)
Oct 19 14:16:38 vps postfix/qmgr[26951]: 9CB9C1D858: removed
Oct 19 14:16:38 vps postfix/smtp[5265]: connect to crackersadaikki.com[76.223.67.189]:25: Connection timed out
Oct 19 14:16:38 vps postfix/smtp[5265]: A41A13C0147: to=, relay=none, delay=1105, delays=1045/0.09/60/0, dsn=4.4.1, status=deferred (connect to crackersadaikki.com[76.223.67.189]:25: Connection timed out)
Oct 19 14:16:38 vps postfix/qmgr[26951]: A41A13C0147: from=, status=expired, returned to sender
Oct 19 14:16:38 vps postfix/cleanup[5854]: A1EE81D858: message-id=<20251019084638.A1EE81D858@vps.vcrowd.in>
Oct 19 14:16:38 vps postfix/bounce[5299]: A41A13C0147: sender non-delivery notification: A1EE81D858
Oct 19 14:16:38 vps postfix/qmgr[26951]: A1EE81D858: from=<>, size=4707, nrcpt=1 (queue active)
Oct 19 14:16:38 vps postfix/qmgr[26951]: A41A13C0147: removed
Oct 19 14:16:38 vps postfix/local[5856]: A1EE81D858: to=, relay=local, delay=0.01, delays=0.01/0/0/0, dsn=2.0.0, status=sent (delivered to mailbox)
Oct 19 14:16:38 vps postfix/qmgr[26951]: A1EE81D858: removed
Oct 19 14:16:38 vps postfix/smtp[5262]: connect to crackersadaikki.com[76.223.67.189]:25: Connection timed out
Oct 19 14:16:38 vps postfix/smtp[5262]: 8E2093718BF: to=, relay=none, delay=461, delays=401/0.07/60/0, dsn=4.4.1, status=deferred (connect to crackersadaikki.com[76.223.67.189]:25: Connection timed out)
Oct 19 14:16:47 vps postfix/smtpd[11616]: connect from unknown[212.132.96.229]
Oct 19 14:16:50 vps postfix/smtpd[11616]: warning: unknown[212.132.96.229]: SASL LOGIN authentication failed: UGFzc3dvcmQ6
Oct 19 14:16:50 vps postfix/smtpd[11616]: disconnect from unknown[212.132.96.229]
Oct 19 14:18:02 vps postfix/smtpd[7780]: connect from unknown[103.115.252.63]
Oct 19 14:18:04 vps postfix/smtpd[11616]: connect from unknown[212.132.96.229]
Oct 19 14:18:06 vps postfix/smtpd[11616]: warning: unknown[212.132.96.229]: SASL LOGIN authentication failed: UGFzc3dvcmQ6
Oct 19 14:18:06 vps postfix/smtpd[11616]: disconnect from unknown[212.132.96.229]
Oct 19 14:18:09 vps postfix/smtpd[7780]: warning: unknown[103.115.252.63]: SASL LOGIN authentication failed: UGFzc3dvcmQ6
Oct 19 14:18:09 vps postfix/smtpd[7780]: lost connection after AUTH from unknown[103.115.252.63]
Oct 19 14:18:09 vps postfix/smtpd[7780]: disconnect from unknown[103.115.252.63]
Oct 19 14:18:25 vps postfix/smtps/smtpd[9059]: warning: No server certs available. TLS won't be enabled
Oct 19 14:18:25 vps postfix/smtps/smtpd[9059]: connect from unknown[123.127.231.74]
Oct 19 14:18:25 vps postfix/smtps/smtpd[9059]: warning: Wrapper-mode request dropped from unknown[123.127.231.74] for service 465. TLS context initialization failed. For details see earlier warnings in your logs.
Oct 19 14:18:25 vps postfix/smtps/smtpd[9059]: disconnect from unknown[123.127.231.74]
Oct 19 14:18:50 vps postfix/smtps/smtpd[9059]: connect from 172.43.246.220.static.netvigator.com[220.246.43.172]
Oct 19 14:18:50 vps postfix/smtps/smtpd[9059]: warning: Wrapper-mode request dropped from 172.43.246.220.static.netvigator.com[220.246.43.172] for service 465. TLS context initialization failed. For details see earlier warnings in your logs.
Oct 19 14:18:50 vps postfix/smtps/smtpd[9059]: disconnect from 172.43.246.220.static.netvigator.com[220.246.43.172]
Oct 19 14:18:53 vps postfix/smtps/smtpd[9059]: connect from unknown[83.136.176.12]
Oct 19 14:18:53 vps postfix/smtps/smtpd[9059]: warning: Wrapper-mode request dropped from unknown[83.136.176.12] for service 465. TLS context initialization failed. For details see earlier warnings in your logs.
Oct 19 14:18:53 vps postfix/smtps/smtpd[9059]: disconnect from unknown[83.136.176.12]
Oct 19 14:18:55 vps postfix/smtps/smtpd[9059]: warning: hostname zimbra.pragma.ru does not resolve to address 81.22.48.19
Oct 19 14:18:55 vps postfix/smtps/smtpd[9059]: connect from unknown[81.22.48.19]
Oct 19 14:18:55 vps postfix/smtps/smtpd[9059]: warning: Wrapper-mode request dropped from unknown[81.22.48.19] for service 465. TLS context initialization failed. For details see earlier warnings in your logs.
Oct 19 14:18:55 vps postfix/smtps/smtpd[9059]: disconnect from unknown[81.22.48.19]
Oct 19 14:18:59 vps postfix/smtps/smtpd[9059]: warning: hostname dynamic-ip-adsl.viettel.vn does not resolve to address 171.238.196.149
Oct 19 14:18:59 vps postfix/smtps/smtpd[9059]: connect from unknown[171.238.196.149]
Oct 19 14:18:59 vps postfix/smtps/smtpd[9059]: warning: Wrapper-mode request dropped from unknown[171.238.196.149] for service 465. TLS context initialization failed. For details see earlier warnings in your logs.
Oct 19 14:18:59 vps postfix/smtps/smtpd[9059]: disconnect from unknown[171.238.196.149]
Oct 19 14:19:08 vps postfix/smtps/smtpd[9059]: connect from scan2.apcosys.net[81.29.134.51]
Oct 19 14:19:08 vps postfix/smtps/smtpd[9059]: warning: Wrapper-mode request dropped from scan2.apcosys.net[81.29.134.51] for service 465. TLS context initialization failed. For details see earlier warnings in your logs.
Oct 19 14:19:08 vps postfix/smtps/smtpd[9059]: disconnect from scan2.apcosys.net[81.29.134.51]
Oct 19 14:19:08 vps postfix/smtps/smtpd[9059]: connect from scan2.apcosys.net[81.29.134.51]
Oct 19 14:19:08 vps postfix/smtps/smtpd[9059]: warning: Wrapper-mode request dropped from scan2.apcosys.net[81.29.134.51] for service 465. TLS context initialization failed. For details see earlier warnings in your logs.
Oct 19 14:19:08 vps postfix/smtps/smtpd[9059]: disconnect from scan2.apcosys.net[81.29.134.51]
Oct 19 14:19:09 vps postfix/smtps/smtpd[9059]: connect from scan2.apcosys.net[81.29.134.51]
Oct 19 14:19:09 vps postfix/smtps/smtpd[9059]: warning: Wrapper-mode request dropped from scan2.apcosys.net[81.29.134.51] for service 465. TLS context initialization failed. For details see earlier warnings in your logs.
Oct 19 14:19:09 vps postfix/smtps/smtpd[9059]: disconnect from scan2.apcosys.net[81.29.134.51]
Oct 19 14:19:09 vps postfix/smtps/smtpd[9059]: connect from scan2.apcosys.net[81.29.134.51]
Oct 19 14:19:09 vps postfix/smtps/smtpd[9059]: warning: Wrapper-mode request dropped from scan2.apcosys.net[81.29.134.51] for service 465. TLS context initialization failed. For details see earlier warnings in your logs.
Oct 19 14:19:09 vps postfix/smtps/smtpd[9059]: disconnect from scan2.apcosys.net[81.29.134.51]
Oct 19 14:19:20 vps postfix/smtpd[11616]: connect from unknown[212.132.96.229]
Oct 19 14:19:23 vps postfix/smtpd[11616]: warning: unknown[212.132.96.229]: SASL LOGIN authentication failed: UGFzc3dvcmQ6
Oct 19 14:19:23 vps postfix/smtpd[11616]: disconnect from unknown[212.132.96.229]
Oct 19 14:20:19 vps postfix/smtpd[12991]: connect from unknown[195.211.188.86]
Oct 19 14:20:22 vps postfix/smtpd[12991]: warning: unknown[195.211.188.86]: SASL LOGIN authentication failed: UGFzc3dvcmQ6
Oct 19 14:20:22 vps postfix/smtpd[12991]: disconnect from unknown[195.211.188.86]
Oct 19 14:20:38 vps postfix/qmgr[26951]: CBB236F9D7: from=, size=927, nrcpt=1 (queue active)
Oct 19 14:20:38 vps postfix/qmgr[26951]: CA2843C014B: from=, size=918, nrcpt=1 (queue active)
Oct 19 14:20:38 vps postfix/qmgr[26951]: D2F053C014A: from=, size=1116, nrcpt=2 (queue active)
Oct 19 14:20:38 vps postfix/qmgr[26951]: 8AF963BF5BD: from=, size=873, nrcpt=2 (queue active)
Oct 19 14:20:38 vps postfix/qmgr[26951]: 0005F3C014C: from=, size=972, nrcpt=1 (queue active)
Oct 19 14:20:38 vps postfix/error[13577]: D2F053C014A: to=, relay=none, delay=612, delays=612/0.02/0/0.01, dsn=4.4.1, status=deferred (delivery temporarily suspended: connect to crackersadaikki.com[76.223.67.189]:25: Connection timed out)
Oct 19 14:20:38 vps postfix/error[13579]: 8AF963BF5BD: to=, relay=none, delay=612, delays=612/0.03/0/0, dsn=4.4.1, status=deferred (delivery temporarily suspended: connect to crackersadaikki.com[76.223.67.189]:25: Connection timed out)
Oct 19 14:20:39 vps postfix/smtpd[11616]: connect from unknown[212.132.96.229]
Oct 19 14:20:39 vps postfix/smtp[13581]: D2F053C014A: host gmail-smtp-in.l.google.com[142.251.12.27] said: 550-5.7.26 Your email has been blocked because the sender is unauthenticated. 550-5.7.26 Gmail requires all senders to authenticate with either SPF or DKIM. 550-5.7.26 550-5.7.26 Authentication results: 550-5.7.26 DKIM = did not pass 550-5.7.26 SPF [vps.vcrowd.in] with ip: [103.120.179.240] = did not pass 550-5.7.26 550-5.7.26 For instructions on setting up authentication, go to 550 5.7.26 https://support.google.com/mail/answer/81126#authentication d9443c01a7336-29246fc02d5si27963205ad.6 - gsmtp (in reply to end of DATA command)
Oct 19 14:20:40 vps postfix/smtp[13583]: 8AF963BF5BD: host gmail-smtp-in.l.google.com[142.251.12.27] said: 550-5.7.26 Your email has been blocked because the sender is unauthenticated. 550-5.7.26 Gmail requires all senders to authenticate with either SPF or DKIM. 550-5.7.26 550-5.7.26 Authentication results: 550-5.7.26 DKIM = did not pass 550-5.7.26 SPF [vps.vcrowd.in] with ip: [103.120.179.240] = did not pass 550-5.7.26 550-5.7.26 For instructions on setting up authentication, go to 550 5.7.26 https://support.google.com/mail/answer/81126#authentication 41be03b00d2f7-b6a766473aesi2249334a12.29 - gsmtp (in reply to end of DATA command)
Oct 19 14:20:40 vps postfix/smtp[13576]: CBB236F9D7: host gmail-smtp-in.l.google.com[142.251.12.27] said: 550-5.7.26 Your email has been blocked because the sender is unauthenticated. 550-5.7.26 Gmail requires all senders to authenticate with either SPF or DKIM. 550-5.7.26 550-5.7.26 Authentication results: 550-5.7.26 DKIM = did not pass 550-5.7.26 SPF [vps.vcrowd.in] with ip: [103.120.179.240] = did not pass 550-5.7.26 550-5.7.26 For instructions on setting up authentication, go to 550 5.7.26 https://support.google.com/mail/answer/81126#authentication d2e1a72fcca58-7a2300fd8dfsi2530682b3a.548 - gsmtp (in reply to end of DATA command)
Oct 19 14:20:40 vps postfix/smtp[13585]: 0005F3C014C: host gmail-smtp-in.l.google.com[142.251.12.27] said: 550-5.7.26 Your email has been blocked because the sender is unauthenticated. 550-5.7.26 Gmail requires all senders to authenticate with either SPF or DKIM. 550-5.7.26 550-5.7.26 Authentication results: 550-5.7.26 DKIM = did not pass 550-5.7.26 SPF [vps.vcrowd.in] with ip: [103.120.179.240] = did not pass 550-5.7.26 550-5.7.26 For instructions on setting up authentication, go to 550 5.7.26 https://support.google.com/mail/answer/81126#authentication 41be03b00d2f7-b6a76b3c89bsi2343509a12.737 - gsmtp (in reply to end of DATA command)
Oct 19 14:20:40 vps postfix/smtp[13578]: CA2843C014B: host gmail-smtp-in.l.google.com[142.251.12.27] said: 550-5.7.26 Your email has been blocked because the sender is unauthenticated. 550-5.7.26 Gmail requires all senders to authenticate with either SPF or DKIM. 550-5.7.26 550-5.7.26 Authentication results: 550-5.7.26 DKIM = did not pass 550-5.7.26 SPF [vps.vcrowd.in] with ip: [103.120.179.240] = did not pass 550-5.7.26 550-5.7.26 For instructions on setting up authentication, go to 550 5.7.26 https://support.google.com/mail/answer/81126#authentication 41be03b00d2f7-b6a76649ca7si2365364a12.95 - gsmtp (in reply to end of DATA command)
