Oct 19 18:50:40 vps postfix/smtp[23509]: BA5836F9D7: host gmail-smtp-in.l.google.com[142.251.12.26] said: 550-5.7.26 Your email has been blocked because the sender is unauthenticated. 550-5.7.26 Gmail requires all senders to authenticate with either SPF or DKIM. 550-5.7.26 550-5.7.26 Authentication results: 550-5.7.26 DKIM = did not pass 550-5.7.26 SPF [vps.vcrowd.in] with ip: [103.120.179.240] = did not pass 550-5.7.26 550-5.7.26 For instructions on setting up authentication, go to 550 5.7.26 https://support.google.com/mail/answer/81126#authentication d9443c01a7336-292472074b9si29457405ad.406 - gsmtp (in reply to end of DATA command)
Oct 19 18:50:40 vps postfix/smtpd[13425]: connect from unknown[212.132.96.229]
Oct 19 18:50:41 vps postfix/smtp[23509]: BA5836F9D7: to=, relay=alt1.gmail-smtp-in.l.google.com[192.178.163.26]:25, delay=964, delays=961/0.02/2.5/0.75, dsn=4.7.26, status=SOFTBOUNCE (host alt1.gmail-smtp-in.l.google.com[192.178.163.26] said: 550-5.7.26 Your email has been blocked because the sender is unauthenticated. 550-5.7.26 Gmail requires all senders to authenticate with either SPF or DKIM. 550-5.7.26 550-5.7.26 Authentication results: 550-5.7.26 DKIM = did not pass 550-5.7.26 SPF [vps.vcrowd.in] with ip: [103.120.179.240] = did not pass 550-5.7.26 550-5.7.26 For instructions on setting up authentication, go to 550 5.7.26 https://support.google.com/mail/answer/81126#authentication d9443c01a7336-292472270bbsi30351865ad.575 - gsmtp (in reply to end of DATA command))
Oct 19 18:50:42 vps postfix/qmgr[26951]: BA5836F9D7: from=, status=expired, returned to sender
Oct 19 18:50:42 vps postfix/cleanup[23539]: 0330E8F134: message-id=<20251019132042.0330E8F134@vps.vcrowd.in>
Oct 19 18:50:42 vps postfix/qmgr[26951]: 0330E8F134: from=<>, size=3836, nrcpt=1 (queue active)
Oct 19 18:50:42 vps postfix/bounce[23538]: BA5836F9D7: sender non-delivery notification: 0330E8F134
Oct 19 18:50:42 vps postfix/qmgr[26951]: BA5836F9D7: removed
Oct 19 18:50:42 vps postfix/local[23541]: 0330E8F134: to=, relay=local, delay=0.04, delays=0.02/0.01/0/0, dsn=2.0.0, status=sent (delivered to mailbox)
Oct 19 18:50:42 vps postfix/qmgr[26951]: 0330E8F134: removed
Oct 19 18:50:43 vps postfix/smtpd[13425]: warning: unknown[212.132.96.229]: SASL LOGIN authentication failed: UGFzc3dvcmQ6
Oct 19 18:50:43 vps postfix/smtpd[13425]: disconnect from unknown[212.132.96.229]
Oct 19 18:50:45 vps postfix/smtpd[19611]: warning: unknown[27.24.141.95]: SASL LOGIN authentication failed: UGFzc3dvcmQ6
Oct 19 18:50:46 vps postfix/smtpd[19611]: lost connection after AUTH from unknown[27.24.141.95]
Oct 19 18:50:46 vps postfix/smtpd[19611]: disconnect from unknown[27.24.141.95]
Oct 19 18:50:50 vps postfix/anvil[27319]: statistics: max connection rate 1/60s for (smtp:62.60.131.17) at
Oct 19 18:41:15
Oct 19 18:50:50 vps postfix/anvil[27319]: statistics: max connection count 1 for (smtp:62.60.131.17) at
Oct 19 18:41:15
Oct 19 18:50:50 vps postfix/anvil[27319]: statistics: max cache size 4 at
Oct 19 18:41:28
Oct 19 18:51:47 vps postfix/smtpd[19611]: connect from mta-69.121.etransmail.com[175.158.69.121]
Oct 19 18:51:48 vps postfix/smtpd[19611]: NOQUEUE: reject: RCPT from mta-69.121.etransmail.com[175.158.69.121]: 450 4.1.1 : Recipient address rejected: User unknown in virtual mailbox table; from=<17608122848236752-176041-1-nyraatech.com@trans.axisbank.com> to= proto=ESMTP helo=
Oct 19 18:51:58 vps postfix/smtpd[13425]: connect from unknown[212.132.96.229]
Oct 19 18:52:01 vps postfix/smtpd[13425]: warning: unknown[212.132.96.229]: SASL LOGIN authentication failed: UGFzc3dvcmQ6
Oct 19 18:52:01 vps postfix/smtpd[13425]: disconnect from unknown[212.132.96.229]
Oct 19 18:52:16 vps postfix/smtpd[13425]: connect from unknown[165.154.121.231]
Oct 19 18:52:18 vps postfix/smtpd[19611]: lost connection after DATA from mta-69.121.etransmail.com[175.158.69.121]
Oct 19 18:52:18 vps postfix/smtpd[19611]: disconnect from mta-69.121.etransmail.com[175.158.69.121]
Oct 19 18:52:19 vps postfix/smtpd[13425]: warning: unknown[165.154.121.231]: SASL LOGIN authentication failed: UGFzc3dvcmQ6
Oct 19 18:52:19 vps postfix/smtpd[13425]: disconnect from unknown[165.154.121.231]
Oct 19 18:53:14 vps postfix/smtpd[13425]: connect from unknown[212.132.96.229]
Oct 19 18:53:17 vps postfix/smtpd[13425]: warning: unknown[212.132.96.229]: SASL LOGIN authentication failed: UGFzc3dvcmQ6
Oct 19 18:53:17 vps postfix/smtpd[13425]: disconnect from unknown[212.132.96.229]
Oct 19 18:54:29 vps postfix/smtpd[13425]: connect from unknown[212.132.96.229]
Oct 19 18:54:32 vps postfix/smtpd[13425]: warning: unknown[212.132.96.229]: SASL LOGIN authentication failed: UGFzc3dvcmQ6
Oct 19 18:54:32 vps postfix/smtpd[13425]: disconnect from unknown[212.132.96.229]
Oct 19 18:55:38 vps postfix/qmgr[26951]: 98BD47AFB3: from=, size=1722, nrcpt=2 (queue active)
Oct 19 18:55:38 vps postfix/pipe[27170]: 98BD47AFB3: to=, relay=dovecot, delay=905, delays=905/0.06/0/0.07, dsn=4.1.1, status=SOFTBOUNCE (user unknown)
Oct 19 18:55:39 vps postfix/smtp[27169]: 98BD47AFB3: host gmail-smtp-in.l.google.com[142.251.12.27] said: 550-5.7.26 Your email has been blocked because the sender is unauthenticated. 550-5.7.26 Gmail requires all senders to authenticate with either SPF or DKIM. 550-5.7.26 550-5.7.26 Authentication results: 550-5.7.26 DKIM = did not pass 550-5.7.26 SPF [vps.vcrowd.in] with ip: [103.120.179.240] = did not pass 550-5.7.26 550-5.7.26 For instructions on setting up authentication, go to 550 5.7.26 https://support.google.com/mail/answer/81126#authentication d2e1a72fcca58-7a2300fd855si2911699b3a.559 - gsmtp (in reply to end of DATA command)
Oct 19 18:55:41 vps postfix/smtp[27169]: 98BD47AFB3: to=, relay=alt1.gmail-smtp-in.l.google.com[192.178.163.27]:25, delay=908, delays=905/0.06/2.4/0.61, dsn=4.7.26, status=SOFTBOUNCE (host alt1.gmail-smtp-in.l.google.com[192.178.163.27] said: 550-5.7.26 Your email has been blocked because the sender is unauthenticated. 550-5.7.26 Gmail requires all senders to authenticate with either SPF or DKIM. 550-5.7.26 550-5.7.26 Authentication results: 550-5.7.26 DKIM = did not pass 550-5.7.26 SPF [vps.vcrowd.in] with ip: [103.120.179.240] = did not pass 550-5.7.26 550-5.7.26 For instructions on setting up authentication, go to 550 5.7.26 https://support.google.com/mail/answer/81126#authentication d2e1a72fcca58-7a2300d5333si2834582b3a.245 - gsmtp (in reply to end of DATA command))
Oct 19 18:55:41 vps postfix/qmgr[26951]: 98BD47AFB3: from=, status=expired, returned to sender
Oct 19 18:55:41 vps postfix/cleanup[27208]: 284533BF595: message-id=<20251019132541.284533BF595@vps.vcrowd.in>
Oct 19 18:55:41 vps postfix/qmgr[26951]: 284533BF595: from=<>, size=5181, nrcpt=1 (queue active)
Oct 19 18:55:41 vps postfix/bounce[27174]: 98BD47AFB3: sender non-delivery notification: 284533BF595
Oct 19 18:55:41 vps postfix/qmgr[26951]: 98BD47AFB3: removed
Oct 19 18:55:41 vps postfix/local[27210]: 284533BF595: to=, relay=local, delay=0.05, delays=0.03/0.02/0/0.01, dsn=2.0.0, status=sent (delivered to mailbox)
Oct 19 18:55:41 vps postfix/qmgr[26951]: 284533BF595: removed
Oct 19 18:55:47 vps postfix/smtpd[13425]: connect from unknown[212.132.96.229]
Oct 19 18:55:50 vps postfix/smtpd[13425]: warning: unknown[212.132.96.229]: SASL LOGIN authentication failed: UGFzc3dvcmQ6
Oct 19 18:55:50 vps postfix/smtpd[13425]: disconnect from unknown[212.132.96.229]
Oct 19 18:56:01 vps postfix/smtpd[27424]: connect from jaid.pixelforgemedia.info[96.31.94.44]
Oct 19 18:56:03 vps postfix/smtpd[27424]: NOQUEUE: reject: RCPT from jaid.pixelforgemedia.info[96.31.94.44]: 454 4.7.1 Service unavailable; Client host [96.31.94.44] blocked using b.barracudacentral.org; http://www.barracudanetworks.com/reputation/?pr=1&ip=96.31.94.44; from= to= proto=ESMTP helo=
Oct 19 18:56:03 vps postfix/smtpd[27424]: disconnect from jaid.pixelforgemedia.info[96.31.94.44]
Oct 19 18:56:08 vps postfix/smtpd[27424]: connect from unknown[213.209.157.252]
Oct 19 18:56:11 vps postfix/smtpd[27424]: warning: unknown[213.209.157.252]: SASL LOGIN authentication failed: UGFzc3dvcmQ6
Oct 19 18:56:11 vps postfix/smtpd[27424]: disconnect from unknown[213.209.157.252]
Oct 19 18:56:20 vps postfix/smtpd[27424]: connect from mlo.vitalworks.info[96.31.94.156]
Oct 19 18:56:21 vps postfix/smtpd[27424]: NOQUEUE: reject: RCPT from mlo.vitalworks.info[96.31.94.156]: 450 4.1.1 : Recipient address rejected: User unknown in virtual mailbox table; from= to= proto=ESMTP helo=
Oct 19 18:56:21 vps postfix/smtpd[27424]: disconnect from mlo.vitalworks.info[96.31.94.156]
Oct 19 18:56:37 vps postfix/smtpd[27424]: connect from unknown[62.60.131.17]
Oct 19 18:56:41 vps postfix/smtpd[27424]: warning: unknown[62.60.131.17]: SASL LOGIN authentication failed: UGFzc3dvcmQ6
Oct 19 18:56:41 vps postfix/smtpd[27424]: disconnect from unknown[62.60.131.17]
Oct 19 18:57:00 vps postfix/smtpd[13425]: connect from unknown[212.132.96.229]
Oct 19 18:57:03 vps postfix/smtpd[13425]: warning: unknown[212.132.96.229]: SASL LOGIN authentication failed: UGFzc3dvcmQ6
Oct 19 18:57:03 vps postfix/smtpd[13425]: disconnect from unknown[212.132.96.229]
Oct 19 18:57:10 vps postfix/smtps/smtpd[28149]: warning: No server certs available. TLS won't be enabled
Oct 19 18:57:10 vps postfix/smtps/smtpd[28149]: connect from unknown[37.210.246.54]
Oct 19 18:57:10 vps postfix/smtps/smtpd[28149]: warning: Wrapper-mode request dropped from unknown[37.210.246.54] for service 465. TLS context initialization failed. For details see earlier warnings in your logs.
Oct 19 18:57:10 vps postfix/smtps/smtpd[28149]: disconnect from unknown[37.210.246.54]
Oct 19 18:57:13 vps postfix/smtps/smtpd[28149]: connect from adsl-d69.84-47-2.t-com.sk[84.47.2.69]
Oct 19 18:57:13 vps postfix/smtps/smtpd[28149]: warning: Wrapper-mode request dropped from adsl-d69.84-47-2.t-com.sk[84.47.2.69] for service 465. TLS context initialization failed. For details see earlier warnings in your logs.
Oct 19 18:57:13 vps postfix/smtps/smtpd[28149]: disconnect from adsl-d69.84-47-2.t-com.sk[84.47.2.69]
Oct 19 18:57:15 vps postfix/smtps/smtpd[28149]: connect from unknown[65.20.217.88]
Oct 19 18:57:15 vps postfix/smtps/smtpd[28149]: warning: Wrapper-mode request dropped from unknown[65.20.217.88] for service 465. TLS context initialization failed. For details see earlier warnings in your logs.
Oct 19 18:57:15 vps postfix/smtps/smtpd[28149]: disconnect from unknown[65.20.217.88]
Oct 19 18:57:23 vps postfix/smtpd[27424]: connect from jaid.pixelforgemedia.info[96.31.94.44]
Oct 19 18:57:23 vps postfix/smtpd[27424]: NOQUEUE: reject: RCPT from jaid.pixelforgemedia.info[96.31.94.44]: 454 4.7.1 Service unavailable; Client host [96.31.94.44] blocked using b.barracudacentral.org; http://www.barracudanetworks.com/reputation/?pr=1&ip=96.31.94.44; from= to= proto=ESMTP helo=
Oct 19 18:57:24 vps postfix/smtpd[27424]: disconnect from jaid.pixelforgemedia.info[96.31.94.44]
Oct 19 18:57:25 vps postfix/smtps/smtpd[28149]: connect from 92.40.62.72.threembb.co.uk[92.40.62.72]
Oct 19 18:57:25 vps postfix/smtps/smtpd[28149]: warning: Wrapper-mode request dropped from 92.40.62.72.threembb.co.uk[92.40.62.72] for service 465. TLS context initialization failed. For details see earlier warnings in your logs.
Oct 19 18:57:25 vps postfix/smtps/smtpd[28149]: disconnect from 92.40.62.72.threembb.co.uk[92.40.62.72]
Oct 19 18:57:36 vps postfix/smtps/smtpd[28149]: connect from unknown[121.131.220.133]
Oct 19 18:57:36 vps postfix/smtps/smtpd[28149]: warning: Wrapper-mode request dropped from unknown[121.131.220.133] for service 465. TLS context initialization failed. For details see earlier warnings in your logs.
Oct 19 18:57:36 vps postfix/smtps/smtpd[28149]: disconnect from unknown[121.131.220.133]
Oct 19 18:57:39 vps postfix/smtps/smtpd[28149]: warning: hostname 37-222-199-217.red-acceso.airtel.net does not resolve to address 37.222.199.217: Name or service not known
Oct 19 18:57:39 vps postfix/smtps/smtpd[28149]: connect from unknown[37.222.199.217]
Oct 19 18:57:39 vps postfix/smtps/smtpd[28149]: warning: Wrapper-mode request dropped from unknown[37.222.199.217] for service 465. TLS context initialization failed. For details see earlier warnings in your logs.
Oct 19 18:57:39 vps postfix/smtps/smtpd[28149]: disconnect from unknown[37.222.199.217]
Oct 19 18:58:03 vps postfix/pickup[23535]: DD2B27AFB3: uid=1065 from=
Oct 19 18:58:03 vps postfix/cleanup[28697]: DD2B27AFB3: message-id=<20251019132803.DD2B27AFB3@vps.vcrowd.in>
Oct 19 18:58:03 vps opendkim[5590]: DD2B27AFB3: no signing table match for 'amargowri@ymail.com'
Oct 19 18:58:03 vps opendkim[5590]: DD2B27AFB3: no signature data
Oct 19 18:58:03 vps postfix/qmgr[26951]: DD2B27AFB3: from=, size=938, nrcpt=1 (queue active)
Oct 19 18:58:06 vps postfix/smtp[28700]: DD2B27AFB3: host mta5.am0.yahoodns.net[67.195.228.110] said: 554 5.7.9 This mail has been blocked because it failed authentication checks against the sending domains DMARC policy. See https://senders.yahooinc.com/smtp-error-codes#dmarc-fail for more information. (in reply to end of DATA command)
Oct 19 18:58:07 vps postfix/smtp[28700]: DD2B27AFB3: to=, relay=mta5.am0.yahoodns.net[67.195.204.74]:25, delay=3.4, delays=0.03/0.02/2.7/0.66, dsn=4.7.9, status=SOFTBOUNCE (host mta5.am0.yahoodns.net[67.195.204.74] said: 554 5.7.9 This mail has been blocked because it failed authentication checks against the sending domains DMARC policy. See https://senders.yahooinc.com/smtp-error-codes#dmarc-fail for more information. (in reply to end of DATA command))
Oct 19 18:58:16 vps postfix/smtpd[13425]: connect from unknown[212.132.96.229]
Oct 19 18:58:19 vps postfix/smtpd[13425]: warning: unknown[212.132.96.229]: SASL LOGIN authentication failed: UGFzc3dvcmQ6
Oct 19 18:58:19 vps postfix/smtpd[13425]: disconnect from unknown[212.132.96.229]
Oct 19 18:58:54 vps postfix/smtpd[27424]: connect from unknown[195.211.188.86]
Oct 19 18:58:57 vps postfix/smtpd[27424]: warning: unknown[195.211.188.86]: SASL LOGIN authentication failed: UGFzc3dvcmQ6
Oct 19 18:58:57 vps postfix/smtpd[27424]: disconnect from unknown[195.211.188.86]
Oct 19 18:59:32 vps postfix/smtpd[13425]: connect from unknown[212.132.96.229]
Oct 19 18:59:34 vps postfix/smtpd[13425]: warning: unknown[212.132.96.229]: SASL LOGIN authentication failed: UGFzc3dvcmQ6
Oct 19 18:59:34 vps postfix/smtpd[13425]: disconnect from unknown[212.132.96.229]
Oct 19 19:00:00 vps postfix/smtpd[27424]: connect from unknown[62.60.131.124]
Oct 19 19:00:03 vps postfix/smtpd[27424]: warning: unknown[62.60.131.124]: SASL LOGIN authentication failed: UGFzc3dvcmQ6
Oct 19 19:00:03 vps postfix/smtpd[27424]: disconnect from unknown[62.60.131.124]
Oct 19 19:00:46 vps postfix/smtpd[13425]: connect from unknown[212.132.96.229]
Oct 19 19:00:49 vps postfix/smtpd[13425]: warning: unknown[212.132.96.229]: SASL LOGIN authentication failed: UGFzc3dvcmQ6
Oct 19 19:00:49 vps postfix/smtpd[13425]: disconnect from unknown[212.132.96.229]
Oct 19 19:00:50 vps postfix/anvil[27319]: statistics: max connection rate 1/60s for (smtp:175.158.69.121) at
Oct 19 18:51:47
Oct 19 19:00:50 vps postfix/anvil[27319]: statistics: max connection count 1 for (smtp:175.158.69.121) at
Oct 19 18:51:47
Oct 19 19:00:50 vps postfix/anvil[27319]: statistics: max cache size 5 at
Oct 19 18:56:37
Oct 19 19:01:08 vps postfix/smtpd[27424]: connect from unknown[62.60.131.17]
Oct 19 19:01:12 vps postfix/smtpd[27424]: warning: unknown[62.60.131.17]: SASL LOGIN authentication failed: UGFzc3dvcmQ6
Oct 19 19:01:12 vps postfix/smtpd[27424]: disconnect from unknown[62.60.131.17]
Oct 19 19:02:01 vps postfix/smtpd[13425]: connect from unknown[212.132.96.229]
Oct 19 19:02:04 vps postfix/smtpd[13425]: warning: unknown[212.132.96.229]: SASL LOGIN authentication failed: UGFzc3dvcmQ6
Oct 19 19:02:04 vps postfix/smtpd[13425]: disconnect from unknown[212.132.96.229]
Oct 19 19:03:17 vps postfix/smtpd[13425]: connect from unknown[212.132.96.229]
Oct 19 19:03:20 vps postfix/smtpd[13425]: warning: unknown[212.132.96.229]: SASL LOGIN authentication failed: UGFzc3dvcmQ6
Oct 19 19:03:20 vps postfix/smtpd[13425]: disconnect from unknown[212.132.96.229]
Oct 19 19:03:48 vps postfix/smtpd[881]: connect from unknown[221.229.216.1]
Oct 19 19:03:51 vps postfix/smtpd[881]: warning: unknown[221.229.216.1]: SASL LOGIN authentication failed: UGFzc3dvcmQ6
Oct 19 19:03:51 vps postfix/smtpd[881]: disconnect from unknown[221.229.216.1]
Oct 19 19:03:53 vps postfix/smtpd[881]: connect from unknown[221.229.216.1]
Oct 19 19:04:00 vps postfix/smtpd[881]: warning: unknown[221.229.216.1]: SASL LOGIN authentication failed: UGFzc3dvcmQ6
Oct 19 19:04:00 vps postfix/smtpd[881]: disconnect from unknown[221.229.216.1]
Oct 19 19:04:14 vps postfix/pickup[23535]: 5EDC71D858: uid=1062 from=
Oct 19 19:04:14 vps postfix/cleanup[1238]: 5EDC71D858: message-id=<20251019133414.5EDC71D858@vps.vcrowd.in>
Oct 19 19:04:14 vps opendkim[5590]: 5EDC71D858: no signing table match for '"info@gvkennel"@gmail.com'
Oct 19 19:04:14 vps opendkim[5590]: 5EDC71D858: no signature data
Oct 19 19:04:14 vps postfix/qmgr[26951]: 5EDC71D858: from=, size=927, nrcpt=1 (queue active)
Oct 19 19:04:15 vps postfix/pickup[23535]: AAA143BF5BD: uid=1062 from=
Oct 19 19:04:15 vps postfix/cleanup[1238]: AAA143BF5BD: message-id=<20251019133415.AAA143BF5BD@vps.vcrowd.in>
Oct 19 19:04:15 vps opendkim[5590]: AAA143BF5BD: no signing table match for '"info@gvkennel"@gmail.com'
Oct 19 19:04:15 vps opendkim[5590]: AAA143BF5BD: no signature data
Oct 19 19:04:15 vps postfix/qmgr[26951]: AAA143BF5BD: from=, size=1520, nrcpt=1 (queue active)
Oct 19 19:04:15 vps postfix/smtp[1244]: 5EDC71D858: host gmail-smtp-in.l.google.com[142.251.12.26] said: 550-5.7.26 Your email has been blocked because the sender is unauthenticated. 550-5.7.26 Gmail requires all senders to authenticate with either SPF or DKIM. 550-5.7.26 550-5.7.26 Authentication results: 550-5.7.26 DKIM = did not pass 550-5.7.26 SPF [vps.vcrowd.in] with ip: [103.120.179.240] = did not pass 550-5.7.26 550-5.7.26 For instructions on setting up authentication, go to 550 5.7.26 https://support.google.com/mail/answer/81126#authentication 41be03b00d2f7-b6a76647384si2521717a12.107 - gsmtp (in reply to end of DATA command)
Oct 19 19:04:16 vps postfix/smtp[1271]: AAA143BF5BD: host gmail-smtp-in.l.google.com[142.251.12.27] said: 550-5.7.26 Your email has been blocked because the sender is unauthenticated. 550-5.7.26 Gmail requires all senders to authenticate with either SPF or DKIM. 550-5.7.26 550-5.7.26 Authentication results: 550-5.7.26 DKIM = did not pass 550-5.7.26 SPF [vps.vcrowd.in] with ip: [103.120.179.240] = did not pass 550-5.7.26 550-5.7.26 For instructions on setting up authentication, go to 550 5.7.26 https://support.google.com/mail/answer/81126#authentication 41be03b00d2f7-b6a76b8409asi2535046a12.1377 - gsmtp (in reply to end of DATA command)
Oct 19 19:04:17 vps postfix/smtp[1244]: 5EDC71D858: to=, relay=alt1.gmail-smtp-in.l.google.com[192.178.163.26]:25, delay=2.8, delays=0.04/0.02/2/0.74, dsn=4.7.26, status=SOFTBOUNCE (host alt1.gmail-smtp-in.l.google.com[192.178.163.26] said: 550-5.7.26 Your email has been blocked because the sender is unauthenticated. 550-5.7.26 Gmail requires all senders to authenticate with either SPF or DKIM. 550-5.7.26 550-5.7.26 Authentication results: 550-5.7.26 DKIM = did not pass 550-5.7.26 SPF [vps.vcrowd.in] with ip: [103.120.179.240] = did not pass 550-5.7.26 550-5.7.26 For instructions on setting up authentication, go to 550 5.7.26 https://support.google.com/mail/answer/81126#authentication d9443c01a7336-292471da9b9si31253445ad.227 - gsmtp (in reply to end of DATA command))
Oct 19 19:04:18 vps postfix/smtp[1271]: AAA143BF5BD: to=, relay=alt1.gmail-smtp-in.l.google.com[192.178.163.26]:25, delay=2.7, delays=0.01/0.01/2/0.75, dsn=4.7.26, status=SOFTBOUNCE (host alt1.gmail-smtp-in.l.google.com[192.178.163.26] said: 550-5.7.26 Your email has been blocked because the sender is unauthenticated. 550-5.7.26 Gmail requires all senders to authenticate with either SPF or DKIM. 550-5.7.26 550-5.7.26 Authentication results: 550-5.7.26 DKIM = did not pass 550-5.7.26 SPF [vps.vcrowd.in] with ip: [103.120.179.240] = did not pass 550-5.7.26 550-5.7.26 For instructions on setting up authentication, go to 550 5.7.26 https://support.google.com/mail/answer/81126#authentication d9443c01a7336-292471d7dacsi29346745ad.282 - gsmtp (in reply to end of DATA command))
Oct 19 19:04:32 vps postfix/smtpd[13425]: connect from unknown[212.132.96.229]
Oct 19 19:04:33 vps postfix/smtpd[881]: connect from unknown[62.60.131.17]
Oct 19 19:04:35 vps postfix/smtpd[13425]: warning: unknown[212.132.96.229]: SASL LOGIN authentication failed: UGFzc3dvcmQ6
Oct 19 19:04:35 vps postfix/smtpd[13425]: disconnect from unknown[212.132.96.229]
Oct 19 19:04:36 vps postfix/smtpd[881]: warning: unknown[62.60.131.17]: SASL LOGIN authentication failed: UGFzc3dvcmQ6
Oct 19 19:04:36 vps postfix/smtpd[881]: disconnect from unknown[62.60.131.17]
Oct 19 19:04:37 vps postfix/smtpd[881]: connect from unknown[213.209.157.225]
Oct 19 19:04:39 vps postfix/smtpd[881]: warning: unknown[213.209.157.225]: SASL LOGIN authentication failed: UGFzc3dvcmQ6
Oct 19 19:04:39 vps postfix/smtpd[881]: disconnect from unknown[213.209.157.225]
Oct 19 19:05:01 vps postfix/smtpd[881]: connect from unknown[111.61.229.78]
Oct 19 19:05:04 vps postfix/smtpd[881]: warning: unknown[111.61.229.78]: SASL LOGIN authentication failed: UGFzc3dvcmQ6
Oct 19 19:05:04 vps postfix/smtpd[881]: disconnect from unknown[111.61.229.78]
Oct 19 19:05:04 vps postfix/smtpd[881]: connect from unknown[111.61.229.78]
Oct 19 19:05:20 vps postfix/smtpd[881]: warning: unknown[111.61.229.78]: SASL LOGIN authentication failed: UGFzc3dvcmQ6
Oct 19 19:05:20 vps postfix/smtpd[881]: disconnect from unknown[111.61.229.78]
Oct 19 19:05:38 vps postfix/qmgr[26951]: DD2B27AFB3: from=, size=938, nrcpt=1 (queue active)
Oct 19 19:05:40 vps postfix/smtp[1244]: DD2B27AFB3: host mta5.am0.yahoodns.net[98.136.96.91] said: 554 5.7.9 This mail has been blocked because it failed authentication checks against the sending domains DMARC policy. See https://senders.yahooinc.com/smtp-error-codes#dmarc-fail for more information. (in reply to end of DATA command)
Oct 19 19:05:42 vps postfix/smtp[1244]: DD2B27AFB3: to=, relay=mta5.am0.yahoodns.net[67.195.228.94]:25, delay=458, delays=455/0.01/2.8/0.91, dsn=4.7.9, status=SOFTBOUNCE (host mta5.am0.yahoodns.net[67.195.228.94] said: 554 5.7.9 This mail has been blocked because it failed authentication checks against the sending domains DMARC policy. See https://senders.yahooinc.com/smtp-error-codes#dmarc-fail for more information. (in reply to end of DATA command))
Oct 19 19:05:48 vps postfix/smtpd[13425]: connect from unknown[212.132.96.229]
Oct 19 19:05:51 vps postfix/smtpd[13425]: warning: unknown[212.132.96.229]: SASL LOGIN authentication failed: UGFzc3dvcmQ6
Oct 19 19:05:51 vps postfix/smtpd[13425]: disconnect from unknown[212.132.96.229]
Oct 19 19:06:14 vps postfix/smtpd[881]: connect from unknown[62.60.131.17]
Oct 19 19:06:17 vps postfix/smtpd[881]: warning: unknown[62.60.131.17]: SASL LOGIN authentication failed: UGFzc3dvcmQ6
Oct 19 19:06:17 vps postfix/smtpd[881]: disconnect from unknown[62.60.131.17]
Oct 19 19:07:04 vps postfix/smtpd[13425]: connect from unknown[212.132.96.229]
Oct 19 19:07:07 vps postfix/smtpd[13425]: warning: unknown[212.132.96.229]: SASL LOGIN authentication failed: UGFzc3dvcmQ6
Oct 19 19:07:07 vps postfix/smtpd[13425]: disconnect from unknown[212.132.96.229]
Oct 19 19:08:21 vps postfix/smtpd[13425]: connect from unknown[212.132.96.229]
Oct 19 19:08:23 vps postfix/smtpd[13425]: warning: unknown[212.132.96.229]: SASL LOGIN authentication failed: UGFzc3dvcmQ6
Oct 19 19:08:23 vps postfix/smtpd[13425]: disconnect from unknown[212.132.96.229]
Oct 19 19:08:32 vps postfix/smtpd[4773]: connect from unknown[196.251.92.11]
Oct 19 19:08:34 vps postfix/smtpd[4773]: warning: unknown[196.251.92.11]: SASL LOGIN authentication failed: UGFzc3dvcmQ6
Oct 19 19:08:34 vps postfix/smtpd[4773]: disconnect from unknown[196.251.92.11]
Oct 19 19:09:05 vps postfix/smtps/smtpd[5143]: warning: No server certs available. TLS won't be enabled
Oct 19 19:09:05 vps postfix/smtps/smtpd[5143]: connect from 177-107-94-26.static.dominioz.com.br[177.107.94.26]
Oct 19 19:09:05 vps postfix/smtps/smtpd[5143]: warning: Wrapper-mode request dropped from 177-107-94-26.static.dominioz.com.br[177.107.94.26] for service 465. TLS context initialization failed. For details see earlier warnings in your logs.
Oct 19 19:09:05 vps postfix/smtps/smtpd[5143]: disconnect from 177-107-94-26.static.dominioz.com.br[177.107.94.26]
Oct 19 19:09:08 vps postfix/smtps/smtpd[5143]: connect from unknown[121.178.185.141]
Oct 19 19:09:08 vps postfix/smtps/smtpd[5143]: warning: Wrapper-mode request dropped from unknown[121.178.185.141] for service 465. TLS context initialization failed. For details see earlier warnings in your logs.
Oct 19 19:09:08 vps postfix/smtps/smtpd[5143]: disconnect from unknown[121.178.185.141]
Oct 19 19:09:12 vps postfix/smtps/smtpd[5143]: connect from unknown[121.147.74.67]
Oct 19 19:09:12 vps postfix/smtps/smtpd[5143]: warning: Wrapper-mode request dropped from unknown[121.147.74.67] for service 465. TLS context initialization failed. For details see earlier warnings in your logs.
Oct 19 19:09:12 vps postfix/smtps/smtpd[5143]: disconnect from unknown[121.147.74.67]
Oct 19 19:09:14 vps postfix/smtps/smtpd[5143]: connect from host-95-229-202-197.business.telecomitalia.it[95.229.202.197]
Oct 19 19:09:14 vps postfix/smtps/smtpd[5143]: warning: Wrapper-mode request dropped from host-95-229-202-197.business.telecomitalia.it[95.229.202.197] for service 465. TLS context initialization failed. For details see earlier warnings in your logs.
Oct 19 19:09:14 vps postfix/smtps/smtpd[5143]: disconnect from host-95-229-202-197.business.telecomitalia.it[95.229.202.197]
Oct 19 19:09:17 vps postfix/smtps/smtpd[5143]: connect from unknown[49.37.34.38]
Oct 19 19:09:17 vps postfix/smtps/smtpd[5143]: warning: Wrapper-mode request dropped from unknown[49.37.34.38] for service 465. TLS context initialization failed. For details see earlier warnings in your logs.
Oct 19 19:09:17 vps postfix/smtps/smtpd[5143]: disconnect from unknown[49.37.34.38]
Oct 19 19:09:27 vps postfix/smtpd[4773]: connect from unknown[221.229.216.1]
Oct 19 19:09:30 vps postfix/smtps/smtpd[5143]: connect from unknown[118.91.176.244]
Oct 19 19:09:30 vps postfix/smtps/smtpd[5143]: warning: Wrapper-mode request dropped from unknown[118.91.176.244] for service 465. TLS context initialization failed. For details see earlier warnings in your logs.
Oct 19 19:09:30 vps postfix/smtps/smtpd[5143]: disconnect from unknown[118.91.176.244]
Oct 19 19:09:33 vps postfix/smtpd[4773]: warning: unknown[221.229.216.1]: SASL LOGIN authentication failed: UGFzc3dvcmQ6
Oct 19 19:09:33 vps postfix/smtpd[4773]: disconnect from unknown[221.229.216.1]
Oct 19 19:09:34 vps postfix/smtpd[13425]: connect from unknown[212.132.96.229]
Oct 19 19:09:37 vps postfix/smtpd[13425]: warning: unknown[212.132.96.229]: SASL LOGIN authentication failed: UGFzc3dvcmQ6
Oct 19 19:09:37 vps postfix/smtpd[13425]: disconnect from unknown[212.132.96.229]
Oct 19 19:09:44 vps postfix/smtpd[4773]: connect from unknown[221.229.216.1]
Oct 19 19:09:52 vps postfix/smtpd[4773]: warning: unknown[221.229.216.1]: SASL LOGIN authentication failed: UGFzc3dvcmQ6
Oct 19 19:09:52 vps postfix/smtpd[4773]: disconnect from unknown[221.229.216.1]
Oct 19 19:10:38 vps postfix/qmgr[26951]: 5EDC71D858: from=, size=927, nrcpt=1 (queue active)
Oct 19 19:10:38 vps postfix/qmgr[26951]: AAA143BF5BD: from=, size=1520, nrcpt=1 (queue active)
Oct 19 19:10:39 vps postfix/smtp[6975]: 5EDC71D858: host gmail-smtp-in.l.google.com[142.251.12.27] said: 550-5.7.26 Your email has been blocked because the sender is unauthenticated. 550-5.7.26 Gmail requires all senders to authenticate with either SPF or DKIM. 550-5.7.26 550-5.7.26 Authentication results: 550-5.7.26 DKIM = did not pass 550-5.7.26 SPF [vps.vcrowd.in] with ip: [103.120.179.240] = did not pass 550-5.7.26 550-5.7.26 For instructions on setting up authentication, go to 550 5.7.26 https://support.google.com/mail/answer/81126#authentication d2e1a72fcca58-7a22ff1964csi2944920b3a.17 - gsmtp (in reply to end of DATA command)
Oct 19 19:10:39 vps postfix/smtp[6977]: AAA143BF5BD: host gmail-smtp-in.l.google.com[142.251.12.26] said: 550-5.7.26 Your email has been blocked because the sender is unauthenticated. 550-5.7.26 Gmail requires all senders to authenticate with either SPF or DKIM. 550-5.7.26 550-5.7.26 Authentication results: 550-5.7.26 DKIM = did not pass 550-5.7.26 SPF [vps.vcrowd.in] with ip: [103.120.179.240] = did not pass 550-5.7.26 550-5.7.26 For instructions on setting up authentication, go to 550 5.7.26 https://support.google.com/mail/answer/81126#authentication 41be03b00d2f7-b6a76b85a82si2445108a12.1396 - gsmtp (in reply to end of DATA command)
Oct 19 19:10:41 vps postfix/smtp[6977]: AAA143BF5BD: to=, relay=alt1.gmail-smtp-in.l.google.com[192.178.163.27]:25, delay=385, delays=383/0.03/1.9/0.72, dsn=4.7.26, status=SOFTBOUNCE (host alt1.gmail-smtp-in.l.google.com[192.178.163.27] said: 550-5.7.26 Your email has been blocked because the sender is unauthenticated. 550-5.7.26 Gmail requires all senders to authenticate with either SPF or DKIM. 550-5.7.26 550-5.7.26 Authentication results: 550-5.7.26 DKIM = did not pass 550-5.7.26 SPF [vps.vcrowd.in] with ip: [103.120.179.240] = did not pass 550-5.7.26 550-5.7.26 For instructions on setting up authentication, go to 550 5.7.26 https://support.google.com/mail/answer/81126#authentication 41be03b00d2f7-b6cb2d8429bsi382898a12.1265 - gsmtp (in reply to end of DATA command))
Oct 19 19:10:41 vps postfix/smtp[6975]: 5EDC71D858: to=, relay=alt1.gmail-smtp-in.l.google.com[192.178.163.26]:25, delay=387, delays=384/0.04/1.9/0.75, dsn=4.7.26, status=SOFTBOUNCE (host alt1.gmail-smtp-in.l.google.com[192.178.163.26] said: 550-5.7.26 Your email has been blocked because the sender is unauthenticated. 550-5.7.26 Gmail requires all senders to authenticate with either SPF or DKIM. 550-5.7.26 550-5.7.26 Authentication results: 550-5.7.26 DKIM = did not pass 550-5.7.26 SPF [vps.vcrowd.in] with ip: [103.120.179.240] = did not pass 550-5.7.26 550-5.7.26 For instructions on setting up authentication, go to 550 5.7.26 https://support.google.com/mail/answer/81126#authentication 41be03b00d2f7-b6a76b20d0bsi2728782a12.345 - gsmtp (in reply to end of DATA command))
Oct 19 19:10:50 vps postfix/smtpd[13425]: connect from unknown[212.132.96.229]
Oct 19 19:10:50 vps postfix/anvil[27319]: statistics: max connection rate 2/60s for (smtp:221.229.216.1) at
Oct 19 19:03:53
Oct 19 19:10:50 vps postfix/anvil[27319]: statistics: max connection count 1 for (smtp:62.60.131.17) at
Oct 19 19:01:08
Oct 19 19:10:50 vps postfix/anvil[27319]: statistics: max cache size 4 at
Oct 19 19:04:37
Oct 19 19:10:52 vps postfix/smtpd[13425]: warning: unknown[212.132.96.229]: SASL LOGIN authentication failed: UGFzc3dvcmQ6
Oct 19 19:10:52 vps postfix/smtpd[13425]: disconnect from unknown[212.132.96.229]
Oct 19 19:10:55 vps postfix/smtpd[4773]: connect from unknown[unknown]
Oct 19 19:10:55 vps postfix/smtpd[4773]: lost connection after CONNECT from unknown[unknown]
Oct 19 19:10:55 vps postfix/smtpd[4773]: disconnect from unknown[unknown]
Oct 19 19:11:01 vps postfix/smtpd[4773]: connect from unknown[213.209.157.116]
Oct 19 19:11:04 vps postfix/smtpd[4773]: warning: unknown[213.209.157.116]: SASL LOGIN authentication failed: UGFzc3dvcmQ6
Oct 19 19:11:04 vps postfix/smtpd[4773]: disconnect from unknown[213.209.157.116]
Oct 19 19:12:04 vps postfix/smtpd[13425]: connect from unknown[212.132.96.229]
Oct 19 19:12:07 vps postfix/smtpd[13425]: warning: unknown[212.132.96.229]: SASL LOGIN authentication failed: UGFzc3dvcmQ6
Oct 19 19:12:07 vps postfix/smtpd[13425]: disconnect from unknown[212.132.96.229]
Oct 19 19:12:14 vps postfix/smtpd[4773]: connect from heds.naturallistings.info[96.31.94.168]
Oct 19 19:12:15 vps postfix/smtpd[4773]: NOQUEUE: reject: RCPT from heds.naturallistings.info[96.31.94.168]: 450 4.1.1 : Recipient address rejected: User unknown in virtual mailbox table; from= to= proto=ESMTP helo=
Oct 19 19:12:15 vps postfix/smtpd[4773]: disconnect from heds.naturallistings.info[96.31.94.168]
Oct 19 19:13:18 vps postfix/smtpd[4773]: connect from unknown[195.211.188.86]
Oct 19 19:13:18 vps postfix/smtpd[9149]: connect from unknown[62.60.131.17]
Oct 19 19:13:19 vps postfix/smtpd[13425]: connect from unknown[212.132.96.229]
Oct 19 19:13:20 vps postfix/smtpd[4773]: warning: unknown[195.211.188.86]: SASL LOGIN authentication failed: UGFzc3dvcmQ6
Oct 19 19:13:20 vps postfix/smtpd[4773]: disconnect from unknown[195.211.188.86]
Oct 19 19:13:22 vps postfix/smtpd[13425]: warning: unknown[212.132.96.229]: SASL LOGIN authentication failed: UGFzc3dvcmQ6
Oct 19 19:13:22 vps postfix/smtpd[9149]: warning: unknown[62.60.131.17]: SASL LOGIN authentication failed: UGFzc3dvcmQ6
Oct 19 19:13:22 vps postfix/smtpd[13425]: disconnect from unknown[212.132.96.229]
Oct 19 19:13:22 vps postfix/smtpd[9149]: disconnect from unknown[62.60.131.17]
Oct 19 19:13:39 vps postfix/smtpd[4773]: connect from unknown[77.90.185.216]
Oct 19 19:13:42 vps postfix/smtpd[4773]: warning: unknown[77.90.185.216]: SASL LOGIN authentication failed: UGFzc3dvcmQ6
Oct 19 19:13:42 vps postfix/smtpd[4773]: disconnect from unknown[77.90.185.216]
Oct 19 19:14:31 vps postfix/smtpd[9149]: connect from unknown[77.90.185.216]
Oct 19 19:14:32 vps postfix/smtpd[4773]: connect from unknown[77.90.185.216]
Oct 19 19:14:34 vps postfix/smtpd[9961]: connect from unknown[77.90.185.216]
Oct 19 19:14:35 vps postfix/smtpd[13425]: connect from unknown[212.132.96.229]
Oct 19 19:14:35 vps postfix/smtpd[4773]: warning: unknown[77.90.185.216]: SASL LOGIN authentication failed: UGFzc3dvcmQ6
Oct 19 19:14:35 vps postfix/smtpd[9980]: connect from unknown[77.90.185.216]
Oct 19 19:14:35 vps postfix/smtpd[4773]: disconnect from unknown[77.90.185.216]
Oct 19 19:14:36 vps postfix/smtpd[4773]: connect from unknown[77.90.185.216]
Oct 19 19:14:37 vps postfix/smtpd[13425]: warning: unknown[212.132.96.229]: SASL LOGIN authentication failed: UGFzc3dvcmQ6
Oct 19 19:14:37 vps postfix/smtpd[13425]: disconnect from unknown[212.132.96.229]
Oct 19 19:14:38 vps postfix/smtpd[10026]: connect from unknown[77.90.185.216]
Oct 19 19:14:39 vps postfix/smtpd[9149]: warning: unknown[77.90.185.216]: SASL LOGIN authentication failed: UGFzc3dvcmQ6
Oct 19 19:14:39 vps postfix/smtpd[9149]: disconnect from unknown[77.90.185.216]
Oct 19 19:14:40 vps postfix/smtpd[9149]: connect from unknown[77.90.185.216]
Oct 19 19:14:41 vps postfix/smtpd[9961]: warning: unknown[77.90.185.216]: SASL LOGIN authentication failed: UGFzc3dvcmQ6
Oct 19 19:14:41 vps postfix/smtpd[9961]: disconnect from unknown[77.90.185.216]
Oct 19 19:14:42 vps postfix/smtpd[9980]: warning: unknown[77.90.185.216]: SASL LOGIN authentication failed: UGFzc3dvcmQ6
Oct 19 19:14:43 vps postfix/smtpd[9980]: disconnect from unknown[77.90.185.216]
Oct 19 19:14:43 vps postfix/smtpd[4773]: warning: unknown[77.90.185.216]: SASL LOGIN authentication failed: UGFzc3dvcmQ6
Oct 19 19:14:43 vps postfix/smtpd[4773]: disconnect from unknown[77.90.185.216]
Oct 19 19:14:49 vps postfix/smtpd[10026]: warning: unknown[77.90.185.216]: SASL LOGIN authentication failed: UGFzc3dvcmQ6
Oct 19 19:14:49 vps postfix/smtpd[10026]: disconnect from unknown[77.90.185.216]
Oct 19 19:14:51 vps postfix/smtpd[9149]: warning: unknown[77.90.185.216]: SASL LOGIN authentication failed: UGFzc3dvcmQ6
Oct 19 19:14:51 vps postfix/smtpd[9149]: disconnect from unknown[77.90.185.216]
Oct 19 19:15:07 vps postfix/smtpd[13425]: connect from unknown[165.154.121.231]
Oct 19 19:15:09 vps postfix/smtpd[13425]: warning: unknown[165.154.121.231]: SASL LOGIN authentication failed: UGFzc3dvcmQ6
Oct 19 19:15:09 vps postfix/smtpd[13425]: disconnect from unknown[165.154.121.231]
Oct 19 19:15:38 vps postfix/qmgr[26951]: DD2B27AFB3: from=, size=938, nrcpt=1 (queue active)
Oct 19 19:15:39 vps postfix/smtp[11543]: DD2B27AFB3: host mta6.am0.yahoodns.net[67.195.204.79] said: 554 5.7.9 This mail has been blocked because it failed authentication checks against the sending domains DMARC policy. See https://senders.yahooinc.com/smtp-error-codes#dmarc-fail for more information. (in reply to end of DATA command)
Oct 19 19:15:41 vps postfix/smtp[11543]: DD2B27AFB3: to=, relay=mta7.am0.yahoodns.net[67.195.228.109]:25, delay=1058, delays=1054/0.03/3.1/0.79, dsn=4.7.9, status=SOFTBOUNCE (host mta7.am0.yahoodns.net[67.195.228.109] said: 554 5.7.9 This mail has been blocked because it failed authentication checks against the sending domains DMARC policy. See https://senders.yahooinc.com/smtp-error-codes#dmarc-fail for more information. (in reply to end of DATA command))
Oct 19 19:15:41 vps postfix/qmgr[26951]: DD2B27AFB3: from=, status=expired, returned to sender
Oct 19 19:15:41 vps postfix/cleanup[11586]: F27306F9D7: message-id=<20251019134541.F27306F9D7@vps.vcrowd.in>
Oct 19 19:15:41 vps postfix/bounce[11585]: DD2B27AFB3: sender non-delivery notification: F27306F9D7
Oct 19 19:15:41 vps postfix/qmgr[26951]: F27306F9D7: from=<>, size=3155, nrcpt=1 (queue active)
Oct 19 19:15:42 vps postfix/qmgr[26951]: DD2B27AFB3: removed
Oct 19 19:15:42 vps postfix/local[11588]: F27306F9D7: to=, relay=local, delay=0.05, delays=0.02/0.02/0/0.01, dsn=2.0.0, status=sent (delivered to mailbox)
Oct 19 19:15:42 vps postfix/qmgr[26951]: F27306F9D7: removed
Oct 19 19:15:49 vps postfix/smtpd[13425]: connect from unknown[212.132.96.229]
Oct 19 19:15:52 vps postfix/smtpd[13425]: warning: unknown[212.132.96.229]: SASL LOGIN authentication failed: UGFzc3dvcmQ6
Oct 19 19:15:52 vps postfix/smtpd[13425]: disconnect from unknown[212.132.96.229]
Oct 19 19:17:06 vps postfix/smtpd[13425]: connect from unknown[212.132.96.229]
Oct 19 19:17:09 vps postfix/smtpd[13425]: warning: unknown[212.132.96.229]: SASL LOGIN authentication failed: UGFzc3dvcmQ6
Oct 19 19:17:09 vps postfix/smtpd[13425]: disconnect from unknown[212.132.96.229]
Oct 19 19:17:38 vps postfix/smtpd[13015]: connect from unknown[62.60.131.17]
Oct 19 19:17:42 vps postfix/smtpd[13015]: warning: unknown[62.60.131.17]: SASL LOGIN authentication failed: UGFzc3dvcmQ6
Oct 19 19:17:42 vps postfix/smtpd[13015]: disconnect from unknown[62.60.131.17]
Oct 19 19:18:00 vps postfix/smtpd[13015]: connect from unknown[213.209.157.252]
Oct 19 19:18:03 vps postfix/smtpd[13015]: warning: unknown[213.209.157.252]: SASL LOGIN authentication failed: UGFzc3dvcmQ6
Oct 19 19:18:03 vps postfix/smtpd[13015]: disconnect from unknown[213.209.157.252]
Oct 19 19:18:23 vps postfix/smtpd[13425]: connect from unknown[212.132.96.229]
Oct 19 19:18:26 vps postfix/smtpd[13425]: warning: unknown[212.132.96.229]: SASL LOGIN authentication failed: UGFzc3dvcmQ6
Oct 19 19:18:26 vps postfix/smtpd[13425]: disconnect from unknown[212.132.96.229]
Oct 19 19:18:29 vps postfix/smtpd[13015]: connect from unknown[62.60.131.124]
Oct 19 19:18:32 vps postfix/smtpd[13015]: warning: unknown[62.60.131.124]: SASL LOGIN authentication failed: UGFzc3dvcmQ6
Oct 19 19:18:32 vps postfix/smtpd[13015]: disconnect from unknown[62.60.131.124]
Oct 19 19:19:40 vps postfix/smtpd[13425]: connect from unknown[212.132.96.229]
Oct 19 19:19:43 vps postfix/smtpd[13425]: warning: unknown[212.132.96.229]: SASL LOGIN authentication failed: UGFzc3dvcmQ6
Oct 19 19:19:43 vps postfix/smtpd[13425]: disconnect from unknown[212.132.96.229]
Oct 19 19:20:38 vps postfix/qmgr[26951]: 5EDC71D858: from=, size=927, nrcpt=1 (queue active)
Oct 19 19:20:38 vps postfix/qmgr[26951]: AAA143BF5BD: from=, size=1520, nrcpt=1 (queue active)
Oct 19 19:20:39 vps postfix/smtp[15906]: AAA143BF5BD: host gmail-smtp-in.l.google.com[142.251.12.26] said: 550-5.7.26 Your email has been blocked because the sender is unauthenticated. 550-5.7.26 Gmail requires all senders to authenticate with either SPF or DKIM. 550-5.7.26 550-5.7.26 Authentication results: 550-5.7.26 DKIM = did not pass 550-5.7.26 SPF [vps.vcrowd.in] with ip: [103.120.179.240] = did not pass 550-5.7.26 550-5.7.26 For instructions on setting up authentication, go to 550 5.7.26 https://support.google.com/mail/answer/81126#authentication d9443c01a7336-292471d5f27si28575225ad.242 - gsmtp (in reply to end of DATA command)
Oct 19 19:20:39 vps postfix/smtp[15905]: 5EDC71D858: host gmail-smtp-in.l.google.com[142.251.12.26] said: 550-5.7.26 Your email has been blocked because the sender is unauthenticated. 550-5.7.26 Gmail requires all senders to authenticate with either SPF or DKIM. 550-5.7.26 550-5.7.26 Authentication results: 550-5.7.26 DKIM = did not pass 550-5.7.26 SPF [vps.vcrowd.in] with ip: [103.120.179.240] = did not pass 550-5.7.26 550-5.7.26 For instructions on setting up authentication, go to 550 5.7.26 https://support.google.com/mail/answer/81126#authentication d2e1a72fcca58-7a22ff19e46si3011209b3a.46 - gsmtp (in reply to end of DATA command)
Oct 19 19:20:40 vps postfix/smtp[15906]: AAA143BF5BD: to=, relay=alt1.gmail-smtp-in.l.google.com[192.178.163.27]:25, delay=985, delays=982/0.02/1.9/0.81, dsn=4.7.26, status=SOFTBOUNCE (host alt1.gmail-smtp-in.l.google.com[192.178.163.27] said: 550-5.7.26 Your email has been blocked because the sender is unauthenticated. 550-5.7.26 Gmail requires all senders to authenticate with either SPF or DKIM. 550-5.7.26 550-5.7.26 Authentication results: 550-5.7.26 DKIM = did not pass 550-5.7.26 SPF [vps.vcrowd.in] with ip: [103.120.179.240] = did not pass 550-5.7.26 550-5.7.26 For instructions on setting up authentication, go to 550 5.7.26 https://support.google.com/mail/answer/81126#authentication d2e1a72fcca58-7a2300d5da2si2900178b3a.237 - gsmtp (in reply to end of DATA command))
Oct 19 19:20:40 vps postfix/qmgr[26951]: AAA143BF5BD: from=, status=expired, returned to sender
Oct 19 19:20:40 vps postfix/cleanup[15927]: E58F33BF595: message-id=<20251019135040.E58F33BF595@vps.vcrowd.in>
Oct 19 19:20:40 vps postfix/bounce[15926]: AAA143BF5BD: sender non-delivery notification: E58F33BF595
Oct 19 19:20:40 vps postfix/qmgr[26951]: E58F33BF595: from=<>, size=4448, nrcpt=1 (queue active)
Oct 19 19:20:40 vps postfix/qmgr[26951]: AAA143BF5BD: removed
Oct 19 19:20:40 vps postfix/local[15928]: E58F33BF595: to=, relay=local, delay=0.04, delays=0.02/0.02/0/0, dsn=2.0.0, status=sent (delivered to mailbox)
Oct 19 19:20:40 vps postfix/qmgr[26951]: E58F33BF595: removed
Oct 19 19:20:41 vps postfix/smtp[15905]: 5EDC71D858: to=, relay=alt1.gmail-smtp-in.l.google.com[192.178.163.26]:25, delay=987, delays=984/0.05/2.1/1, dsn=4.7.26, status=SOFTBOUNCE (host alt1.gmail-smtp-in.l.google.com[192.178.163.26] said: 550-5.7.26 Your email has been blocked because the sender is unauthenticated. 550-5.7.26 Gmail requires all senders to authenticate with either SPF or DKIM. 550-5.7.26 550-5.7.26 Authentication results: 550-5.7.26 DKIM = did not pass 550-5.7.26 SPF [vps.vcrowd.in] with ip: [103.120.179.240] = did not pass 550-5.7.26 550-5.7.26 For instructions on setting up authentication, go to 550 5.7.26 https://support.google.com/mail/answer/81126#authentication 98e67ed59e1d1-33d5def4075si2519310a91.76 - gsmtp (in reply to end of DATA command))
Oct 19 19:20:41 vps postfix/qmgr[26951]: 5EDC71D858: from=, status=expired, returned to sender
Oct 19 19:20:41 vps postfix/cleanup[15927]: 38C6F3BF595: message-id=<20251019135041.38C6F3BF595@vps.vcrowd.in>
Oct 19 19:20:41 vps postfix/bounce[15926]: 5EDC71D858: sender non-delivery notification: 38C6F3BF595
Oct 19 19:20:41 vps postfix/qmgr[26951]: 38C6F3BF595: from=<>, size=3847, nrcpt=1 (queue active)
Oct 19 19:20:41 vps postfix/qmgr[26951]: 5EDC71D858: removed
Oct 19 19:20:41 vps postfix/local[15928]: 38C6F3BF595: to=, relay=local, delay=0.01, delays=0/0/0/0, dsn=2.0.0, status=sent (delivered to mailbox)
Oct 19 19:20:41 vps postfix/qmgr[26951]: 38C6F3BF595: removed
Oct 19 19:20:50 vps postfix/anvil[27319]: statistics: max connection rate 7/60s for (smtp:77.90.185.216) at
Oct 19 19:14:38
Oct 19 19:20:50 vps postfix/anvil[27319]: statistics: max connection count 5 for (smtp:77.90.185.216) at
Oct 19 19:14:38
Oct 19 19:20:50 vps postfix/anvil[27319]: statistics: max cache size 4 at
Oct 19 19:13:39
Oct 19 19:20:55 vps postfix/smtpd[13425]: connect from unknown[212.132.96.229]
Oct 19 19:20:58 vps postfix/smtpd[13425]: warning: unknown[212.132.96.229]: SASL LOGIN authentication failed: UGFzc3dvcmQ6
Oct 19 19:20:58 vps postfix/smtpd[13425]: disconnect from unknown[212.132.96.229]
Oct 19 19:22:12 vps postfix/smtpd[13425]: connect from unknown[212.132.96.229]
Oct 19 19:22:15 vps postfix/smtpd[13425]: warning: unknown[212.132.96.229]: SASL LOGIN authentication failed: UGFzc3dvcmQ6
Oct 19 19:22:15 vps postfix/smtpd[13425]: disconnect from unknown[212.132.96.229]
Oct 19 19:22:40 vps postfix/smtpd[17271]: connect from unknown[171.221.225.104]
Oct 19 19:22:47 vps postfix/smtpd[17271]: warning: unknown[171.221.225.104]: SASL LOGIN authentication failed: UGFzc3dvcmQ6
Oct 19 19:22:48 vps postfix/smtpd[17271]: lost connection after AUTH from unknown[171.221.225.104]
Oct 19 19:22:48 vps postfix/smtpd[17271]: disconnect from unknown[171.221.225.104]
Oct 19 19:23:27 vps postfix/smtpd[13425]: connect from unknown[212.132.96.229]
Oct 19 19:23:30 vps postfix/smtpd[13425]: warning: unknown[212.132.96.229]: SASL LOGIN authentication failed: UGFzc3dvcmQ6
Oct 19 19:23:30 vps postfix/smtpd[13425]: disconnect from unknown[212.132.96.229]
Oct 19 19:24:43 vps postfix/smtpd[13425]: connect from unknown[212.132.96.229]
Oct 19 19:24:46 vps postfix/smtpd[13425]: warning: unknown[212.132.96.229]: SASL LOGIN authentication failed: UGFzc3dvcmQ6
Oct 19 19:24:46 vps postfix/smtpd[13425]: disconnect from unknown[212.132.96.229]
Oct 19 19:24:55 vps postfix/smtpd[18723]: connect from unknown[180.71.9.31]
Oct 19 19:25:01 vps postfix/smtpd[18723]: warning: unknown[180.71.9.31]: SASL LOGIN authentication failed: UGFzc3dvcmQ6
Oct 19 19:25:01 vps postfix/smtpd[18723]: lost connection after AUTH from unknown[180.71.9.31]
Oct 19 19:25:01 vps postfix/smtpd[18723]: disconnect from unknown[180.71.9.31]
Oct 19 19:25:55 vps postfix/smtpd[18723]: connect from unknown[213.209.157.225]
Oct 19 19:25:56 vps postfix/smtpd[13425]: connect from unknown[212.132.96.229]
Oct 19 19:25:57 vps postfix/smtpd[18723]: warning: unknown[213.209.157.225]: SASL LOGIN authentication failed: UGFzc3dvcmQ6
Oct 19 19:25:57 vps postfix/smtpd[18723]: disconnect from unknown[213.209.157.225]
Oct 19 19:25:59 vps postfix/smtpd[13425]: warning: unknown[212.132.96.229]: SASL LOGIN authentication failed: UGFzc3dvcmQ6
Oct 19 19:25:59 vps postfix/smtpd[13425]: disconnect from unknown[212.132.96.229]
Oct 19 19:27:05 vps postfix/smtpd[13425]: connect from c-68-81-11-111.hsd1.pa.comcast.net[68.81.11.111]
Oct 19 19:27:08 vps postfix/smtpd[20929]: warning: hostname static-aacc115.nafercom.com.ar.200.74.177.in-addr.arpa does not resolve to address 177.74.200.115: Name or service not known
Oct 19 19:27:08 vps postfix/smtpd[20929]: connect from unknown[177.74.200.115]
Oct 19 19:27:12 vps postfix/smtpd[20965]: connect from unknown[212.132.96.229]
Oct 19 19:27:13 vps postfix/smtpd[20960]: connect from unknown[202.165.87.9]
Oct 19 19:27:15 vps postfix/smtpd[20965]: warning: unknown[212.132.96.229]: SASL LOGIN authentication failed: UGFzc3dvcmQ6
Oct 19 19:27:15 vps postfix/smtpd[20980]: warning: hostname 132.131.70.95.dsl.dynamic.turk.net does not resolve to address 95.70.131.132: Name or service not known
Oct 19 19:27:15 vps postfix/smtpd[20980]: connect from unknown[95.70.131.132]
Oct 19 19:27:15 vps postfix/smtpd[20965]: disconnect from unknown[212.132.96.229]
Oct 19 19:27:15 vps postfix/smtpd[20989]: connect from unknown[103.127.56.20]
Oct 19 19:27:16 vps postfix/smtpd[20965]: connect from 10.66.136.77.rev.sfr.net[77.136.66.10]
Oct 19 19:27:17 vps postfix/smtpd[21001]: warning: hostname 43.190-155-242.uio.satnet.net does not resolve to address 190.155.242.43: Name or service not known
Oct 19 19:27:17 vps postfix/smtpd[21001]: connect from unknown[190.155.242.43]
Oct 19 19:27:18 vps postfix/smtpd[21021]: connect from unknown[5.62.139.59]
Oct 19 19:27:19 vps postfix/smtpd[21017]: warning: hostname 138-43-137-63.ftth.wtly1.highland.net does not resolve to address 138.43.137.63
Oct 19 19:27:19 vps postfix/smtpd[21017]: connect from unknown[138.43.137.63]
Oct 19 19:27:19 vps postfix/smtpd[21025]: connect from unknown[105.235.130.153]
Oct 19 19:27:22 vps postfix/smtpd[21058]: connect from pool-141-158-209-15.altnpa.east.verizon.net[141.158.209.15]
Oct 19 19:27:22 vps postfix/smtpd[21001]: lost connection after CONNECT from unknown[190.155.242.43]
Oct 19 19:27:22 vps postfix/smtpd[21001]: disconnect from unknown[190.155.242.43]
Oct 19 19:27:26 vps postfix/smtpd[21001]: warning: hostname syn-023-243-035-033.res.spectrum.com does not resolve to address 23.243.35.33: Name or service not known
Oct 19 19:27:26 vps postfix/smtpd[21001]: connect from unknown[23.243.35.33]
Oct 19 19:27:26 vps postfix/smtpd[21096]: connect from unknown[105.77.125.193]
Oct 19 19:27:26 vps postfix/smtpd[21001]: lost connection after CONNECT from unknown[23.243.35.33]
Oct 19 19:27:26 vps postfix/smtpd[21001]: disconnect from unknown[23.243.35.33]
Oct 19 19:27:27 vps postfix/smtpd[21001]: connect from unknown[190.109.117.162]
Oct 19 19:27:28 vps postfix/smtpd[21116]: connect from 45-23-162-179.lightspeed.tukrga.sbcglobal.net[45.23.162.179]
Oct 19 19:27:28 vps postfix/smtpd[21119]: connect from 5-49-136-217.hfc.dyn.abo.bbox.fr[5.49.136.217]
Oct 19 19:27:28 vps postfix/smtpd[21119]: lost connection after CONNECT from 5-49-136-217.hfc.dyn.abo.bbox.fr[5.49.136.217]
Oct 19 19:27:28 vps postfix/smtpd[21119]: disconnect from 5-49-136-217.hfc.dyn.abo.bbox.fr[5.49.136.217]
Oct 19 19:27:30 vps postfix/smtpd[21119]: connect from c-73-252-232-116.hsd1.ca.comcast.net[73.252.232.116]
