Oct 19 09:46:00 vps postfix/smtpd[5060]: connect from unknown[212.132.96.229]
Oct 19 09:46:03 vps postfix/smtpd[5060]: warning: unknown[212.132.96.229]: SASL LOGIN authentication failed: UGFzc3dvcmQ6
Oct 19 09:46:03 vps postfix/smtpd[5060]: disconnect from unknown[212.132.96.229]
Oct 19 09:47:17 vps postfix/smtpd[5060]: connect from unknown[212.132.96.229]
Oct 19 09:47:19 vps postfix/smtpd[5060]: warning: unknown[212.132.96.229]: SASL LOGIN authentication failed: UGFzc3dvcmQ6
Oct 19 09:47:19 vps postfix/smtpd[5060]: disconnect from unknown[212.132.96.229]
Oct 19 09:48:27 vps postfix/smtpd[3266]: connect from unknown[62.60.131.17]
Oct 19 09:48:30 vps postfix/smtpd[3266]: warning: unknown[62.60.131.17]: SASL LOGIN authentication failed: UGFzc3dvcmQ6
Oct 19 09:48:30 vps postfix/smtpd[3266]: disconnect from unknown[62.60.131.17]
Oct 19 09:48:31 vps postfix/smtpd[5060]: connect from unknown[212.132.96.229]
Oct 19 09:48:34 vps postfix/smtpd[5060]: warning: unknown[212.132.96.229]: SASL LOGIN authentication failed: UGFzc3dvcmQ6
Oct 19 09:48:34 vps postfix/smtpd[5060]: disconnect from unknown[212.132.96.229]
Oct 19 09:49:24 vps postfix/smtpd[3266]: connect from unknown[62.60.131.17]
Oct 19 09:49:28 vps postfix/smtpd[3266]: warning: unknown[62.60.131.17]: SASL LOGIN authentication failed: UGFzc3dvcmQ6
Oct 19 09:49:28 vps postfix/smtpd[3266]: disconnect from unknown[62.60.131.17]
Oct 19 09:49:47 vps postfix/smtpd[5060]: connect from unknown[212.132.96.229]
Oct 19 09:49:50 vps postfix/smtpd[5060]: warning: unknown[212.132.96.229]: SASL LOGIN authentication failed: UGFzc3dvcmQ6
Oct 19 09:49:50 vps postfix/smtpd[5060]: disconnect from unknown[212.132.96.229]
Oct 19 09:50:50 vps postfix/anvil[27319]: statistics: max connection rate 2/60s for (smtp:62.60.131.17) at
Oct 19 09:49:24
Oct 19 09:50:50 vps postfix/anvil[27319]: statistics: max connection count 1 for (submission:212.132.96.229) at
Oct 19 09:40:56
Oct 19 09:50:50 vps postfix/anvil[27319]: statistics: max cache size 3 at
Oct 19 09:40:56
Oct 19 09:50:53 vps postfix/smtpd[5060]: connect from unknown[165.154.121.231]
Oct 19 09:50:55 vps postfix/smtpd[5060]: warning: unknown[165.154.121.231]: SASL LOGIN authentication failed: UGFzc3dvcmQ6
Oct 19 09:50:55 vps postfix/smtpd[5060]: disconnect from unknown[165.154.121.231]
Oct 19 09:51:06 vps postfix/smtpd[5060]: connect from unknown[212.132.96.229]
Oct 19 09:51:08 vps postfix/smtpd[5060]: warning: unknown[212.132.96.229]: SASL LOGIN authentication failed: UGFzc3dvcmQ6
Oct 19 09:51:08 vps postfix/smtpd[5060]: disconnect from unknown[212.132.96.229]
Oct 19 09:51:17 vps postfix/smtpd[6450]: connect from 199.237.6.34.bc.googleusercontent.com[34.6.237.199]
Oct 19 09:51:18 vps postfix/smtpd[6450]: NOQUEUE: reject: RCPT from 199.237.6.34.bc.googleusercontent.com[34.6.237.199]: 454 4.7.1 Service unavailable; Client host [34.6.237.199] blocked using dnsbl-1.uceprotect.net; IP 34.6.237.199 is UCEPROTECT-Level 1 listed. See http://www.uceprotect.net/rblcheck.php?ipr=34.6.237.199; from= to= proto=ESMTP helo=
Oct 19 09:51:18 vps postfix/smtpd[6450]: disconnect from 199.237.6.34.bc.googleusercontent.com[34.6.237.199]
Oct 19 09:51:19 vps postfix/smtpd[6450]: connect from 199.237.6.34.bc.googleusercontent.com[34.6.237.199]
Oct 19 09:51:19 vps postfix/smtpd[6450]: NOQUEUE: reject: RCPT from 199.237.6.34.bc.googleusercontent.com[34.6.237.199]: 454 4.7.1 Service unavailable; Client host [34.6.237.199] blocked using dnsbl-1.uceprotect.net; IP 34.6.237.199 is UCEPROTECT-Level 1 listed. See http://www.uceprotect.net/rblcheck.php?ipr=34.6.237.199; from= to= proto=ESMTP helo=
Oct 19 09:51:19 vps postfix/smtpd[6450]: disconnect from 199.237.6.34.bc.googleusercontent.com[34.6.237.199]
Oct 19 09:52:19 vps postfix/smtpd[5060]: connect from unknown[212.132.96.229]
Oct 19 09:52:22 vps postfix/smtpd[5060]: warning: unknown[212.132.96.229]: SASL LOGIN authentication failed: UGFzc3dvcmQ6
Oct 19 09:52:22 vps postfix/smtpd[5060]: disconnect from unknown[212.132.96.229]
Oct 19 09:53:04 vps postfix/smtpd[7919]: connect from unknown[196.251.92.11]
Oct 19 09:53:06 vps postfix/smtpd[7919]: warning: unknown[196.251.92.11]: SASL LOGIN authentication failed: UGFzc3dvcmQ6
Oct 19 09:53:06 vps postfix/smtpd[7919]: disconnect from unknown[196.251.92.11]
Oct 19 09:53:35 vps postfix/smtpd[5060]: connect from unknown[212.132.96.229]
Oct 19 09:53:38 vps postfix/smtpd[5060]: warning: unknown[212.132.96.229]: SASL LOGIN authentication failed: UGFzc3dvcmQ6
Oct 19 09:53:38 vps postfix/smtpd[5060]: disconnect from unknown[212.132.96.229]
Oct 19 09:54:51 vps postfix/smtpd[5060]: connect from unknown[212.132.96.229]
Oct 19 09:54:54 vps postfix/smtpd[5060]: warning: unknown[212.132.96.229]: SASL LOGIN authentication failed: UGFzc3dvcmQ6
Oct 19 09:54:54 vps postfix/smtpd[5060]: disconnect from unknown[212.132.96.229]
Oct 19 09:55:22 vps postfix/pickup[13513]: 82D361D858: uid=1052 from=
Oct 19 09:55:22 vps postfix/cleanup[10517]: 82D361D858: message-id=<20251019042522.82D361D858@vps.vcrowd.in>
Oct 19 09:55:22 vps opendkim[5590]: 82D361D858: DKIM-Signature field added (s=default, d=crackersadaikki.com)
Oct 19 09:55:22 vps postfix/qmgr[26951]: 82D361D858: from=, size=873, nrcpt=2 (queue active)
Oct 19 09:55:22 vps postfix/pickup[13513]: E83173718BF: uid=1052 from=
Oct 19 09:55:22 vps postfix/cleanup[10517]: E83173718BF: message-id=<20251019042522.E83173718BF@vps.vcrowd.in>
Oct 19 09:55:22 vps opendkim[5590]: E83173718BF: DKIM-Signature field added (s=default, d=crackersadaikki.com)
Oct 19 09:55:22 vps postfix/qmgr[26951]: E83173718BF: from=, size=1116, nrcpt=2 (queue active)
Oct 19 09:55:24 vps postfix/smtp[10547]: E83173718BF: host gmail-smtp-in.l.google.com[142.251.12.26] said: 550-5.7.26 Your email has been blocked because the sender is unauthenticated. 550-5.7.26 Gmail requires all senders to authenticate with either SPF or DKIM. 550-5.7.26 550-5.7.26 Authentication results: 550-5.7.26 DKIM = did not pass 550-5.7.26 SPF [vps.vcrowd.in] with ip: [103.120.179.240] = did not pass 550-5.7.26 550-5.7.26 For instructions on setting up authentication, go to 550 5.7.26 https://support.google.com/mail/answer/81126#authentication d2e1a72fcca58-7a22ff23d2dsi2382935b3a.158 - gsmtp (in reply to end of DATA command)
Oct 19 09:55:25 vps postfix/smtp[10547]: E83173718BF: to=, relay=alt1.gmail-smtp-in.l.google.com[192.178.163.26]:25, delay=3, delays=0.05/0.03/1.9/0.95, dsn=4.7.26, status=SOFTBOUNCE (host alt1.gmail-smtp-in.l.google.com[192.178.163.26] said: 550-5.7.26 Your email has been blocked because the sender is unauthenticated. 550-5.7.26 Gmail requires all senders to authenticate with either SPF or DKIM. 550-5.7.26 550-5.7.26 Authentication results: 550-5.7.26 DKIM = did not pass 550-5.7.26 SPF [vps.vcrowd.in] with ip: [103.120.179.240] = did not pass 550-5.7.26 550-5.7.26 For instructions on setting up authentication, go to 550 5.7.26 https://support.google.com/mail/answer/81126#authentication d9443c01a7336-29247204e9esi24487075ad.339 - gsmtp (in reply to end of DATA command))
Oct 19 09:55:26 vps postfix/smtp[10526]: 82D361D858: to=, relay=mta6.am0.yahoodns.net[98.136.96.91]:25, delay=3.8, delays=0.09/0.03/1.3/2.4, dsn=2.0.0, status=sent (250 ok dirdel)
Oct 19 09:55:52 vps postfix/smtp[10525]: connect to crackersadaikki.com[76.223.67.189]:25: Connection timed out
Oct 19 09:55:53 vps postfix/smtp[10546]: connect to crackersadaikki.com[13.248.213.45]:25: Connection timed out
Oct 19 09:56:10 vps postfix/smtpd[5060]: connect from unknown[212.132.96.229]
Oct 19 09:56:12 vps postfix/smtpd[5060]: warning: unknown[212.132.96.229]: SASL LOGIN authentication failed: UGFzc3dvcmQ6
Oct 19 09:56:12 vps postfix/smtpd[5060]: disconnect from unknown[212.132.96.229]
Oct 19 09:56:19 vps postfix/smtpd[11288]: connect from unknown[213.209.157.252]
Oct 19 09:56:22 vps postfix/smtpd[11288]: warning: unknown[213.209.157.252]: SASL LOGIN authentication failed: UGFzc3dvcmQ6
Oct 19 09:56:22 vps postfix/smtpd[11288]: disconnect from unknown[213.209.157.252]
Oct 19 09:56:22 vps postfix/smtp[10525]: connect to crackersadaikki.com[13.248.213.45]:25: Connection timed out
Oct 19 09:56:22 vps postfix/smtp[10525]: 82D361D858: to=, relay=none, delay=60, delays=0.09/0.02/60/0, dsn=4.4.1, status=deferred (connect to crackersadaikki.com[13.248.213.45]:25: Connection timed out)
Oct 19 09:56:23 vps postfix/smtp[10546]: connect to crackersadaikki.com[76.223.67.189]:25: Connection timed out
Oct 19 09:56:23 vps postfix/smtp[10546]: E83173718BF: to=, relay=none, delay=60, delays=0.05/0.01/60/0, dsn=4.4.1, status=deferred (connect to crackersadaikki.com[76.223.67.189]:25: Connection timed out)
Oct 19 09:56:24 vps postfix/smtpd[11288]: connect from unknown[77.90.185.216]
Oct 19 09:56:27 vps postfix/smtpd[11288]: warning: unknown[77.90.185.216]: SASL LOGIN authentication failed: UGFzc3dvcmQ6
Oct 19 09:56:27 vps postfix/smtpd[11288]: disconnect from unknown[77.90.185.216]
Oct 19 09:56:41 vps postfix/smtpd[11288]: connect from unknown[77.90.185.216]
Oct 19 09:56:44 vps postfix/smtpd[11288]: warning: unknown[77.90.185.216]: SASL LOGIN authentication failed: UGFzc3dvcmQ6
Oct 19 09:56:44 vps postfix/smtpd[11288]: disconnect from unknown[77.90.185.216]
Oct 19 09:56:53 vps postfix/smtpd[11288]: connect from unknown[77.90.185.216]
Oct 19 09:56:56 vps postfix/smtpd[11724]: connect from unknown[77.90.185.216]
Oct 19 09:57:00 vps postfix/smtpd[11288]: warning: unknown[77.90.185.216]: SASL LOGIN authentication failed: UGFzc3dvcmQ6
Oct 19 09:57:00 vps postfix/smtpd[11724]: warning: unknown[77.90.185.216]: SASL LOGIN authentication failed: UGFzc3dvcmQ6
Oct 19 09:57:00 vps postfix/smtpd[11770]: connect from unknown[77.90.185.216]
Oct 19 09:57:00 vps postfix/smtpd[11288]: disconnect from unknown[77.90.185.216]
Oct 19 09:57:00 vps postfix/smtpd[11288]: connect from unknown[77.90.185.216]
Oct 19 09:57:00 vps postfix/smtpd[11724]: disconnect from unknown[77.90.185.216]
Oct 19 09:57:01 vps postfix/smtpd[11724]: connect from unknown[77.90.185.216]
Oct 19 09:57:01 vps postfix/smtpd[11779]: connect from unknown[77.90.185.216]
Oct 19 09:57:11 vps postfix/smtpd[11770]: warning: unknown[77.90.185.216]: SASL LOGIN authentication failed: UGFzc3dvcmQ6
Oct 19 09:57:11 vps postfix/smtpd[11288]: warning: unknown[77.90.185.216]: SASL LOGIN authentication failed: UGFzc3dvcmQ6
Oct 19 09:57:11 vps postfix/smtpd[11770]: disconnect from unknown[77.90.185.216]
Oct 19 09:57:11 vps postfix/smtpd[11288]: disconnect from unknown[77.90.185.216]
Oct 19 09:57:12 vps postfix/smtpd[11724]: warning: unknown[77.90.185.216]: SASL LOGIN authentication failed: UGFzc3dvcmQ6
Oct 19 09:57:12 vps postfix/smtpd[11779]: warning: unknown[77.90.185.216]: SASL LOGIN authentication failed: UGFzc3dvcmQ6
Oct 19 09:57:12 vps postfix/smtpd[11724]: disconnect from unknown[77.90.185.216]
Oct 19 09:57:12 vps postfix/smtpd[11779]: disconnect from unknown[77.90.185.216]
Oct 19 09:57:28 vps postfix/smtpd[5060]: connect from unknown[212.132.96.229]
Oct 19 09:57:31 vps postfix/smtpd[5060]: warning: unknown[212.132.96.229]: SASL LOGIN authentication failed: UGFzc3dvcmQ6
Oct 19 09:57:31 vps postfix/smtpd[5060]: disconnect from unknown[212.132.96.229]
Oct 19 09:57:40 vps postfix/smtpd[11770]: connect from unknown[213.209.157.225]
Oct 19 09:57:43 vps postfix/smtpd[11770]: warning: unknown[213.209.157.225]: SASL LOGIN authentication failed: UGFzc3dvcmQ6
Oct 19 09:57:43 vps postfix/smtpd[11770]: disconnect from unknown[213.209.157.225]
Oct 19 09:58:24 vps postfix/smtpd[11288]: connect from unknown[62.60.131.17]
Oct 19 09:58:27 vps postfix/smtpd[11288]: warning: unknown[62.60.131.17]: SASL LOGIN authentication failed: UGFzc3dvcmQ6
Oct 19 09:58:27 vps postfix/smtpd[11288]: disconnect from unknown[62.60.131.17]
Oct 19 09:58:43 vps postfix/smtpd[5060]: connect from unknown[212.132.96.229]
Oct 19 09:58:45 vps postfix/smtpd[5060]: warning: unknown[212.132.96.229]: SASL LOGIN authentication failed: UGFzc3dvcmQ6
Oct 19 09:58:45 vps postfix/smtpd[5060]: disconnect from unknown[212.132.96.229]
Oct 19 09:59:45 vps postfix/smtps/smtpd[13845]: warning: No server certs available. TLS won't be enabled
Oct 19 09:59:45 vps postfix/smtps/smtpd[13845]: connect from ec2-54-234-80-128.compute-1.amazonaws.com[54.234.80.128]
Oct 19 09:59:45 vps postfix/smtps/smtpd[13845]: warning: Wrapper-mode request dropped from ec2-54-234-80-128.compute-1.amazonaws.com[54.234.80.128] for service 465. TLS context initialization failed. For details see earlier warnings in your logs.
Oct 19 09:59:45 vps postfix/smtps/smtpd[13845]: disconnect from ec2-54-234-80-128.compute-1.amazonaws.com[54.234.80.128]
Oct 19 09:59:56 vps postfix/smtpd[11288]: connect from unknown[161.153.13.153]
Oct 19 09:59:58 vps postfix/smtpd[5060]: connect from unknown[212.132.96.229]
Oct 19 10:00:01 vps postfix/smtpd[11288]: warning: unknown[161.153.13.153]: SASL LOGIN authentication failed: UGFzc3dvcmQ6
Oct 19 10:00:01 vps postfix/smtpd[5060]: warning: unknown[212.132.96.229]: SASL LOGIN authentication failed: UGFzc3dvcmQ6
Oct 19 10:00:01 vps postfix/smtpd[5060]: disconnect from unknown[212.132.96.229]
Oct 19 10:00:01 vps postfix/smtpd[11288]: lost connection after AUTH from unknown[161.153.13.153]
Oct 19 10:00:01 vps postfix/smtpd[11288]: disconnect from unknown[161.153.13.153]
Oct 19 10:00:23 vps postfix/smtpd[11288]: connect from unknown[27.15.18.75]
Oct 19 10:00:28 vps postfix/smtpd[11288]: warning: unknown[27.15.18.75]: SASL LOGIN authentication failed: UGFzc3dvcmQ6
Oct 19 10:00:28 vps postfix/smtpd[11288]: lost connection after AUTH from unknown[27.15.18.75]
Oct 19 10:00:28 vps postfix/smtpd[11288]: disconnect from unknown[27.15.18.75]
Oct 19 10:00:50 vps postfix/anvil[27319]: statistics: max connection rate 8/60s for (smtp:77.90.185.216) at
Oct 19 09:57:01
Oct 19 10:00:50 vps postfix/anvil[27319]: statistics: max connection count 4 for (smtp:77.90.185.216) at
Oct 19 09:57:01
Oct 19 10:00:50 vps postfix/anvil[27319]: statistics: max cache size 3 at
Oct 19 09:51:17
Oct 19 10:01:14 vps postfix/smtpd[5060]: connect from unknown[212.132.96.229]
Oct 19 10:01:16 vps postfix/smtpd[5060]: warning: unknown[212.132.96.229]: SASL LOGIN authentication failed: UGFzc3dvcmQ6
Oct 19 10:01:16 vps postfix/smtpd[5060]: disconnect from unknown[212.132.96.229]
Oct 19 10:02:28 vps postfix/smtpd[5060]: connect from unknown[212.132.96.229]
Oct 19 10:02:31 vps postfix/smtpd[5060]: warning: unknown[212.132.96.229]: SASL LOGIN authentication failed: UGFzc3dvcmQ6
Oct 19 10:02:31 vps postfix/smtpd[5060]: disconnect from unknown[212.132.96.229]
Oct 19 10:02:46 vps postfix/smtpd[17206]: connect from unknown[62.60.131.124]
Oct 19 10:02:49 vps postfix/smtpd[17206]: warning: unknown[62.60.131.124]: SASL LOGIN authentication failed: UGFzc3dvcmQ6
Oct 19 10:02:49 vps postfix/smtpd[17206]: disconnect from unknown[62.60.131.124]
Oct 19 10:03:28 vps postfix/smtpd[17206]: connect from unknown[213.209.157.116]
Oct 19 10:03:31 vps postfix/smtpd[17206]: warning: unknown[213.209.157.116]: SASL LOGIN authentication failed: UGFzc3dvcmQ6
Oct 19 10:03:31 vps postfix/smtpd[17206]: disconnect from unknown[213.209.157.116]
Oct 19 10:03:44 vps postfix/smtpd[5060]: connect from unknown[212.132.96.229]
Oct 19 10:03:47 vps postfix/smtpd[5060]: warning: unknown[212.132.96.229]: SASL LOGIN authentication failed: UGFzc3dvcmQ6
Oct 19 10:03:47 vps postfix/smtpd[5060]: disconnect from unknown[212.132.96.229]
Oct 19 10:05:00 vps postfix/smtpd[5060]: connect from unknown[212.132.96.229]
Oct 19 10:05:03 vps postfix/smtpd[5060]: warning: unknown[212.132.96.229]: SASL LOGIN authentication failed: UGFzc3dvcmQ6
Oct 19 10:05:03 vps postfix/smtpd[5060]: disconnect from unknown[212.132.96.229]
Oct 19 10:05:38 vps postfix/qmgr[26951]: E83173718BF: from=, size=1116, nrcpt=2 (queue active)
Oct 19 10:05:38 vps postfix/qmgr[26951]: 82D361D858: from=, size=873, nrcpt=2 (queue active)
Oct 19 10:05:39 vps postfix/smtp[20262]: E83173718BF: host gmail-smtp-in.l.google.com[142.251.12.26] said: 550-5.7.26 Your email has been blocked because the sender is unauthenticated. 550-5.7.26 Gmail requires all senders to authenticate with either SPF or DKIM. 550-5.7.26 550-5.7.26 Authentication results: 550-5.7.26 DKIM = did not pass 550-5.7.26 SPF [vps.vcrowd.in] with ip: [103.120.179.240] = did not pass 550-5.7.26 550-5.7.26 For instructions on setting up authentication, go to 550 5.7.26 https://support.google.com/mail/answer/81126#authentication d2e1a72fcca58-7a2300fa159si2320477b3a.447 - gsmtp (in reply to end of DATA command)
Oct 19 10:05:41 vps postfix/smtp[20262]: E83173718BF: to=, relay=alt1.gmail-smtp-in.l.google.com[192.178.163.27]:25, delay=618, delays=616/0.06/2/0.63, dsn=4.7.26, status=SOFTBOUNCE (host alt1.gmail-smtp-in.l.google.com[192.178.163.27] said: 550-5.7.26 Your email has been blocked because the sender is unauthenticated. 550-5.7.26 Gmail requires all senders to authenticate with either SPF or DKIM. 550-5.7.26 550-5.7.26 Authentication results: 550-5.7.26 DKIM = did not pass 550-5.7.26 SPF [vps.vcrowd.in] with ip: [103.120.179.240] = did not pass 550-5.7.26 550-5.7.26 For instructions on setting up authentication, go to 550 5.7.26 https://support.google.com/mail/answer/81126#authentication d2e1a72fcca58-7a22ff1968esi2373637b3a.108 - gsmtp (in reply to end of DATA command))
Oct 19 10:06:08 vps postfix/smtp[20263]: connect to crackersadaikki.com[13.248.213.45]:25: Connection timed out
Oct 19 10:06:08 vps postfix/smtp[20259]: connect to crackersadaikki.com[76.223.67.189]:25: Connection timed out
Oct 19 10:06:18 vps postfix/smtpd[5060]: connect from unknown[212.132.96.229]
Oct 19 10:06:21 vps postfix/smtpd[5060]: warning: unknown[212.132.96.229]: SASL LOGIN authentication failed: UGFzc3dvcmQ6
Oct 19 10:06:21 vps postfix/smtpd[5060]: disconnect from unknown[212.132.96.229]
Oct 19 10:06:38 vps postfix/smtp[20263]: connect to crackersadaikki.com[76.223.67.189]:25: Connection timed out
Oct 19 10:06:38 vps postfix/smtp[20263]: 82D361D858: to=, relay=none, delay=676, delays=616/0.04/60/0, dsn=4.4.1, status=deferred (connect to crackersadaikki.com[76.223.67.189]:25: Connection timed out)
Oct 19 10:06:38 vps postfix/bounce[20294]: warning: [built-in]: zero result in delay template conversion of parameter "delay_warning_time_hours"
Oct 19 10:06:38 vps postfix/bounce[20294]: warning: please reduce time unit "hours" of "delay_warning_time_hours" in delay template
Oct 19 10:06:38 vps postfix/bounce[20294]: warning: for instructions see the bounce(5) manual
Oct 19 10:06:38 vps postfix/bounce[20294]: warning: [built-in]: zero result in delay template conversion of parameter "maximal_queue_lifetime_days"
Oct 19 10:06:38 vps postfix/bounce[20294]: warning: please reduce time unit "days" of "maximal_queue_lifetime_days" in delay template
Oct 19 10:06:38 vps postfix/bounce[20294]: warning: for instructions see the bounce(5) manual
Oct 19 10:06:38 vps postfix/cleanup[21070]: BC5B08F134: message-id=<20251019043638.BC5B08F134@vps.vcrowd.in>
Oct 19 10:06:38 vps postfix/bounce[20294]: 82D361D858: sender delay notification: BC5B08F134
Oct 19 10:06:38 vps postfix/qmgr[26951]: BC5B08F134: from=<>, size=2992, nrcpt=1 (queue active)
Oct 19 10:06:38 vps postfix/local[21073]: BC5B08F134: to=, relay=local, delay=0.04, delays=0.02/0.02/0/0, dsn=2.0.0, status=sent (delivered to mailbox)
Oct 19 10:06:38 vps postfix/qmgr[26951]: BC5B08F134: removed
Oct 19 10:06:39 vps postfix/smtp[20259]: connect to crackersadaikki.com[13.248.213.45]:25: Connection timed out
Oct 19 10:06:39 vps postfix/smtp[20259]: E83173718BF: to=, relay=none, delay=676, delays=616/0.05/60/0, dsn=4.4.1, status=deferred (connect to crackersadaikki.com[13.248.213.45]:25: Connection timed out)
Oct 19 10:06:39 vps postfix/bounce[20294]: warning: [built-in]: zero result in delay template conversion of parameter "delay_warning_time_hours"
Oct 19 10:06:39 vps postfix/bounce[20294]: warning: please reduce time unit "hours" of "delay_warning_time_hours" in delay template
Oct 19 10:06:39 vps postfix/bounce[20294]: warning: for instructions see the bounce(5) manual
Oct 19 10:06:39 vps postfix/bounce[20294]: warning: [built-in]: zero result in delay template conversion of parameter "maximal_queue_lifetime_days"
Oct 19 10:06:39 vps postfix/bounce[20294]: warning: please reduce time unit "days" of "maximal_queue_lifetime_days" in delay template
Oct 19 10:06:39 vps postfix/bounce[20294]: warning: for instructions see the bounce(5) manual
Oct 19 10:06:39 vps postfix/cleanup[21070]: 01AB68F134: message-id=<20251019043639.01AB68F134@vps.vcrowd.in>
Oct 19 10:06:39 vps postfix/bounce[20294]: E83173718BF: sender delay notification: 01AB68F134
Oct 19 10:06:39 vps postfix/qmgr[26951]: 01AB68F134: from=<>, size=4396, nrcpt=1 (queue active)
Oct 19 10:06:39 vps postfix/local[21073]: 01AB68F134: to=, relay=local, delay=0.01, delays=0/0/0/0, dsn=2.0.0, status=sent (delivered to mailbox)
Oct 19 10:06:39 vps postfix/qmgr[26951]: 01AB68F134: removed
Oct 19 10:07:32 vps postfix/smtpd[21769]: connect from unknown[195.211.188.86]
Oct 19 10:07:34 vps postfix/smtpd[5060]: connect from unknown[212.132.96.229]
Oct 19 10:07:37 vps postfix/smtpd[5060]: warning: unknown[212.132.96.229]: SASL LOGIN authentication failed: UGFzc3dvcmQ6
Oct 19 10:07:37 vps postfix/smtpd[21769]: warning: unknown[195.211.188.86]: SASL LOGIN authentication failed: UGFzc3dvcmQ6
Oct 19 10:07:37 vps postfix/smtpd[5060]: disconnect from unknown[212.132.96.229]
Oct 19 10:07:37 vps postfix/smtpd[21769]: disconnect from unknown[195.211.188.86]
Oct 19 10:08:51 vps postfix/smtpd[5060]: connect from unknown[212.132.96.229]
Oct 19 10:08:54 vps postfix/smtpd[5060]: warning: unknown[212.132.96.229]: SASL LOGIN authentication failed: UGFzc3dvcmQ6
Oct 19 10:08:54 vps postfix/smtpd[5060]: disconnect from unknown[212.132.96.229]
Oct 19 10:10:09 vps postfix/smtpd[5060]: connect from unknown[212.132.96.229]
Oct 19 10:10:12 vps postfix/smtpd[5060]: warning: unknown[212.132.96.229]: SASL LOGIN authentication failed: UGFzc3dvcmQ6
Oct 19 10:10:12 vps postfix/smtpd[5060]: disconnect from unknown[212.132.96.229]
Oct 19 10:10:17 vps postfix/pickup[13513]: E9A006F9D7: uid=1062 from=
Oct 19 10:10:17 vps postfix/cleanup[24603]: E9A006F9D7: message-id=<20251019044017.E9A006F9D7@vps.vcrowd.in>
Oct 19 10:10:17 vps opendkim[5590]: E9A006F9D7: no signing table match for '"info@gvkennel"@gmail.com'
Oct 19 10:10:17 vps opendkim[5590]: E9A006F9D7: no signature data
Oct 19 10:10:17 vps postfix/qmgr[26951]: E9A006F9D7: from=, size=927, nrcpt=1 (queue active)
Oct 19 10:10:18 vps postfix/pickup[13513]: CE0A83C0145: uid=1062 from=
Oct 19 10:10:18 vps postfix/cleanup[24603]: CE0A83C0145: message-id=<20251019044018.CE0A83C0145@vps.vcrowd.in>
Oct 19 10:10:18 vps opendkim[5590]: CE0A83C0145: no signing table match for '"info@gvkennel"@gmail.com'
Oct 19 10:10:18 vps opendkim[5590]: CE0A83C0145: no signature data
Oct 19 10:10:18 vps postfix/qmgr[26951]: CE0A83C0145: from=, size=1026, nrcpt=1 (queue active)
Oct 19 10:10:19 vps postfix/smtp[24612]: E9A006F9D7: host gmail-smtp-in.l.google.com[142.251.12.26] said: 550-5.7.26 Your email has been blocked because the sender is unauthenticated. 550-5.7.26 Gmail requires all senders to authenticate with either SPF or DKIM. 550-5.7.26 550-5.7.26 Authentication results: 550-5.7.26 DKIM = did not pass 550-5.7.26 SPF [vps.vcrowd.in] with ip: [103.120.179.240] = did not pass 550-5.7.26 550-5.7.26 For instructions on setting up authentication, go to 550 5.7.26 https://support.google.com/mail/answer/81126#authentication d2e1a72fcca58-7a22ff19678si2364354b3a.66 - gsmtp (in reply to end of DATA command)
Oct 19 10:10:20 vps postfix/smtp[24640]: CE0A83C0145: host gmail-smtp-in.l.google.com[142.251.12.26] said: 550-5.7.26 Your email has been blocked because the sender is unauthenticated. 550-5.7.26 Gmail requires all senders to authenticate with either SPF or DKIM. 550-5.7.26 550-5.7.26 Authentication results: 550-5.7.26 DKIM = did not pass 550-5.7.26 SPF [vps.vcrowd.in] with ip: [103.120.179.240] = did not pass 550-5.7.26 550-5.7.26 For instructions on setting up authentication, go to 550 5.7.26 https://support.google.com/mail/answer/81126#authentication 41be03b00d2f7-b6a76b8753bsi2045754a12.1450 - gsmtp (in reply to end of DATA command)
Oct 19 10:10:20 vps postfix/smtp[24612]: E9A006F9D7: to=, relay=alt1.gmail-smtp-in.l.google.com[192.178.163.26]:25, delay=2.9, delays=0.07/0.02/2/0.77, dsn=4.7.26, status=SOFTBOUNCE (host alt1.gmail-smtp-in.l.google.com[192.178.163.26] said: 550-5.7.26 Your email has been blocked because the sender is unauthenticated. 550-5.7.26 Gmail requires all senders to authenticate with either SPF or DKIM. 550-5.7.26 550-5.7.26 Authentication results: 550-5.7.26 DKIM = did not pass 550-5.7.26 SPF [vps.vcrowd.in] with ip: [103.120.179.240] = did not pass 550-5.7.26 550-5.7.26 For instructions on setting up authentication, go to 550 5.7.26 https://support.google.com/mail/answer/81126#authentication 41be03b00d2f7-b6a76b868acsi2055163a12.1444 - gsmtp (in reply to end of DATA command))
Oct 19 10:10:21 vps postfix/smtp[24640]: CE0A83C0145: to=, relay=alt1.gmail-smtp-in.l.google.com[192.178.163.26]:25, delay=3.1, delays=0.01/0.01/2.3/0.77, dsn=4.7.26, status=SOFTBOUNCE (host alt1.gmail-smtp-in.l.google.com[192.178.163.26] said: 550-5.7.26 Your email has been blocked because the sender is unauthenticated. 550-5.7.26 Gmail requires all senders to authenticate with either SPF or DKIM. 550-5.7.26 550-5.7.26 Authentication results: 550-5.7.26 DKIM = did not pass 550-5.7.26 SPF [vps.vcrowd.in] with ip: [103.120.179.240] = did not pass 550-5.7.26 550-5.7.26 For instructions on setting up authentication, go to 550 5.7.26 https://support.google.com/mail/answer/81126#authentication d9443c01a7336-2924720777dsi23645615ad.430 - gsmtp (in reply to end of DATA command))
Oct 19 10:10:50 vps postfix/anvil[27319]: statistics: max connection rate 1/60s for (submission:212.132.96.229) at
Oct 19 10:01:14
Oct 19 10:10:50 vps postfix/anvil[27319]: statistics: max connection count 1 for (submission:212.132.96.229) at
Oct 19 10:01:14
Oct 19 10:10:50 vps postfix/anvil[27319]: statistics: max cache size 3 at
Oct 19 10:03:28
Oct 19 10:11:23 vps postfix/smtpd[5060]: connect from unknown[212.132.96.229]
Oct 19 10:11:26 vps postfix/smtpd[5060]: warning: unknown[212.132.96.229]: SASL LOGIN authentication failed: UGFzc3dvcmQ6
Oct 19 10:11:26 vps postfix/smtpd[5060]: disconnect from unknown[212.132.96.229]
Oct 19 10:12:12 vps postfix/smtpd[26092]: connect from unknown[62.60.131.17]
Oct 19 10:12:15 vps postfix/smtpd[26092]: warning: unknown[62.60.131.17]: SASL LOGIN authentication failed: UGFzc3dvcmQ6
Oct 19 10:12:15 vps postfix/smtpd[26092]: disconnect from unknown[62.60.131.17]
Oct 19 10:12:20 vps postfix/smtpd[5060]: connect from unknown[165.154.121.231]
Oct 19 10:12:22 vps postfix/smtpd[5060]: warning: unknown[165.154.121.231]: SASL LOGIN authentication failed: UGFzc3dvcmQ6
Oct 19 10:12:22 vps postfix/smtpd[5060]: disconnect from unknown[165.154.121.231]
Oct 19 10:12:38 vps postfix/smtpd[5060]: connect from unknown[212.132.96.229]
Oct 19 10:12:41 vps postfix/smtpd[5060]: warning: unknown[212.132.96.229]: SASL LOGIN authentication failed: UGFzc3dvcmQ6
Oct 19 10:12:41 vps postfix/smtpd[5060]: disconnect from unknown[212.132.96.229]
Oct 19 10:13:54 vps postfix/smtpd[5060]: connect from unknown[212.132.96.229]
Oct 19 10:13:57 vps postfix/smtpd[5060]: warning: unknown[212.132.96.229]: SASL LOGIN authentication failed: UGFzc3dvcmQ6
Oct 19 10:13:57 vps postfix/smtpd[5060]: disconnect from unknown[212.132.96.229]
Oct 19 10:14:50 vps postfix/smtpd[28098]: connect from unknown[195.211.188.86]
Oct 19 10:14:53 vps postfix/smtpd[28098]: warning: unknown[195.211.188.86]: SASL LOGIN authentication failed: UGFzc3dvcmQ6
Oct 19 10:14:53 vps postfix/smtpd[28098]: disconnect from unknown[195.211.188.86]
Oct 19 10:15:12 vps postfix/smtpd[5060]: connect from unknown[212.132.96.229]
Oct 19 10:15:14 vps postfix/smtpd[5060]: warning: unknown[212.132.96.229]: SASL LOGIN authentication failed: UGFzc3dvcmQ6
Oct 19 10:15:14 vps postfix/smtpd[5060]: disconnect from unknown[212.132.96.229]
Oct 19 10:15:38 vps postfix/qmgr[26951]: E9A006F9D7: from=, size=927, nrcpt=1 (queue active)
Oct 19 10:15:38 vps postfix/qmgr[26951]: CE0A83C0145: from=, size=1026, nrcpt=1 (queue active)
Oct 19 10:15:39 vps postfix/smtp[29481]: E9A006F9D7: host gmail-smtp-in.l.google.com[142.251.12.27] said: 550-5.7.26 Your email has been blocked because the sender is unauthenticated. 550-5.7.26 Gmail requires all senders to authenticate with either SPF or DKIM. 550-5.7.26 550-5.7.26 Authentication results: 550-5.7.26 DKIM = did not pass 550-5.7.26 SPF [vps.vcrowd.in] with ip: [103.120.179.240] = did not pass 550-5.7.26 550-5.7.26 For instructions on setting up authentication, go to 550 5.7.26 https://support.google.com/mail/answer/81126#authentication d9443c01a7336-292471d7f3dsi24656985ad.254 - gsmtp (in reply to end of DATA command)
Oct 19 10:15:39 vps postfix/smtp[29482]: CE0A83C0145: host gmail-smtp-in.l.google.com[142.251.12.27] said: 550-5.7.26 Your email has been blocked because the sender is unauthenticated. 550-5.7.26 Gmail requires all senders to authenticate with either SPF or DKIM. 550-5.7.26 550-5.7.26 Authentication results: 550-5.7.26 DKIM = did not pass 550-5.7.26 SPF [vps.vcrowd.in] with ip: [103.120.179.240] = did not pass 550-5.7.26 550-5.7.26 For instructions on setting up authentication, go to 550 5.7.26 https://support.google.com/mail/answer/81126#authentication d9443c01a7336-2924723a252si24201465ad.706 - gsmtp (in reply to end of DATA command)
Oct 19 10:15:41 vps postfix/smtp[29481]: E9A006F9D7: to=, relay=alt1.gmail-smtp-in.l.google.com[192.178.163.26]:25, delay=323, delays=321/0.04/2/0.75, dsn=4.7.26, status=SOFTBOUNCE (host alt1.gmail-smtp-in.l.google.com[192.178.163.26] said: 550-5.7.26 Your email has been blocked because the sender is unauthenticated. 550-5.7.26 Gmail requires all senders to authenticate with either SPF or DKIM. 550-5.7.26 550-5.7.26 Authentication results: 550-5.7.26 DKIM = did not pass 550-5.7.26 SPF [vps.vcrowd.in] with ip: [103.120.179.240] = did not pass 550-5.7.26 550-5.7.26 For instructions on setting up authentication, go to 550 5.7.26 https://support.google.com/mail/answer/81126#authentication d9443c01a7336-29247225084si23090085ad.518 - gsmtp (in reply to end of DATA command))
Oct 19 10:15:41 vps postfix/smtp[29482]: CE0A83C0145: to=, relay=alt1.gmail-smtp-in.l.google.com[192.178.163.27]:25, delay=323, delays=320/0.02/2.1/0.79, dsn=4.7.26, status=SOFTBOUNCE (host alt1.gmail-smtp-in.l.google.com[192.178.163.27] said: 550-5.7.26 Your email has been blocked because the sender is unauthenticated. 550-5.7.26 Gmail requires all senders to authenticate with either SPF or DKIM. 550-5.7.26 550-5.7.26 Authentication results: 550-5.7.26 DKIM = did not pass 550-5.7.26 SPF [vps.vcrowd.in] with ip: [103.120.179.240] = did not pass 550-5.7.26 550-5.7.26 For instructions on setting up authentication, go to 550 5.7.26 https://support.google.com/mail/answer/81126#authentication 98e67ed59e1d1-33d5df40fc9si1992696a91.55 - gsmtp (in reply to end of DATA command))
Oct 19 10:16:28 vps postfix/smtpd[5060]: connect from unknown[212.132.96.229]
Oct 19 10:16:31 vps postfix/smtpd[5060]: warning: unknown[212.132.96.229]: SASL LOGIN authentication failed: UGFzc3dvcmQ6
Oct 19 10:16:31 vps postfix/smtpd[5060]: disconnect from unknown[212.132.96.229]
Oct 19 10:17:40 vps postfix/smtpd[31056]: connect from mail-koreacentralazolkn19011038.outbound.protection.outlook.com[52.103.74.38]
Oct 19 10:17:40 vps postfix/smtpd[31056]: NOQUEUE: reject: RCPT from mail-koreacentralazolkn19011038.outbound.protection.outlook.com[52.103.74.38]: 450 4.1.1 : Recipient address rejected: User unknown in virtual mailbox table; from= to= proto=ESMTP helo=
Oct 19 10:17:41 vps postfix/smtpd[31056]: disconnect from mail-koreacentralazolkn19011038.outbound.protection.outlook.com[52.103.74.38]
Oct 19 10:17:43 vps postfix/smtpd[5060]: connect from unknown[212.132.96.229]
Oct 19 10:17:45 vps postfix/smtpd[5060]: warning: unknown[212.132.96.229]: SASL LOGIN authentication failed: UGFzc3dvcmQ6
Oct 19 10:17:45 vps postfix/smtpd[5060]: disconnect from unknown[212.132.96.229]
Oct 19 10:18:27 vps postfix/smtps/smtpd[31698]: warning: No server certs available. TLS won't be enabled
Oct 19 10:18:28 vps postfix/smtps/smtpd[31698]: connect from unknown[147.185.133.128]
Oct 19 10:18:28 vps postfix/smtps/smtpd[31698]: warning: Wrapper-mode request dropped from unknown[147.185.133.128] for service 465. TLS context initialization failed. For details see earlier warnings in your logs.
Oct 19 10:18:28 vps postfix/smtps/smtpd[31698]: disconnect from unknown[147.185.133.128]
Oct 19 10:18:59 vps postfix/smtpd[5060]: connect from unknown[212.132.96.229]
Oct 19 10:19:01 vps postfix/smtpd[5060]: warning: unknown[212.132.96.229]: SASL LOGIN authentication failed: UGFzc3dvcmQ6
Oct 19 10:19:01 vps postfix/smtpd[5060]: disconnect from unknown[212.132.96.229]
Oct 19 10:19:04 vps postfix/smtpd[31056]: connect from unknown[213.209.157.225]
Oct 19 10:19:06 vps postfix/smtpd[31056]: warning: unknown[213.209.157.225]: SASL LOGIN authentication failed: UGFzc3dvcmQ6
Oct 19 10:19:06 vps postfix/smtpd[31056]: disconnect from unknown[213.209.157.225]
Oct 19 10:19:28 vps postfix/smtps/smtpd[31698]: connect from unknown[147.185.133.128]
Oct 19 10:19:28 vps postfix/smtps/smtpd[31698]: warning: Wrapper-mode request dropped from unknown[147.185.133.128] for service 465. TLS context initialization failed. For details see earlier warnings in your logs.
Oct 19 10:19:28 vps postfix/smtps/smtpd[31698]: disconnect from unknown[147.185.133.128]
Oct 19 10:19:29 vps postfix/smtps/smtpd[31698]: connect from unknown[147.185.133.128]
Oct 19 10:19:29 vps postfix/smtps/smtpd[31698]: warning: Wrapper-mode request dropped from unknown[147.185.133.128] for service 465. TLS context initialization failed. For details see earlier warnings in your logs.
Oct 19 10:19:29 vps postfix/smtps/smtpd[31698]: disconnect from unknown[147.185.133.128]
Oct 19 10:19:36 vps postfix/smtps/smtpd[31698]: connect from unknown[147.185.133.128]
Oct 19 10:19:36 vps postfix/smtps/smtpd[31698]: warning: Wrapper-mode request dropped from unknown[147.185.133.128] for service 465. TLS context initialization failed. For details see earlier warnings in your logs.
Oct 19 10:19:36 vps postfix/smtps/smtpd[31698]: disconnect from unknown[147.185.133.128]
Oct 19 10:19:43 vps postfix/smtps/smtpd[31698]: connect from unknown[147.185.133.128]
Oct 19 10:19:43 vps postfix/smtps/smtpd[31698]: warning: Wrapper-mode request dropped from unknown[147.185.133.128] for service 465. TLS context initialization failed. For details see earlier warnings in your logs.
Oct 19 10:19:43 vps postfix/smtps/smtpd[31698]: disconnect from unknown[147.185.133.128]
Oct 19 10:19:47 vps postfix/smtps/smtpd[31698]: connect from unknown[147.185.133.128]
Oct 19 10:19:47 vps postfix/smtps/smtpd[31698]: warning: Wrapper-mode request dropped from unknown[147.185.133.128] for service 465. TLS context initialization failed. For details see earlier warnings in your logs.
Oct 19 10:19:47 vps postfix/smtps/smtpd[31698]: disconnect from unknown[147.185.133.128]
Oct 19 10:19:53 vps postfix/smtps/smtpd[31698]: connect from unknown[147.185.133.128]
Oct 19 10:19:53 vps postfix/smtps/smtpd[31698]: warning: Wrapper-mode request dropped from unknown[147.185.133.128] for service 465. TLS context initialization failed. For details see earlier warnings in your logs.
Oct 19 10:19:53 vps postfix/smtps/smtpd[31698]: disconnect from unknown[147.185.133.128]
Oct 19 10:19:54 vps postfix/smtps/smtpd[31698]: connect from unknown[147.185.133.128]
Oct 19 10:19:54 vps postfix/smtps/smtpd[31698]: warning: Wrapper-mode request dropped from unknown[147.185.133.128] for service 465. TLS context initialization failed. For details see earlier warnings in your logs.
Oct 19 10:19:54 vps postfix/smtps/smtpd[31698]: disconnect from unknown[147.185.133.128]
Oct 19 10:19:57 vps postfix/smtps/smtpd[31698]: connect from unknown[147.185.133.128]
Oct 19 10:19:57 vps postfix/smtps/smtpd[31698]: warning: Wrapper-mode request dropped from unknown[147.185.133.128] for service 465. TLS context initialization failed. For details see earlier warnings in your logs.
Oct 19 10:19:57 vps postfix/smtps/smtpd[31698]: disconnect from unknown[147.185.133.128]
Oct 19 10:19:58 vps postfix/smtps/smtpd[31698]: connect from unknown[147.185.133.128]
Oct 19 10:19:58 vps postfix/smtps/smtpd[31698]: warning: Wrapper-mode request dropped from unknown[147.185.133.128] for service 465. TLS context initialization failed. For details see earlier warnings in your logs.
Oct 19 10:19:58 vps postfix/smtps/smtpd[31698]: disconnect from unknown[147.185.133.128]
Oct 19 10:20:00 vps postfix/smtps/smtpd[31698]: connect from unknown[147.185.133.128]
Oct 19 10:20:00 vps postfix/smtps/smtpd[31698]: warning: Wrapper-mode request dropped from unknown[147.185.133.128] for service 465. TLS context initialization failed. For details see earlier warnings in your logs.
Oct 19 10:20:00 vps postfix/smtps/smtpd[31698]: disconnect from unknown[147.185.133.128]
Oct 19 10:20:02 vps postfix/smtps/smtpd[31698]: connect from unknown[147.185.133.128]
Oct 19 10:20:02 vps postfix/smtps/smtpd[31698]: warning: Wrapper-mode request dropped from unknown[147.185.133.128] for service 465. TLS context initialization failed. For details see earlier warnings in your logs.
Oct 19 10:20:02 vps postfix/smtps/smtpd[31698]: disconnect from unknown[147.185.133.128]
Oct 19 10:20:04 vps postfix/smtps/smtpd[31698]: connect from unknown[147.185.133.128]
Oct 19 10:20:04 vps postfix/smtps/smtpd[31698]: warning: Wrapper-mode request dropped from unknown[147.185.133.128] for service 465. TLS context initialization failed. For details see earlier warnings in your logs.
Oct 19 10:20:04 vps postfix/smtps/smtpd[31698]: disconnect from unknown[147.185.133.128]
Oct 19 10:20:07 vps postfix/smtps/smtpd[31698]: connect from unknown[147.185.133.128]
Oct 19 10:20:07 vps postfix/smtps/smtpd[31698]: warning: Wrapper-mode request dropped from unknown[147.185.133.128] for service 465. TLS context initialization failed. For details see earlier warnings in your logs.
Oct 19 10:20:07 vps postfix/smtps/smtpd[31698]: disconnect from unknown[147.185.133.128]
Oct 19 10:20:08 vps postfix/smtps/smtpd[31698]: connect from unknown[147.185.133.128]
Oct 19 10:20:08 vps postfix/smtps/smtpd[31698]: warning: Wrapper-mode request dropped from unknown[147.185.133.128] for service 465. TLS context initialization failed. For details see earlier warnings in your logs.
Oct 19 10:20:08 vps postfix/smtps/smtpd[31698]: disconnect from unknown[147.185.133.128]
Oct 19 10:20:10 vps postfix/smtps/smtpd[31698]: connect from unknown[147.185.133.128]
Oct 19 10:20:10 vps postfix/smtps/smtpd[31698]: warning: Wrapper-mode request dropped from unknown[147.185.133.128] for service 465. TLS context initialization failed. For details see earlier warnings in your logs.
Oct 19 10:20:10 vps postfix/smtps/smtpd[31698]: disconnect from unknown[147.185.133.128]
Oct 19 10:20:11 vps postfix/smtps/smtpd[31698]: connect from unknown[147.185.133.128]
Oct 19 10:20:11 vps postfix/smtps/smtpd[31698]: warning: Wrapper-mode request dropped from unknown[147.185.133.128] for service 465. TLS context initialization failed. For details see earlier warnings in your logs.
Oct 19 10:20:11 vps postfix/smtps/smtpd[31698]: disconnect from unknown[147.185.133.128]
Oct 19 10:20:13 vps postfix/smtps/smtpd[31698]: connect from unknown[147.185.133.128]
Oct 19 10:20:13 vps postfix/smtps/smtpd[31698]: warning: Wrapper-mode request dropped from unknown[147.185.133.128] for service 465. TLS context initialization failed. For details see earlier warnings in your logs.
Oct 19 10:20:13 vps postfix/smtps/smtpd[31698]: disconnect from unknown[147.185.133.128]
Oct 19 10:20:14 vps postfix/smtpd[5060]: connect from unknown[212.132.96.229]
Oct 19 10:20:14 vps postfix/smtps/smtpd[31698]: connect from unknown[147.185.133.128]
Oct 19 10:20:14 vps postfix/smtps/smtpd[31698]: warning: Wrapper-mode request dropped from unknown[147.185.133.128] for service 465. TLS context initialization failed. For details see earlier warnings in your logs.
Oct 19 10:20:14 vps postfix/smtps/smtpd[31698]: disconnect from unknown[147.185.133.128]
Oct 19 10:20:16 vps postfix/smtps/smtpd[31698]: connect from unknown[147.185.133.128]
Oct 19 10:20:16 vps postfix/smtps/smtpd[31698]: warning: Wrapper-mode request dropped from unknown[147.185.133.128] for service 465. TLS context initialization failed. For details see earlier warnings in your logs.
Oct 19 10:20:16 vps postfix/smtps/smtpd[31698]: disconnect from unknown[147.185.133.128]
Oct 19 10:20:17 vps postfix/smtpd[5060]: warning: unknown[212.132.96.229]: SASL LOGIN authentication failed: UGFzc3dvcmQ6
Oct 19 10:20:17 vps postfix/smtpd[5060]: disconnect from unknown[212.132.96.229]
Oct 19 10:20:17 vps postfix/smtps/smtpd[31698]: connect from unknown[147.185.133.128]
Oct 19 10:20:17 vps postfix/smtps/smtpd[31698]: warning: Wrapper-mode request dropped from unknown[147.185.133.128] for service 465. TLS context initialization failed. For details see earlier warnings in your logs.
Oct 19 10:20:17 vps postfix/smtps/smtpd[31698]: disconnect from unknown[147.185.133.128]
Oct 19 10:20:38 vps postfix/qmgr[26951]: E83173718BF: from=, size=1116, nrcpt=2 (queue active)
Oct 19 10:20:38 vps postfix/qmgr[26951]: 82D361D858: from=, size=873, nrcpt=2 (queue active)
Oct 19 10:20:39 vps postfix/smtp[1939]: E83173718BF: host gmail-smtp-in.l.google.com[142.251.12.26] said: 550-5.7.26 Your email has been blocked because the sender is unauthenticated. 550-5.7.26 Gmail requires all senders to authenticate with either SPF or DKIM. 550-5.7.26 550-5.7.26 Authentication results: 550-5.7.26 DKIM = did not pass 550-5.7.26 SPF [vps.vcrowd.in] with ip: [103.120.179.240] = did not pass 550-5.7.26 550-5.7.26 For instructions on setting up authentication, go to 550 5.7.26 https://support.google.com/mail/answer/81126#authentication 41be03b00d2f7-b6a76b1cbe3si2040009a12.616 - gsmtp (in reply to end of DATA command)
Oct 19 10:20:41 vps postfix/smtp[1939]: E83173718BF: to=, relay=alt1.gmail-smtp-in.l.google.com[192.178.163.27]:25, delay=1518, delays=1516/0.06/2/0.65, dsn=4.7.26, status=SOFTBOUNCE (host alt1.gmail-smtp-in.l.google.com[192.178.163.27] said: 550-5.7.26 Your email has been blocked because the sender is unauthenticated. 550-5.7.26 Gmail requires all senders to authenticate with either SPF or DKIM. 550-5.7.26 550-5.7.26 Authentication results: 550-5.7.26 DKIM = did not pass 550-5.7.26 SPF [vps.vcrowd.in] with ip: [103.120.179.240] = did not pass 550-5.7.26 550-5.7.26 For instructions on setting up authentication, go to 550 5.7.26 https://support.google.com/mail/answer/81126#authentication d2e1a72fcca58-7a2300fb268si2253964b3a.546 - gsmtp (in reply to end of DATA command))
Oct 19 10:20:50 vps postfix/anvil[27319]: statistics: max connection rate 1/60s for (submission:212.132.96.229) at
Oct 19 10:11:23
Oct 19 10:20:50 vps postfix/anvil[27319]: statistics: max connection count 1 for (submission:212.132.96.229) at
Oct 19 10:11:23
Oct 19 10:20:50 vps postfix/anvil[27319]: statistics: max cache size 3 at
Oct 19 10:12:20
Oct 19 10:20:55 vps postfix/pickup[13513]: 94D063BF5BD: uid=1062 from=
Oct 19 10:20:55 vps postfix/cleanup[2198]: 94D063BF5BD: message-id=<20251019045055.94D063BF5BD@vps.vcrowd.in>
Oct 19 10:20:55 vps opendkim[5590]: 94D063BF5BD: no signing table match for '"info@gvkennel"@gmail.com'
Oct 19 10:20:55 vps opendkim[5590]: 94D063BF5BD: no signature data
Oct 19 10:20:55 vps postfix/qmgr[26951]: 94D063BF5BD: from=, size=918, nrcpt=1 (queue active)
Oct 19 10:20:56 vps postfix/smtp[1939]: 94D063BF5BD: host gmail-smtp-in.l.google.com[142.251.12.26] said: 550-5.7.26 Your email has been blocked because the sender is unauthenticated. 550-5.7.26 Gmail requires all senders to authenticate with either SPF or DKIM. 550-5.7.26 550-5.7.26 Authentication results: 550-5.7.26 DKIM = did not pass 550-5.7.26 SPF [vps.vcrowd.in] with ip: [103.120.179.240] = did not pass 550-5.7.26 550-5.7.26 For instructions on setting up authentication, go to 550 5.7.26 https://support.google.com/mail/answer/81126#authentication d2e1a72fcca58-7a2300f916esi2448253b3a.448 - gsmtp (in reply to end of DATA command)
Oct 19 10:20:58 vps postfix/smtp[1939]: 94D063BF5BD: to=, relay=alt1.gmail-smtp-in.l.google.com[192.178.163.27]:25, delay=2.9, delays=0.03/0/2.1/0.76, dsn=4.7.26, status=SOFTBOUNCE (host alt1.gmail-smtp-in.l.google.com[192.178.163.27] said: 550-5.7.26 Your email has been blocked because the sender is unauthenticated. 550-5.7.26 Gmail requires all senders to authenticate with either SPF or DKIM. 550-5.7.26 550-5.7.26 Authentication results: 550-5.7.26 DKIM = did not pass 550-5.7.26 SPF [vps.vcrowd.in] with ip: [103.120.179.240] = did not pass 550-5.7.26 550-5.7.26 For instructions on setting up authentication, go to 550 5.7.26 https://support.google.com/mail/answer/81126#authentication d2e1a72fcca58-7a2300d5866si2344040b3a.399 - gsmtp (in reply to end of DATA command))
Oct 19 10:21:08 vps postfix/smtp[1938]: connect to crackersadaikki.com[76.223.67.189]:25: Connection timed out
Oct 19 10:21:08 vps postfix/smtp[1940]: connect to crackersadaikki.com[13.248.213.45]:25: Connection timed out
Oct 19 10:21:26 vps postfix/smtpd[2618]: connect from unknown[62.60.131.124]
Oct 19 10:21:29 vps postfix/smtpd[2618]: warning: unknown[62.60.131.124]: SASL LOGIN authentication failed: UGFzc3dvcmQ6
Oct 19 10:21:29 vps postfix/smtpd[2618]: disconnect from unknown[62.60.131.124]
Oct 19 10:21:31 vps postfix/smtpd[5060]: connect from unknown[212.132.96.229]
Oct 19 10:21:34 vps postfix/smtpd[5060]: warning: unknown[212.132.96.229]: SASL LOGIN authentication failed: UGFzc3dvcmQ6
Oct 19 10:21:34 vps postfix/smtpd[5060]: disconnect from unknown[212.132.96.229]
Oct 19 10:21:38 vps postfix/smtp[1938]: connect to crackersadaikki.com[13.248.213.45]:25: Connection timed out
Oct 19 10:21:38 vps postfix/smtp[1938]: E83173718BF: to=, relay=none, delay=1576, delays=1516/0.05/60/0, dsn=4.4.1, status=deferred (connect to crackersadaikki.com[13.248.213.45]:25: Connection timed out)
Oct 19 10:21:38 vps postfix/qmgr[26951]: E83173718BF: from=, status=expired, returned to sender
Oct 19 10:21:38 vps postfix/cleanup[2198]: C82AD3C0147: message-id=<20251019045138.C82AD3C0147@vps.vcrowd.in>
Oct 19 10:21:38 vps postfix/qmgr[26951]: C82AD3C0147: from=<>, size=4709, nrcpt=1 (queue active)
Oct 19 10:21:38 vps postfix/bounce[1983]: E83173718BF: sender non-delivery notification: C82AD3C0147
Oct 19 10:21:38 vps postfix/qmgr[26951]: E83173718BF: removed
Oct 19 10:21:38 vps postfix/local[2778]: C82AD3C0147: to=, relay=local, delay=0.03, delays=0.01/0.02/0/0, dsn=2.0.0, status=sent (delivered to mailbox)
Oct 19 10:21:38 vps postfix/qmgr[26951]: C82AD3C0147: removed
Oct 19 10:21:38 vps postfix/smtp[1940]: connect to crackersadaikki.com[76.223.67.189]:25: Connection timed out
Oct 19 10:21:38 vps postfix/smtp[1940]: 82D361D858: to=, relay=none, delay=1576, delays=1516/0.04/60/0, dsn=4.4.1, status=deferred (connect to crackersadaikki.com[76.223.67.189]:25: Connection timed out)
Oct 19 10:21:38 vps postfix/qmgr[26951]: 82D361D858: from=, status=expired, returned to sender
Oct 19 10:21:38 vps postfix/cleanup[2198]: D33E83718BF: message-id=<20251019045138.D33E83718BF@vps.vcrowd.in>
Oct 19 10:21:38 vps postfix/bounce[1983]: 82D361D858: sender non-delivery notification: D33E83718BF
Oct 19 10:21:38 vps postfix/qmgr[26951]: D33E83718BF: from=<>, size=3089, nrcpt=1 (queue active)
Oct 19 10:21:38 vps postfix/qmgr[26951]: 82D361D858: removed
Oct 19 10:21:38 vps postfix/local[2778]: D33E83718BF: to=, relay=local, delay=0.01, delays=0.01/0/0/0, dsn=2.0.0, status=sent (delivered to mailbox)
Oct 19 10:21:38 vps postfix/qmgr[26951]: D33E83718BF: removed
Oct 19 10:21:59 vps postfix/smtpd[2618]: connect from unknown[27.13.31.15]
Oct 19 10:22:04 vps postfix/smtpd[2618]: warning: unknown[27.13.31.15]: SASL LOGIN authentication failed: UGFzc3dvcmQ6
Oct 19 10:22:04 vps postfix/smtpd[2618]: lost connection after AUTH from unknown[27.13.31.15]
Oct 19 10:22:04 vps postfix/smtpd[2618]: disconnect from unknown[27.13.31.15]
Oct 19 10:22:44 vps postfix/smtpd[2618]: connect from unknown[62.60.131.17]
Oct 19 10:22:47 vps postfix/smtpd[2618]: warning: unknown[62.60.131.17]: SASL LOGIN authentication failed: UGFzc3dvcmQ6
Oct 19 10:22:47 vps postfix/smtpd[2618]: disconnect from unknown[62.60.131.17]
Oct 19 10:22:48 vps postfix/smtpd[5060]: connect from unknown[212.132.96.229]
Oct 19 10:22:51 vps postfix/smtpd[5060]: warning: unknown[212.132.96.229]: SASL LOGIN authentication failed: UGFzc3dvcmQ6
Oct 19 10:22:51 vps postfix/smtpd[5060]: disconnect from unknown[212.132.96.229]
Oct 19 10:23:36 vps postfix/smtps/smtpd[4224]: warning: No server certs available. TLS won't be enabled
Oct 19 10:23:36 vps postfix/smtps/smtpd[4224]: warning: hostname hostglobal.plus does not resolve to address 78.153.140.207
Oct 19 10:23:36 vps postfix/smtps/smtpd[4224]: connect from unknown[78.153.140.207]
Oct 19 10:23:36 vps postfix/smtps/smtpd[4224]: warning: Wrapper-mode request dropped from unknown[78.153.140.207] for service 465. TLS context initialization failed. For details see earlier warnings in your logs.
Oct 19 10:23:36 vps postfix/smtps/smtpd[4224]: disconnect from unknown[78.153.140.207]
Oct 19 10:23:41 vps postfix/smtpd[5060]: connect from ec2-98-80-4-84.compute-1.amazonaws.com[98.80.4.84]
Oct 19 10:23:41 vps postfix/smtpd[5060]: warning: ec2-98-80-4-84.compute-1.amazonaws.com[98.80.4.84]: SASL NTLM authentication failed: Invalid authentication mechanism
Oct 19 10:23:41 vps postfix/smtpd[5060]: lost connection after AUTH from ec2-98-80-4-84.compute-1.amazonaws.com[98.80.4.84]
