Oct 19 19:45:40 vps postfix/smtp[4397]: 57ECA3BF595: host gmail-smtp-in.l.google.com[142.251.12.27] said: 550-5.7.26 Your email has been blocked because the sender is unauthenticated. 550-5.7.26 Gmail requires all senders to authenticate with either SPF or DKIM. 550-5.7.26 550-5.7.26 Authentication results: 550-5.7.26 DKIM = did not pass 550-5.7.26 SPF [vps.vcrowd.in] with ip: [103.120.179.240] = did not pass 550-5.7.26 550-5.7.26 For instructions on setting up authentication, go to 550 5.7.26 https://support.google.com/mail/answer/81126#authentication d9443c01a7336-29247238e69si31456935ad.665 - gsmtp (in reply to end of DATA command)
Oct 19 19:45:40 vps postfix/smtp[4403]: EDFC16F51A: host gmail-smtp-in.l.google.com[142.251.12.27] said: 550-5.7.26 Your email has been blocked because the sender is unauthenticated. 550-5.7.26 Gmail requires all senders to authenticate with either SPF or DKIM. 550-5.7.26 550-5.7.26 Authentication results: 550-5.7.26 DKIM = did not pass 550-5.7.26 SPF [vps.vcrowd.in] with ip: [103.120.179.240] = did not pass 550-5.7.26 550-5.7.26 For instructions on setting up authentication, go to 550 5.7.26 https://support.google.com/mail/answer/81126#authentication 98e67ed59e1d1-33d5ddee428si2556018a91.7 - gsmtp (in reply to end of DATA command)
Oct 19 19:45:40 vps postfix/smtp[4401]: EFADC8F134: to=, relay=alt1.gmail-smtp-in.l.google.com[192.178.163.26]:25, delay=1050, delays=1048/0.07/1.8/0.27, dsn=4.2.2, status=deferred (host alt1.gmail-smtp-in.l.google.com[192.178.163.26] said: 452-4.2.2 The recipient's inbox is out of storage space. Please direct the 452-4.2.2 recipient to 452 4.2.2 https://support.google.com/mail/?p=OverQuotaTemp d2e1a72fcca58-7a2300fa159si2901372b3a.447 - gsmtp (in reply to RCPT TO command))
Oct 19 19:45:41 vps postfix/smtp[4399]: 50AAE3C0146: to=, relay=alt1.gmail-smtp-in.l.google.com[192.178.163.26]:25, delay=405, delays=402/0.05/1.8/0.65, dsn=4.7.26, status=SOFTBOUNCE (host alt1.gmail-smtp-in.l.google.com[192.178.163.26] said: 550-5.7.26 Your email has been blocked because the sender is unauthenticated. 550-5.7.26 Gmail requires all senders to authenticate with either SPF or DKIM. 550-5.7.26 550-5.7.26 Authentication results: 550-5.7.26 DKIM = did not pass 550-5.7.26 SPF [vps.vcrowd.in] with ip: [103.120.179.240] = did not pass 550-5.7.26 550-5.7.26 For instructions on setting up authentication, go to 550 5.7.26 https://support.google.com/mail/answer/81126#authentication 41be03b00d2f7-b6a76b548c5si2533788a12.886 - gsmtp (in reply to end of DATA command))
Oct 19 19:45:41 vps postfix/smtp[4405]: D6AD43C0148: to=, relay=alt1.gmail-smtp-in.l.google.com[192.178.163.27]:25, delay=368, delays=366/0.12/1.9/0.63, dsn=4.7.26, status=SOFTBOUNCE (host alt1.gmail-smtp-in.l.google.com[192.178.163.27] said: 550-5.7.26 Your email has been blocked because the sender is unauthenticated. 550-5.7.26 Gmail requires all senders to authenticate with either SPF or DKIM. 550-5.7.26 550-5.7.26 Authentication results: 550-5.7.26 DKIM = did not pass 550-5.7.26 SPF [vps.vcrowd.in] with ip: [103.120.179.240] = did not pass 550-5.7.26 550-5.7.26 For instructions on setting up authentication, go to 550 5.7.26 https://support.google.com/mail/answer/81126#authentication 41be03b00d2f7-b6a795f5b0bsi2278408a12.572 - gsmtp (in reply to end of DATA command))
Oct 19 19:45:41 vps postfix/smtp[4397]: 57ECA3BF595: to=, relay=alt1.gmail-smtp-in.l.google.com[192.178.163.26]:25, delay=1050, delays=1047/0.03/2.4/0.62, dsn=4.7.26, status=SOFTBOUNCE (host alt1.gmail-smtp-in.l.google.com[192.178.163.26] said: 550-5.7.26 Your email has been blocked because the sender is unauthenticated. 550-5.7.26 Gmail requires all senders to authenticate with either SPF or DKIM. 550-5.7.26 550-5.7.26 Authentication results: 550-5.7.26 DKIM = did not pass 550-5.7.26 SPF [vps.vcrowd.in] with ip: [103.120.179.240] = did not pass 550-5.7.26 550-5.7.26 For instructions on setting up authentication, go to 550 5.7.26 https://support.google.com/mail/answer/81126#authentication 41be03b00d2f7-b6b01dd1a6esi1203822a12.1279 - gsmtp (in reply to end of DATA command))
Oct 19 19:45:41 vps postfix/smtp[4403]: EDFC16F51A: to=, relay=alt1.gmail-smtp-in.l.google.com[192.178.163.26]:25, delay=406, delays=403/0.1/2.6/0.62, dsn=4.7.26, status=SOFTBOUNCE (host alt1.gmail-smtp-in.l.google.com[192.178.163.26] said: 550-5.7.26 Your email has been blocked because the sender is unauthenticated. 550-5.7.26 Gmail requires all senders to authenticate with either SPF or DKIM. 550-5.7.26 550-5.7.26 Authentication results: 550-5.7.26 DKIM = did not pass 550-5.7.26 SPF [vps.vcrowd.in] with ip: [103.120.179.240] = did not pass 550-5.7.26 550-5.7.26 For instructions on setting up authentication, go to 550 5.7.26 https://support.google.com/mail/answer/81126#authentication d9443c01a7336-29246ec7ee4si30956475ad.52 - gsmtp (in reply to end of DATA command))
Oct 19 19:45:42 vps postfix/smtp[4401]: 926493C0147: host gmail-smtp-in.l.google.com[142.251.12.26] said: 550-5.7.26 Your email has been blocked because the sender is unauthenticated. 550-5.7.26 Gmail requires all senders to authenticate with either SPF or DKIM. 550-5.7.26 550-5.7.26 Authentication results: 550-5.7.26 DKIM = did not pass 550-5.7.26 SPF [vps.vcrowd.in] with ip: [103.120.179.240] = did not pass 550-5.7.26 550-5.7.26 For instructions on setting up authentication, go to 550 5.7.26 https://support.google.com/mail/answer/81126#authentication 41be03b00d2f7-b6a795f5ac4si2173512a12.582 - gsmtp (in reply to end of DATA command)
Oct 19 19:45:43 vps postfix/smtp[4401]: 926493C0147: to=, relay=alt1.gmail-smtp-in.l.google.com[192.178.163.26]:25, delay=371, delays=366/2.3/1.9/0.66, dsn=4.7.26, status=SOFTBOUNCE (host alt1.gmail-smtp-in.l.google.com[192.178.163.26] said: 550-5.7.26 Your email has been blocked because the sender is unauthenticated. 550-5.7.26 Gmail requires all senders to authenticate with either SPF or DKIM. 550-5.7.26 550-5.7.26 Authentication results: 550-5.7.26 DKIM = did not pass 550-5.7.26 SPF [vps.vcrowd.in] with ip: [103.120.179.240] = did not pass 550-5.7.26 550-5.7.26 For instructions on setting up authentication, go to 550 5.7.26 https://support.google.com/mail/answer/81126#authentication 41be03b00d2f7-b6c65053e95si861050a12.698 - gsmtp (in reply to end of DATA command))
Oct 19 19:46:08 vps postfix/smtp[4396]: connect to crackersadaikki.com[13.248.213.45]:25: Connection timed out
Oct 19 19:46:08 vps postfix/smtp[4404]: connect to crackersadaikki.com[76.223.67.189]:25: Connection timed out
Oct 19 19:46:08 vps postfix/smtp[4398]: connect to crackersadaikki.com[76.223.67.189]:25: Connection timed out
Oct 19 19:46:08 vps postfix/smtp[4402]: connect to crackersadaikki.com[13.248.213.45]:25: Connection timed out
Oct 19 19:46:08 vps postfix/smtp[4400]: connect to crackersadaikki.com[13.248.213.45]:25: Connection timed out
Oct 19 19:46:22 vps postfix/smtpd[21025]: connect from unknown[212.132.96.229]
Oct 19 19:46:25 vps postfix/smtpd[21025]: warning: unknown[212.132.96.229]: SASL LOGIN authentication failed: UGFzc3dvcmQ6
Oct 19 19:46:25 vps postfix/smtpd[21025]: disconnect from unknown[212.132.96.229]
Oct 19 19:46:38 vps postfix/smtp[4396]: connect to crackersadaikki.com[76.223.67.189]:25: Connection timed out
Oct 19 19:46:38 vps postfix/smtp[4396]: 57ECA3BF595: to=, relay=none, delay=1107, delays=1047/0.02/60/0, dsn=4.4.1, status=deferred (connect to crackersadaikki.com[76.223.67.189]:25: Connection timed out)
Oct 19 19:46:38 vps postfix/qmgr[26951]: 57ECA3BF595: from=, status=expired, returned to sender
Oct 19 19:46:38 vps postfix/cleanup[5102]: A84831D858: message-id=<20251019141638.A84831D858@vps.vcrowd.in>
Oct 19 19:46:38 vps postfix/bounce[4427]: 57ECA3BF595: sender non-delivery notification: A84831D858
Oct 19 19:46:38 vps postfix/qmgr[26951]: A84831D858: from=<>, size=4709, nrcpt=1 (queue active)
Oct 19 19:46:38 vps postfix/qmgr[26951]: 57ECA3BF595: removed
Oct 19 19:46:38 vps postfix/local[5105]: A84831D858: to=, relay=local, delay=0.04, delays=0.03/0.01/0/0, dsn=2.0.0, status=sent (delivered to mailbox)
Oct 19 19:46:38 vps postfix/qmgr[26951]: A84831D858: removed
Oct 19 19:46:38 vps postfix/smtp[4404]: connect to crackersadaikki.com[13.248.213.45]:25: Connection timed out
Oct 19 19:46:38 vps postfix/smtp[4404]: D6AD43C0148: to=, relay=none, delay=426, delays=366/0.11/60/0, dsn=4.4.1, status=deferred (connect to crackersadaikki.com[13.248.213.45]:25: Connection timed out)
Oct 19 19:46:38 vps postfix/smtp[4398]: connect to crackersadaikki.com[13.248.213.45]:25: Connection timed out
Oct 19 19:46:38 vps postfix/smtp[4398]: 50AAE3C0146: to=, relay=none, delay=462, delays=402/0.04/60/0, dsn=4.4.1, status=deferred (connect to crackersadaikki.com[13.248.213.45]:25: Connection timed out)
Oct 19 19:46:38 vps postfix/error[5107]: 926493C0147: to=, relay=none, delay=426, delays=366/60/0/0.01, dsn=4.4.1, status=deferred (delivery temporarily suspended: connect to crackersadaikki.com[13.248.213.45]:25: Connection timed out)
Oct 19 19:46:38 vps postfix/smtp[4402]: connect to crackersadaikki.com[76.223.67.189]:25: Connection timed out
Oct 19 19:46:38 vps postfix/smtp[4402]: EDFC16F51A: to=, relay=none, delay=463, delays=403/0.08/60/0, dsn=4.4.1, status=deferred (connect to crackersadaikki.com[76.223.67.189]:25: Connection timed out)
Oct 19 19:46:38 vps postfix/smtp[4400]: connect to crackersadaikki.com[76.223.67.189]:25: Connection timed out
Oct 19 19:46:38 vps postfix/smtp[4400]: EFADC8F134: to=, relay=none, delay=1108, delays=1048/0.06/60/0, dsn=4.4.1, status=deferred (connect to crackersadaikki.com[76.223.67.189]:25: Connection timed out)
Oct 19 19:46:38 vps postfix/qmgr[26951]: EFADC8F134: from=, status=expired, returned to sender
Oct 19 19:46:38 vps postfix/cleanup[5102]: E81951D858: message-id=<20251019141638.E81951D858@vps.vcrowd.in>
Oct 19 19:46:38 vps postfix/bounce[4427]: EFADC8F134: sender non-delivery notification: E81951D858
Oct 19 19:46:38 vps postfix/qmgr[26951]: E81951D858: from=<>, size=3824, nrcpt=1 (queue active)
Oct 19 19:46:38 vps postfix/qmgr[26951]: EFADC8F134: removed
Oct 19 19:46:38 vps postfix/local[5105]: E81951D858: to=, relay=local, delay=0.01, delays=0/0/0/0, dsn=2.0.0, status=sent (delivered to mailbox)
Oct 19 19:46:38 vps postfix/qmgr[26951]: E81951D858: removed
Oct 19 19:47:03 vps postfix/smtpd[5418]: connect from unknown[213.209.157.225]
Oct 19 19:47:06 vps postfix/smtpd[5418]: warning: unknown[213.209.157.225]: SASL LOGIN authentication failed: UGFzc3dvcmQ6
Oct 19 19:47:06 vps postfix/smtpd[5418]: disconnect from unknown[213.209.157.225]
Oct 19 19:47:27 vps postfix/pickup[23535]: DCB421D858: uid=1052 from=
Oct 19 19:47:27 vps postfix/cleanup[5102]: DCB421D858: message-id=<20251019141727.DCB421D858@vps.vcrowd.in>
Oct 19 19:47:27 vps opendkim[5590]: DCB421D858: DKIM-Signature field added (s=default, d=crackersadaikki.com)
Oct 19 19:47:27 vps postfix/qmgr[26951]: DCB421D858: from=, size=872, nrcpt=2 (queue active)
Oct 19 19:47:27 vps postfix/error[5107]: DCB421D858: to=, relay=none, delay=0.07, delays=0.06/0.01/0/0, dsn=4.4.1, status=deferred (delivery temporarily suspended: connect to crackersadaikki.com[13.248.213.45]:25: Connection timed out)
Oct 19 19:47:28 vps postfix/pickup[23535]: 365FA8F134: uid=1052 from=
Oct 19 19:47:28 vps postfix/cleanup[5102]: 365FA8F134: message-id=<20251019141728.365FA8F134@vps.vcrowd.in>
Oct 19 19:47:28 vps opendkim[5590]: 365FA8F134: DKIM-Signature field added (s=default, d=crackersadaikki.com)
Oct 19 19:47:28 vps postfix/qmgr[26951]: 365FA8F134: from=, size=1114, nrcpt=2 (queue active)
Oct 19 19:47:28 vps postfix/error[5107]: 365FA8F134: to=, relay=none, delay=0.06, delays=0.05/0/0/0, dsn=4.4.1, status=deferred (delivery temporarily suspended: connect to crackersadaikki.com[13.248.213.45]:25: Connection timed out)
Oct 19 19:47:29 vps postfix/smtp[4404]: DCB421D858: host gmail-smtp-in.l.google.com[142.251.12.27] said: 550-5.7.26 Your email has been blocked because the sender is unauthenticated. 550-5.7.26 Gmail requires all senders to authenticate with either SPF or DKIM. 550-5.7.26 550-5.7.26 Authentication results: 550-5.7.26 DKIM = did not pass 550-5.7.26 SPF [vps.vcrowd.in] with ip: [103.120.179.240] = did not pass 550-5.7.26 550-5.7.26 For instructions on setting up authentication, go to 550 5.7.26 https://support.google.com/mail/answer/81126#authentication d2e1a72fcca58-7a230128636si3040998b3a.845 - gsmtp (in reply to end of DATA command)
Oct 19 19:47:29 vps postfix/smtp[4400]: 365FA8F134: host gmail-smtp-in.l.google.com[142.251.12.27] said: 550-5.7.26 Your email has been blocked because the sender is unauthenticated. 550-5.7.26 Gmail requires all senders to authenticate with either SPF or DKIM. 550-5.7.26 550-5.7.26 Authentication results: 550-5.7.26 DKIM = did not pass 550-5.7.26 SPF [vps.vcrowd.in] with ip: [103.120.179.240] = did not pass 550-5.7.26 550-5.7.26 For instructions on setting up authentication, go to 550 5.7.26 https://support.google.com/mail/answer/81126#authentication 41be03b00d2f7-b6a76b1d841si2512165a12.634 - gsmtp (in reply to end of DATA command)
Oct 19 19:47:30 vps postfix/smtp[4404]: DCB421D858: to=, relay=alt1.gmail-smtp-in.l.google.com[192.178.163.26]:25, delay=2.6, delays=0.06/0.01/1.9/0.64, dsn=4.7.26, status=SOFTBOUNCE (host alt1.gmail-smtp-in.l.google.com[192.178.163.26] said: 550-5.7.26 Your email has been blocked because the sender is unauthenticated. 550-5.7.26 Gmail requires all senders to authenticate with either SPF or DKIM. 550-5.7.26 550-5.7.26 Authentication results: 550-5.7.26 DKIM = did not pass 550-5.7.26 SPF [vps.vcrowd.in] with ip: [103.120.179.240] = did not pass 550-5.7.26 550-5.7.26 For instructions on setting up authentication, go to 550 5.7.26 https://support.google.com/mail/answer/81126#authentication d9443c01a7336-29247228788si31406515ad.616 - gsmtp (in reply to end of DATA command))
Oct 19 19:47:31 vps postfix/smtp[4400]: 365FA8F134: to=, relay=alt1.gmail-smtp-in.l.google.com[192.178.163.26]:25, delay=3.1, delays=0.05/0/2.3/0.67, dsn=4.7.26, status=SOFTBOUNCE (host alt1.gmail-smtp-in.l.google.com[192.178.163.26] said: 550-5.7.26 Your email has been blocked because the sender is unauthenticated. 550-5.7.26 Gmail requires all senders to authenticate with either SPF or DKIM. 550-5.7.26 550-5.7.26 Authentication results: 550-5.7.26 DKIM = did not pass 550-5.7.26 SPF [vps.vcrowd.in] with ip: [103.120.179.240] = did not pass 550-5.7.26 550-5.7.26 For instructions on setting up authentication, go to 550 5.7.26 https://support.google.com/mail/answer/81126#authentication d2e1a72fcca58-7a23012b5e0si2841442b3a.941 - gsmtp (in reply to end of DATA command))
Oct 19 19:47:39 vps postfix/smtpd[21025]: connect from unknown[212.132.96.229]
Oct 19 19:47:42 vps postfix/smtpd[21025]: warning: unknown[212.132.96.229]: SASL LOGIN authentication failed: UGFzc3dvcmQ6
Oct 19 19:47:42 vps postfix/smtpd[21025]: disconnect from unknown[212.132.96.229]
Oct 19 19:48:54 vps postfix/smtpd[21025]: connect from unknown[212.132.96.229]
Oct 19 19:48:57 vps postfix/smtpd[21025]: warning: unknown[212.132.96.229]: SASL LOGIN authentication failed: UGFzc3dvcmQ6
Oct 19 19:48:57 vps postfix/smtpd[21025]: disconnect from unknown[212.132.96.229]
Oct 19 19:48:59 vps postfix/pickup[23535]: 037213BF595: uid=1052 from=
Oct 19 19:48:59 vps postfix/cleanup[5102]: 037213BF595: message-id=<20251019141859.037213BF595@vps.vcrowd.in>
Oct 19 19:48:59 vps opendkim[5590]: 037213BF595: DKIM-Signature field added (s=default, d=crackersadaikki.com)
Oct 19 19:48:59 vps postfix/qmgr[26951]: 037213BF595: from=, size=871, nrcpt=2 (queue active)
Oct 19 19:48:59 vps postfix/error[5107]: 037213BF595: to=, relay=none, delay=0.07, delays=0.06/0.01/0/0, dsn=4.4.1, status=deferred (delivery temporarily suspended: connect to crackersadaikki.com[13.248.213.45]:25: Connection timed out)
Oct 19 19:48:59 vps postfix/pickup[23535]: 5993A3C014E: uid=1052 from=
Oct 19 19:48:59 vps postfix/cleanup[5102]: 5993A3C014E: message-id=<20251019141859.5993A3C014E@vps.vcrowd.in>
Oct 19 19:48:59 vps opendkim[5590]: 5993A3C014E: DKIM-Signature field added (s=default, d=crackersadaikki.com)
Oct 19 19:48:59 vps postfix/qmgr[26951]: 5993A3C014E: from=, size=1116, nrcpt=2 (queue active)
Oct 19 19:48:59 vps postfix/error[5107]: 5993A3C014E: to=, relay=none, delay=0.06, delays=0.05/0/0/0, dsn=4.4.1, status=deferred (delivery temporarily suspended: connect to crackersadaikki.com[13.248.213.45]:25: Connection timed out)
Oct 19 19:49:00 vps postfix/smtp[4400]: 037213BF595: host gmail-smtp-in.l.google.com[142.251.12.26] said: 550-5.7.26 Your email has been blocked because the sender is unauthenticated. 550-5.7.26 Gmail requires all senders to authenticate with either SPF or DKIM. 550-5.7.26 550-5.7.26 Authentication results: 550-5.7.26 DKIM = did not pass 550-5.7.26 SPF [vps.vcrowd.in] with ip: [103.120.179.240] = did not pass 550-5.7.26 550-5.7.26 For instructions on setting up authentication, go to 550 5.7.26 https://support.google.com/mail/answer/81126#authentication d2e1a72fcca58-7a23012d8bcsi2977138b3a.928 - gsmtp (in reply to end of DATA command)
Oct 19 19:49:00 vps postfix/smtp[4404]: 5993A3C014E: host gmail-smtp-in.l.google.com[142.251.12.26] said: 550-5.7.26 Your email has been blocked because the sender is unauthenticated. 550-5.7.26 Gmail requires all senders to authenticate with either SPF or DKIM. 550-5.7.26 550-5.7.26 Authentication results: 550-5.7.26 DKIM = did not pass 550-5.7.26 SPF [vps.vcrowd.in] with ip: [103.120.179.240] = did not pass 550-5.7.26 550-5.7.26 For instructions on setting up authentication, go to 550 5.7.26 https://support.google.com/mail/answer/81126#authentication d2e1a72fcca58-7a22ff1482fsi2863759b3a.160 - gsmtp (in reply to end of DATA command)
Oct 19 19:49:01 vps postfix/smtp[4400]: 037213BF595: to=, relay=alt1.gmail-smtp-in.l.google.com[192.178.163.26]:25, delay=2.7, delays=0.06/0.01/2.1/0.62, dsn=4.7.26, status=SOFTBOUNCE (host alt1.gmail-smtp-in.l.google.com[192.178.163.26] said: 550-5.7.26 Your email has been blocked because the sender is unauthenticated. 550-5.7.26 Gmail requires all senders to authenticate with either SPF or DKIM. 550-5.7.26 550-5.7.26 Authentication results: 550-5.7.26 DKIM = did not pass 550-5.7.26 SPF [vps.vcrowd.in] with ip: [103.120.179.240] = did not pass 550-5.7.26 550-5.7.26 For instructions on setting up authentication, go to 550 5.7.26 https://support.google.com/mail/answer/81126#authentication d9443c01a7336-29246fc07ddsi31802755ad.33 - gsmtp (in reply to end of DATA command))
Oct 19 19:49:01 vps postfix/smtp[4404]: 5993A3C014E: to=, relay=alt1.gmail-smtp-in.l.google.com[192.178.163.26]:25, delay=2.6, delays=0.05/0/1.9/0.66, dsn=4.7.26, status=SOFTBOUNCE (host alt1.gmail-smtp-in.l.google.com[192.178.163.26] said: 550-5.7.26 Your email has been blocked because the sender is unauthenticated. 550-5.7.26 Gmail requires all senders to authenticate with either SPF or DKIM. 550-5.7.26 550-5.7.26 Authentication results: 550-5.7.26 DKIM = did not pass 550-5.7.26 SPF [vps.vcrowd.in] with ip: [103.120.179.240] = did not pass 550-5.7.26 550-5.7.26 For instructions on setting up authentication, go to 550 5.7.26 https://support.google.com/mail/answer/81126#authentication 41be03b00d2f7-b6a76646ee6si2541916a12.56 - gsmtp (in reply to end of DATA command))
Oct 19 19:49:08 vps postfix/scache[4434]: statistics: start interval
Oct 19 19:45:40
Oct 19 19:49:08 vps postfix/scache[4434]: statistics: domain lookup hits=0 miss=1 success=0%
Oct 19 19:49:08 vps postfix/scache[4434]: statistics: address lookup hits=0 miss=2 success=0%
Oct 19 19:49:08 vps postfix/scache[4434]: statistics: max simultaneous domains=1 addresses=2 connection=2
Oct 19 19:49:46 vps postfix/pickup[23535]: 74B8F3C014F: uid=1098 from=
Oct 19 19:49:46 vps postfix/cleanup[5102]: 74B8F3C014F: message-id=<20251019141946.74B8F3C014F@vps.vcrowd.in>
Oct 19 19:49:46 vps opendkim[5590]: 74B8F3C014F: no signing table match for 'beneras1@yahoo.com'
Oct 19 19:49:46 vps opendkim[5590]: 74B8F3C014F: no signature data
Oct 19 19:49:46 vps postfix/qmgr[26951]: 74B8F3C014F: from=, size=574, nrcpt=3 (queue active)
Oct 19 19:49:46 vps postfix/smtpd[7428]: warning: hostname 95x79x57x221.static-business.nn.ertelecom.ru does not resolve to address 95.79.57.221: Name or service not known
Oct 19 19:49:46 vps postfix/smtpd[7428]: connect from unknown[95.79.57.221]
Oct 19 19:49:47 vps postfix/smtp[4400]: 74B8F3C014F: host gmail-smtp-in.l.google.com[142.251.12.26] said: 550-5.7.26 Unauthenticated email from yahoo.com is not accepted due to domain's 550-5.7.26 DMARC policy. Please contact the administrator of yahoo.com domain 550-5.7.26 if this was a legitimate mail. To learn about the DMARC initiative, 550-5.7.26 go to 550 5.7.26 https://support.google.com/mail/?p=DmarcRejection 41be03b00d2f7-b6a76b7dadesi2481063a12.1320 - gsmtp (in reply to end of DATA command)
Oct 19 19:49:48 vps postfix/smtp[4404]: 74B8F3C014F: host mta6.am0.yahoodns.net[67.195.228.106] said: 554 5.7.9 This mail has been blocked because it failed authentication checks against the sending domains DMARC policy. See https://senders.yahooinc.com/smtp-error-codes#dmarc-fail for more information. (in reply to end of DATA command)
Oct 19 19:49:49 vps postfix/smtp[4400]: 74B8F3C014F: to=, relay=alt1.gmail-smtp-in.l.google.com[192.178.163.26]:25, delay=2.9, delays=0.02/0.01/2.2/0.74, dsn=4.7.26, status=SOFTBOUNCE (host alt1.gmail-smtp-in.l.google.com[192.178.163.26] said: 550-5.7.26 Unauthenticated email from yahoo.com is not accepted due to domain's 550-5.7.26 DMARC policy. Please contact the administrator of yahoo.com domain 550-5.7.26 if this was a legitimate mail. To learn about the DMARC initiative, 550-5.7.26 go to 550 5.7.26 https://support.google.com/mail/?p=DmarcRejection 41be03b00d2f7-b6a76b1c5c5si2501889a12.333 - gsmtp (in reply to end of DATA command))
Oct 19 19:49:49 vps postfix/smtp[4400]: 74B8F3C014F: to=, relay=alt1.gmail-smtp-in.l.google.com[192.178.163.26]:25, delay=2.9, delays=0.02/0.01/2.2/0.74, dsn=4.7.26, status=SOFTBOUNCE (host alt1.gmail-smtp-in.l.google.com[192.178.163.26] said: 550-5.7.26 Unauthenticated email from yahoo.com is not accepted due to domain's 550-5.7.26 DMARC policy. Please contact the administrator of yahoo.com domain 550-5.7.26 if this was a legitimate mail. To learn about the DMARC initiative, 550-5.7.26 go to 550 5.7.26 https://support.google.com/mail/?p=DmarcRejection 41be03b00d2f7-b6a76b1c5c5si2501889a12.333 - gsmtp (in reply to end of DATA command))
Oct 19 19:49:50 vps postfix/smtp[4404]: 74B8F3C014F: to=, relay=mta6.am0.yahoodns.net[67.195.228.110]:25, delay=4.1, delays=0.02/0.01/3.3/0.76, dsn=4.7.9, status=SOFTBOUNCE (host mta6.am0.yahoodns.net[67.195.228.110] said: 554 5.7.9 This mail has been blocked because it failed authentication checks against the sending domains DMARC policy. See https://senders.yahooinc.com/smtp-error-codes#dmarc-fail for more information. (in reply to end of DATA command))
Oct 19 19:49:51 vps postfix/smtpd[7428]: warning: unknown[95.79.57.221]: SASL LOGIN authentication failed: UGFzc3dvcmQ6
Oct 19 19:49:51 vps postfix/smtpd[7428]: lost connection after AUTH from unknown[95.79.57.221]
Oct 19 19:49:51 vps postfix/smtpd[7428]: disconnect from unknown[95.79.57.221]
Oct 19 19:50:11 vps postfix/smtpd[21025]: connect from unknown[212.132.96.229]
Oct 19 19:50:14 vps postfix/smtpd[21025]: warning: unknown[212.132.96.229]: SASL LOGIN authentication failed: UGFzc3dvcmQ6
Oct 19 19:50:14 vps postfix/smtpd[21025]: disconnect from unknown[212.132.96.229]
Oct 19 19:50:30 vps postfix/pickup[23535]: 5471D3BF5BD: uid=1052 from=
Oct 19 19:50:30 vps postfix/cleanup[5102]: 5471D3BF5BD: message-id=<20251019142030.5471D3BF5BD@vps.vcrowd.in>
Oct 19 19:50:30 vps opendkim[5590]: 5471D3BF5BD: DKIM-Signature field added (s=default, d=crackersadaikki.com)
Oct 19 19:50:30 vps postfix/qmgr[26951]: 5471D3BF5BD: from=, size=876, nrcpt=2 (queue active)
Oct 19 19:50:30 vps postfix/error[5107]: 5471D3BF5BD: to=, relay=none, delay=0.07, delays=0.06/0.01/0/0, dsn=4.4.1, status=deferred (delivery temporarily suspended: connect to crackersadaikki.com[13.248.213.45]:25: Connection timed out)
Oct 19 19:50:30 vps postfix/pickup[23535]: 9741E3C0151: uid=1052 from=
Oct 19 19:50:30 vps postfix/cleanup[5102]: 9741E3C0151: message-id=<20251019142030.9741E3C0151@vps.vcrowd.in>
Oct 19 19:50:30 vps opendkim[5590]: 9741E3C0151: DKIM-Signature field added (s=default, d=crackersadaikki.com)
Oct 19 19:50:30 vps postfix/qmgr[26951]: 9741E3C0151: from=, size=1116, nrcpt=2 (queue active)
Oct 19 19:50:30 vps postfix/error[5107]: 9741E3C0151: to=, relay=none, delay=0.06, delays=0.05/0/0/0, dsn=4.4.1, status=deferred (delivery temporarily suspended: connect to crackersadaikki.com[13.248.213.45]:25: Connection timed out)
Oct 19 19:50:31 vps postfix/smtp[4400]: 5471D3BF5BD: host gmail-smtp-in.l.google.com[142.251.12.26] said: 550-5.7.26 Your email has been blocked because the sender is unauthenticated. 550-5.7.26 Gmail requires all senders to authenticate with either SPF or DKIM. 550-5.7.26 550-5.7.26 Authentication results: 550-5.7.26 DKIM = did not pass 550-5.7.26 SPF [vps.vcrowd.in] with ip: [103.120.179.240] = did not pass 550-5.7.26 550-5.7.26 For instructions on setting up authentication, go to 550 5.7.26 https://support.google.com/mail/answer/81126#authentication d2e1a72fcca58-7a2301171dfsi2881181b3a.731 - gsmtp (in reply to end of DATA command)
Oct 19 19:50:31 vps postfix/smtp[4404]: 9741E3C0151: host gmail-smtp-in.l.google.com[142.251.12.27] said: 550-5.7.26 Your email has been blocked because the sender is unauthenticated. 550-5.7.26 Gmail requires all senders to authenticate with either SPF or DKIM. 550-5.7.26 550-5.7.26 Authentication results: 550-5.7.26 DKIM = did not pass 550-5.7.26 SPF [vps.vcrowd.in] with ip: [103.120.179.240] = did not pass 550-5.7.26 550-5.7.26 For instructions on setting up authentication, go to 550 5.7.26 https://support.google.com/mail/answer/81126#authentication 41be03b00d2f7-b6a76b5d2a2si2649760a12.974 - gsmtp (in reply to end of DATA command)
Oct 19 19:50:33 vps postfix/smtp[4400]: 5471D3BF5BD: to=, relay=alt1.gmail-smtp-in.l.google.com[192.178.163.27]:25, delay=2.9, delays=0.06/0.01/2.1/0.73, dsn=4.7.26, status=SOFTBOUNCE (host alt1.gmail-smtp-in.l.google.com[192.178.163.27] said: 550-5.7.26 Your email has been blocked because the sender is unauthenticated. 550-5.7.26 Gmail requires all senders to authenticate with either SPF or DKIM. 550-5.7.26 550-5.7.26 Authentication results: 550-5.7.26 DKIM = did not pass 550-5.7.26 SPF [vps.vcrowd.in] with ip: [103.120.179.240] = did not pass 550-5.7.26 550-5.7.26 For instructions on setting up authentication, go to 550 5.7.26 https://support.google.com/mail/answer/81126#authentication d9443c01a7336-2924723a4c2si30817165ad.733 - gsmtp (in reply to end of DATA command))
Oct 19 19:50:33 vps postfix/smtp[4404]: 9741E3C0151: to=, relay=alt1.gmail-smtp-in.l.google.com[192.178.163.27]:25, delay=2.6, delays=0.05/0.01/1.9/0.62, dsn=4.7.26, status=SOFTBOUNCE (host alt1.gmail-smtp-in.l.google.com[192.178.163.27] said: 550-5.7.26 Your email has been blocked because the sender is unauthenticated. 550-5.7.26 Gmail requires all senders to authenticate with either SPF or DKIM. 550-5.7.26 550-5.7.26 Authentication results: 550-5.7.26 DKIM = did not pass 550-5.7.26 SPF [vps.vcrowd.in] with ip: [103.120.179.240] = did not pass 550-5.7.26 550-5.7.26 For instructions on setting up authentication, go to 550 5.7.26 https://support.google.com/mail/answer/81126#authentication d9443c01a7336-2924723a402si29498425ad.681 - gsmtp (in reply to end of DATA command))
Oct 19 19:50:38 vps postfix/qmgr[26951]: C16956F9D7: from=, size=964, nrcpt=1 (queue active)
Oct 19 19:50:38 vps postfix/qmgr[26951]: 62E357AFB3: from=, size=927, nrcpt=1 (queue active)
Oct 19 19:50:38 vps postfix/qmgr[26951]: 9BDEA3C014B: from=, size=870, nrcpt=2 (queue active)
Oct 19 19:50:38 vps postfix/qmgr[26951]: F0FC03C014C: from=, size=1116, nrcpt=2 (queue active)
Oct 19 19:50:38 vps postfix/error[5107]: 9BDEA3C014B: to=, relay=none, delay=477, delays=477/0.01/0/0.03, dsn=4.4.1, status=deferred (delivery temporarily suspended: connect to crackersadaikki.com[13.248.213.45]:25: Connection timed out)
Oct 19 19:50:38 vps postfix/error[9001]: F0FC03C014C: to=, relay=none, delay=476, delays=476/0.02/0/0.02, dsn=4.4.1, status=deferred (delivery temporarily suspended: connect to crackersadaikki.com[13.248.213.45]:25: Connection timed out)
Oct 19 19:50:39 vps postfix/smtp[9000]: 9BDEA3C014B: host gmail-smtp-in.l.google.com[142.251.12.26] said: 550-5.7.26 Your email has been blocked because the sender is unauthenticated. 550-5.7.26 Gmail requires all senders to authenticate with either SPF or DKIM. 550-5.7.26 550-5.7.26 Authentication results: 550-5.7.26 DKIM = did not pass 550-5.7.26 SPF [vps.vcrowd.in] with ip: [103.120.179.240] = did not pass 550-5.7.26 550-5.7.26 For instructions on setting up authentication, go to 550 5.7.26 https://support.google.com/mail/answer/81126#authentication 41be03b00d2f7-b6a76b1c44csi2527754a12.448 - gsmtp (in reply to end of DATA command)
Oct 19 19:50:39 vps postfix/smtp[4400]: C16956F9D7: host gmail-smtp-in.l.google.com[142.251.12.26] said: 550-5.7.26 Your email has been blocked because the sender is unauthenticated. 550-5.7.26 Gmail requires all senders to authenticate with either SPF or DKIM. 550-5.7.26 550-5.7.26 Authentication results: 550-5.7.26 DKIM = did not pass 550-5.7.26 SPF [vps.vcrowd.in] with ip: [103.120.179.240] = did not pass 550-5.7.26 550-5.7.26 For instructions on setting up authentication, go to 550 5.7.26 https://support.google.com/mail/answer/81126#authentication 41be03b00d2f7-b6c951f8fbesi816004a12.102 - gsmtp (in reply to end of DATA command)
Oct 19 19:50:39 vps postfix/smtp[9003]: F0FC03C014C: host gmail-smtp-in.l.google.com[142.251.12.26] said: 550-5.7.26 Your email has been blocked because the sender is unauthenticated. 550-5.7.26 Gmail requires all senders to authenticate with either SPF or DKIM. 550-5.7.26 550-5.7.26 Authentication results: 550-5.7.26 DKIM = did not pass 550-5.7.26 SPF [vps.vcrowd.in] with ip: [103.120.179.240] = did not pass 550-5.7.26 550-5.7.26 For instructions on setting up authentication, go to 550 5.7.26 https://support.google.com/mail/answer/81126#authentication d9443c01a7336-29247206636si29320295ad.472 - gsmtp (in reply to end of DATA command)
Oct 19 19:50:39 vps postfix/smtp[4404]: 62E357AFB3: host gmail-smtp-in.l.google.com[142.251.12.27] said: 550-5.7.26 Your email has been blocked because the sender is unauthenticated. 550-5.7.26 Gmail requires all senders to authenticate with either SPF or DKIM. 550-5.7.26 550-5.7.26 Authentication results: 550-5.7.26 DKIM = did not pass 550-5.7.26 SPF [vps.vcrowd.in] with ip: [103.120.179.240] = did not pass 550-5.7.26 550-5.7.26 For instructions on setting up authentication, go to 550 5.7.26 https://support.google.com/mail/answer/81126#authentication d2e1a72fcca58-7a23012d05asi2793456b3a.907 - gsmtp (in reply to end of DATA command)
Oct 19 19:50:40 vps postfix/smtp[4400]: C16956F9D7: to=, relay=alt1.gmail-smtp-in.l.google.com[192.178.163.27]:25, delay=568, delays=565/0.01/1.8/0.62, dsn=4.7.26, status=SOFTBOUNCE (host alt1.gmail-smtp-in.l.google.com[192.178.163.27] said: 550-5.7.26 Your email has been blocked because the sender is unauthenticated. 550-5.7.26 Gmail requires all senders to authenticate with either SPF or DKIM. 550-5.7.26 550-5.7.26 Authentication results: 550-5.7.26 DKIM = did not pass 550-5.7.26 SPF [vps.vcrowd.in] with ip: [103.120.179.240] = did not pass 550-5.7.26 550-5.7.26 For instructions on setting up authentication, go to 550 5.7.26 https://support.google.com/mail/answer/81126#authentication 41be03b00d2f7-b6a76b4337dsi2602962a12.833 - gsmtp (in reply to end of DATA command))
Oct 19 19:50:40 vps postfix/smtp[9000]: 9BDEA3C014B: to=, relay=alt1.gmail-smtp-in.l.google.com[192.178.163.27]:25, delay=479, delays=477/0.02/1.8/0.66, dsn=4.7.26, status=SOFTBOUNCE (host alt1.gmail-smtp-in.l.google.com[192.178.163.27] said: 550-5.7.26 Your email has been blocked because the sender is unauthenticated. 550-5.7.26 Gmail requires all senders to authenticate with either SPF or DKIM. 550-5.7.26 550-5.7.26 Authentication results: 550-5.7.26 DKIM = did not pass 550-5.7.26 SPF [vps.vcrowd.in] with ip: [103.120.179.240] = did not pass 550-5.7.26 550-5.7.26 For instructions on setting up authentication, go to 550 5.7.26 https://support.google.com/mail/answer/81126#authentication d2e1a72fcca58-7a2301194d5si2909756b3a.760 - gsmtp (in reply to end of DATA command))
Oct 19 19:50:40 vps postfix/smtp[9003]: F0FC03C014C: to=, relay=alt1.gmail-smtp-in.l.google.com[192.178.163.26]:25, delay=479, delays=476/0.03/1.8/0.65, dsn=4.7.26, status=SOFTBOUNCE (host alt1.gmail-smtp-in.l.google.com[192.178.163.26] said: 550-5.7.26 Your email has been blocked because the sender is unauthenticated. 550-5.7.26 Gmail requires all senders to authenticate with either SPF or DKIM. 550-5.7.26 550-5.7.26 Authentication results: 550-5.7.26 DKIM = did not pass 550-5.7.26 SPF [vps.vcrowd.in] with ip: [103.120.179.240] = did not pass 550-5.7.26 550-5.7.26 For instructions on setting up authentication, go to 550 5.7.26 https://support.google.com/mail/answer/81126#authentication 41be03b00d2f7-b6a7b4b8c61si2006367a12.1297 - gsmtp (in reply to end of DATA command))
Oct 19 19:50:41 vps postfix/smtp[4404]: 62E357AFB3: to=, relay=alt1.gmail-smtp-in.l.google.com[192.178.163.27]:25, delay=1194, delays=1191/0.01/2/0.78, dsn=4.7.26, status=SOFTBOUNCE (host alt1.gmail-smtp-in.l.google.com[192.178.163.27] said: 550-5.7.26 Your email has been blocked because the sender is unauthenticated. 550-5.7.26 Gmail requires all senders to authenticate with either SPF or DKIM. 550-5.7.26 550-5.7.26 Authentication results: 550-5.7.26 DKIM = did not pass 550-5.7.26 SPF [vps.vcrowd.in] with ip: [103.120.179.240] = did not pass 550-5.7.26 550-5.7.26 For instructions on setting up authentication, go to 550 5.7.26 https://support.google.com/mail/answer/81126#authentication 41be03b00d2f7-b6a76b7749asi2534828a12.1238 - gsmtp (in reply to end of DATA command))
Oct 19 19:50:41 vps postfix/qmgr[26951]: 62E357AFB3: from=, status=expired, returned to sender
Oct 19 19:50:41 vps postfix/cleanup[5102]: 0C89C3C0152: message-id=<20251019142041.0C89C3C0152@vps.vcrowd.in>
Oct 19 19:50:41 vps postfix/bounce[4427]: 62E357AFB3: sender non-delivery notification: 0C89C3C0152
Oct 19 19:50:41 vps postfix/qmgr[26951]: 0C89C3C0152: from=<>, size=3851, nrcpt=1 (queue active)
Oct 19 19:50:41 vps postfix/qmgr[26951]: 62E357AFB3: removed
Oct 19 19:50:41 vps postfix/local[9031]: 0C89C3C0152: to=, relay=local, delay=0.03, delays=0.01/0.02/0/0, dsn=2.0.0, status=sent (delivered to mailbox)
Oct 19 19:50:41 vps postfix/qmgr[26951]: 0C89C3C0152: removed
Oct 19 19:50:50 vps postfix/anvil[27319]: statistics: max connection rate 1/60s for (smtp:96.31.94.178) at
Oct 19 19:40:57
Oct 19 19:50:50 vps postfix/anvil[27319]: statistics: max connection count 1 for (smtp:96.31.94.178) at
Oct 19 19:40:57
Oct 19 19:50:50 vps postfix/anvil[27319]: statistics: max cache size 4 at
Oct 19 19:40:57
Oct 19 19:50:51 vps postfix/smtpd[7428]: connect from unknown[77.90.185.216]
Oct 19 19:50:54 vps postfix/smtpd[7428]: warning: unknown[77.90.185.216]: SASL LOGIN authentication failed: UGFzc3dvcmQ6
Oct 19 19:50:54 vps postfix/smtpd[9158]: connect from unknown[77.90.185.216]
Oct 19 19:50:54 vps postfix/smtpd[7428]: disconnect from unknown[77.90.185.216]
Oct 19 19:50:55 vps postfix/smtpd[7428]: connect from unknown[77.90.185.216]
Oct 19 19:50:55 vps postfix/smtpd[9180]: connect from unknown[77.90.185.216]
Oct 19 19:50:56 vps postfix/smtpd[9183]: connect from unknown[77.90.185.216]
Oct 19 19:50:59 vps postfix/smtpd[9215]: connect from unknown[77.90.185.216]
Oct 19 19:51:00 vps postfix/smtpd[9227]: connect from unknown[77.90.185.216]
Oct 19 19:51:01 vps postfix/smtpd[9233]: connect from unknown[77.90.185.216]
Oct 19 19:51:01 vps postfix/smtpd[9158]: warning: unknown[77.90.185.216]: SASL LOGIN authentication failed: UGFzc3dvcmQ6
Oct 19 19:51:01 vps postfix/smtpd[9158]: disconnect from unknown[77.90.185.216]
Oct 19 19:51:02 vps postfix/smtpd[9180]: warning: unknown[77.90.185.216]: SASL LOGIN authentication failed: UGFzc3dvcmQ6
Oct 19 19:51:02 vps postfix/smtpd[9180]: disconnect from unknown[77.90.185.216]
Oct 19 19:51:03 vps postfix/smtpd[7428]: warning: unknown[77.90.185.216]: SASL LOGIN authentication failed: UGFzc3dvcmQ6
Oct 19 19:51:03 vps postfix/smtpd[9183]: warning: unknown[77.90.185.216]: SASL LOGIN authentication failed: UGFzc3dvcmQ6
Oct 19 19:51:03 vps postfix/smtpd[7428]: disconnect from unknown[77.90.185.216]
Oct 19 19:51:03 vps postfix/smtpd[9183]: disconnect from unknown[77.90.185.216]
Oct 19 19:51:11 vps postfix/smtpd[9233]: warning: unknown[77.90.185.216]: SASL LOGIN authentication failed: UGFzc3dvcmQ6
Oct 19 19:51:11 vps postfix/smtpd[9215]: warning: unknown[77.90.185.216]: SASL LOGIN authentication failed: UGFzc3dvcmQ6
Oct 19 19:51:11 vps postfix/smtpd[9227]: warning: unknown[77.90.185.216]: SASL LOGIN authentication failed: UGFzc3dvcmQ6
Oct 19 19:51:11 vps postfix/smtpd[9227]: disconnect from unknown[77.90.185.216]
Oct 19 19:51:11 vps postfix/smtpd[9215]: disconnect from unknown[77.90.185.216]
Oct 19 19:51:11 vps postfix/smtpd[9233]: disconnect from unknown[77.90.185.216]
Oct 19 19:51:27 vps postfix/smtpd[21025]: connect from unknown[212.132.96.229]
Oct 19 19:51:30 vps postfix/smtpd[21025]: warning: unknown[212.132.96.229]: SASL LOGIN authentication failed: UGFzc3dvcmQ6
Oct 19 19:51:30 vps postfix/smtpd[21025]: disconnect from unknown[212.132.96.229]
Oct 19 19:51:44 vps postfix/smtpd[21025]: connect from 59.211.203.35.bc.googleusercontent.com[35.203.211.59]
Oct 19 19:52:29 vps postfix/smtpd[21025]: lost connection after CONNECT from 59.211.203.35.bc.googleusercontent.com[35.203.211.59]
Oct 19 19:52:29 vps postfix/smtpd[21025]: disconnect from 59.211.203.35.bc.googleusercontent.com[35.203.211.59]
Oct 19 19:52:42 vps postfix/smtpd[21025]: connect from unknown[212.132.96.229]
Oct 19 19:52:44 vps postfix/smtpd[21025]: warning: unknown[212.132.96.229]: SASL LOGIN authentication failed: UGFzc3dvcmQ6
Oct 19 19:52:44 vps postfix/smtpd[10239]: connect from 59.211.203.35.bc.googleusercontent.com[35.203.211.59]
Oct 19 19:52:44 vps postfix/smtpd[21025]: disconnect from unknown[212.132.96.229]
Oct 19 19:52:56 vps postfix/smtpd[10239]: lost connection after CONNECT from 59.211.203.35.bc.googleusercontent.com[35.203.211.59]
Oct 19 19:52:56 vps postfix/smtpd[10239]: disconnect from 59.211.203.35.bc.googleusercontent.com[35.203.211.59]
Oct 19 19:52:57 vps postfix/smtpd[21025]: connect from 59.211.203.35.bc.googleusercontent.com[35.203.211.59]
Oct 19 19:53:07 vps postfix/smtpd[21025]: lost connection after CONNECT from 59.211.203.35.bc.googleusercontent.com[35.203.211.59]
Oct 19 19:53:07 vps postfix/smtpd[21025]: disconnect from 59.211.203.35.bc.googleusercontent.com[35.203.211.59]
Oct 19 19:53:39 vps postfix/smtps/smtpd[10781]: warning: No server certs available. TLS won't be enabled
Oct 19 19:53:39 vps postfix/smtps/smtpd[10781]: connect from unknown[183.171.154.91]
Oct 19 19:53:39 vps postfix/smtps/smtpd[10781]: warning: Wrapper-mode request dropped from unknown[183.171.154.91] for service 465. TLS context initialization failed. For details see earlier warnings in your logs.
Oct 19 19:53:39 vps postfix/smtps/smtpd[10781]: disconnect from unknown[183.171.154.91]
Oct 19 19:53:43 vps postfix/smtps/smtpd[10781]: connect from unknown[65.20.150.36]
Oct 19 19:53:43 vps postfix/smtps/smtpd[10781]: warning: Wrapper-mode request dropped from unknown[65.20.150.36] for service 465. TLS context initialization failed. For details see earlier warnings in your logs.
Oct 19 19:53:43 vps postfix/smtps/smtpd[10781]: disconnect from unknown[65.20.150.36]
Oct 19 19:53:46 vps postfix/smtps/smtpd[10781]: warning: hostname host-24-112-109-248.vyvebroadband.net does not resolve to address 24.112.109.248: Name or service not known
Oct 19 19:53:46 vps postfix/smtps/smtpd[10781]: connect from unknown[24.112.109.248]
Oct 19 19:53:46 vps postfix/smtps/smtpd[10781]: warning: Wrapper-mode request dropped from unknown[24.112.109.248] for service 465. TLS context initialization failed. For details see earlier warnings in your logs.
Oct 19 19:53:46 vps postfix/smtps/smtpd[10781]: disconnect from unknown[24.112.109.248]
Oct 19 19:53:49 vps postfix/smtps/smtpd[10781]: connect from unknown[175.11.231.94]
Oct 19 19:53:49 vps postfix/smtps/smtpd[10781]: warning: Wrapper-mode request dropped from unknown[175.11.231.94] for service 465. TLS context initialization failed. For details see earlier warnings in your logs.
Oct 19 19:53:49 vps postfix/smtps/smtpd[10781]: disconnect from unknown[175.11.231.94]
Oct 19 19:53:50 vps postfix/smtpd[10878]: connect from h-79-136-18-53.A1440.priv.bahnhof.se[79.136.18.53]
Oct 19 19:53:51 vps postfix/smtps/smtpd[10781]: warning: hostname nsg-corporate-122.41.187.122.airtel.in does not resolve to address 122.187.41.122: Name or service not known
Oct 19 19:53:51 vps postfix/smtps/smtpd[10781]: connect from unknown[122.187.41.122]
Oct 19 19:53:51 vps postfix/smtps/smtpd[10781]: warning: Wrapper-mode request dropped from unknown[122.187.41.122] for service 465. TLS context initialization failed. For details see earlier warnings in your logs.
Oct 19 19:53:51 vps postfix/smtps/smtpd[10781]: disconnect from unknown[122.187.41.122]
Oct 19 19:53:54 vps postfix/smtpd[10878]: warning: h-79-136-18-53.A1440.priv.bahnhof.se[79.136.18.53]: SASL LOGIN authentication failed: UGFzc3dvcmQ6
Oct 19 19:53:54 vps postfix/smtpd[10878]: lost connection after AUTH from h-79-136-18-53.A1440.priv.bahnhof.se[79.136.18.53]
Oct 19 19:53:54 vps postfix/smtpd[10878]: disconnect from h-79-136-18-53.A1440.priv.bahnhof.se[79.136.18.53]
Oct 19 19:53:58 vps postfix/smtpd[10239]: connect from unknown[212.132.96.229]
Oct 19 19:54:00 vps postfix/smtpd[10239]: warning: unknown[212.132.96.229]: SASL LOGIN authentication failed: UGFzc3dvcmQ6
Oct 19 19:54:00 vps postfix/smtpd[10239]: disconnect from unknown[212.132.96.229]
Oct 19 19:54:08 vps postfix/smtps/smtpd[10781]: connect from unknown[14.110.82.46]
Oct 19 19:54:08 vps postfix/smtps/smtpd[10781]: warning: Wrapper-mode request dropped from unknown[14.110.82.46] for service 465. TLS context initialization failed. For details see earlier warnings in your logs.
Oct 19 19:54:08 vps postfix/smtps/smtpd[10781]: disconnect from unknown[14.110.82.46]
Oct 19 19:55:04 vps postfix/smtps/smtpd[10781]: connect from unknown[49.124.146.40]
Oct 19 19:55:04 vps postfix/smtps/smtpd[10781]: warning: Wrapper-mode request dropped from unknown[49.124.146.40] for service 465. TLS context initialization failed. For details see earlier warnings in your logs.
Oct 19 19:55:04 vps postfix/smtps/smtpd[10781]: disconnect from unknown[49.124.146.40]
Oct 19 19:55:12 vps postfix/smtpd[10239]: connect from unknown[212.132.96.229]
Oct 19 19:55:15 vps postfix/smtpd[10239]: warning: unknown[212.132.96.229]: SASL LOGIN authentication failed: UGFzc3dvcmQ6
Oct 19 19:55:15 vps postfix/smtpd[10239]: disconnect from unknown[212.132.96.229]
Oct 19 19:55:28 vps postfix/smtpd[10878]: connect from unknown[62.60.131.124]
Oct 19 19:55:31 vps postfix/smtpd[10878]: warning: unknown[62.60.131.124]: SASL LOGIN authentication failed: UGFzc3dvcmQ6
Oct 19 19:55:31 vps postfix/smtpd[10878]: disconnect from unknown[62.60.131.124]
Oct 19 19:55:38 vps postfix/qmgr[26951]: 50AAE3C0146: from=, size=1116, nrcpt=2 (queue active)
Oct 19 19:55:38 vps postfix/qmgr[26951]: 5993A3C014E: from=, size=1116, nrcpt=2 (queue active)
Oct 19 19:55:38 vps postfix/qmgr[26951]: 5471D3BF5BD: from=, size=876, nrcpt=2 (queue active)
Oct 19 19:55:38 vps postfix/qmgr[26951]: 365FA8F134: from=, size=1114, nrcpt=2 (queue active)
Oct 19 19:55:38 vps postfix/qmgr[26951]: EDFC16F51A: from=, size=875, nrcpt=2 (queue active)
Oct 19 19:55:38 vps postfix/qmgr[26951]: D6AD43C0148: from=, size=1116, nrcpt=2 (queue active)
Oct 19 19:55:38 vps postfix/qmgr[26951]: DCB421D858: from=, size=872, nrcpt=2 (queue active)
Oct 19 19:55:38 vps postfix/qmgr[26951]: 74B8F3C014F: from=, size=574, nrcpt=3 (queue active)
Oct 19 19:55:38 vps postfix/qmgr[26951]: 926493C0147: from=, size=877, nrcpt=2 (queue active)
Oct 19 19:55:38 vps postfix/qmgr[26951]: 9741E3C0151: from=, size=1116, nrcpt=2 (queue active)
Oct 19 19:55:38 vps postfix/qmgr[26951]: 037213BF595: from=, size=871, nrcpt=2 (queue active)
Oct 19 19:55:39 vps postfix/smtp[12888]: EDFC16F51A: host gmail-smtp-in.l.google.com[142.251.12.27] said: 550-5.7.26 Your email has been blocked because the sender is unauthenticated. 550-5.7.26 Gmail requires all senders to authenticate with either SPF or DKIM. 550-5.7.26 550-5.7.26 Authentication results: 550-5.7.26 DKIM = did not pass 550-5.7.26 SPF [vps.vcrowd.in] with ip: [103.120.179.240] = did not pass 550-5.7.26 550-5.7.26 For instructions on setting up authentication, go to 550 5.7.26 https://support.google.com/mail/answer/81126#authentication 41be03b00d2f7-b6cb4d7c092si302434a12.1518 - gsmtp (in reply to end of DATA command)
Oct 19 19:55:39 vps postfix/smtp[12880]: 50AAE3C0146: host gmail-smtp-in.l.google.com[142.251.12.26] said: 550-5.7.26 Your email has been blocked because the sender is unauthenticated. 550-5.7.26 Gmail requires all senders to authenticate with either SPF or DKIM. 550-5.7.26 550-5.7.26 Authentication results: 550-5.7.26 DKIM = did not pass 550-5.7.26 SPF [vps.vcrowd.in] with ip: [103.120.179.240] = did not pass 550-5.7.26 550-5.7.26 For instructions on setting up authentication, go to 550 5.7.26 https://support.google.com/mail/answer/81126#authentication 41be03b00d2f7-b6a76b1c61dsi2538237a12.580 - gsmtp (in reply to end of DATA command)
Oct 19 19:55:39 vps postfix/smtp[12886]: 365FA8F134: host gmail-smtp-in.l.google.com[142.251.12.27] said: 550-5.7.26 Your email has been blocked because the sender is unauthenticated. 550-5.7.26 Gmail requires all senders to authenticate with either SPF or DKIM. 550-5.7.26 550-5.7.26 Authentication results: 550-5.7.26 DKIM = did not pass 550-5.7.26 SPF [vps.vcrowd.in] with ip: [103.120.179.240] = did not pass 550-5.7.26 550-5.7.26 For instructions on setting up authentication, go to 550 5.7.26 https://support.google.com/mail/answer/81126#authentication d9443c01a7336-29247222283si29421195ad.488 - gsmtp (in reply to end of DATA command)
Oct 19 19:55:39 vps postfix/smtp[12882]: 5993A3C014E: host gmail-smtp-in.l.google.com[142.251.12.26] said: 550-5.7.26 Your email has been blocked because the sender is unauthenticated. 550-5.7.26 Gmail requires all senders to authenticate with either SPF or DKIM. 550-5.7.26 550-5.7.26 Authentication results: 550-5.7.26 DKIM = did not pass 550-5.7.26 SPF [vps.vcrowd.in] with ip: [103.120.179.240] = did not pass 550-5.7.26 550-5.7.26 For instructions on setting up authentication, go to 550 5.7.26 https://support.google.com/mail/answer/81126#authentication d9443c01a7336-29246ff6941si30757745ad.173 - gsmtp (in reply to end of DATA command)
Oct 19 19:55:39 vps postfix/smtp[12889]: 74B8F3C014F: host mta7.am0.yahoodns.net[98.136.96.74] said: 554 5.7.9 This mail has been blocked because it failed authentication checks against the sending domains DMARC policy. See https://senders.yahooinc.com/smtp-error-codes#dmarc-fail for more information. (in reply to end of DATA command)
Oct 19 19:55:40 vps postfix/smtp[12888]: EDFC16F51A: to=, relay=alt1.gmail-smtp-in.l.google.com[192.178.163.27]:25, delay=1005, delays=1002/0.12/2/0.62, dsn=4.7.26, status=SOFTBOUNCE (host alt1.gmail-smtp-in.l.google.com[192.178.163.27] said: 550-5.7.26 Your email has been blocked because the sender is unauthenticated. 550-5.7.26 Gmail requires all senders to authenticate with either SPF or DKIM. 550-5.7.26 550-5.7.26 Authentication results: 550-5.7.26 DKIM = did not pass 550-5.7.26 SPF [vps.vcrowd.in] with ip: [103.120.179.240] = did not pass 550-5.7.26 550-5.7.26 For instructions on setting up authentication, go to 550 5.7.26 https://support.google.com/mail/answer/81126#authentication d9443c01a7336-292471dad89si29715725ad.293 - gsmtp (in reply to end of DATA command))
Oct 19 19:55:40 vps postfix/smtp[12886]: 365FA8F134: to=, relay=alt1.gmail-smtp-in.l.google.com[192.178.163.27]:25, delay=493, delays=490/0.1/2/0.61, dsn=4.7.26, status=SOFTBOUNCE (host alt1.gmail-smtp-in.l.google.com[192.178.163.27] said: 550-5.7.26 Your email has been blocked because the sender is unauthenticated. 550-5.7.26 Gmail requires all senders to authenticate with either SPF or DKIM. 550-5.7.26 550-5.7.26 Authentication results: 550-5.7.26 DKIM = did not pass 550-5.7.26 SPF [vps.vcrowd.in] with ip: [103.120.179.240] = did not pass 550-5.7.26 550-5.7.26 For instructions on setting up authentication, go to 550 5.7.26 https://support.google.com/mail/answer/81126#authentication d9443c01a7336-292472263besi30687725ad.559 - gsmtp (in reply to end of DATA command))
Oct 19 19:55:40 vps postfix/smtp[12882]: 5993A3C014E: to=, relay=alt1.gmail-smtp-in.l.google.com[192.178.163.27]:25, delay=402, delays=399/0.06/2.1/0.75, dsn=4.7.26, status=SOFTBOUNCE (host alt1.gmail-smtp-in.l.google.com[192.178.163.27] said: 550-5.7.26 Your email has been blocked because the sender is unauthenticated. 550-5.7.26 Gmail requires all senders to authenticate with either SPF or DKIM. 550-5.7.26 550-5.7.26 Authentication results: 550-5.7.26 DKIM = did not pass 550-5.7.26 SPF [vps.vcrowd.in] with ip: [103.120.179.240] = did not pass 550-5.7.26 550-5.7.26 For instructions on setting up authentication, go to 550 5.7.26 https://support.google.com/mail/answer/81126#authentication 41be03b00d2f7-b6a76b9461esi2466636a12.1577 - gsmtp (in reply to end of DATA command))
