Oct 19 21:30:48 vps postfix/smtpd[22214]: disconnect from unknown[195.211.188.86]
Oct 19 21:30:50 vps postfix/anvil[27319]: statistics: max connection rate 1/60s for (submission:212.132.96.229) at
Oct 19 21:21:56
Oct 19 21:30:50 vps postfix/anvil[27319]: statistics: max connection count 1 for (submission:212.132.96.229) at
Oct 19 21:21:56
Oct 19 21:30:50 vps postfix/anvil[27319]: statistics: max cache size 3 at
Oct 19 21:26:10
Oct 19 21:30:56 vps postfix/smtpd[10239]: connect from unknown[212.132.96.229]
Oct 19 21:30:58 vps postfix/smtpd[10239]: warning: unknown[212.132.96.229]: SASL LOGIN authentication failed: UGFzc3dvcmQ6
Oct 19 21:30:58 vps postfix/smtpd[10239]: disconnect from unknown[212.132.96.229]
Oct 19 21:31:57 vps postfix/smtpd[22214]: connect from uert.whimsicraftcreations.info[96.31.94.34]
Oct 19 21:31:58 vps postfix/smtpd[22214]: NOQUEUE: reject: RCPT from uert.whimsicraftcreations.info[96.31.94.34]: 450 4.1.1 : Recipient address rejected: User unknown in virtual mailbox table; from= to= proto=ESMTP helo=
Oct 19 21:31:58 vps postfix/smtpd[22214]: disconnect from uert.whimsicraftcreations.info[96.31.94.34]
Oct 19 21:32:12 vps postfix/smtpd[10239]: connect from unknown[212.132.96.229]
Oct 19 21:32:14 vps postfix/smtpd[10239]: warning: unknown[212.132.96.229]: SASL LOGIN authentication failed: UGFzc3dvcmQ6
Oct 19 21:32:14 vps postfix/smtpd[10239]: disconnect from unknown[212.132.96.229]
Oct 19 21:32:59 vps postfix/smtpd[22214]: connect from unknown[213.209.157.225]
Oct 19 21:33:02 vps postfix/smtpd[22214]: warning: unknown[213.209.157.225]: SASL LOGIN authentication failed: UGFzc3dvcmQ6
Oct 19 21:33:02 vps postfix/smtpd[22214]: disconnect from unknown[213.209.157.225]
Oct 19 21:33:28 vps postfix/smtpd[10239]: connect from unknown[212.132.96.229]
Oct 19 21:33:31 vps postfix/smtpd[10239]: warning: unknown[212.132.96.229]: SASL LOGIN authentication failed: UGFzc3dvcmQ6
Oct 19 21:33:31 vps postfix/smtpd[10239]: disconnect from unknown[212.132.96.229]
Oct 19 21:33:37 vps postfix/smtpd[22214]: warning: hostname nsg-corporate-150.144.185.122.airtel.in does not resolve to address 122.185.144.150: Name or service not known
Oct 19 21:33:37 vps postfix/smtpd[22214]: connect from unknown[122.185.144.150]
Oct 19 21:33:42 vps postfix/smtpd[22214]: warning: unknown[122.185.144.150]: SASL LOGIN authentication failed: UGFzc3dvcmQ6
Oct 19 21:33:42 vps postfix/smtpd[22214]: lost connection after AUTH from unknown[122.185.144.150]
Oct 19 21:33:42 vps postfix/smtpd[22214]: disconnect from unknown[122.185.144.150]
Oct 19 21:34:44 vps postfix/smtpd[10239]: connect from unknown[212.132.96.229]
Oct 19 21:34:48 vps postfix/smtpd[10239]: warning: unknown[212.132.96.229]: SASL LOGIN authentication failed: UGFzc3dvcmQ6
Oct 19 21:34:48 vps postfix/smtpd[10239]: disconnect from unknown[212.132.96.229]
Oct 19 21:34:51 vps postfix/pickup[27273]: 1BF2B6F9D7: uid=1062 from=
Oct 19 21:34:51 vps postfix/cleanup[27483]: 1BF2B6F9D7: message-id=<20251019160451.1BF2B6F9D7@vps.vcrowd.in>
Oct 19 21:34:51 vps opendkim[5590]: 1BF2B6F9D7: no signing table match for '"info@gvkennel"@gmail.com'
Oct 19 21:34:51 vps opendkim[5590]: 1BF2B6F9D7: no signature data
Oct 19 21:34:51 vps postfix/qmgr[26951]: 1BF2B6F9D7: from=, size=916, nrcpt=1 (queue active)
Oct 19 21:34:52 vps postfix/smtp[27493]: 1BF2B6F9D7: host gmail-smtp-in.l.google.com[142.251.12.27] said: 550-5.7.26 Your email has been blocked because the sender is unauthenticated. 550-5.7.26 Gmail requires all senders to authenticate with either SPF or DKIM. 550-5.7.26 550-5.7.26 Authentication results: 550-5.7.26 DKIM = did not pass 550-5.7.26 SPF [vps.vcrowd.in] with ip: [103.120.179.240] = did not pass 550-5.7.26 550-5.7.26 For instructions on setting up authentication, go to 550 5.7.26 https://support.google.com/mail/answer/81126#authentication 41be03b00d2f7-b6a76645169si2599037a12.176 - gsmtp (in reply to end of DATA command)
Oct 19 21:34:53 vps postfix/smtpd[22214]: connect from mail-1c.netcraft.com[52.31.138.216]
Oct 19 21:34:54 vps postfix/smtp[27493]: 1BF2B6F9D7: to=, relay=alt1.gmail-smtp-in.l.google.com[192.178.163.27]:25, delay=2.9, delays=0.09/0.03/2.1/0.72, dsn=4.7.26, status=SOFTBOUNCE (host alt1.gmail-smtp-in.l.google.com[192.178.163.27] said: 550-5.7.26 Your email has been blocked because the sender is unauthenticated. 550-5.7.26 Gmail requires all senders to authenticate with either SPF or DKIM. 550-5.7.26 550-5.7.26 Authentication results: 550-5.7.26 DKIM = did not pass 550-5.7.26 SPF [vps.vcrowd.in] with ip: [103.120.179.240] = did not pass 550-5.7.26 550-5.7.26 For instructions on setting up authentication, go to 550 5.7.26 https://support.google.com/mail/answer/81126#authentication d2e1a72fcca58-7a2300d87d0si3053664b3a.314 - gsmtp (in reply to end of DATA command))
Oct 19 21:34:55 vps postfix/smtpd[22214]: NOQUEUE: reject: RCPT from mail-1c.netcraft.com[52.31.138.216]: 450 4.1.1 : Recipient address rejected: User unknown in virtual mailbox table; from= to= proto=ESMTP helo=
Oct 19 21:34:55 vps postfix/smtpd[22214]: disconnect from mail-1c.netcraft.com[52.31.138.216]
Oct 19 21:35:17 vps postfix/smtpd[22214]: connect from unknown[62.60.131.17]
Oct 19 21:35:20 vps postfix/smtpd[22214]: warning: unknown[62.60.131.17]: SASL LOGIN authentication failed: UGFzc3dvcmQ6
Oct 19 21:35:20 vps postfix/smtpd[22214]: disconnect from unknown[62.60.131.17]
Oct 19 21:35:21 vps postfix/smtpd[22214]: connect from mail-1c.netcraft.com[52.31.138.216]
Oct 19 21:35:22 vps postfix/smtpd[22214]: NOQUEUE: reject: RCPT from mail-1c.netcraft.com[52.31.138.216]: 450 4.1.1 : Recipient address rejected: User unknown in virtual mailbox table; from= to= proto=ESMTP helo=
Oct 19 21:35:22 vps postfix/smtpd[22214]: disconnect from mail-1c.netcraft.com[52.31.138.216]
Oct 19 21:35:38 vps postfix/qmgr[26951]: C075D3BF595: from=, size=1116, nrcpt=2 (queue active)
Oct 19 21:35:38 vps postfix/qmgr[26951]: 680BC6F51A: from=, size=871, nrcpt=2 (queue active)
Oct 19 21:35:39 vps postfix/smtp[29276]: 680BC6F51A: host gmail-smtp-in.l.google.com[142.251.12.27] said: 550-5.7.26 Your email has been blocked because the sender is unauthenticated. 550-5.7.26 Gmail requires all senders to authenticate with either SPF or DKIM. 550-5.7.26 550-5.7.26 Authentication results: 550-5.7.26 DKIM = did not pass 550-5.7.26 SPF [vps.vcrowd.in] with ip: [103.120.179.240] = did not pass 550-5.7.26 550-5.7.26 For instructions on setting up authentication, go to 550 5.7.26 https://support.google.com/mail/answer/81126#authentication d2e1a72fcca58-7a2300d87dbsi3076361b3a.351 - gsmtp (in reply to end of DATA command)
Oct 19 21:35:39 vps postfix/smtp[29274]: C075D3BF595: host gmail-smtp-in.l.google.com[142.251.12.27] said: 550-5.7.26 Your email has been blocked because the sender is unauthenticated. 550-5.7.26 Gmail requires all senders to authenticate with either SPF or DKIM. 550-5.7.26 550-5.7.26 Authentication results: 550-5.7.26 DKIM = did not pass 550-5.7.26 SPF [vps.vcrowd.in] with ip: [103.120.179.240] = did not pass 550-5.7.26 550-5.7.26 For instructions on setting up authentication, go to 550 5.7.26 https://support.google.com/mail/answer/81126#authentication 41be03b00d2f7-b6a76b8b637si2511165a12.1509 - gsmtp (in reply to end of DATA command)
Oct 19 21:35:40 vps postfix/smtp[29276]: 680BC6F51A: to=, relay=alt1.gmail-smtp-in.l.google.com[192.178.163.27]:25, delay=483, delays=481/0.05/2.1/0.62, dsn=4.7.26, status=SOFTBOUNCE (host alt1.gmail-smtp-in.l.google.com[192.178.163.27] said: 550-5.7.26 Your email has been blocked because the sender is unauthenticated. 550-5.7.26 Gmail requires all senders to authenticate with either SPF or DKIM. 550-5.7.26 550-5.7.26 Authentication results: 550-5.7.26 DKIM = did not pass 550-5.7.26 SPF [vps.vcrowd.in] with ip: [103.120.179.240] = did not pass 550-5.7.26 550-5.7.26 For instructions on setting up authentication, go to 550 5.7.26 https://support.google.com/mail/answer/81126#authentication 41be03b00d2f7-b6cb2d86079si510026a12.1564 - gsmtp (in reply to end of DATA command))
Oct 19 21:35:40 vps postfix/smtp[29274]: C075D3BF595: to=, relay=alt1.gmail-smtp-in.l.google.com[192.178.163.26]:25, delay=483, delays=480/0.03/2.1/0.61, dsn=4.7.26, status=SOFTBOUNCE (host alt1.gmail-smtp-in.l.google.com[192.178.163.26] said: 550-5.7.26 Your email has been blocked because the sender is unauthenticated. 550-5.7.26 Gmail requires all senders to authenticate with either SPF or DKIM. 550-5.7.26 550-5.7.26 Authentication results: 550-5.7.26 DKIM = did not pass 550-5.7.26 SPF [vps.vcrowd.in] with ip: [103.120.179.240] = did not pass 550-5.7.26 550-5.7.26 For instructions on setting up authentication, go to 550 5.7.26 https://support.google.com/mail/answer/81126#authentication d9443c01a7336-29246ec7cd0si32432905ad.55 - gsmtp (in reply to end of DATA command))
Oct 19 21:36:02 vps postfix/smtpd[10239]: connect from unknown[212.132.96.229]
Oct 19 21:36:05 vps postfix/smtpd[10239]: warning: unknown[212.132.96.229]: SASL LOGIN authentication failed: UGFzc3dvcmQ6
Oct 19 21:36:05 vps postfix/smtpd[10239]: disconnect from unknown[212.132.96.229]
Oct 19 21:36:08 vps postfix/smtp[29275]: connect to crackersadaikki.com[13.248.213.45]:25: Connection timed out
Oct 19 21:36:08 vps postfix/smtp[27493]: connect to crackersadaikki.com[76.223.67.189]:25: Connection timed out
Oct 19 21:36:28 vps postfix/smtpd[22214]: connect from unknown[213.209.157.252]
Oct 19 21:36:31 vps postfix/smtpd[22214]: warning: unknown[213.209.157.252]: SASL LOGIN authentication failed: UGFzc3dvcmQ6
Oct 19 21:36:31 vps postfix/smtpd[22214]: disconnect from unknown[213.209.157.252]
Oct 19 21:36:38 vps postfix/smtp[29275]: connect to crackersadaikki.com[76.223.67.189]:25: Connection timed out
Oct 19 21:36:38 vps postfix/smtp[29275]: 680BC6F51A: to=, relay=none, delay=541, delays=481/0.03/60/0, dsn=4.4.1, status=deferred (connect to crackersadaikki.com[76.223.67.189]:25: Connection timed out)
Oct 19 21:36:38 vps postfix/smtp[27493]: connect to crackersadaikki.com[13.248.213.45]:25: Connection timed out
Oct 19 21:36:38 vps postfix/smtp[27493]: C075D3BF595: to=, relay=none, delay=541, delays=480/0.01/60/0, dsn=4.4.1, status=deferred (connect to crackersadaikki.com[13.248.213.45]:25: Connection timed out)
Oct 19 21:36:40 vps postfix/pickup[27273]: 4AFAD8F134: uid=1052 from=
Oct 19 21:36:40 vps postfix/cleanup[30659]: 4AFAD8F134: message-id=<20251019160640.4AFAD8F134@vps.vcrowd.in>
Oct 19 21:36:40 vps opendkim[5590]: 4AFAD8F134: DKIM-Signature field added (s=default, d=crackersadaikki.com)
Oct 19 21:36:40 vps postfix/qmgr[26951]: 4AFAD8F134: from=, size=875, nrcpt=2 (queue active)
Oct 19 21:36:40 vps postfix/pickup[27273]: A8A333C0146: uid=1052 from=
Oct 19 21:36:40 vps postfix/cleanup[30659]: A8A333C0146: message-id=<20251019160640.A8A333C0146@vps.vcrowd.in>
Oct 19 21:36:40 vps opendkim[5590]: A8A333C0146: DKIM-Signature field added (s=default, d=crackersadaikki.com)
Oct 19 21:36:40 vps postfix/qmgr[26951]: A8A333C0146: from=, size=1116, nrcpt=2 (queue active)
Oct 19 21:36:41 vps postfix/smtp[29276]: 4AFAD8F134: host gmail-smtp-in.l.google.com[142.251.12.26] said: 550-5.7.26 Your email has been blocked because the sender is unauthenticated. 550-5.7.26 Gmail requires all senders to authenticate with either SPF or DKIM. 550-5.7.26 550-5.7.26 Authentication results: 550-5.7.26 DKIM = did not pass 550-5.7.26 SPF [vps.vcrowd.in] with ip: [103.120.179.240] = did not pass 550-5.7.26 550-5.7.26 For instructions on setting up authentication, go to 550 5.7.26 https://support.google.com/mail/answer/81126#authentication d9443c01a7336-2924720408dsi30923995ad.389 - gsmtp (in reply to end of DATA command)
Oct 19 21:36:41 vps postfix/smtp[29274]: A8A333C0146: host gmail-smtp-in.l.google.com[142.251.12.26] said: 550-5.7.26 Your email has been blocked because the sender is unauthenticated. 550-5.7.26 Gmail requires all senders to authenticate with either SPF or DKIM. 550-5.7.26 550-5.7.26 Authentication results: 550-5.7.26 DKIM = did not pass 550-5.7.26 SPF [vps.vcrowd.in] with ip: [103.120.179.240] = did not pass 550-5.7.26 550-5.7.26 For instructions on setting up authentication, go to 550 5.7.26 https://support.google.com/mail/answer/81126#authentication 41be03b00d2f7-b6a76b8a28dsi2642963a12.1529 - gsmtp (in reply to end of DATA command)
Oct 19 21:36:43 vps postfix/smtp[29276]: 4AFAD8F134: to=, relay=alt1.gmail-smtp-in.l.google.com[192.178.163.27]:25, delay=2.7, delays=0.09/0.01/2/0.61, dsn=4.7.26, status=SOFTBOUNCE (host alt1.gmail-smtp-in.l.google.com[192.178.163.27] said: 550-5.7.26 Your email has been blocked because the sender is unauthenticated. 550-5.7.26 Gmail requires all senders to authenticate with either SPF or DKIM. 550-5.7.26 550-5.7.26 Authentication results: 550-5.7.26 DKIM = did not pass 550-5.7.26 SPF [vps.vcrowd.in] with ip: [103.120.179.240] = did not pass 550-5.7.26 550-5.7.26 For instructions on setting up authentication, go to 550 5.7.26 https://support.google.com/mail/answer/81126#authentication 41be03b00d2f7-b6a766488d0si2640120a12.106 - gsmtp (in reply to end of DATA command))
Oct 19 21:36:43 vps postfix/smtp[29274]: A8A333C0146: to=, relay=alt1.gmail-smtp-in.l.google.com[192.178.163.26]:25, delay=2.6, delays=0.07/0.01/1.9/0.68, dsn=4.7.26, status=SOFTBOUNCE (host alt1.gmail-smtp-in.l.google.com[192.178.163.26] said: 550-5.7.26 Your email has been blocked because the sender is unauthenticated. 550-5.7.26 Gmail requires all senders to authenticate with either SPF or DKIM. 550-5.7.26 550-5.7.26 Authentication results: 550-5.7.26 DKIM = did not pass 550-5.7.26 SPF [vps.vcrowd.in] with ip: [103.120.179.240] = did not pass 550-5.7.26 550-5.7.26 For instructions on setting up authentication, go to 550 5.7.26 https://support.google.com/mail/answer/81126#authentication 41be03b00d2f7-b6a76b868f7si2663804a12.1456 - gsmtp (in reply to end of DATA command))
Oct 19 21:37:10 vps postfix/smtp[27493]: connect to crackersadaikki.com[76.223.67.189]:25: Connection timed out
Oct 19 21:37:10 vps postfix/smtp[29275]: connect to crackersadaikki.com[76.223.67.189]:25: Connection timed out
Oct 19 21:37:19 vps postfix/smtpd[10239]: connect from unknown[212.132.96.229]
Oct 19 21:37:22 vps postfix/smtpd[10239]: warning: unknown[212.132.96.229]: SASL LOGIN authentication failed: UGFzc3dvcmQ6
Oct 19 21:37:22 vps postfix/smtpd[10239]: disconnect from unknown[212.132.96.229]
Oct 19 21:37:40 vps postfix/smtp[27493]: connect to crackersadaikki.com[13.248.213.45]:25: Connection timed out
Oct 19 21:37:40 vps postfix/smtp[27493]: 4AFAD8F134: to=, relay=none, delay=60, delays=0.09/0.01/60/0, dsn=4.4.1, status=deferred (connect to crackersadaikki.com[13.248.213.45]:25: Connection timed out)
Oct 19 21:37:40 vps postfix/smtp[29275]: connect to crackersadaikki.com[13.248.213.45]:25: Connection timed out
Oct 19 21:37:40 vps postfix/smtp[29275]: A8A333C0146: to=, relay=none, delay=60, delays=0.07/0.01/60/0, dsn=4.4.1, status=deferred (connect to crackersadaikki.com[13.248.213.45]:25: Connection timed out)
Oct 19 21:38:19 vps postfix/smtpd[354]: connect from unknown[195.211.188.86]
Oct 19 21:38:22 vps postfix/smtpd[354]: warning: unknown[195.211.188.86]: SASL LOGIN authentication failed: UGFzc3dvcmQ6
Oct 19 21:38:22 vps postfix/smtpd[354]: disconnect from unknown[195.211.188.86]
Oct 19 21:38:34 vps postfix/smtpd[10239]: connect from unknown[212.132.96.229]
Oct 19 21:38:37 vps postfix/smtpd[10239]: warning: unknown[212.132.96.229]: SASL LOGIN authentication failed: UGFzc3dvcmQ6
Oct 19 21:38:37 vps postfix/smtpd[10239]: disconnect from unknown[212.132.96.229]
Oct 19 21:39:52 vps postfix/smtpd[10239]: connect from unknown[212.132.96.229]
Oct 19 21:39:55 vps postfix/smtpd[10239]: warning: unknown[212.132.96.229]: SASL LOGIN authentication failed: UGFzc3dvcmQ6
Oct 19 21:39:55 vps postfix/smtpd[10239]: disconnect from unknown[212.132.96.229]
Oct 19 21:40:05 vps postfix/smtpd[3117]: connect from mail-74-210-dc.etransmail.com[175.158.74.210]
Oct 19 21:40:06 vps postfix/smtpd[3117]: NOQUEUE: reject: RCPT from mail-74-210-dc.etransmail.com[175.158.74.210]: 450 4.1.1 : Recipient address rejected: User unknown in virtual mailbox table; from=<17607258827330126-176041-1-nyraatech.com@trans.axisbank.com> to= proto=ESMTP helo=
Oct 19 21:40:11 vps postfix/smtpd[3471]: connect from unknown[62.60.131.17]
Oct 19 21:40:14 vps postfix/smtpd[3471]: warning: unknown[62.60.131.17]: SASL LOGIN authentication failed: UGFzc3dvcmQ6
Oct 19 21:40:14 vps postfix/smtpd[3471]: disconnect from unknown[62.60.131.17]
Oct 19 21:40:20 vps postfix/smtpd[3471]: connect from unknown[77.90.185.216]
Oct 19 21:40:22 vps postfix/smtpd[3867]: connect from unknown[77.90.185.216]
Oct 19 21:40:24 vps postfix/smtpd[3471]: warning: unknown[77.90.185.216]: SASL LOGIN authentication failed: UGFzc3dvcmQ6
Oct 19 21:40:24 vps postfix/smtpd[3910]: connect from unknown[77.90.185.216]
Oct 19 21:40:24 vps postfix/smtpd[3471]: disconnect from unknown[77.90.185.216]
Oct 19 21:40:25 vps postfix/smtpd[3471]: connect from unknown[77.90.185.216]
Oct 19 21:40:27 vps postfix/smtpd[3977]: connect from unknown[77.90.185.216]
Oct 19 21:40:29 vps postfix/smtpd[4017]: connect from unknown[62.60.131.17]
Oct 19 21:40:29 vps postfix/smtpd[3867]: warning: unknown[77.90.185.216]: SASL LOGIN authentication failed: UGFzc3dvcmQ6
Oct 19 21:40:29 vps postfix/smtpd[3867]: disconnect from unknown[77.90.185.216]
Oct 19 21:40:29 vps postfix/smtpd[3867]: connect from unknown[77.90.185.216]
Oct 19 21:40:30 vps postfix/smtpd[4053]: connect from unknown[77.90.185.216]
Oct 19 21:40:31 vps postfix/smtpd[3910]: warning: unknown[77.90.185.216]: SASL LOGIN authentication failed: UGFzc3dvcmQ6
Oct 19 21:40:31 vps postfix/smtpd[3910]: disconnect from unknown[77.90.185.216]
Oct 19 21:40:31 vps postfix/smtpd[3910]: connect from unknown[77.90.185.216]
Oct 19 21:40:32 vps postfix/smtpd[4017]: warning: unknown[62.60.131.17]: SASL LOGIN authentication failed: UGFzc3dvcmQ6
Oct 19 21:40:32 vps postfix/smtpd[3471]: warning: unknown[77.90.185.216]: SASL LOGIN authentication failed: UGFzc3dvcmQ6
Oct 19 21:40:32 vps postfix/smtpd[3471]: disconnect from unknown[77.90.185.216]
Oct 19 21:40:32 vps postfix/smtpd[4017]: disconnect from unknown[62.60.131.17]
Oct 19 21:40:36 vps postfix/smtpd[3117]: lost connection after DATA from mail-74-210-dc.etransmail.com[175.158.74.210]
Oct 19 21:40:36 vps postfix/smtpd[3117]: disconnect from mail-74-210-dc.etransmail.com[175.158.74.210]
Oct 19 21:40:38 vps postfix/smtpd[3977]: warning: unknown[77.90.185.216]: SASL LOGIN authentication failed: UGFzc3dvcmQ6
Oct 19 21:40:38 vps postfix/smtpd[3977]: disconnect from unknown[77.90.185.216]
Oct 19 21:40:38 vps postfix/qmgr[26951]: 1BF2B6F9D7: from=, size=916, nrcpt=1 (queue active)
Oct 19 21:40:39 vps postfix/smtp[4209]: 1BF2B6F9D7: host gmail-smtp-in.l.google.com[142.251.12.27] said: 550-5.7.26 Your email has been blocked because the sender is unauthenticated. 550-5.7.26 Gmail requires all senders to authenticate with either SPF or DKIM. 550-5.7.26 550-5.7.26 Authentication results: 550-5.7.26 DKIM = did not pass 550-5.7.26 SPF [vps.vcrowd.in] with ip: [103.120.179.240] = did not pass 550-5.7.26 550-5.7.26 For instructions on setting up authentication, go to 550 5.7.26 https://support.google.com/mail/answer/81126#authentication d9443c01a7336-29247238c9asi33349665ad.679 - gsmtp (in reply to end of DATA command)
Oct 19 21:40:41 vps postfix/smtp[4209]: 1BF2B6F9D7: to=, relay=alt1.gmail-smtp-in.l.google.com[192.178.163.27]:25, delay=350, delays=347/0.02/1.9/0.77, dsn=4.7.26, status=SOFTBOUNCE (host alt1.gmail-smtp-in.l.google.com[192.178.163.27] said: 550-5.7.26 Your email has been blocked because the sender is unauthenticated. 550-5.7.26 Gmail requires all senders to authenticate with either SPF or DKIM. 550-5.7.26 550-5.7.26 Authentication results: 550-5.7.26 DKIM = did not pass 550-5.7.26 SPF [vps.vcrowd.in] with ip: [103.120.179.240] = did not pass 550-5.7.26 550-5.7.26 For instructions on setting up authentication, go to 550 5.7.26 https://support.google.com/mail/answer/81126#authentication d2e1a72fcca58-7a22ff15c22si3061393b3a.178 - gsmtp (in reply to end of DATA command))
Oct 19 21:40:41 vps postfix/smtpd[3867]: warning: unknown[77.90.185.216]: SASL LOGIN authentication failed: UGFzc3dvcmQ6
Oct 19 21:40:41 vps postfix/smtpd[4053]: warning: unknown[77.90.185.216]: SASL LOGIN authentication failed: UGFzc3dvcmQ6
Oct 19 21:40:41 vps postfix/smtpd[3867]: disconnect from unknown[77.90.185.216]
Oct 19 21:40:41 vps postfix/smtpd[4053]: disconnect from unknown[77.90.185.216]
Oct 19 21:40:42 vps postfix/smtpd[3910]: warning: unknown[77.90.185.216]: SASL LOGIN authentication failed: UGFzc3dvcmQ6
Oct 19 21:40:42 vps postfix/smtpd[3910]: disconnect from unknown[77.90.185.216]
Oct 19 21:40:50 vps postfix/anvil[27319]: statistics: max connection rate 8/60s for (smtp:77.90.185.216) at
Oct 19 21:40:31
Oct 19 21:40:50 vps postfix/anvil[27319]: statistics: max connection count 5 for (smtp:77.90.185.216) at
Oct 19 21:40:30
Oct 19 21:40:50 vps postfix/anvil[27319]: statistics: max cache size 4 at
Oct 19 21:40:20
Oct 19 21:41:08 vps postfix/smtpd[10239]: connect from unknown[212.132.96.229]
Oct 19 21:41:11 vps postfix/smtpd[10239]: warning: unknown[212.132.96.229]: SASL LOGIN authentication failed: UGFzc3dvcmQ6
Oct 19 21:41:11 vps postfix/smtpd[10239]: disconnect from unknown[212.132.96.229]
Oct 19 21:41:15 vps postfix/smtpd[3471]: connect from unknown[62.60.131.17]
Oct 19 21:41:19 vps postfix/smtpd[3471]: warning: unknown[62.60.131.17]: SASL LOGIN authentication failed: UGFzc3dvcmQ6
Oct 19 21:41:19 vps postfix/smtpd[3471]: disconnect from unknown[62.60.131.17]
Oct 19 21:42:26 vps postfix/smtpd[10239]: connect from unknown[212.132.96.229]
Oct 19 21:42:29 vps postfix/smtpd[10239]: warning: unknown[212.132.96.229]: SASL LOGIN authentication failed: UGFzc3dvcmQ6
Oct 19 21:42:29 vps postfix/smtpd[10239]: disconnect from unknown[212.132.96.229]
Oct 19 21:43:42 vps postfix/smtpd[10239]: connect from unknown[212.132.96.229]
Oct 19 21:43:45 vps postfix/smtpd[10239]: warning: unknown[212.132.96.229]: SASL LOGIN authentication failed: UGFzc3dvcmQ6
Oct 19 21:43:45 vps postfix/smtpd[10239]: disconnect from unknown[212.132.96.229]
Oct 19 21:45:00 vps postfix/smtpd[10239]: connect from unknown[212.132.96.229]
Oct 19 21:45:03 vps postfix/smtpd[10239]: warning: unknown[212.132.96.229]: SASL LOGIN authentication failed: UGFzc3dvcmQ6
Oct 19 21:45:03 vps postfix/smtpd[10239]: disconnect from unknown[212.132.96.229]
Oct 19 21:45:38 vps postfix/qmgr[26951]: C075D3BF595: from=, size=1116, nrcpt=2 (queue active)
Oct 19 21:45:38 vps postfix/qmgr[26951]: 4AFAD8F134: from=, size=875, nrcpt=2 (queue active)
Oct 19 21:45:38 vps postfix/qmgr[26951]: 680BC6F51A: from=, size=871, nrcpt=2 (queue active)
Oct 19 21:45:38 vps postfix/qmgr[26951]: A8A333C0146: from=, size=1116, nrcpt=2 (queue active)
Oct 19 21:45:39 vps postfix/smtp[9330]: 680BC6F51A: host gmail-smtp-in.l.google.com[142.251.12.26] said: 550-5.7.26 Your email has been blocked because the sender is unauthenticated. 550-5.7.26 Gmail requires all senders to authenticate with either SPF or DKIM. 550-5.7.26 550-5.7.26 Authentication results: 550-5.7.26 DKIM = did not pass 550-5.7.26 SPF [vps.vcrowd.in] with ip: [103.120.179.240] = did not pass 550-5.7.26 550-5.7.26 For instructions on setting up authentication, go to 550 5.7.26 https://support.google.com/mail/answer/81126#authentication d9443c01a7336-2924720442esi30580455ad.410 - gsmtp (in reply to end of DATA command)
Oct 19 21:45:39 vps postfix/smtp[9332]: A8A333C0146: host gmail-smtp-in.l.google.com[142.251.12.27] said: 550-5.7.26 Your email has been blocked because the sender is unauthenticated. 550-5.7.26 Gmail requires all senders to authenticate with either SPF or DKIM. 550-5.7.26 550-5.7.26 Authentication results: 550-5.7.26 DKIM = did not pass 550-5.7.26 SPF [vps.vcrowd.in] with ip: [103.120.179.240] = did not pass 550-5.7.26 550-5.7.26 For instructions on setting up authentication, go to 550 5.7.26 https://support.google.com/mail/answer/81126#authentication 41be03b00d2f7-b6a76b8d905si2658633a12.1551 - gsmtp (in reply to end of DATA command)
Oct 19 21:45:39 vps postfix/smtp[9328]: 4AFAD8F134: host gmail-smtp-in.l.google.com[142.251.12.26] said: 550-5.7.26 Your email has been blocked because the sender is unauthenticated. 550-5.7.26 Gmail requires all senders to authenticate with either SPF or DKIM. 550-5.7.26 550-5.7.26 Authentication results: 550-5.7.26 DKIM = did not pass 550-5.7.26 SPF [vps.vcrowd.in] with ip: [103.120.179.240] = did not pass 550-5.7.26 550-5.7.26 For instructions on setting up authentication, go to 550 5.7.26 https://support.google.com/mail/answer/81126#authentication d9443c01a7336-292472381b2si30050885ad.715 - gsmtp (in reply to end of DATA command)
Oct 19 21:45:39 vps postfix/smtp[9326]: C075D3BF595: host gmail-smtp-in.l.google.com[142.251.12.26] said: 550-5.7.26 Your email has been blocked because the sender is unauthenticated. 550-5.7.26 Gmail requires all senders to authenticate with either SPF or DKIM. 550-5.7.26 550-5.7.26 Authentication results: 550-5.7.26 DKIM = did not pass 550-5.7.26 SPF [vps.vcrowd.in] with ip: [103.120.179.240] = did not pass 550-5.7.26 550-5.7.26 For instructions on setting up authentication, go to 550 5.7.26 https://support.google.com/mail/answer/81126#authentication 41be03b00d2f7-b6a766457f4si2623735a12.104 - gsmtp (in reply to end of DATA command)
Oct 19 21:45:40 vps postfix/smtp[9332]: A8A333C0146: to=, relay=alt1.gmail-smtp-in.l.google.com[192.178.163.26]:25, delay=540, delays=538/0.09/1.8/0.65, dsn=4.7.26, status=SOFTBOUNCE (host alt1.gmail-smtp-in.l.google.com[192.178.163.26] said: 550-5.7.26 Your email has been blocked because the sender is unauthenticated. 550-5.7.26 Gmail requires all senders to authenticate with either SPF or DKIM. 550-5.7.26 550-5.7.26 Authentication results: 550-5.7.26 DKIM = did not pass 550-5.7.26 SPF [vps.vcrowd.in] with ip: [103.120.179.240] = did not pass 550-5.7.26 550-5.7.26 For instructions on setting up authentication, go to 550 5.7.26 https://support.google.com/mail/answer/81126#authentication 41be03b00d2f7-b6a76b8414csi2549663a12.1410 - gsmtp (in reply to end of DATA command))
Oct 19 21:45:40 vps postfix/smtp[9326]: C075D3BF595: to=, relay=alt1.gmail-smtp-in.l.google.com[192.178.163.26]:25, delay=1083, delays=1081/0.06/1.9/0.61, dsn=4.7.26, status=SOFTBOUNCE (host alt1.gmail-smtp-in.l.google.com[192.178.163.26] said: 550-5.7.26 Your email has been blocked because the sender is unauthenticated. 550-5.7.26 Gmail requires all senders to authenticate with either SPF or DKIM. 550-5.7.26 550-5.7.26 Authentication results: 550-5.7.26 DKIM = did not pass 550-5.7.26 SPF [vps.vcrowd.in] with ip: [103.120.179.240] = did not pass 550-5.7.26 550-5.7.26 For instructions on setting up authentication, go to 550 5.7.26 https://support.google.com/mail/answer/81126#authentication 41be03b00d2f7-b6a76b1d351si2727560a12.491 - gsmtp (in reply to end of DATA command))
Oct 19 21:45:40 vps postfix/smtp[9328]: 4AFAD8F134: to=, relay=alt1.gmail-smtp-in.l.google.com[192.178.163.26]:25, delay=541, delays=538/0.05/1.9/0.63, dsn=4.7.26, status=SOFTBOUNCE (host alt1.gmail-smtp-in.l.google.com[192.178.163.26] said: 550-5.7.26 Your email has been blocked because the sender is unauthenticated. 550-5.7.26 Gmail requires all senders to authenticate with either SPF or DKIM. 550-5.7.26 550-5.7.26 Authentication results: 550-5.7.26 DKIM = did not pass 550-5.7.26 SPF [vps.vcrowd.in] with ip: [103.120.179.240] = did not pass 550-5.7.26 550-5.7.26 For instructions on setting up authentication, go to 550 5.7.26 https://support.google.com/mail/answer/81126#authentication d9443c01a7336-29247204ea9si34089135ad.342 - gsmtp (in reply to end of DATA command))
Oct 19 21:45:40 vps postfix/smtp[9330]: 680BC6F51A: to=, relay=alt1.gmail-smtp-in.l.google.com[192.178.163.26]:25, delay=1084, delays=1081/0.06/1.8/0.72, dsn=4.7.26, status=SOFTBOUNCE (host alt1.gmail-smtp-in.l.google.com[192.178.163.26] said: 550-5.7.26 Your email has been blocked because the sender is unauthenticated. 550-5.7.26 Gmail requires all senders to authenticate with either SPF or DKIM. 550-5.7.26 550-5.7.26 Authentication results: 550-5.7.26 DKIM = did not pass 550-5.7.26 SPF [vps.vcrowd.in] with ip: [103.120.179.240] = did not pass 550-5.7.26 550-5.7.26 For instructions on setting up authentication, go to 550 5.7.26 https://support.google.com/mail/answer/81126#authentication d2e1a72fcca58-7a230128708si3144703b3a.843 - gsmtp (in reply to end of DATA command))
Oct 19 21:46:08 vps postfix/smtp[9327]: connect to crackersadaikki.com[13.248.213.45]:25: Connection timed out
Oct 19 21:46:08 vps postfix/smtp[9324]: connect to crackersadaikki.com[13.248.213.45]:25: Connection timed out
Oct 19 21:46:08 vps postfix/smtp[9329]: connect to crackersadaikki.com[13.248.213.45]:25: Connection timed out
Oct 19 21:46:08 vps postfix/smtp[9331]: connect to crackersadaikki.com[76.223.67.189]:25: Connection timed out
Oct 19 21:46:15 vps postfix/smtpd[9814]: connect from unknown[62.60.131.124]
Oct 19 21:46:18 vps postfix/smtpd[10239]: connect from unknown[212.132.96.229]
Oct 19 21:46:18 vps postfix/smtpd[9814]: warning: unknown[62.60.131.124]: SASL LOGIN authentication failed: UGFzc3dvcmQ6
Oct 19 21:46:18 vps postfix/smtpd[9814]: disconnect from unknown[62.60.131.124]
Oct 19 21:46:20 vps postfix/smtpd[10239]: warning: unknown[212.132.96.229]: SASL LOGIN authentication failed: UGFzc3dvcmQ6
Oct 19 21:46:20 vps postfix/smtpd[10239]: disconnect from unknown[212.132.96.229]
Oct 19 21:46:38 vps postfix/smtp[9327]: connect to crackersadaikki.com[76.223.67.189]:25: Connection timed out
Oct 19 21:46:38 vps postfix/smtp[9327]: 4AFAD8F134: to=, relay=none, delay=598, delays=538/0.04/60/0, dsn=4.4.1, status=deferred (connect to crackersadaikki.com[76.223.67.189]:25: Connection timed out)
Oct 19 21:46:38 vps postfix/smtp[9324]: connect to crackersadaikki.com[76.223.67.189]:25: Connection timed out
Oct 19 21:46:38 vps postfix/smtp[9329]: connect to crackersadaikki.com[76.223.67.189]:25: Connection timed out
Oct 19 21:46:38 vps postfix/smtp[9329]: 680BC6F51A: to=, relay=none, delay=1141, delays=1081/0.05/60/0, dsn=4.4.1, status=deferred (connect to crackersadaikki.com[76.223.67.189]:25: Connection timed out)
Oct 19 21:46:38 vps postfix/smtp[9324]: C075D3BF595: to=, relay=none, delay=1141, delays=1081/0.05/60/0, dsn=4.4.1, status=deferred (connect to crackersadaikki.com[76.223.67.189]:25: Connection timed out)
Oct 19 21:46:38 vps postfix/qmgr[26951]: 680BC6F51A: from=, status=expired, returned to sender
Oct 19 21:46:38 vps postfix/qmgr[26951]: C075D3BF595: from=, status=expired, returned to sender
Oct 19 21:46:38 vps postfix/cleanup[10030]: 91E2B1D858: message-id=<20251019161638.91E2B1D858@vps.vcrowd.in>
Oct 19 21:46:38 vps postfix/smtp[9331]: connect to crackersadaikki.com[13.248.213.45]:25: Connection timed out
Oct 19 21:46:38 vps postfix/cleanup[10031]: 957F93C0148: message-id=<20251019161638.957F93C0148@vps.vcrowd.in>
Oct 19 21:46:38 vps postfix/qmgr[26951]: 91E2B1D858: from=<>, size=4458, nrcpt=1 (queue active)
Oct 19 21:46:38 vps postfix/bounce[9353]: C075D3BF595: sender non-delivery notification: 957F93C0148
Oct 19 21:46:38 vps postfix/bounce[9354]: 680BC6F51A: sender non-delivery notification: 91E2B1D858
Oct 19 21:46:38 vps postfix/smtp[9331]: A8A333C0146: to=, relay=none, delay=598, delays=538/0.07/60/0, dsn=4.4.1, status=deferred (connect to crackersadaikki.com[13.248.213.45]:25: Connection timed out)
Oct 19 21:46:38 vps postfix/qmgr[26951]: C075D3BF595: removed
Oct 19 21:46:38 vps postfix/qmgr[26951]: 680BC6F51A: removed
Oct 19 21:46:38 vps postfix/qmgr[26951]: 957F93C0148: from=<>, size=4709, nrcpt=1 (queue active)
Oct 19 21:46:38 vps postfix/local[10036]: 91E2B1D858: to=, relay=local, delay=0.07, delays=0.04/0.02/0/0, dsn=2.0.0, status=sent (delivered to mailbox)
Oct 19 21:46:38 vps postfix/qmgr[26951]: 91E2B1D858: removed
Oct 19 21:46:38 vps postfix/local[10036]: 957F93C0148: to=, relay=local, delay=0.07, delays=0.04/0.02/0/0.01, dsn=2.0.0, status=sent (delivered to mailbox)
Oct 19 21:46:38 vps postfix/qmgr[26951]: 957F93C0148: removed
Oct 19 21:47:32 vps postfix/smtpd[10239]: connect from unknown[212.132.96.229]
Oct 19 21:47:34 vps postfix/smtpd[10239]: warning: unknown[212.132.96.229]: SASL LOGIN authentication failed: UGFzc3dvcmQ6
Oct 19 21:47:34 vps postfix/smtpd[10239]: disconnect from unknown[212.132.96.229]
Oct 19 21:47:50 vps postfix/smtpd[9814]: connect from unknown[62.60.131.17]
Oct 19 21:47:53 vps postfix/smtpd[9814]: warning: unknown[62.60.131.17]: SASL LOGIN authentication failed: UGFzc3dvcmQ6
Oct 19 21:47:53 vps postfix/smtpd[9814]: disconnect from unknown[62.60.131.17]
Oct 19 21:48:47 vps postfix/smtpd[10239]: connect from unknown[212.132.96.229]
Oct 19 21:48:50 vps postfix/smtpd[10239]: warning: unknown[212.132.96.229]: SASL LOGIN authentication failed: UGFzc3dvcmQ6
Oct 19 21:48:50 vps postfix/smtpd[10239]: disconnect from unknown[212.132.96.229]
Oct 19 21:49:07 vps postfix/pickup[27273]: 8969F1D858: uid=1052 from=
Oct 19 21:49:07 vps postfix/cleanup[11592]: 8969F1D858: message-id=<20251019161907.8969F1D858@vps.vcrowd.in>
Oct 19 21:49:07 vps opendkim[5590]: 8969F1D858: DKIM-Signature field added (s=default, d=crackersadaikki.com)
Oct 19 21:49:07 vps postfix/qmgr[26951]: 8969F1D858: from=, size=873, nrcpt=2 (queue active)
Oct 19 21:49:07 vps postfix/error[11598]: 8969F1D858: to=, relay=none, delay=0.1, delays=0.07/0.02/0/0.01, dsn=4.4.1, status=deferred (delivery temporarily suspended: connect to crackersadaikki.com[76.223.67.189]:25: Connection timed out)
Oct 19 21:49:07 vps postfix/pickup[27273]: C922B6F51A: uid=1052 from=
Oct 19 21:49:07 vps postfix/cleanup[11592]: C922B6F51A: message-id=<20251019161907.C922B6F51A@vps.vcrowd.in>
Oct 19 21:49:07 vps opendkim[5590]: C922B6F51A: DKIM-Signature field added (s=default, d=crackersadaikki.com)
Oct 19 21:49:07 vps postfix/qmgr[26951]: C922B6F51A: from=, size=1114, nrcpt=2 (queue active)
Oct 19 21:49:07 vps postfix/error[11598]: C922B6F51A: to=, relay=none, delay=0.07, delays=0.05/0/0/0.01, dsn=4.4.1, status=deferred (delivery temporarily suspended: connect to crackersadaikki.com[76.223.67.189]:25: Connection timed out)
Oct 19 21:49:09 vps postfix/smtp[11616]: C922B6F51A: host gmail-smtp-in.l.google.com[142.251.12.26] said: 550-5.7.26 Your email has been blocked because the sender is unauthenticated. 550-5.7.26 Gmail requires all senders to authenticate with either SPF or DKIM. 550-5.7.26 550-5.7.26 Authentication results: 550-5.7.26 DKIM = did not pass 550-5.7.26 SPF [vps.vcrowd.in] with ip: [103.120.179.240] = did not pass 550-5.7.26 550-5.7.26 For instructions on setting up authentication, go to 550 5.7.26 https://support.google.com/mail/answer/81126#authentication 41be03b00d2f7-b6a76646f12si2709198a12.5 - gsmtp (in reply to end of DATA command)
Oct 19 21:49:09 vps postfix/smtp[11597]: 8969F1D858: host gmail-smtp-in.l.google.com[142.251.12.27] said: 550-5.7.26 Your email has been blocked because the sender is unauthenticated. 550-5.7.26 Gmail requires all senders to authenticate with either SPF or DKIM. 550-5.7.26 550-5.7.26 Authentication results: 550-5.7.26 DKIM = did not pass 550-5.7.26 SPF [vps.vcrowd.in] with ip: [103.120.179.240] = did not pass 550-5.7.26 550-5.7.26 For instructions on setting up authentication, go to 550 5.7.26 https://support.google.com/mail/answer/81126#authentication d9443c01a7336-292471dabd4si32400195ad.325 - gsmtp (in reply to end of DATA command)
Oct 19 21:49:10 vps postfix/smtp[11616]: C922B6F51A: to=, relay=alt1.gmail-smtp-in.l.google.com[192.178.163.26]:25, delay=2.6, delays=0.05/0.02/1.9/0.62, dsn=4.7.26, status=SOFTBOUNCE (host alt1.gmail-smtp-in.l.google.com[192.178.163.26] said: 550-5.7.26 Your email has been blocked because the sender is unauthenticated. 550-5.7.26 Gmail requires all senders to authenticate with either SPF or DKIM. 550-5.7.26 550-5.7.26 Authentication results: 550-5.7.26 DKIM = did not pass 550-5.7.26 SPF [vps.vcrowd.in] with ip: [103.120.179.240] = did not pass 550-5.7.26 550-5.7.26 For instructions on setting up authentication, go to 550 5.7.26 https://support.google.com/mail/answer/81126#authentication d9443c01a7336-29246ff456dsi30810335ad.154 - gsmtp (in reply to end of DATA command))
Oct 19 21:49:10 vps postfix/smtp[11597]: 8969F1D858: to=, relay=alt1.gmail-smtp-in.l.google.com[192.178.163.26]:25, delay=3.4, delays=0.07/0.02/2.5/0.82, dsn=4.7.26, status=SOFTBOUNCE (host alt1.gmail-smtp-in.l.google.com[192.178.163.26] said: 550-5.7.26 Your email has been blocked because the sender is unauthenticated. 550-5.7.26 Gmail requires all senders to authenticate with either SPF or DKIM. 550-5.7.26 550-5.7.26 Authentication results: 550-5.7.26 DKIM = did not pass 550-5.7.26 SPF [vps.vcrowd.in] with ip: [103.120.179.240] = did not pass 550-5.7.26 550-5.7.26 For instructions on setting up authentication, go to 550 5.7.26 https://support.google.com/mail/answer/81126#authentication d2e1a72fcca58-7a22ff196a6si3134139b3a.90 - gsmtp (in reply to end of DATA command))
Oct 19 21:50:01 vps postfix/smtpd[10239]: connect from unknown[212.132.96.229]
Oct 19 21:50:04 vps postfix/smtpd[10239]: warning: unknown[212.132.96.229]: SASL LOGIN authentication failed: UGFzc3dvcmQ6
Oct 19 21:50:04 vps postfix/smtpd[10239]: disconnect from unknown[212.132.96.229]
Oct 19 21:50:05 vps postfix/pickup[27273]: D3BD93C0148: uid=1092 from=
Oct 19 21:50:05 vps postfix/cleanup[11592]: D3BD93C0148: message-id=<20251019162005.D3BD93C0148@vps.vcrowd.in>
Oct 19 21:50:05 vps opendkim[5590]: D3BD93C0148: no signing table match for 'dferhddedew@gmail.com'
Oct 19 21:50:05 vps opendkim[5590]: D3BD93C0148: no signature data
Oct 19 21:50:05 vps postfix/qmgr[26951]: D3BD93C0148: from=, size=7193, nrcpt=1 (queue active)
Oct 19 21:50:05 vps postfix/smtp[11616]: D3BD93C0148: to=, relay=none, delay=0.12, delays=0.04/0.01/0.08/0, dsn=4.4.4, status=SOFTBOUNCE (Host or domain name not found. Name service error for name=adiworld.in type=A: Host not found)
Oct 19 21:50:30 vps postfix/smtpd[13290]: connect from unknown[196.251.92.11]
Oct 19 21:50:33 vps postfix/smtpd[13290]: warning: unknown[196.251.92.11]: SASL LOGIN authentication failed: UGFzc3dvcmQ6
Oct 19 21:50:33 vps postfix/smtpd[13290]: disconnect from unknown[196.251.92.11]
Oct 19 21:50:38 vps postfix/qmgr[26951]: 1BF2B6F9D7: from=, size=916, nrcpt=1 (queue active)
Oct 19 21:50:39 vps postfix/smtp[11597]: 1BF2B6F9D7: host gmail-smtp-in.l.google.com[142.251.12.27] said: 550-5.7.26 Your email has been blocked because the sender is unauthenticated. 550-5.7.26 Gmail requires all senders to authenticate with either SPF or DKIM. 550-5.7.26 550-5.7.26 Authentication results: 550-5.7.26 DKIM = did not pass 550-5.7.26 SPF [vps.vcrowd.in] with ip: [103.120.179.240] = did not pass 550-5.7.26 550-5.7.26 For instructions on setting up authentication, go to 550 5.7.26 https://support.google.com/mail/answer/81126#authentication 41be03b00d2f7-b6a76b85a45si2601819a12.1401 - gsmtp (in reply to end of DATA command)
Oct 19 21:50:40 vps postfix/smtp[11597]: 1BF2B6F9D7: to=, relay=alt1.gmail-smtp-in.l.google.com[192.178.163.27]:25, delay=950, delays=947/0.01/2.1/0.74, dsn=4.7.26, status=SOFTBOUNCE (host alt1.gmail-smtp-in.l.google.com[192.178.163.27] said: 550-5.7.26 Your email has been blocked because the sender is unauthenticated. 550-5.7.26 Gmail requires all senders to authenticate with either SPF or DKIM. 550-5.7.26 550-5.7.26 Authentication results: 550-5.7.26 DKIM = did not pass 550-5.7.26 SPF [vps.vcrowd.in] with ip: [103.120.179.240] = did not pass 550-5.7.26 550-5.7.26 For instructions on setting up authentication, go to 550 5.7.26 https://support.google.com/mail/answer/81126#authentication d9443c01a7336-2924723a650si33453295ad.749 - gsmtp (in reply to end of DATA command))
Oct 19 21:50:40 vps postfix/qmgr[26951]: 1BF2B6F9D7: from=, status=expired, returned to sender
Oct 19 21:50:40 vps postfix/cleanup[11592]: ED2453BF5BD: message-id=<20251019162040.ED2453BF5BD@vps.vcrowd.in>
Oct 19 21:50:40 vps postfix/bounce[11600]: 1BF2B6F9D7: sender non-delivery notification: ED2453BF5BD
Oct 19 21:50:40 vps postfix/qmgr[26951]: ED2453BF5BD: from=<>, size=3838, nrcpt=1 (queue active)
Oct 19 21:50:40 vps postfix/qmgr[26951]: 1BF2B6F9D7: removed
Oct 19 21:50:40 vps postfix/local[13381]: ED2453BF5BD: to=, relay=local, delay=0.03, delays=0.01/0.02/0/0, dsn=2.0.0, status=sent (delivered to mailbox)
Oct 19 21:50:40 vps postfix/qmgr[26951]: ED2453BF5BD: removed
Oct 19 21:50:50 vps postfix/anvil[27319]: statistics: max connection rate 1/60s for (submission:212.132.96.229) at
Oct 19 21:41:08
Oct 19 21:50:50 vps postfix/anvil[27319]: statistics: max connection count 1 for (submission:212.132.96.229) at
Oct 19 21:41:08
Oct 19 21:50:50 vps postfix/anvil[27319]: statistics: max cache size 4 at
Oct 19 21:41:08
Oct 19 21:51:14 vps postfix/smtpd[10239]: connect from unknown[212.132.96.229]
Oct 19 21:51:17 vps postfix/smtpd[10239]: warning: unknown[212.132.96.229]: SASL LOGIN authentication failed: UGFzc3dvcmQ6
Oct 19 21:51:17 vps postfix/smtpd[10239]: disconnect from unknown[212.132.96.229]
Oct 19 21:51:24 vps postfix/smtpd[10239]: connect from unknown[165.154.121.231]
Oct 19 21:51:26 vps postfix/smtpd[10239]: warning: unknown[165.154.121.231]: SASL LOGIN authentication failed: UGFzc3dvcmQ6
Oct 19 21:51:26 vps postfix/smtpd[10239]: disconnect from unknown[165.154.121.231]
Oct 19 21:51:28 vps postfix/smtpd[13290]: connect from unknown[103.67.152.201]
Oct 19 21:51:33 vps postfix/smtpd[13290]: warning: unknown[103.67.152.201]: SASL LOGIN authentication failed: UGFzc3dvcmQ6
Oct 19 21:51:33 vps postfix/smtpd[13290]: lost connection after AUTH from unknown[103.67.152.201]
Oct 19 21:51:33 vps postfix/smtpd[13290]: disconnect from unknown[103.67.152.201]
Oct 19 21:51:48 vps postfix/smtpd[13290]: connect from mta-69.122.etransmail.com[175.158.69.122]
Oct 19 21:51:49 vps postfix/smtpd[13290]: NOQUEUE: reject: RCPT from mta-69.122.etransmail.com[175.158.69.122]: 450 4.1.1 : Recipient address rejected: User unknown in virtual mailbox table; from=<17608122848236752-176041-1-nyraatech.com@trans.axisbank.com> to= proto=ESMTP helo=
Oct 19 21:51:53 vps postfix/smtpd[14073]: connect from unknown[213.209.157.116]
Oct 19 21:51:56 vps postfix/smtpd[14073]: warning: unknown[213.209.157.116]: SASL LOGIN authentication failed: UGFzc3dvcmQ6
Oct 19 21:51:56 vps postfix/smtpd[14073]: disconnect from unknown[213.209.157.116]
Oct 19 21:52:19 vps postfix/smtpd[13290]: lost connection after DATA from mta-69.122.etransmail.com[175.158.69.122]
Oct 19 21:52:19 vps postfix/smtpd[13290]: disconnect from mta-69.122.etransmail.com[175.158.69.122]
Oct 19 21:52:32 vps postfix/smtpd[10239]: connect from unknown[212.132.96.229]
Oct 19 21:52:34 vps postfix/smtpd[10239]: warning: unknown[212.132.96.229]: SASL LOGIN authentication failed: UGFzc3dvcmQ6
Oct 19 21:52:34 vps postfix/smtpd[10239]: disconnect from unknown[212.132.96.229]
Oct 19 21:53:48 vps postfix/smtpd[10239]: connect from unknown[212.132.96.229]
Oct 19 21:53:51 vps postfix/smtpd[10239]: warning: unknown[212.132.96.229]: SASL LOGIN authentication failed: UGFzc3dvcmQ6
Oct 19 21:53:51 vps postfix/smtpd[10239]: disconnect from unknown[212.132.96.229]
Oct 19 21:54:06 vps postfix/smtpd[15448]: connect from unknown[213.209.157.225]
Oct 19 21:54:09 vps postfix/smtpd[15448]: warning: unknown[213.209.157.225]: SASL LOGIN authentication failed: UGFzc3dvcmQ6
Oct 19 21:54:09 vps postfix/smtpd[15448]: disconnect from unknown[213.209.157.225]
Oct 19 21:54:42 vps postfix/smtps/smtpd[15777]: warning: No server certs available. TLS won't be enabled
Oct 19 21:54:42 vps postfix/smtps/smtpd[15777]: connect from 99.210.203.35.bc.googleusercontent.com[35.203.210.99]
Oct 19 21:54:42 vps postfix/smtps/smtpd[15777]: warning: Wrapper-mode request dropped from 99.210.203.35.bc.googleusercontent.com[35.203.210.99] for service 465. TLS context initialization failed. For details see earlier warnings in your logs.
Oct 19 21:54:42 vps postfix/smtps/smtpd[15777]: disconnect from 99.210.203.35.bc.googleusercontent.com[35.203.210.99]
Oct 19 21:54:49 vps postfix/smtpd[15448]: connect from unknown[62.60.131.17]
Oct 19 21:54:52 vps postfix/smtpd[15448]: warning: unknown[62.60.131.17]: SASL LOGIN authentication failed: UGFzc3dvcmQ6
Oct 19 21:54:52 vps postfix/smtpd[15448]: disconnect from unknown[62.60.131.17]
Oct 19 21:55:05 vps postfix/smtpd[16428]: connect from unknown[212.132.96.229]
Oct 19 21:55:07 vps postfix/smtpd[16428]: warning: unknown[212.132.96.229]: SASL LOGIN authentication failed: UGFzc3dvcmQ6
Oct 19 21:55:07 vps postfix/smtpd[16428]: disconnect from unknown[212.132.96.229]
Oct 19 21:55:38 vps postfix/qmgr[26951]: C922B6F51A: from=, size=1114, nrcpt=2 (queue active)
Oct 19 21:55:38 vps postfix/qmgr[26951]: D3BD93C0148: from=, size=7193, nrcpt=1 (queue active)
Oct 19 21:55:38 vps postfix/qmgr[26951]: 8969F1D858: from=, size=873, nrcpt=2 (queue active)
Oct 19 21:55:39 vps postfix/smtp[17183]: C922B6F51A: host gmail-smtp-in.l.google.com[142.251.12.27] said: 550-5.7.26 Your email has been blocked because the sender is unauthenticated. 550-5.7.26 Gmail requires all senders to authenticate with either SPF or DKIM. 550-5.7.26 550-5.7.26 Authentication results: 550-5.7.26 DKIM = did not pass 550-5.7.26 SPF [vps.vcrowd.in] with ip: [103.120.179.240] = did not pass 550-5.7.26 550-5.7.26 For instructions on setting up authentication, go to 550 5.7.26 https://support.google.com/mail/answer/81126#authentication 41be03b00d2f7-b6a76b673d4si2768799a12.1057 - gsmtp (in reply to end of DATA command)
Oct 19 21:55:39 vps postfix/smtp[17186]: 8969F1D858: host gmail-smtp-in.l.google.com[142.251.12.26] said: 550-5.7.26 Your email has been blocked because the sender is unauthenticated. 550-5.7.26 Gmail requires all senders to authenticate with either SPF or DKIM. 550-5.7.26 550-5.7.26 Authentication results: 550-5.7.26 DKIM = did not pass 550-5.7.26 SPF [vps.vcrowd.in] with ip: [103.120.179.240] = did not pass 550-5.7.26 550-5.7.26 For instructions on setting up authentication, go to 550 5.7.26 https://support.google.com/mail/answer/81126#authentication 41be03b00d2f7-b6a76648cafsi2658371a12.25 - gsmtp (in reply to end of DATA command)
Oct 19 21:55:40 vps postfix/smtp[17184]: D3BD93C0148: to=, relay=none, delay=334, delays=332/0.04/2.1/0, dsn=4.4.4, status=SOFTBOUNCE (Host or domain name not found. Name service error for name=adiworld.in type=A: Host not found)
Oct 19 21:55:40 vps postfix/smtp[17183]: C922B6F51A: to=, relay=alt1.gmail-smtp-in.l.google.com[192.178.163.26]:25, delay=393, delays=390/0.05/1.8/0.64, dsn=4.7.26, status=SOFTBOUNCE (host alt1.gmail-smtp-in.l.google.com[192.178.163.26] said: 550-5.7.26 Your email has been blocked because the sender is unauthenticated. 550-5.7.26 Gmail requires all senders to authenticate with either SPF or DKIM. 550-5.7.26 550-5.7.26 Authentication results: 550-5.7.26 DKIM = did not pass 550-5.7.26 SPF [vps.vcrowd.in] with ip: [103.120.179.240] = did not pass 550-5.7.26 550-5.7.26 For instructions on setting up authentication, go to 550 5.7.26 https://support.google.com/mail/answer/81126#authentication d9443c01a7336-29246fef180si30662575ad.156 - gsmtp (in reply to end of DATA command))
Oct 19 21:55:40 vps postfix/smtp[17186]: 8969F1D858: to=, relay=alt1.gmail-smtp-in.l.google.com[192.178.163.26]:25, delay=393, delays=391/0.05/2/0.75, dsn=4.7.26, status=SOFTBOUNCE (host alt1.gmail-smtp-in.l.google.com[192.178.163.26] said: 550-5.7.26 Your email has been blocked because the sender is unauthenticated. 550-5.7.26 Gmail requires all senders to authenticate with either SPF or DKIM. 550-5.7.26 550-5.7.26 Authentication results: 550-5.7.26 DKIM = did not pass 550-5.7.26 SPF [vps.vcrowd.in] with ip: [103.120.179.240] = did not pass 550-5.7.26 550-5.7.26 For instructions on setting up authentication, go to 550 5.7.26 https://support.google.com/mail/answer/81126#authentication 41be03b00d2f7-b6a76b1d4b2si2754932a12.480 - gsmtp (in reply to end of DATA command))
Oct 19 21:55:43 vps postfix/smtps/smtpd[15777]: connect from 99.210.203.35.bc.googleusercontent.com[35.203.210.99]
Oct 19 21:55:43 vps postfix/smtps/smtpd[15777]: warning: Wrapper-mode request dropped from 99.210.203.35.bc.googleusercontent.com[35.203.210.99] for service 465. TLS context initialization failed. For details see earlier warnings in your logs.
Oct 19 21:55:43 vps postfix/smtps/smtpd[15777]: disconnect from 99.210.203.35.bc.googleusercontent.com[35.203.210.99]
Oct 19 21:55:43 vps postfix/smtps/smtpd[15777]: connect from 99.210.203.35.bc.googleusercontent.com[35.203.210.99]
Oct 19 21:55:43 vps postfix/smtps/smtpd[15777]: warning: Wrapper-mode request dropped from 99.210.203.35.bc.googleusercontent.com[35.203.210.99] for service 465. TLS context initialization failed. For details see earlier warnings in your logs.
Oct 19 21:55:43 vps postfix/smtps/smtpd[15777]: disconnect from 99.210.203.35.bc.googleusercontent.com[35.203.210.99]
Oct 19 21:55:51 vps postfix/smtps/smtpd[15777]: connect from 99.210.203.35.bc.googleusercontent.com[35.203.210.99]
Oct 19 21:55:51 vps postfix/smtps/smtpd[15777]: warning: Wrapper-mode request dropped from 99.210.203.35.bc.googleusercontent.com[35.203.210.99] for service 465. TLS context initialization failed. For details see earlier warnings in your logs.
Oct 19 21:55:51 vps postfix/smtps/smtpd[15777]: disconnect from 99.210.203.35.bc.googleusercontent.com[35.203.210.99]
Oct 19 21:55:51 vps postfix/smtps/smtpd[15777]: connect from 99.210.203.35.bc.googleusercontent.com[35.203.210.99]
Oct 19 21:55:51 vps postfix/smtps/smtpd[15777]: warning: Wrapper-mode request dropped from 99.210.203.35.bc.googleusercontent.com[35.203.210.99] for service 465. TLS context initialization failed. For details see earlier warnings in your logs.
Oct 19 21:55:51 vps postfix/smtps/smtpd[15777]: disconnect from 99.210.203.35.bc.googleusercontent.com[35.203.210.99]
