Oct 19 16:55:39 vps postfix/smtp[25796]: 1BACF7AFB3: host gmail-smtp-in.l.google.com[142.251.12.27] said: 550-5.7.26 Your email has been blocked because the sender is unauthenticated. 550-5.7.26 Gmail requires all senders to authenticate with either SPF or DKIM. 550-5.7.26 550-5.7.26 Authentication results: 550-5.7.26 DKIM = did not pass 550-5.7.26 SPF [vps.vcrowd.in] with ip: [103.120.179.240] = did not pass 550-5.7.26 550-5.7.26 For instructions on setting up authentication, go to 550 5.7.26 https://support.google.com/mail/answer/81126#authentication d9443c01a7336-292472074a3si26849785ad.393 - gsmtp (in reply to end of DATA command)
Oct 19 16:55:39 vps postfix/smtp[25795]: 804173BF5BD: host gmail-smtp-in.l.google.com[142.251.12.27] said: 550-5.7.26 Your email has been blocked because the sender is unauthenticated. 550-5.7.26 Gmail requires all senders to authenticate with either SPF or DKIM. 550-5.7.26 550-5.7.26 Authentication results: 550-5.7.26 DKIM = did not pass 550-5.7.26 SPF [vps.vcrowd.in] with ip: [103.120.179.240] = did not pass 550-5.7.26 550-5.7.26 For instructions on setting up authentication, go to 550 5.7.26 https://support.google.com/mail/answer/81126#authentication 41be03b00d2f7-b6a76b868acsi2380311a12.1444 - gsmtp (in reply to end of DATA command)
Oct 19 16:55:40 vps postfix/smtp[25795]: 804173BF5BD: to=, relay=alt1.gmail-smtp-in.l.google.com[192.178.163.26]:25, delay=486, delays=484/0.01/1.8/0.59, dsn=4.7.26, status=SOFTBOUNCE (host alt1.gmail-smtp-in.l.google.com[192.178.163.26] said: 550-5.7.26 Your email has been blocked because the sender is unauthenticated. 550-5.7.26 Gmail requires all senders to authenticate with either SPF or DKIM. 550-5.7.26 550-5.7.26 Authentication results: 550-5.7.26 DKIM = did not pass 550-5.7.26 SPF [vps.vcrowd.in] with ip: [103.120.179.240] = did not pass 550-5.7.26 550-5.7.26 For instructions on setting up authentication, go to 550 5.7.26 https://support.google.com/mail/answer/81126#authentication 41be03b00d2f7-b6a76b5912dsi2317409a12.934 - gsmtp (in reply to end of DATA command))
Oct 19 16:55:41 vps postfix/smtp[25796]: 1BACF7AFB3: to=, relay=alt1.gmail-smtp-in.l.google.com[192.178.163.26]:25, delay=487, delays=484/0.01/1.8/0.68, dsn=4.7.26, status=SOFTBOUNCE (host alt1.gmail-smtp-in.l.google.com[192.178.163.26] said: 550-5.7.26 Your email has been blocked because the sender is unauthenticated. 550-5.7.26 Gmail requires all senders to authenticate with either SPF or DKIM. 550-5.7.26 550-5.7.26 Authentication results: 550-5.7.26 DKIM = did not pass 550-5.7.26 SPF [vps.vcrowd.in] with ip: [103.120.179.240] = did not pass 550-5.7.26 550-5.7.26 For instructions on setting up authentication, go to 550 5.7.26 https://support.google.com/mail/answer/81126#authentication d2e1a72fcca58-7a2300d4b62si2673090b3a.341 - gsmtp (in reply to end of DATA command))
Oct 19 16:56:08 vps postfix/smtp[25815]: connect to crackersadaikki.com[13.248.213.45]:25: Connection timed out
Oct 19 16:56:08 vps postfix/smtp[25816]: connect to crackersadaikki.com[13.248.213.45]:25: Connection timed out
Oct 19 16:56:32 vps postfix/smtpd[28678]: connect from unknown[195.211.188.86]
Oct 19 16:56:35 vps postfix/smtpd[28678]: warning: unknown[195.211.188.86]: SASL LOGIN authentication failed: UGFzc3dvcmQ6
Oct 19 16:56:35 vps postfix/smtpd[28678]: disconnect from unknown[195.211.188.86]
Oct 19 16:56:38 vps postfix/smtp[25815]: connect to crackersadaikki.com[76.223.67.189]:25: Connection timed out
Oct 19 16:56:38 vps postfix/smtp[25815]: 804173BF5BD: to=, relay=none, delay=544, delays=484/0.01/60/0, dsn=4.4.1, status=deferred (connect to crackersadaikki.com[76.223.67.189]:25: Connection timed out)
Oct 19 16:56:38 vps postfix/smtp[25816]: connect to crackersadaikki.com[76.223.67.189]:25: Connection timed out
Oct 19 16:56:38 vps postfix/smtp[25816]: 1BACF7AFB3: to=, relay=none, delay=545, delays=484/0.01/60/0, dsn=4.4.1, status=deferred (connect to crackersadaikki.com[76.223.67.189]:25: Connection timed out)
Oct 19 16:56:46 vps postfix/smtpd[8885]: connect from unknown[212.132.96.229]
Oct 19 16:56:49 vps postfix/smtpd[8885]: warning: unknown[212.132.96.229]: SASL LOGIN authentication failed: UGFzc3dvcmQ6
Oct 19 16:56:49 vps postfix/smtpd[8885]: disconnect from unknown[212.132.96.229]
Oct 19 16:57:52 vps postfix/smtpd[28678]: connect from unknown[213.209.157.225]
Oct 19 16:57:54 vps postfix/smtpd[28678]: warning: unknown[213.209.157.225]: SASL LOGIN authentication failed: UGFzc3dvcmQ6
Oct 19 16:57:54 vps postfix/smtpd[28678]: disconnect from unknown[213.209.157.225]
Oct 19 16:58:01 vps postfix/smtpd[8885]: connect from unknown[212.132.96.229]
Oct 19 16:58:04 vps postfix/smtpd[8885]: warning: unknown[212.132.96.229]: SASL LOGIN authentication failed: UGFzc3dvcmQ6
Oct 19 16:58:04 vps postfix/smtpd[8885]: disconnect from unknown[212.132.96.229]
Oct 19 16:58:54 vps postfix/smtpd[28678]: connect from unknown[116.4.173.20]
Oct 19 16:58:54 vps postfix/smtpd[30118]: connect from unknown[195.211.188.86]
Oct 19 16:58:55 vps postfix/smtpd[28678]: warning: numeric domain name in resource data of MX record for face-best.com: 124.156.198.229
Oct 19 16:58:57 vps postfix/smtpd[28678]: NOQUEUE: reject: RCPT from unknown[116.4.173.20]: 454 4.7.1 Service unavailable; Client host [116.4.173.20] blocked using dnsbl-1.uceprotect.net; IP 116.4.173.20 is UCEPROTECT-Level 1 listed. See http://www.uceprotect.net/rblcheck.php?ipr=116.4.173.20; from= to= proto=SMTP helo=
Oct 19 16:58:57 vps postfix/smtpd[30118]: warning: unknown[195.211.188.86]: SASL LOGIN authentication failed: UGFzc3dvcmQ6
Oct 19 16:58:57 vps postfix/smtpd[30118]: disconnect from unknown[195.211.188.86]
Oct 19 16:58:57 vps postfix/smtpd[28678]: disconnect from unknown[116.4.173.20]
Oct 19 16:59:16 vps postfix/smtpd[8885]: connect from unknown[212.132.96.229]
Oct 19 16:59:19 vps postfix/smtpd[8885]: warning: unknown[212.132.96.229]: SASL LOGIN authentication failed: UGFzc3dvcmQ6
Oct 19 16:59:19 vps postfix/smtpd[8885]: disconnect from unknown[212.132.96.229]
Oct 19 17:00:29 vps postfix/smtpd[8885]: connect from unknown[212.132.96.229]
Oct 19 17:00:31 vps postfix/smtpd[8885]: warning: unknown[212.132.96.229]: SASL LOGIN authentication failed: UGFzc3dvcmQ6
Oct 19 17:00:31 vps postfix/smtpd[8885]: disconnect from unknown[212.132.96.229]
Oct 19 17:00:35 vps postfix/smtpd[30118]: connect from unknown[62.60.131.17]
Oct 19 17:00:38 vps postfix/smtpd[30118]: warning: unknown[62.60.131.17]: SASL LOGIN authentication failed: UGFzc3dvcmQ6
Oct 19 17:00:38 vps postfix/smtpd[30118]: disconnect from unknown[62.60.131.17]
Oct 19 17:00:38 vps postfix/qmgr[26951]: 513738F134: from=, size=875, nrcpt=2 (queue active)
Oct 19 17:00:38 vps postfix/qmgr[26951]: 2F5613C0146: from=, size=881, nrcpt=2 (queue active)
Oct 19 17:00:38 vps postfix/qmgr[26951]: 9EF9D3BF595: from=, size=1116, nrcpt=2 (queue active)
Oct 19 17:00:38 vps postfix/qmgr[26951]: 917CA3C0147: from=, size=1116, nrcpt=2 (queue active)
Oct 19 17:00:39 vps postfix/smtp[32119]: 513738F134: host gmail-smtp-in.l.google.com[142.251.12.26] said: 550-5.1.1 The email account that you tried to reach does not exist. Please try 550-5.1.1 double-checking the recipient's email address for typos or 550-5.1.1 unnecessary spaces. For more information, go to 550 5.1.1 https://support.google.com/mail/?p=NoSuchUser d2e1a72fcca58-7a2300d4a36si2745633b3a.369 - gsmtp (in reply to RCPT TO command)
Oct 19 17:00:39 vps postfix/smtp[32124]: 9EF9D3BF595: host gmail-smtp-in.l.google.com[142.251.12.26] said: 550-5.7.26 Your email has been blocked because the sender is unauthenticated. 550-5.7.26 Gmail requires all senders to authenticate with either SPF or DKIM. 550-5.7.26 550-5.7.26 Authentication results: 550-5.7.26 DKIM = did not pass 550-5.7.26 SPF [vps.vcrowd.in] with ip: [103.120.179.240] = did not pass 550-5.7.26 550-5.7.26 For instructions on setting up authentication, go to 550 5.7.26 https://support.google.com/mail/answer/81126#authentication d2e1a72fcca58-7a23012dca5si2702284b3a.920 - gsmtp (in reply to end of DATA command)
Oct 19 17:00:39 vps postfix/smtp[32121]: 2F5613C0146: host gmail-smtp-in.l.google.com[142.251.12.27] said: 550-5.7.26 Your email has been blocked because the sender is unauthenticated. 550-5.7.26 Gmail requires all senders to authenticate with either SPF or DKIM. 550-5.7.26 550-5.7.26 Authentication results: 550-5.7.26 DKIM = did not pass 550-5.7.26 SPF [vps.vcrowd.in] with ip: [103.120.179.240] = did not pass 550-5.7.26 550-5.7.26 For instructions on setting up authentication, go to 550 5.7.26 https://support.google.com/mail/answer/81126#authentication d2e1a72fcca58-7a2300d51e9si2607897b3a.383 - gsmtp (in reply to end of DATA command)
Oct 19 17:00:39 vps postfix/smtp[32126]: 917CA3C0147: host gmail-smtp-in.l.google.com[142.251.12.26] said: 550-5.7.26 Your email has been blocked because the sender is unauthenticated. 550-5.7.26 Gmail requires all senders to authenticate with either SPF or DKIM. 550-5.7.26 550-5.7.26 Authentication results: 550-5.7.26 DKIM = did not pass 550-5.7.26 SPF [vps.vcrowd.in] with ip: [103.120.179.240] = did not pass 550-5.7.26 550-5.7.26 For instructions on setting up authentication, go to 550 5.7.26 https://support.google.com/mail/answer/81126#authentication d9443c01a7336-29246ec7626si28338995ad.77 - gsmtp (in reply to end of DATA command)
Oct 19 17:00:40 vps postfix/smtp[32119]: 513738F134: to=, relay=alt1.gmail-smtp-in.l.google.com[192.178.163.26]:25, delay=451, delays=449/0.04/1.8/0.27, dsn=4.1.1, status=SOFTBOUNCE (host alt1.gmail-smtp-in.l.google.com[192.178.163.26] said: 550-5.1.1 The email account that you tried to reach does not exist. Please try 550-5.1.1 double-checking the recipient's email address for typos or 550-5.1.1 unnecessary spaces. For more information, go to 550 5.1.1 https://support.google.com/mail/?p=NoSuchUser 41be03b00d2f7-b6a76b1c41dsi2511873a12.484 - gsmtp (in reply to RCPT TO command))
Oct 19 17:00:40 vps postfix/smtp[32121]: 2F5613C0146: to=, relay=alt1.gmail-smtp-in.l.google.com[192.178.163.26]:25, delay=375, delays=372/0.06/1.9/0.64, dsn=4.7.26, status=SOFTBOUNCE (host alt1.gmail-smtp-in.l.google.com[192.178.163.26] said: 550-5.7.26 Your email has been blocked because the sender is unauthenticated. 550-5.7.26 Gmail requires all senders to authenticate with either SPF or DKIM. 550-5.7.26 550-5.7.26 Authentication results: 550-5.7.26 DKIM = did not pass 550-5.7.26 SPF [vps.vcrowd.in] with ip: [103.120.179.240] = did not pass 550-5.7.26 550-5.7.26 For instructions on setting up authentication, go to 550 5.7.26 https://support.google.com/mail/answer/81126#authentication d2e1a72fcca58-7a22ff15c96si2811611b3a.183 - gsmtp (in reply to end of DATA command))
Oct 19 17:00:41 vps postfix/smtp[32124]: 9EF9D3BF595: to=, relay=alt1.gmail-smtp-in.l.google.com[192.178.163.27]:25, delay=451, delays=449/0.08/1.9/0.68, dsn=4.7.26, status=SOFTBOUNCE (host alt1.gmail-smtp-in.l.google.com[192.178.163.27] said: 550-5.7.26 Your email has been blocked because the sender is unauthenticated. 550-5.7.26 Gmail requires all senders to authenticate with either SPF or DKIM. 550-5.7.26 550-5.7.26 Authentication results: 550-5.7.26 DKIM = did not pass 550-5.7.26 SPF [vps.vcrowd.in] with ip: [103.120.179.240] = did not pass 550-5.7.26 550-5.7.26 For instructions on setting up authentication, go to 550 5.7.26 https://support.google.com/mail/answer/81126#authentication d2e1a72fcca58-7a2300d4c7dsi2734456b3a.352 - gsmtp (in reply to end of DATA command))
Oct 19 17:00:41 vps postfix/smtp[32126]: 917CA3C0147: to=, relay=alt1.gmail-smtp-in.l.google.com[192.178.163.27]:25, delay=375, delays=372/0.11/2.1/0.67, dsn=4.7.26, status=SOFTBOUNCE (host alt1.gmail-smtp-in.l.google.com[192.178.163.27] said: 550-5.7.26 Your email has been blocked because the sender is unauthenticated. 550-5.7.26 Gmail requires all senders to authenticate with either SPF or DKIM. 550-5.7.26 550-5.7.26 Authentication results: 550-5.7.26 DKIM = did not pass 550-5.7.26 SPF [vps.vcrowd.in] with ip: [103.120.179.240] = did not pass 550-5.7.26 550-5.7.26 For instructions on setting up authentication, go to 550 5.7.26 https://support.google.com/mail/answer/81126#authentication 41be03b00d2f7-b6a76b7c6fcsi2282289a12.1292 - gsmtp (in reply to end of DATA command))
Oct 19 17:00:50 vps postfix/anvil[27319]: statistics: max connection rate 1/60s for (submission:212.132.96.229) at
Oct 19 16:51:40
Oct 19 17:00:50 vps postfix/anvil[27319]: statistics: max connection count 1 for (submission:212.132.96.229) at
Oct 19 16:51:40
Oct 19 17:00:50 vps postfix/anvil[27319]: statistics: max cache size 3 at
Oct 19 16:58:54
Oct 19 17:01:08 vps postfix/smtp[32125]: connect to crackersadaikki.com[13.248.213.45]:25: Connection timed out
Oct 19 17:01:08 vps postfix/smtp[32117]: connect to crackersadaikki.com[13.248.213.45]:25: Connection timed out
Oct 19 17:01:08 vps postfix/smtp[32122]: connect to crackersadaikki.com[76.223.67.189]:25: Connection timed out
Oct 19 17:01:08 vps postfix/smtp[32120]: connect to crackersadaikki.com[76.223.67.189]:25: Connection timed out
Oct 19 17:01:10 vps postfix/smtpd[8885]: connect from unknown[165.154.121.231]
Oct 19 17:01:13 vps postfix/smtpd[8885]: warning: unknown[165.154.121.231]: SASL LOGIN authentication failed: UGFzc3dvcmQ6
Oct 19 17:01:13 vps postfix/smtpd[8885]: disconnect from unknown[165.154.121.231]
Oct 19 17:01:38 vps postfix/smtp[32125]: connect to crackersadaikki.com[76.223.67.189]:25: Connection timed out
Oct 19 17:01:38 vps postfix/smtp[32125]: 917CA3C0147: to=, relay=none, delay=432, delays=372/0.09/60/0, dsn=4.4.1, status=deferred (connect to crackersadaikki.com[76.223.67.189]:25: Connection timed out)
Oct 19 17:01:38 vps postfix/smtp[32122]: connect to crackersadaikki.com[13.248.213.45]:25: Connection timed out
Oct 19 17:01:38 vps postfix/smtp[32122]: 9EF9D3BF595: to=, relay=none, delay=509, delays=449/0.07/60/0, dsn=4.4.1, status=deferred (connect to crackersadaikki.com[13.248.213.45]:25: Connection timed out)
Oct 19 17:01:38 vps postfix/smtp[32117]: connect to crackersadaikki.com[76.223.67.189]:25: Connection timed out
Oct 19 17:01:38 vps postfix/smtp[32117]: 513738F134: to=, relay=none, delay=509, delays=449/0.02/60/0, dsn=4.4.1, status=deferred (connect to crackersadaikki.com[76.223.67.189]:25: Connection timed out)
Oct 19 17:01:38 vps postfix/smtp[32120]: connect to crackersadaikki.com[13.248.213.45]:25: Connection timed out
Oct 19 17:01:38 vps postfix/smtp[32120]: 2F5613C0146: to=, relay=none, delay=433, delays=372/0.04/60/0, dsn=4.4.1, status=deferred (connect to crackersadaikki.com[13.248.213.45]:25: Connection timed out)
Oct 19 17:01:42 vps postfix/smtpd[8885]: connect from unknown[212.132.96.229]
Oct 19 17:01:45 vps postfix/smtpd[8885]: warning: unknown[212.132.96.229]: SASL LOGIN authentication failed: UGFzc3dvcmQ6
Oct 19 17:01:45 vps postfix/smtpd[8885]: disconnect from unknown[212.132.96.229]
Oct 19 17:02:23 vps postfix/smtpd[820]: connect from unknown[213.209.157.116]
Oct 19 17:02:25 vps postfix/smtpd[820]: warning: unknown[213.209.157.116]: SASL LOGIN authentication failed: UGFzc3dvcmQ6
Oct 19 17:02:25 vps postfix/smtpd[820]: disconnect from unknown[213.209.157.116]
Oct 19 17:02:57 vps postfix/smtpd[8885]: connect from unknown[212.132.96.229]
Oct 19 17:03:00 vps postfix/smtpd[8885]: warning: unknown[212.132.96.229]: SASL LOGIN authentication failed: UGFzc3dvcmQ6
Oct 19 17:03:00 vps postfix/smtpd[8885]: disconnect from unknown[212.132.96.229]
Oct 19 17:03:01 vps postfix/smtpd[820]: connect from unknown[62.60.131.17]
Oct 19 17:03:04 vps postfix/smtpd[820]: warning: unknown[62.60.131.17]: SASL LOGIN authentication failed: UGFzc3dvcmQ6
Oct 19 17:03:04 vps postfix/smtpd[820]: disconnect from unknown[62.60.131.17]
Oct 19 17:03:50 vps postfix/smtpd[820]: connect from unknown[178.16.54.241]
Oct 19 17:03:51 vps postfix/smtpd[820]: NOQUEUE: reject: RCPT from unknown[178.16.54.241]: 454 4.7.1 : Relay access denied; from= to= proto=ESMTP helo=
Oct 19 17:03:51 vps postfix/smtpd[820]: disconnect from unknown[178.16.54.241]
Oct 19 17:03:52 vps postfix/smtpd[820]: connect from unknown[178.16.54.241]
Oct 19 17:03:55 vps postfix/smtpd[820]: warning: unknown[178.16.54.241]: SASL LOGIN authentication failed: UGFzc3dvcmQ6
Oct 19 17:03:55 vps postfix/smtpd[820]: lost connection after AUTH from unknown[178.16.54.241]
Oct 19 17:03:55 vps postfix/smtpd[820]: disconnect from unknown[178.16.54.241]
Oct 19 17:03:55 vps postfix/smtpd[820]: connect from unknown[178.16.54.241]
Oct 19 17:04:02 vps postfix/smtpd[820]: warning: unknown[178.16.54.241]: SASL LOGIN authentication failed: UGFzc3dvcmQ6
Oct 19 17:04:02 vps postfix/smtpd[820]: lost connection after AUTH from unknown[178.16.54.241]
Oct 19 17:04:02 vps postfix/smtpd[820]: disconnect from unknown[178.16.54.241]
Oct 19 17:04:02 vps postfix/smtpd[820]: connect from unknown[178.16.54.241]
Oct 19 17:04:10 vps postfix/smtpd[1948]: connect from lewis.rolldeos.com[94.156.175.177]
Oct 19 17:04:11 vps postfix/smtpd[1948]: NOQUEUE: reject: RCPT from lewis.rolldeos.com[94.156.175.177]: 454 4.7.1 Service unavailable; Client host [94.156.175.177] blocked using bl.spamcop.net; Blocked - see https://www.spamcop.net/bl.shtml?94.156.175.177; from= to= proto=ESMTP helo=
Oct 19 17:04:11 vps postfix/smtpd[1948]: disconnect from lewis.rolldeos.com[94.156.175.177]
Oct 19 17:04:13 vps postfix/smtpd[8885]: connect from unknown[212.132.96.229]
Oct 19 17:04:13 vps postfix/smtpd[820]: warning: unknown[178.16.54.241]: SASL LOGIN authentication failed: UGFzc3dvcmQ6
Oct 19 17:04:13 vps postfix/smtpd[820]: lost connection after AUTH from unknown[178.16.54.241]
Oct 19 17:04:13 vps postfix/smtpd[820]: disconnect from unknown[178.16.54.241]
Oct 19 17:04:13 vps postfix/smtpd[1948]: connect from unknown[178.16.54.241]
Oct 19 17:04:15 vps postfix/smtpd[8885]: warning: unknown[212.132.96.229]: SASL LOGIN authentication failed: UGFzc3dvcmQ6
Oct 19 17:04:15 vps postfix/smtpd[8885]: disconnect from unknown[212.132.96.229]
Oct 19 17:04:24 vps postfix/smtpd[1948]: warning: unknown[178.16.54.241]: SASL LOGIN authentication failed: Connection lost to authentication server
Oct 19 17:04:24 vps postfix/smtpd[1948]: lost connection after AUTH from unknown[178.16.54.241]
Oct 19 17:04:24 vps postfix/smtpd[1948]: disconnect from unknown[178.16.54.241]
Oct 19 17:04:25 vps postfix/smtpd[820]: connect from unknown[178.16.54.241]
Oct 19 17:04:26 vps postfix/smtpd[820]: NOQUEUE: reject: RCPT from unknown[178.16.54.241]: 454 4.7.1 : Relay access denied; from= to= proto=ESMTP helo=
Oct 19 17:04:26 vps postfix/smtpd[820]: disconnect from unknown[178.16.54.241]
Oct 19 17:04:27 vps postfix/smtpd[1948]: connect from unknown[178.16.54.241]
Oct 19 17:04:30 vps postfix/smtpd[1948]: warning: unknown[178.16.54.241]: SASL LOGIN authentication failed: UGFzc3dvcmQ6
Oct 19 17:04:30 vps postfix/smtpd[1948]: lost connection after AUTH from unknown[178.16.54.241]
Oct 19 17:04:30 vps postfix/smtpd[1948]: disconnect from unknown[178.16.54.241]
Oct 19 17:04:30 vps postfix/smtpd[820]: connect from unknown[178.16.54.241]
Oct 19 17:04:33 vps postfix/smtpd[820]: warning: unknown[178.16.54.241]: SASL LOGIN authentication failed: UGFzc3dvcmQ6
Oct 19 17:04:33 vps postfix/smtpd[820]: lost connection after AUTH from unknown[178.16.54.241]
Oct 19 17:04:33 vps postfix/smtpd[820]: disconnect from unknown[178.16.54.241]
Oct 19 17:04:33 vps postfix/smtpd[1948]: connect from unknown[178.16.54.241]
Oct 19 17:04:36 vps postfix/smtpd[1948]: warning: unknown[178.16.54.241]: SASL LOGIN authentication failed: UGFzc3dvcmQ6
Oct 19 17:04:36 vps postfix/smtpd[1948]: lost connection after AUTH from unknown[178.16.54.241]
Oct 19 17:04:36 vps postfix/smtpd[1948]: disconnect from unknown[178.16.54.241]
Oct 19 17:04:36 vps postfix/smtpd[820]: connect from unknown[178.16.54.241]
Oct 19 17:04:39 vps postfix/smtpd[820]: warning: unknown[178.16.54.241]: SASL LOGIN authentication failed: UGFzc3dvcmQ6
Oct 19 17:04:39 vps postfix/smtpd[820]: lost connection after AUTH from unknown[178.16.54.241]
Oct 19 17:04:39 vps postfix/smtpd[820]: disconnect from unknown[178.16.54.241]
Oct 19 17:05:27 vps postfix/smtpd[8885]: connect from unknown[212.132.96.229]
Oct 19 17:05:30 vps postfix/smtpd[8885]: warning: unknown[212.132.96.229]: SASL LOGIN authentication failed: UGFzc3dvcmQ6
Oct 19 17:05:30 vps postfix/smtpd[8885]: disconnect from unknown[212.132.96.229]
Oct 19 17:06:43 vps postfix/smtpd[8885]: connect from unknown[212.132.96.229]
Oct 19 17:06:46 vps postfix/smtpd[8885]: warning: unknown[212.132.96.229]: SASL LOGIN authentication failed: UGFzc3dvcmQ6
Oct 19 17:06:46 vps postfix/smtpd[8885]: disconnect from unknown[212.132.96.229]
Oct 19 17:06:48 vps postfix/smtpd[4266]: connect from unknown[213.209.157.252]
Oct 19 17:06:50 vps postfix/smtpd[4266]: warning: unknown[213.209.157.252]: SASL LOGIN authentication failed: UGFzc3dvcmQ6
Oct 19 17:06:50 vps postfix/smtpd[4266]: disconnect from unknown[213.209.157.252]
Oct 19 17:07:59 vps postfix/smtpd[8885]: connect from unknown[212.132.96.229]
Oct 19 17:08:02 vps postfix/smtpd[8885]: warning: unknown[212.132.96.229]: SASL LOGIN authentication failed: UGFzc3dvcmQ6
Oct 19 17:08:02 vps postfix/smtpd[8885]: disconnect from unknown[212.132.96.229]
Oct 19 17:08:15 vps postfix/smtpd[4266]: connect from unknown[62.60.131.17]
Oct 19 17:08:18 vps postfix/smtpd[4266]: warning: unknown[62.60.131.17]: SASL LOGIN authentication failed: UGFzc3dvcmQ6
Oct 19 17:08:18 vps postfix/smtpd[4266]: disconnect from unknown[62.60.131.17]
Oct 19 17:08:40 vps postfix/smtpd[4266]: connect from unknown[62.60.131.124]
Oct 19 17:08:43 vps postfix/smtpd[4266]: warning: unknown[62.60.131.124]: SASL LOGIN authentication failed: UGFzc3dvcmQ6
Oct 19 17:08:43 vps postfix/smtpd[4266]: disconnect from unknown[62.60.131.124]
Oct 19 17:09:18 vps postfix/smtpd[8885]: connect from unknown[212.132.96.229]
Oct 19 17:09:20 vps postfix/smtpd[8885]: warning: unknown[212.132.96.229]: SASL LOGIN authentication failed: UGFzc3dvcmQ6
Oct 19 17:09:20 vps postfix/smtpd[8885]: disconnect from unknown[212.132.96.229]
Oct 19 17:10:35 vps postfix/smtpd[8885]: connect from unknown[212.132.96.229]
Oct 19 17:10:38 vps postfix/smtpd[8885]: warning: unknown[212.132.96.229]: SASL LOGIN authentication failed: UGFzc3dvcmQ6
Oct 19 17:10:38 vps postfix/smtpd[8885]: disconnect from unknown[212.132.96.229]
Oct 19 17:10:38 vps postfix/qmgr[26951]: 513738F134: from=, size=875, nrcpt=2 (queue active)
Oct 19 17:10:38 vps postfix/qmgr[26951]: 2F5613C0146: from=, size=881, nrcpt=2 (queue active)
Oct 19 17:10:38 vps postfix/qmgr[26951]: 1BACF7AFB3: from=, size=869, nrcpt=2 (queue active)
Oct 19 17:10:38 vps postfix/qmgr[26951]: 804173BF5BD: from=, size=1116, nrcpt=2 (queue active)
Oct 19 17:10:38 vps postfix/qmgr[26951]: 917CA3C0147: from=, size=1116, nrcpt=2 (queue active)
Oct 19 17:10:38 vps postfix/qmgr[26951]: 9EF9D3BF595: from=, size=1116, nrcpt=2 (queue active)
Oct 19 17:10:39 vps postfix/smtp[7307]: 513738F134: host gmail-smtp-in.l.google.com[142.251.12.27] said: 550-5.1.1 The email account that you tried to reach does not exist. Please try 550-5.1.1 double-checking the recipient's email address for typos or 550-5.1.1 unnecessary spaces. For more information, go to 550 5.1.1 https://support.google.com/mail/?p=NoSuchUser d2e1a72fcca58-7a22ff147fcsi2679547b3a.171 - gsmtp (in reply to RCPT TO command)
Oct 19 17:10:39 vps postfix/smtp[7309]: 2F5613C0146: host gmail-smtp-in.l.google.com[142.251.12.26] said: 550-5.7.26 Your email has been blocked because the sender is unauthenticated. 550-5.7.26 Gmail requires all senders to authenticate with either SPF or DKIM. 550-5.7.26 550-5.7.26 Authentication results: 550-5.7.26 DKIM = did not pass 550-5.7.26 SPF [vps.vcrowd.in] with ip: [103.120.179.240] = did not pass 550-5.7.26 550-5.7.26 For instructions on setting up authentication, go to 550 5.7.26 https://support.google.com/mail/answer/81126#authentication 41be03b00d2f7-b6a76b1ac1esi2387986a12.514 - gsmtp (in reply to end of DATA command)
Oct 19 17:10:39 vps postfix/smtp[7311]: 1BACF7AFB3: host gmail-smtp-in.l.google.com[142.251.12.26] said: 550-5.7.26 Your email has been blocked because the sender is unauthenticated. 550-5.7.26 Gmail requires all senders to authenticate with either SPF or DKIM. 550-5.7.26 550-5.7.26 Authentication results: 550-5.7.26 DKIM = did not pass 550-5.7.26 SPF [vps.vcrowd.in] with ip: [103.120.179.240] = did not pass 550-5.7.26 550-5.7.26 For instructions on setting up authentication, go to 550 5.7.26 https://support.google.com/mail/answer/81126#authentication 98e67ed59e1d1-33d5df83443si2353858a91.67 - gsmtp (in reply to end of DATA command)
Oct 19 17:10:39 vps postfix/smtp[7315]: 917CA3C0147: host gmail-smtp-in.l.google.com[142.251.12.26] said: 550-5.7.26 Your email has been blocked because the sender is unauthenticated. 550-5.7.26 Gmail requires all senders to authenticate with either SPF or DKIM. 550-5.7.26 550-5.7.26 Authentication results: 550-5.7.26 DKIM = did not pass 550-5.7.26 SPF [vps.vcrowd.in] with ip: [103.120.179.240] = did not pass 550-5.7.26 550-5.7.26 For instructions on setting up authentication, go to 550 5.7.26 https://support.google.com/mail/answer/81126#authentication d9443c01a7336-292471dad89si27780415ad.293 - gsmtp (in reply to end of DATA command)
Oct 19 17:10:39 vps postfix/smtp[7313]: 804173BF5BD: host gmail-smtp-in.l.google.com[142.251.12.26] said: 550-5.7.26 Your email has been blocked because the sender is unauthenticated. 550-5.7.26 Gmail requires all senders to authenticate with either SPF or DKIM. 550-5.7.26 550-5.7.26 Authentication results: 550-5.7.26 DKIM = did not pass 550-5.7.26 SPF [vps.vcrowd.in] with ip: [103.120.179.240] = did not pass 550-5.7.26 550-5.7.26 For instructions on setting up authentication, go to 550 5.7.26 https://support.google.com/mail/answer/81126#authentication 41be03b00d2f7-b6a76b1d367si2410987a12.579 - gsmtp (in reply to end of DATA command)
Oct 19 17:10:40 vps postfix/smtp[7307]: 513738F134: to=, relay=alt1.gmail-smtp-in.l.google.com[192.178.163.27]:25, delay=1051, delays=1049/0.06/1.7/0.25, dsn=4.1.1, status=SOFTBOUNCE (host alt1.gmail-smtp-in.l.google.com[192.178.163.27] said: 550-5.1.1 The email account that you tried to reach does not exist. Please try 550-5.1.1 double-checking the recipient's email address for typos or 550-5.1.1 unnecessary spaces. For more information, go to 550 5.1.1 https://support.google.com/mail/?p=NoSuchUser 41be03b00d2f7-b6a76b727b5si2413797a12.1205 - gsmtp (in reply to RCPT TO command))
Oct 19 17:10:40 vps postfix/smtp[7309]: 2F5613C0146: to=, relay=alt1.gmail-smtp-in.l.google.com[192.178.163.27]:25, delay=975, delays=972/0.05/1.9/0.63, dsn=4.7.26, status=SOFTBOUNCE (host alt1.gmail-smtp-in.l.google.com[192.178.163.27] said: 550-5.7.26 Your email has been blocked because the sender is unauthenticated. 550-5.7.26 Gmail requires all senders to authenticate with either SPF or DKIM. 550-5.7.26 550-5.7.26 Authentication results: 550-5.7.26 DKIM = did not pass 550-5.7.26 SPF [vps.vcrowd.in] with ip: [103.120.179.240] = did not pass 550-5.7.26 550-5.7.26 For instructions on setting up authentication, go to 550 5.7.26 https://support.google.com/mail/answer/81126#authentication d9443c01a7336-29247205434si29387225ad.350 - gsmtp (in reply to end of DATA command))
Oct 19 17:10:40 vps postfix/smtp[7311]: 1BACF7AFB3: to=, relay=alt1.gmail-smtp-in.l.google.com[192.178.163.26]:25, delay=1387, delays=1384/0.07/1.9/0.63, dsn=4.7.26, status=SOFTBOUNCE (host alt1.gmail-smtp-in.l.google.com[192.178.163.26] said: 550-5.7.26 Your email has been blocked because the sender is unauthenticated. 550-5.7.26 Gmail requires all senders to authenticate with either SPF or DKIM. 550-5.7.26 550-5.7.26 Authentication results: 550-5.7.26 DKIM = did not pass 550-5.7.26 SPF [vps.vcrowd.in] with ip: [103.120.179.240] = did not pass 550-5.7.26 550-5.7.26 For instructions on setting up authentication, go to 550 5.7.26 https://support.google.com/mail/answer/81126#authentication d9443c01a7336-2924722c751si30046765ad.600 - gsmtp (in reply to end of DATA command))
Oct 19 17:10:41 vps postfix/smtp[7315]: 917CA3C0147: to=, relay=alt1.gmail-smtp-in.l.google.com[192.178.163.27]:25, delay=974, delays=972/0.12/1.9/0.63, dsn=4.7.26, status=SOFTBOUNCE (host alt1.gmail-smtp-in.l.google.com[192.178.163.27] said: 550-5.7.26 Your email has been blocked because the sender is unauthenticated. 550-5.7.26 Gmail requires all senders to authenticate with either SPF or DKIM. 550-5.7.26 550-5.7.26 Authentication results: 550-5.7.26 DKIM = did not pass 550-5.7.26 SPF [vps.vcrowd.in] with ip: [103.120.179.240] = did not pass 550-5.7.26 550-5.7.26 For instructions on setting up authentication, go to 550 5.7.26 https://support.google.com/mail/answer/81126#authentication 41be03b00d2f7-b6a76b7c6aesi2350228a12.1273 - gsmtp (in reply to end of DATA command))
Oct 19 17:10:41 vps postfix/smtp[7313]: 804173BF5BD: to=, relay=alt1.gmail-smtp-in.l.google.com[192.178.163.27]:25, delay=1387, delays=1384/0.09/1.9/0.66, dsn=4.7.26, status=SOFTBOUNCE (host alt1.gmail-smtp-in.l.google.com[192.178.163.27] said: 550-5.7.26 Your email has been blocked because the sender is unauthenticated. 550-5.7.26 Gmail requires all senders to authenticate with either SPF or DKIM. 550-5.7.26 550-5.7.26 Authentication results: 550-5.7.26 DKIM = did not pass 550-5.7.26 SPF [vps.vcrowd.in] with ip: [103.120.179.240] = did not pass 550-5.7.26 550-5.7.26 For instructions on setting up authentication, go to 550 5.7.26 https://support.google.com/mail/answer/81126#authentication d2e1a72fcca58-7a22ff196a6si2815394b3a.90 - gsmtp (in reply to end of DATA command))
Oct 19 17:10:41 vps postfix/smtp[7307]: 9EF9D3BF595: host gmail-smtp-in.l.google.com[142.251.12.26] said: 550-5.7.26 Your email has been blocked because the sender is unauthenticated. 550-5.7.26 Gmail requires all senders to authenticate with either SPF or DKIM. 550-5.7.26 550-5.7.26 Authentication results: 550-5.7.26 DKIM = did not pass 550-5.7.26 SPF [vps.vcrowd.in] with ip: [103.120.179.240] = did not pass 550-5.7.26 550-5.7.26 For instructions on setting up authentication, go to 550 5.7.26 https://support.google.com/mail/answer/81126#authentication d2e1a72fcca58-7a2300fd88esi2849856b3a.568 - gsmtp (in reply to end of DATA command)
Oct 19 17:10:43 vps postfix/smtp[7307]: 9EF9D3BF595: to=, relay=alt1.gmail-smtp-in.l.google.com[192.178.163.27]:25, delay=1053, delays=1049/2.2/1.9/0.64, dsn=4.7.26, status=SOFTBOUNCE (host alt1.gmail-smtp-in.l.google.com[192.178.163.27] said: 550-5.7.26 Your email has been blocked because the sender is unauthenticated. 550-5.7.26 Gmail requires all senders to authenticate with either SPF or DKIM. 550-5.7.26 550-5.7.26 Authentication results: 550-5.7.26 DKIM = did not pass 550-5.7.26 SPF [vps.vcrowd.in] with ip: [103.120.179.240] = did not pass 550-5.7.26 550-5.7.26 For instructions on setting up authentication, go to 550 5.7.26 https://support.google.com/mail/answer/81126#authentication d2e1a72fcca58-7a230126eb9si2805779b3a.830 - gsmtp (in reply to end of DATA command))
Oct 19 17:10:50 vps postfix/anvil[27319]: statistics: max connection rate 10/60s for (smtp:178.16.54.241) at
Oct 19 17:04:36
Oct 19 17:10:50 vps postfix/anvil[27319]: statistics: max connection count 1 for (submission:165.154.121.231) at
Oct 19 17:01:10
Oct 19 17:10:50 vps postfix/anvil[27319]: statistics: max cache size 3 at
Oct 19 17:01:10
Oct 19 17:11:08 vps postfix/smtp[7305]: connect to crackersadaikki.com[13.248.213.45]:25: Connection timed out
Oct 19 17:11:08 vps postfix/smtp[7308]: connect to crackersadaikki.com[13.248.213.45]:25: Connection timed out
Oct 19 17:11:08 vps postfix/smtp[7310]: connect to crackersadaikki.com[13.248.213.45]:25: Connection timed out
Oct 19 17:11:08 vps postfix/smtp[7312]: connect to crackersadaikki.com[13.248.213.45]:25: Connection timed out
Oct 19 17:11:08 vps postfix/smtp[7314]: connect to crackersadaikki.com[76.223.67.189]:25: Connection timed out
Oct 19 17:11:12 vps postfix/smtpd[7698]: connect from 125-228-154-55.hinet-ip.hinet.net[125.228.154.55]
Oct 19 17:11:17 vps postfix/smtpd[7698]: warning: 125-228-154-55.hinet-ip.hinet.net[125.228.154.55]: SASL LOGIN authentication failed: UGFzc3dvcmQ6
Oct 19 17:11:18 vps postfix/smtpd[7698]: lost connection after AUTH from 125-228-154-55.hinet-ip.hinet.net[125.228.154.55]
Oct 19 17:11:18 vps postfix/smtpd[7698]: disconnect from 125-228-154-55.hinet-ip.hinet.net[125.228.154.55]
Oct 19 17:11:38 vps postfix/smtp[7305]: connect to crackersadaikki.com[76.223.67.189]:25: Connection timed out
Oct 19 17:11:38 vps postfix/smtp[7308]: connect to crackersadaikki.com[76.223.67.189]:25: Connection timed out
Oct 19 17:11:38 vps postfix/smtp[7305]: 513738F134: to=, relay=none, delay=1109, delays=1049/0.05/60/0, dsn=4.4.1, status=deferred (connect to crackersadaikki.com[76.223.67.189]:25: Connection timed out)
Oct 19 17:11:38 vps postfix/qmgr[26951]: 513738F134: from=, status=expired, returned to sender
Oct 19 17:11:38 vps postfix/smtp[7308]: 2F5613C0146: to=, relay=none, delay=1032, delays=972/0.04/60/0, dsn=4.4.1, status=deferred (connect to crackersadaikki.com[76.223.67.189]:25: Connection timed out)
Oct 19 17:11:38 vps postfix/qmgr[26951]: 2F5613C0146: from=, status=expired, returned to sender
Oct 19 17:11:38 vps postfix/cleanup[7982]: 7DCC43C0145: message-id=<20251019114138.7DCC43C0145@vps.vcrowd.in>
Oct 19 17:11:38 vps postfix/bounce[7334]: 513738F134: sender non-delivery notification: 7DCC43C0145
Oct 19 17:11:38 vps postfix/qmgr[26951]: 7DCC43C0145: from=<>, size=4053, nrcpt=1 (queue active)
Oct 19 17:11:38 vps postfix/qmgr[26951]: 513738F134: removed
Oct 19 17:11:38 vps postfix/cleanup[7982]: 7F2FF3C014A: message-id=<20251019114138.7F2FF3C014A@vps.vcrowd.in>
Oct 19 17:11:38 vps postfix/qmgr[26951]: 7F2FF3C014A: from=<>, size=4492, nrcpt=1 (queue active)
Oct 19 17:11:38 vps postfix/bounce[7980]: 2F5613C0146: sender non-delivery notification: 7F2FF3C014A
Oct 19 17:11:38 vps postfix/qmgr[26951]: 2F5613C0146: removed
Oct 19 17:11:38 vps postfix/local[7987]: 7DCC43C0145: to=, relay=local, delay=0.04, delays=0.02/0.02/0/0, dsn=2.0.0, status=sent (delivered to mailbox)
Oct 19 17:11:38 vps postfix/qmgr[26951]: 7DCC43C0145: removed
Oct 19 17:11:38 vps postfix/local[7987]: 7F2FF3C014A: to=, relay=local, delay=0.04, delays=0.02/0.01/0/0, dsn=2.0.0, status=sent (delivered to mailbox)
Oct 19 17:11:38 vps postfix/qmgr[26951]: 7F2FF3C014A: removed
Oct 19 17:11:38 vps postfix/smtp[7310]: connect to crackersadaikki.com[76.223.67.189]:25: Connection timed out
Oct 19 17:11:38 vps postfix/smtp[7310]: 1BACF7AFB3: to=, relay=none, delay=1444, delays=1384/0.05/60/0, dsn=4.4.1, status=deferred (connect to crackersadaikki.com[76.223.67.189]:25: Connection timed out)
Oct 19 17:11:38 vps postfix/qmgr[26951]: 1BACF7AFB3: from=, status=expired, returned to sender
Oct 19 17:11:38 vps postfix/cleanup[7984]: 898318F134: message-id=<20251019114138.898318F134@vps.vcrowd.in>
Oct 19 17:11:38 vps postfix/qmgr[26951]: 898318F134: from=<>, size=4452, nrcpt=1 (queue active)
Oct 19 17:11:38 vps postfix/bounce[7980]: 1BACF7AFB3: sender non-delivery notification: 898318F134
Oct 19 17:11:38 vps postfix/qmgr[26951]: 1BACF7AFB3: removed
Oct 19 17:11:38 vps postfix/local[7987]: 898318F134: to=, relay=local, delay=0.01, delays=0.01/0/0/0, dsn=2.0.0, status=sent (delivered to mailbox)
Oct 19 17:11:38 vps postfix/qmgr[26951]: 898318F134: removed
Oct 19 17:11:38 vps postfix/error[7989]: 9EF9D3BF595: to=, relay=none, delay=1109, delays=1049/60/0/0, dsn=4.4.1, status=deferred (delivery temporarily suspended: connect to crackersadaikki.com[76.223.67.189]:25: Connection timed out)
Oct 19 17:11:38 vps postfix/qmgr[26951]: 9EF9D3BF595: from=, status=expired, returned to sender
Oct 19 17:11:38 vps postfix/cleanup[7982]: 8E0EE7AFB3: message-id=<20251019114138.8E0EE7AFB3@vps.vcrowd.in>
Oct 19 17:11:38 vps postfix/bounce[7980]: 9EF9D3BF595: sender non-delivery notification: 8E0EE7AFB3
Oct 19 17:11:38 vps postfix/qmgr[26951]: 8E0EE7AFB3: from=<>, size=4771, nrcpt=1 (queue active)
Oct 19 17:11:38 vps postfix/qmgr[26951]: 9EF9D3BF595: removed
Oct 19 17:11:38 vps postfix/local[7988]: 8E0EE7AFB3: to=, relay=local, delay=0.01, delays=0/0/0/0, dsn=2.0.0, status=sent (delivered to mailbox)
Oct 19 17:11:38 vps postfix/qmgr[26951]: 8E0EE7AFB3: removed
Oct 19 17:11:38 vps postfix/smtp[7312]: connect to crackersadaikki.com[76.223.67.189]:25: Connection timed out
Oct 19 17:11:38 vps postfix/smtp[7312]: 804173BF5BD: to=, relay=none, delay=1444, delays=1384/0.07/60/0, dsn=4.4.1, status=deferred (connect to crackersadaikki.com[76.223.67.189]:25: Connection timed out)
Oct 19 17:11:38 vps postfix/qmgr[26951]: 804173BF5BD: from=, status=expired, returned to sender
Oct 19 17:11:38 vps postfix/cleanup[7984]: 94EFA7AFB3: message-id=<20251019114138.94EFA7AFB3@vps.vcrowd.in>
Oct 19 17:11:38 vps postfix/bounce[7980]: 804173BF5BD: sender non-delivery notification: 94EFA7AFB3
Oct 19 17:11:38 vps postfix/qmgr[26951]: 94EFA7AFB3: from=<>, size=4705, nrcpt=1 (queue active)
Oct 19 17:11:38 vps postfix/qmgr[26951]: 804173BF5BD: removed
Oct 19 17:11:38 vps postfix/local[7987]: 94EFA7AFB3: to=, relay=local, delay=0.01, delays=0/0/0/0, dsn=2.0.0, status=sent (delivered to mailbox)
Oct 19 17:11:38 vps postfix/qmgr[26951]: 94EFA7AFB3: removed
Oct 19 17:11:38 vps postfix/smtp[7314]: connect to crackersadaikki.com[13.248.213.45]:25: Connection timed out
Oct 19 17:11:38 vps postfix/smtp[7314]: 917CA3C0147: to=, relay=none, delay=1032, delays=972/0.1/60/0, dsn=4.4.1, status=deferred (connect to crackersadaikki.com[13.248.213.45]:25: Connection timed out)
Oct 19 17:11:38 vps postfix/qmgr[26951]: 917CA3C0147: from=, status=expired, returned to sender
Oct 19 17:11:38 vps postfix/cleanup[7982]: A1DF17AFB3: message-id=<20251019114138.A1DF17AFB3@vps.vcrowd.in>
Oct 19 17:11:38 vps postfix/bounce[7980]: 917CA3C0147: sender non-delivery notification: A1DF17AFB3
Oct 19 17:11:38 vps postfix/qmgr[26951]: A1DF17AFB3: from=<>, size=4709, nrcpt=1 (queue active)
Oct 19 17:11:38 vps postfix/qmgr[26951]: 917CA3C0147: removed
Oct 19 17:11:38 vps postfix/local[7988]: A1DF17AFB3: to=, relay=local, delay=0.01, delays=0/0/0/0, dsn=2.0.0, status=sent (delivered to mailbox)
Oct 19 17:11:38 vps postfix/qmgr[26951]: A1DF17AFB3: removed
Oct 19 17:11:51 vps postfix/smtpd[8885]: connect from unknown[212.132.96.229]
Oct 19 17:11:54 vps postfix/smtpd[8885]: warning: unknown[212.132.96.229]: SASL LOGIN authentication failed: UGFzc3dvcmQ6
Oct 19 17:11:54 vps postfix/smtpd[8885]: disconnect from unknown[212.132.96.229]
Oct 19 17:13:08 vps postfix/smtpd[8885]: connect from unknown[212.132.96.229]
Oct 19 17:13:11 vps postfix/smtpd[8885]: warning: unknown[212.132.96.229]: SASL LOGIN authentication failed: UGFzc3dvcmQ6
Oct 19 17:13:11 vps postfix/smtpd[8885]: disconnect from unknown[212.132.96.229]
Oct 19 17:14:11 vps postfix/smtpd[9831]: connect from lewis.rolldeos.com[94.156.175.177]
Oct 19 17:14:12 vps postfix/smtpd[9831]: NOQUEUE: reject: RCPT from lewis.rolldeos.com[94.156.175.177]: 454 4.7.1 Service unavailable; Client host [94.156.175.177] blocked using bl.spamcop.net; Blocked - see https://www.spamcop.net/bl.shtml?94.156.175.177; from= to= proto=ESMTP helo=
Oct 19 17:14:12 vps postfix/smtpd[9831]: disconnect from lewis.rolldeos.com[94.156.175.177]
Oct 19 17:14:25 vps postfix/smtpd[8885]: connect from unknown[212.132.96.229]
Oct 19 17:14:27 vps postfix/smtpd[8885]: warning: unknown[212.132.96.229]: SASL LOGIN authentication failed: UGFzc3dvcmQ6
Oct 19 17:14:27 vps postfix/smtpd[8885]: disconnect from unknown[212.132.96.229]
Oct 19 17:14:58 vps postfix/scache[7337]: statistics: start interval
Oct 19 17:10:40
Oct 19 17:14:58 vps postfix/scache[7337]: statistics: domain lookup hits=0 miss=1 success=0%
Oct 19 17:14:58 vps postfix/scache[7337]: statistics: address lookup hits=0 miss=2 success=0%
Oct 19 17:14:58 vps postfix/scache[7337]: statistics: max simultaneous domains=1 addresses=1 connection=1
Oct 19 17:15:39 vps postfix/smtpd[8885]: connect from unknown[212.132.96.229]
Oct 19 17:15:42 vps postfix/smtpd[8885]: warning: unknown[212.132.96.229]: SASL LOGIN authentication failed: UGFzc3dvcmQ6
Oct 19 17:15:42 vps postfix/smtpd[8885]: disconnect from unknown[212.132.96.229]
Oct 19 17:16:29 vps postfix/smtps/smtpd[12122]: warning: No server certs available. TLS won't be enabled
Oct 19 17:16:29 vps postfix/smtps/smtpd[12122]: connect from unknown[61.184.128.210]
Oct 19 17:16:29 vps postfix/smtps/smtpd[12122]: warning: Wrapper-mode request dropped from unknown[61.184.128.210] for service 465. TLS context initialization failed. For details see earlier warnings in your logs.
Oct 19 17:16:29 vps postfix/smtps/smtpd[12122]: disconnect from unknown[61.184.128.210]
Oct 19 17:16:31 vps postfix/smtps/smtpd[12122]: connect from unknown[1.244.246.221]
Oct 19 17:16:31 vps postfix/smtps/smtpd[12122]: warning: Wrapper-mode request dropped from unknown[1.244.246.221] for service 465. TLS context initialization failed. For details see earlier warnings in your logs.
Oct 19 17:16:31 vps postfix/smtps/smtpd[12122]: disconnect from unknown[1.244.246.221]
Oct 19 17:16:35 vps postfix/smtpd[12173]: connect from jaid.pixelforgemedia.info[96.31.94.44]
Oct 19 17:16:36 vps postfix/smtpd[12173]: NOQUEUE: reject: RCPT from jaid.pixelforgemedia.info[96.31.94.44]: 454 4.7.1 Service unavailable; Client host [96.31.94.44] blocked using b.barracudacentral.org; http://www.barracudanetworks.com/reputation/?pr=1&ip=96.31.94.44; from= to= proto=ESMTP helo=
Oct 19 17:16:36 vps postfix/smtps/smtpd[12122]: connect from unknown[111.53.131.79]
Oct 19 17:16:36 vps postfix/smtps/smtpd[12122]: warning: Wrapper-mode request dropped from unknown[111.53.131.79] for service 465. TLS context initialization failed. For details see earlier warnings in your logs.
Oct 19 17:16:36 vps postfix/smtps/smtpd[12122]: disconnect from unknown[111.53.131.79]
Oct 19 17:16:36 vps postfix/smtpd[12173]: disconnect from jaid.pixelforgemedia.info[96.31.94.44]
Oct 19 17:16:40 vps postfix/smtps/smtpd[12122]: warning: hostname 82.193.121.147.ipnet.ua does not resolve to address 82.193.121.147: Name or service not known
Oct 19 17:16:40 vps postfix/smtps/smtpd[12122]: connect from unknown[82.193.121.147]
Oct 19 17:16:40 vps postfix/smtps/smtpd[12122]: warning: Wrapper-mode request dropped from unknown[82.193.121.147] for service 465. TLS context initialization failed. For details see earlier warnings in your logs.
Oct 19 17:16:40 vps postfix/smtps/smtpd[12122]: disconnect from unknown[82.193.121.147]
Oct 19 17:16:43 vps postfix/smtps/smtpd[12122]: connect from unknown[183.107.76.127]
Oct 19 17:16:43 vps postfix/smtps/smtpd[12122]: warning: Wrapper-mode request dropped from unknown[183.107.76.127] for service 465. TLS context initialization failed. For details see earlier warnings in your logs.
Oct 19 17:16:43 vps postfix/smtps/smtpd[12122]: disconnect from unknown[183.107.76.127]
Oct 19 17:16:56 vps postfix/smtpd[8885]: connect from unknown[212.132.96.229]
Oct 19 17:16:58 vps postfix/smtpd[8885]: warning: unknown[212.132.96.229]: SASL LOGIN authentication failed: UGFzc3dvcmQ6
Oct 19 17:16:58 vps postfix/smtpd[8885]: disconnect from unknown[212.132.96.229]
Oct 19 17:17:58 vps postfix/smtpd[12173]: connect from jaid.pixelforgemedia.info[96.31.94.44]
Oct 19 17:17:59 vps postfix/smtpd[12173]: NOQUEUE: reject: RCPT from jaid.pixelforgemedia.info[96.31.94.44]: 454 4.7.1 Service unavailable; Client host [96.31.94.44] blocked using b.barracudacentral.org; http://www.barracudanetworks.com/reputation/?pr=1&ip=96.31.94.44; from= to= proto=ESMTP helo=
Oct 19 17:17:59 vps postfix/smtpd[12173]: disconnect from jaid.pixelforgemedia.info[96.31.94.44]
Oct 19 17:18:13 vps postfix/smtpd[8885]: connect from unknown[212.132.96.229]
Oct 19 17:18:15 vps postfix/smtpd[8885]: warning: unknown[212.132.96.229]: SASL LOGIN authentication failed: UGFzc3dvcmQ6
Oct 19 17:18:15 vps postfix/smtpd[8885]: disconnect from unknown[212.132.96.229]
Oct 19 17:18:58 vps postfix/smtpd[12173]: connect from unknown[213.209.157.225]
Oct 19 17:19:00 vps postfix/smtpd[12173]: warning: unknown[213.209.157.225]: SASL LOGIN authentication failed: UGFzc3dvcmQ6
Oct 19 17:19:00 vps postfix/smtpd[12173]: disconnect from unknown[213.209.157.225]
Oct 19 17:19:30 vps postfix/smtpd[8885]: connect from unknown[212.132.96.229]
Oct 19 17:19:33 vps postfix/smtpd[8885]: warning: unknown[212.132.96.229]: SASL LOGIN authentication failed: UGFzc3dvcmQ6
Oct 19 17:19:33 vps postfix/smtpd[8885]: disconnect from unknown[212.132.96.229]
Oct 19 17:19:44 vps postfix/pickup[5611]: BC6408F134: uid=1052 from=
Oct 19 17:19:44 vps postfix/cleanup[14299]: BC6408F134: message-id=<20251019114944.BC6408F134@vps.vcrowd.in>
Oct 19 17:19:44 vps opendkim[5590]: BC6408F134: DKIM-Signature field added (s=default, d=crackersadaikki.com)
Oct 19 17:19:44 vps postfix/qmgr[26951]: BC6408F134: from=, size=877, nrcpt=2 (queue active)
Oct 19 17:19:45 vps postfix/pickup[5611]: 10B043BF595: uid=1052 from=
Oct 19 17:19:45 vps postfix/cleanup[14299]: 10B043BF595: message-id=<20251019114945.10B043BF595@vps.vcrowd.in>
Oct 19 17:19:45 vps opendkim[5590]: 10B043BF595: DKIM-Signature field added (s=default, d=crackersadaikki.com)
Oct 19 17:19:45 vps postfix/qmgr[26951]: 10B043BF595: from=, size=1116, nrcpt=2 (queue active)
Oct 19 17:19:46 vps postfix/smtp[14308]: BC6408F134: host gmail-smtp-in.l.google.com[142.251.12.26] said: 550-5.7.26 Your email has been blocked because the sender is unauthenticated. 550-5.7.26 Gmail requires all senders to authenticate with either SPF or DKIM. 550-5.7.26 550-5.7.26 Authentication results: 550-5.7.26 DKIM = did not pass 550-5.7.26 SPF [vps.vcrowd.in] with ip: [103.120.179.240] = did not pass 550-5.7.26 550-5.7.26 For instructions on setting up authentication, go to 550 5.7.26 https://support.google.com/mail/answer/81126#authentication 98e67ed59e1d1-33d5de656a2si2383447a91.43 - gsmtp (in reply to end of DATA command)
Oct 19 17:19:46 vps postfix/smtp[14328]: 10B043BF595: host gmail-smtp-in.l.google.com[142.251.12.26] said: 550-5.7.26 Your email has been blocked because the sender is unauthenticated. 550-5.7.26 Gmail requires all senders to authenticate with either SPF or DKIM. 550-5.7.26 550-5.7.26 Authentication results: 550-5.7.26 DKIM = did not pass 550-5.7.26 SPF [vps.vcrowd.in] with ip: [103.120.179.240] = did not pass 550-5.7.26 550-5.7.26 For instructions on setting up authentication, go to 550 5.7.26 https://support.google.com/mail/answer/81126#authentication d2e1a72fcca58-7a22ff19e67si2772930b3a.141 - gsmtp (in reply to end of DATA command)
Oct 19 17:19:47 vps postfix/smtp[14308]: BC6408F134: to=, relay=alt1.gmail-smtp-in.l.google.com[192.178.163.27]:25, delay=2.6, delays=0.1/0.03/1.9/0.6, dsn=4.7.26, status=SOFTBOUNCE (host alt1.gmail-smtp-in.l.google.com[192.178.163.27] said: 550-5.7.26 Your email has been blocked because the sender is unauthenticated. 550-5.7.26 Gmail requires all senders to authenticate with either SPF or DKIM. 550-5.7.26 550-5.7.26 Authentication results: 550-5.7.26 DKIM = did not pass 550-5.7.26 SPF [vps.vcrowd.in] with ip: [103.120.179.240] = did not pass 550-5.7.26 550-5.7.26 For instructions on setting up authentication, go to 550 5.7.26 https://support.google.com/mail/answer/81126#authentication d9443c01a7336-29246ec7d2dsi29253695ad.79 - gsmtp (in reply to end of DATA command))
Oct 19 17:19:47 vps postfix/smtp[14328]: 10B043BF595: to=, relay=alt1.gmail-smtp-in.l.google.com[192.178.163.27]:25, delay=2.6, delays=0.05/0.03/1.9/0.66, dsn=4.7.26, status=SOFTBOUNCE (host alt1.gmail-smtp-in.l.google.com[192.178.163.27] said: 550-5.7.26 Your email has been blocked because the sender is unauthenticated. 550-5.7.26 Gmail requires all senders to authenticate with either SPF or DKIM. 550-5.7.26 550-5.7.26 Authentication results: 550-5.7.26 DKIM = did not pass 550-5.7.26 SPF [vps.vcrowd.in] with ip: [103.120.179.240] = did not pass 550-5.7.26 550-5.7.26 For instructions on setting up authentication, go to 550 5.7.26 https://support.google.com/mail/answer/81126#authentication d2e1a72fcca58-7a2300d5dddsi2761161b3a.316 - gsmtp (in reply to end of DATA command))
Oct 19 17:19:51 vps postfix/smtpd[12173]: connect from mail-1c.netcraft.com[52.31.138.216]
Oct 19 17:19:52 vps postfix/smtpd[12173]: NOQUEUE: reject: RCPT from mail-1c.netcraft.com[52.31.138.216]: 450 4.1.1 : Recipient address rejected: User unknown in virtual mailbox table; from= to= proto=ESMTP helo=
Oct 19 17:19:52 vps postfix/smtpd[12173]: disconnect from mail-1c.netcraft.com[52.31.138.216]
Oct 19 17:20:14 vps postfix/smtp[14307]: connect to crackersadaikki.com[76.223.67.189]:25: Connection timed out
Oct 19 17:20:15 vps postfix/smtp[14327]: connect to crackersadaikki.com[76.223.67.189]:25: Connection timed out
Oct 19 17:20:20 vps postfix/smtpd[12173]: connect from mail-1c.netcraft.com[52.31.138.216]
Oct 19 17:20:21 vps postfix/smtpd[12173]: NOQUEUE: reject: RCPT from mail-1c.netcraft.com[52.31.138.216]: 450 4.1.1 : Recipient address rejected: User unknown in virtual mailbox table; from= to= proto=ESMTP helo=
Oct 19 17:20:21 vps postfix/smtpd[12173]: disconnect from mail-1c.netcraft.com[52.31.138.216]
Oct 19 17:20:44 vps postfix/smtp[14307]: connect to crackersadaikki.com[13.248.213.45]:25: Connection timed out
Oct 19 17:20:44 vps postfix/smtp[14307]: BC6408F134: to=, relay=none, delay=60, delays=0.1/0.02/60/0, dsn=4.4.1, status=deferred (connect to crackersadaikki.com[13.248.213.45]:25: Connection timed out)
Oct 19 17:20:45 vps postfix/smtp[14327]: connect to crackersadaikki.com[13.248.213.45]:25: Connection timed out
Oct 19 17:20:45 vps postfix/smtp[14327]: 10B043BF595: to=, relay=none, delay=60, delays=0.05/0.02/60/0, dsn=4.4.1, status=deferred (connect to crackersadaikki.com[13.248.213.45]:25: Connection timed out)
Oct 19 17:20:48 vps postfix/smtpd[8885]: connect from unknown[212.132.96.229]
Oct 19 17:20:50 vps postfix/anvil[27319]: statistics: max connection rate 2/60s for (smtp:52.31.138.216) at
