Oct 19 13:15:41 vps postfix/smtp[9716]: B23E73C0147: to=, relay=alt1.gmail-smtp-in.l.google.com[192.178.163.26]:25, delay=1518, delays=1515/0.08/2.2/0.68, dsn=4.7.26, status=SOFTBOUNCE (host alt1.gmail-smtp-in.l.google.com[192.178.163.26] said: 550-5.7.26 Your email has been blocked because the sender is unauthenticated. 550-5.7.26 Gmail requires all senders to authenticate with either SPF or DKIM. 550-5.7.26 550-5.7.26 Authentication results: 550-5.7.26 DKIM = did not pass 550-5.7.26 SPF [vps.vcrowd.in] with ip: [103.120.179.240] = did not pass 550-5.7.26 550-5.7.26 For instructions on setting up authentication, go to 550 5.7.26 https://support.google.com/mail/answer/81126#authentication 41be03b00d2f7-b6a76b76e79si2166701a12.1248 - gsmtp (in reply to end of DATA command))
Oct 19 13:16:08 vps postfix/smtp[9711]: connect to crackersadaikki.com[13.248.213.45]:25: Connection timed out
Oct 19 13:16:09 vps postfix/smtp[9715]: connect to crackersadaikki.com[13.248.213.45]:25: Connection timed out
Oct 19 13:16:38 vps postfix/smtp[9711]: connect to crackersadaikki.com[76.223.67.189]:25: Connection timed out
Oct 19 13:16:38 vps postfix/smtp[9711]: 4755B6F9D7: to=, relay=none, delay=1576, delays=1515/0.31/60/0, dsn=4.4.1, status=deferred (connect to crackersadaikki.com[76.223.67.189]:25: Connection timed out)
Oct 19 13:16:38 vps postfix/qmgr[26951]: 4755B6F9D7: from=, status=expired, returned to sender
Oct 19 13:16:38 vps postfix/cleanup[11463]: EC1C58F134: message-id=<20251019074638.EC1C58F134@vps.vcrowd.in>
Oct 19 13:16:38 vps postfix/bounce[9803]: 4755B6F9D7: sender non-delivery notification: EC1C58F134
Oct 19 13:16:38 vps postfix/qmgr[26951]: EC1C58F134: from=<>, size=4460, nrcpt=1 (queue active)
Oct 19 13:16:38 vps postfix/qmgr[26951]: 4755B6F9D7: removed
Oct 19 13:16:38 vps postfix/local[11466]: EC1C58F134: to=, relay=local, delay=0.04, delays=0.02/0.02/0/0, dsn=2.0.0, status=sent (delivered to mailbox)
Oct 19 13:16:38 vps postfix/qmgr[26951]: EC1C58F134: removed
Oct 19 13:16:39 vps postfix/smtp[9715]: connect to crackersadaikki.com[76.223.67.189]:25: Connection timed out
Oct 19 13:16:39 vps postfix/smtp[9715]: B23E73C0147: to=, relay=none, delay=1575, delays=1515/0.07/60/0, dsn=4.4.1, status=deferred (connect to crackersadaikki.com[76.223.67.189]:25: Connection timed out)
Oct 19 13:16:39 vps postfix/qmgr[26951]: B23E73C0147: from=, status=expired, returned to sender
Oct 19 13:16:39 vps postfix/cleanup[11463]: 0A1966F9D7: message-id=<20251019074639.0A1966F9D7@vps.vcrowd.in>
Oct 19 13:16:39 vps postfix/bounce[9803]: B23E73C0147: sender non-delivery notification: 0A1966F9D7
Oct 19 13:16:39 vps postfix/qmgr[26951]: 0A1966F9D7: from=<>, size=4709, nrcpt=1 (queue active)
Oct 19 13:16:39 vps postfix/qmgr[26951]: B23E73C0147: removed
Oct 19 13:16:39 vps postfix/local[11466]: 0A1966F9D7: to=, relay=local, delay=0.01, delays=0.01/0/0/0, dsn=2.0.0, status=sent (delivered to mailbox)
Oct 19 13:16:39 vps postfix/qmgr[26951]: 0A1966F9D7: removed
Oct 19 13:16:51 vps postfix/smtpd[11616]: connect from unknown[212.132.96.229]
Oct 19 13:16:54 vps postfix/smtpd[11616]: warning: unknown[212.132.96.229]: SASL LOGIN authentication failed: UGFzc3dvcmQ6
Oct 19 13:16:54 vps postfix/smtpd[11616]: disconnect from unknown[212.132.96.229]
Oct 19 13:17:06 vps postfix/smtpd[11988]: connect from unknown[195.211.188.86]
Oct 19 13:17:09 vps postfix/smtpd[11988]: warning: unknown[195.211.188.86]: SASL LOGIN authentication failed: UGFzc3dvcmQ6
Oct 19 13:17:09 vps postfix/smtpd[11988]: disconnect from unknown[195.211.188.86]
Oct 19 13:18:07 vps postfix/smtpd[11616]: connect from unknown[212.132.96.229]
Oct 19 13:18:10 vps postfix/smtpd[11616]: warning: unknown[212.132.96.229]: SASL LOGIN authentication failed: UGFzc3dvcmQ6
Oct 19 13:18:10 vps postfix/smtpd[11616]: disconnect from unknown[212.132.96.229]
Oct 19 13:18:23 vps postfix/smtpd[11988]: connect from unknown[196.251.92.11]
Oct 19 13:18:25 vps postfix/smtpd[11988]: warning: unknown[196.251.92.11]: SASL LOGIN authentication failed: UGFzc3dvcmQ6
Oct 19 13:18:25 vps postfix/smtpd[11988]: disconnect from unknown[196.251.92.11]
Oct 19 13:19:23 vps postfix/smtpd[11616]: connect from unknown[212.132.96.229]
Oct 19 13:19:26 vps postfix/smtpd[11616]: warning: unknown[212.132.96.229]: SASL LOGIN authentication failed: UGFzc3dvcmQ6
Oct 19 13:19:26 vps postfix/smtpd[11616]: disconnect from unknown[212.132.96.229]
Oct 19 13:20:38 vps postfix/qmgr[26951]: 5351E7AFB3: from=, size=1006, nrcpt=1 (queue active)
Oct 19 13:20:38 vps postfix/pipe[17790]: 5351E7AFB3: to=, relay=dovecot, delay=910, delays=910/0.05/0/0.07, dsn=4.1.1, status=SOFTBOUNCE (user unknown)
Oct 19 13:20:38 vps postfix/qmgr[26951]: 5351E7AFB3: from=, status=expired, returned to sender
Oct 19 13:20:38 vps postfix/cleanup[17797]: 3A9646F51A: message-id=<20251019075038.3A9646F51A@vps.vcrowd.in>
Oct 19 13:20:38 vps postfix/bounce[17796]: 5351E7AFB3: sender non-delivery notification: 3A9646F51A
Oct 19 13:20:38 vps postfix/qmgr[26951]: 3A9646F51A: from=<>, size=3068, nrcpt=1 (queue active)
Oct 19 13:20:38 vps postfix/qmgr[26951]: 5351E7AFB3: removed
Oct 19 13:20:38 vps postfix/local[17799]: 3A9646F51A: to=, relay=local, delay=0.05, delays=0.02/0.02/0/0.01, dsn=2.0.0, status=sent (delivered to mailbox)
Oct 19 13:20:38 vps postfix/qmgr[26951]: 3A9646F51A: removed
Oct 19 13:20:41 vps postfix/smtpd[11616]: connect from unknown[212.132.96.229]
Oct 19 13:20:43 vps postfix/smtpd[11616]: warning: unknown[212.132.96.229]: SASL LOGIN authentication failed: UGFzc3dvcmQ6
Oct 19 13:20:43 vps postfix/smtpd[11616]: disconnect from unknown[212.132.96.229]
Oct 19 13:20:50 vps postfix/anvil[27319]: statistics: max connection rate 1/60s for (smtp:62.60.131.17) at
Oct 19 13:11:08
Oct 19 13:20:50 vps postfix/anvil[27319]: statistics: max connection count 1 for (smtp:62.60.131.17) at
Oct 19 13:11:08
Oct 19 13:20:50 vps postfix/anvil[27319]: statistics: max cache size 3 at
Oct 19 13:11:23
Oct 19 13:21:56 vps postfix/smtpd[11616]: connect from unknown[212.132.96.229]
Oct 19 13:21:58 vps postfix/smtpd[11616]: warning: unknown[212.132.96.229]: SASL LOGIN authentication failed: UGFzc3dvcmQ6
Oct 19 13:21:58 vps postfix/smtpd[11616]: disconnect from unknown[212.132.96.229]
Oct 19 13:23:13 vps postfix/smtpd[11616]: connect from unknown[212.132.96.229]
Oct 19 13:23:16 vps postfix/smtpd[11616]: warning: unknown[212.132.96.229]: SASL LOGIN authentication failed: UGFzc3dvcmQ6
Oct 19 13:23:16 vps postfix/smtpd[11616]: disconnect from unknown[212.132.96.229]
Oct 19 13:23:52 vps postfix/pickup[4134]: B14CA6F51A: uid=1062 from=
Oct 19 13:23:52 vps postfix/cleanup[20856]: B14CA6F51A: message-id=<20251019075352.B14CA6F51A@vps.vcrowd.in>
Oct 19 13:23:52 vps opendkim[5590]: B14CA6F51A: no signing table match for '"info@gvkennel"@gmail.com'
Oct 19 13:23:52 vps opendkim[5590]: B14CA6F51A: no signature data
Oct 19 13:23:52 vps postfix/qmgr[26951]: B14CA6F51A: from=, size=916, nrcpt=1 (queue active)
Oct 19 13:23:54 vps postfix/smtp[20863]: B14CA6F51A: host gmail-smtp-in.l.google.com[142.251.12.27] said: 550-5.7.26 Your email has been blocked because the sender is unauthenticated. 550-5.7.26 Gmail requires all senders to authenticate with either SPF or DKIM. 550-5.7.26 550-5.7.26 Authentication results: 550-5.7.26 DKIM = did not pass 550-5.7.26 SPF [vps.vcrowd.in] with ip: [103.120.179.240] = did not pass 550-5.7.26 550-5.7.26 For instructions on setting up authentication, go to 550 5.7.26 https://support.google.com/mail/answer/81126#authentication d9443c01a7336-292471dadcbsi27116745ad.331 - gsmtp (in reply to end of DATA command)
Oct 19 13:23:55 vps postfix/smtp[20863]: B14CA6F51A: to=, relay=alt1.gmail-smtp-in.l.google.com[192.178.163.26]:25, delay=2.8, delays=0.06/0.02/2/0.75, dsn=4.7.26, status=SOFTBOUNCE (host alt1.gmail-smtp-in.l.google.com[192.178.163.26] said: 550-5.7.26 Your email has been blocked because the sender is unauthenticated. 550-5.7.26 Gmail requires all senders to authenticate with either SPF or DKIM. 550-5.7.26 550-5.7.26 Authentication results: 550-5.7.26 DKIM = did not pass 550-5.7.26 SPF [vps.vcrowd.in] with ip: [103.120.179.240] = did not pass 550-5.7.26 550-5.7.26 For instructions on setting up authentication, go to 550 5.7.26 https://support.google.com/mail/answer/81126#authentication 41be03b00d2f7-b6a7fd60579si1418214a12.1042 - gsmtp (in reply to end of DATA command))
Oct 19 13:24:08 vps postfix/smtpd[11616]: connect from unknown[165.154.121.231]
Oct 19 13:24:11 vps postfix/smtpd[11616]: warning: unknown[165.154.121.231]: SASL LOGIN authentication failed: UGFzc3dvcmQ6
Oct 19 13:24:11 vps postfix/smtpd[11616]: disconnect from unknown[165.154.121.231]
Oct 19 13:24:30 vps postfix/smtpd[11616]: connect from unknown[212.132.96.229]
Oct 19 13:24:32 vps postfix/smtpd[11616]: warning: unknown[212.132.96.229]: SASL LOGIN authentication failed: UGFzc3dvcmQ6
Oct 19 13:24:32 vps postfix/smtpd[11616]: disconnect from unknown[212.132.96.229]
Oct 19 13:24:35 vps postfix/pickup[4134]: 03DDB7AFB3: uid=1062 from=
Oct 19 13:24:35 vps postfix/cleanup[20856]: 03DDB7AFB3: message-id=<20251019075435.03DDB7AFB3@vps.vcrowd.in>
Oct 19 13:24:35 vps opendkim[5590]: 03DDB7AFB3: no signing table match for '"info@gvkennel"@gmail.com'
Oct 19 13:24:35 vps opendkim[5590]: 03DDB7AFB3: no signature data
Oct 19 13:24:35 vps postfix/qmgr[26951]: 03DDB7AFB3: from=, size=927, nrcpt=1 (queue active)
Oct 19 13:24:36 vps postfix/smtp[20863]: 03DDB7AFB3: host gmail-smtp-in.l.google.com[142.251.12.26] said: 550-5.7.26 Your email has been blocked because the sender is unauthenticated. 550-5.7.26 Gmail requires all senders to authenticate with either SPF or DKIM. 550-5.7.26 550-5.7.26 Authentication results: 550-5.7.26 DKIM = did not pass 550-5.7.26 SPF [vps.vcrowd.in] with ip: [103.120.179.240] = did not pass 550-5.7.26 550-5.7.26 For instructions on setting up authentication, go to 550 5.7.26 https://support.google.com/mail/answer/81126#authentication 41be03b00d2f7-b6a766457f4si2190256a12.104 - gsmtp (in reply to end of DATA command)
Oct 19 13:24:37 vps postfix/pickup[4134]: 6E4EC3BF5BD: uid=1062 from=
Oct 19 13:24:37 vps postfix/cleanup[20856]: 6E4EC3BF5BD: message-id=<20251019075437.6E4EC3BF5BD@vps.vcrowd.in>
Oct 19 13:24:37 vps opendkim[5590]: 6E4EC3BF5BD: no signing table match for '"info@gvkennel"@gmail.com'
Oct 19 13:24:37 vps opendkim[5590]: 6E4EC3BF5BD: no signature data
Oct 19 13:24:37 vps postfix/qmgr[26951]: 6E4EC3BF5BD: from=, size=1569, nrcpt=1 (queue active)
Oct 19 13:24:37 vps postfix/smtp[20863]: 03DDB7AFB3: to=, relay=alt1.gmail-smtp-in.l.google.com[192.178.163.27]:25, delay=2.9, delays=0.02/0/2.1/0.75, dsn=4.7.26, status=SOFTBOUNCE (host alt1.gmail-smtp-in.l.google.com[192.178.163.27] said: 550-5.7.26 Your email has been blocked because the sender is unauthenticated. 550-5.7.26 Gmail requires all senders to authenticate with either SPF or DKIM. 550-5.7.26 550-5.7.26 Authentication results: 550-5.7.26 DKIM = did not pass 550-5.7.26 SPF [vps.vcrowd.in] with ip: [103.120.179.240] = did not pass 550-5.7.26 550-5.7.26 For instructions on setting up authentication, go to 550 5.7.26 https://support.google.com/mail/answer/81126#authentication 41be03b00d2f7-b6a76b6a8bcsi2247490a12.1137 - gsmtp (in reply to end of DATA command))
Oct 19 13:24:38 vps postfix/smtp[21805]: 6E4EC3BF5BD: host gmail-smtp-in.l.google.com[142.251.12.26] said: 550-5.7.26 Your email has been blocked because the sender is unauthenticated. 550-5.7.26 Gmail requires all senders to authenticate with either SPF or DKIM. 550-5.7.26 550-5.7.26 Authentication results: 550-5.7.26 DKIM = did not pass 550-5.7.26 SPF [vps.vcrowd.in] with ip: [103.120.179.240] = did not pass 550-5.7.26 550-5.7.26 For instructions on setting up authentication, go to 550 5.7.26 https://support.google.com/mail/answer/81126#authentication 41be03b00d2f7-b6a76b1bc08si2258916a12.337 - gsmtp (in reply to end of DATA command)
Oct 19 13:24:40 vps postfix/smtp[21805]: 6E4EC3BF5BD: to=, relay=alt1.gmail-smtp-in.l.google.com[192.178.163.27]:25, delay=2.8, delays=0.02/0.01/2/0.82, dsn=4.7.26, status=SOFTBOUNCE (host alt1.gmail-smtp-in.l.google.com[192.178.163.27] said: 550-5.7.26 Your email has been blocked because the sender is unauthenticated. 550-5.7.26 Gmail requires all senders to authenticate with either SPF or DKIM. 550-5.7.26 550-5.7.26 Authentication results: 550-5.7.26 DKIM = did not pass 550-5.7.26 SPF [vps.vcrowd.in] with ip: [103.120.179.240] = did not pass 550-5.7.26 550-5.7.26 For instructions on setting up authentication, go to 550 5.7.26 https://support.google.com/mail/answer/81126#authentication d2e1a72fcca58-7a2300d0a7fsi2501452b3a.371 - gsmtp (in reply to end of DATA command))
Oct 19 13:25:46 vps postfix/smtpd[11616]: connect from unknown[212.132.96.229]
Oct 19 13:25:48 vps postfix/smtpd[11616]: warning: unknown[212.132.96.229]: SASL LOGIN authentication failed: UGFzc3dvcmQ6
Oct 19 13:25:48 vps postfix/smtpd[11616]: disconnect from unknown[212.132.96.229]
Oct 19 13:26:12 vps postfix/smtpd[24483]: connect from unknown[62.60.131.124]
Oct 19 13:26:15 vps postfix/smtpd[24483]: warning: unknown[62.60.131.124]: SASL LOGIN authentication failed: UGFzc3dvcmQ6
Oct 19 13:26:15 vps postfix/smtpd[24483]: disconnect from unknown[62.60.131.124]
Oct 19 13:26:40 vps postfix/smtpd[24483]: connect from 182-155-213-175.veetime.com[182.155.213.175]
Oct 19 13:26:41 vps postfix/smtpd[24823]: connect from land.greenlabsmedia.info[96.31.94.178]
Oct 19 13:26:41 vps postfix/smtpd[24823]: NOQUEUE: reject: RCPT from land.greenlabsmedia.info[96.31.94.178]: 450 4.1.8 : Sender address rejected: Domain not found; from= to= proto=ESMTP helo=
Oct 19 13:26:41 vps postfix/smtpd[24823]: disconnect from land.greenlabsmedia.info[96.31.94.178]
Oct 19 13:26:45 vps postfix/smtpd[24483]: warning: 182-155-213-175.veetime.com[182.155.213.175]: SASL LOGIN authentication failed: UGFzc3dvcmQ6
Oct 19 13:26:46 vps postfix/smtpd[24483]: lost connection after AUTH from 182-155-213-175.veetime.com[182.155.213.175]
Oct 19 13:26:46 vps postfix/smtpd[24483]: disconnect from 182-155-213-175.veetime.com[182.155.213.175]
Oct 19 13:27:01 vps postfix/smtpd[11616]: connect from unknown[212.132.96.229]
Oct 19 13:27:04 vps postfix/smtpd[11616]: warning: unknown[212.132.96.229]: SASL LOGIN authentication failed: UGFzc3dvcmQ6
Oct 19 13:27:04 vps postfix/smtpd[11616]: disconnect from unknown[212.132.96.229]
Oct 19 13:27:09 vps postfix/smtpd[24823]: connect from unknown[62.60.131.17]
Oct 19 13:27:12 vps postfix/smtpd[24823]: warning: unknown[62.60.131.17]: SASL LOGIN authentication failed: UGFzc3dvcmQ6
Oct 19 13:27:12 vps postfix/smtpd[24823]: disconnect from unknown[62.60.131.17]
Oct 19 13:28:18 vps postfix/smtpd[11616]: connect from unknown[212.132.96.229]
Oct 19 13:28:21 vps postfix/smtpd[11616]: warning: unknown[212.132.96.229]: SASL LOGIN authentication failed: UGFzc3dvcmQ6
Oct 19 13:28:21 vps postfix/smtpd[11616]: disconnect from unknown[212.132.96.229]
Oct 19 13:28:24 vps postfix/smtpd[24483]: connect from starttls-virginia.securing-email.com[34.227.19.103]
Oct 19 13:28:25 vps postfix/smtpd[24483]: disconnect from starttls-virginia.securing-email.com[34.227.19.103]
Oct 19 13:28:33 vps postfix/smtpd[24823]: connect from unknown[213.209.157.225]
Oct 19 13:28:35 vps postfix/smtpd[24823]: warning: unknown[213.209.157.225]: SASL LOGIN authentication failed: UGFzc3dvcmQ6
Oct 19 13:28:35 vps postfix/smtpd[24823]: disconnect from unknown[213.209.157.225]
Oct 19 13:29:37 vps postfix/smtpd[11616]: connect from unknown[212.132.96.229]
Oct 19 13:29:40 vps postfix/smtpd[11616]: warning: unknown[212.132.96.229]: SASL LOGIN authentication failed: UGFzc3dvcmQ6
Oct 19 13:29:40 vps postfix/smtpd[11616]: disconnect from unknown[212.132.96.229]
Oct 19 13:30:38 vps postfix/qmgr[26951]: 6E4EC3BF5BD: from=, size=1569, nrcpt=1 (queue active)
Oct 19 13:30:38 vps postfix/qmgr[26951]: B14CA6F51A: from=, size=916, nrcpt=1 (queue active)
Oct 19 13:30:38 vps postfix/qmgr[26951]: 03DDB7AFB3: from=, size=927, nrcpt=1 (queue active)
Oct 19 13:30:39 vps postfix/smtp[29285]: 03DDB7AFB3: host gmail-smtp-in.l.google.com[142.251.12.27] said: 550-5.7.26 Your email has been blocked because the sender is unauthenticated. 550-5.7.26 Gmail requires all senders to authenticate with either SPF or DKIM. 550-5.7.26 550-5.7.26 Authentication results: 550-5.7.26 DKIM = did not pass 550-5.7.26 SPF [vps.vcrowd.in] with ip: [103.120.179.240] = did not pass 550-5.7.26 550-5.7.26 For instructions on setting up authentication, go to 550 5.7.26 https://support.google.com/mail/answer/81126#authentication 41be03b00d2f7-b6a76b92373si2204978a12.1557 - gsmtp (in reply to end of DATA command)
Oct 19 13:30:39 vps postfix/smtp[29284]: B14CA6F51A: host gmail-smtp-in.l.google.com[142.251.12.27] said: 550-5.7.26 Your email has been blocked because the sender is unauthenticated. 550-5.7.26 Gmail requires all senders to authenticate with either SPF or DKIM. 550-5.7.26 550-5.7.26 Authentication results: 550-5.7.26 DKIM = did not pass 550-5.7.26 SPF [vps.vcrowd.in] with ip: [103.120.179.240] = did not pass 550-5.7.26 550-5.7.26 For instructions on setting up authentication, go to 550 5.7.26 https://support.google.com/mail/answer/81126#authentication 98e67ed59e1d1-33d5ddee43fsi2240529a91.9 - gsmtp (in reply to end of DATA command)
Oct 19 13:30:39 vps postfix/smtp[29283]: 6E4EC3BF5BD: host gmail-smtp-in.l.google.com[142.251.12.27] said: 550-5.7.26 Your email has been blocked because the sender is unauthenticated. 550-5.7.26 Gmail requires all senders to authenticate with either SPF or DKIM. 550-5.7.26 550-5.7.26 Authentication results: 550-5.7.26 DKIM = did not pass 550-5.7.26 SPF [vps.vcrowd.in] with ip: [103.120.179.240] = did not pass 550-5.7.26 550-5.7.26 For instructions on setting up authentication, go to 550 5.7.26 https://support.google.com/mail/answer/81126#authentication 41be03b00d2f7-b6a76646a45si2204867a12.197 - gsmtp (in reply to end of DATA command)
Oct 19 13:30:41 vps postfix/smtp[29285]: 03DDB7AFB3: to=, relay=alt1.gmail-smtp-in.l.google.com[192.178.163.26]:25, delay=366, delays=363/0.05/2.1/0.8, dsn=4.7.26, status=SOFTBOUNCE (host alt1.gmail-smtp-in.l.google.com[192.178.163.26] said: 550-5.7.26 Your email has been blocked because the sender is unauthenticated. 550-5.7.26 Gmail requires all senders to authenticate with either SPF or DKIM. 550-5.7.26 550-5.7.26 Authentication results: 550-5.7.26 DKIM = did not pass 550-5.7.26 SPF [vps.vcrowd.in] with ip: [103.120.179.240] = did not pass 550-5.7.26 550-5.7.26 For instructions on setting up authentication, go to 550 5.7.26 https://support.google.com/mail/answer/81126#authentication 41be03b00d2f7-b6a766470f2si2228150a12.151 - gsmtp (in reply to end of DATA command))
Oct 19 13:30:41 vps postfix/smtp[29284]: B14CA6F51A: to=, relay=alt1.gmail-smtp-in.l.google.com[192.178.163.26]:25, delay=408, delays=405/0.03/2.2/0.82, dsn=4.7.26, status=SOFTBOUNCE (host alt1.gmail-smtp-in.l.google.com[192.178.163.26] said: 550-5.7.26 Your email has been blocked because the sender is unauthenticated. 550-5.7.26 Gmail requires all senders to authenticate with either SPF or DKIM. 550-5.7.26 550-5.7.26 Authentication results: 550-5.7.26 DKIM = did not pass 550-5.7.26 SPF [vps.vcrowd.in] with ip: [103.120.179.240] = did not pass 550-5.7.26 550-5.7.26 For instructions on setting up authentication, go to 550 5.7.26 https://support.google.com/mail/answer/81126#authentication d2e1a72fcca58-7a2301285basi2569619b3a.837 - gsmtp (in reply to end of DATA command))
Oct 19 13:30:41 vps postfix/smtp[29283]: 6E4EC3BF5BD: to=, relay=alt1.gmail-smtp-in.l.google.com[192.178.163.26]:25, delay=364, delays=361/0.06/2.2/0.79, dsn=4.7.26, status=SOFTBOUNCE (host alt1.gmail-smtp-in.l.google.com[192.178.163.26] said: 550-5.7.26 Your email has been blocked because the sender is unauthenticated. 550-5.7.26 Gmail requires all senders to authenticate with either SPF or DKIM. 550-5.7.26 550-5.7.26 Authentication results: 550-5.7.26 DKIM = did not pass 550-5.7.26 SPF [vps.vcrowd.in] with ip: [103.120.179.240] = did not pass 550-5.7.26 550-5.7.26 For instructions on setting up authentication, go to 550 5.7.26 https://support.google.com/mail/answer/81126#authentication 98e67ed59e1d1-33d5de648casi2191281a91.37 - gsmtp (in reply to end of DATA command))
Oct 19 13:30:50 vps postfix/anvil[27319]: statistics: max connection rate 1/60s for (submission:212.132.96.229) at
Oct 19 13:21:56
Oct 19 13:30:50 vps postfix/anvil[27319]: statistics: max connection count 1 for (submission:212.132.96.229) at
Oct 19 13:21:56
Oct 19 13:30:50 vps postfix/anvil[27319]: statistics: max cache size 5 at
Oct 19 13:27:09
Oct 19 13:30:56 vps postfix/smtpd[11616]: connect from unknown[212.132.96.229]
Oct 19 13:30:59 vps postfix/smtpd[11616]: warning: unknown[212.132.96.229]: SASL LOGIN authentication failed: UGFzc3dvcmQ6
Oct 19 13:30:59 vps postfix/smtpd[11616]: disconnect from unknown[212.132.96.229]
Oct 19 13:32:12 vps postfix/smtpd[11616]: connect from unknown[212.132.96.229]
Oct 19 13:32:15 vps postfix/smtpd[11616]: warning: unknown[212.132.96.229]: SASL LOGIN authentication failed: UGFzc3dvcmQ6
Oct 19 13:32:15 vps postfix/smtpd[11616]: disconnect from unknown[212.132.96.229]
Oct 19 13:32:37 vps postfix/smtpd[30884]: warning: hostname hostglobal.plus does not resolve to address 78.153.140.207
Oct 19 13:32:37 vps postfix/smtpd[30884]: connect from unknown[78.153.140.207]
Oct 19 13:32:37 vps postfix/smtpd[30884]: lost connection after CONNECT from unknown[78.153.140.207]
Oct 19 13:32:37 vps postfix/smtpd[30884]: disconnect from unknown[78.153.140.207]
Oct 19 13:32:37 vps postfix/smtpd[30884]: warning: hostname hostglobal.plus does not resolve to address 78.153.140.207
Oct 19 13:32:37 vps postfix/smtpd[30884]: connect from unknown[78.153.140.207]
Oct 19 13:32:39 vps postfix/smtpd[30884]: NOQUEUE: reject: RCPT from unknown[78.153.140.207]: 454 4.7.1 : Relay access denied; from= to= proto=ESMTP helo=
Oct 19 13:32:39 vps postfix/smtpd[30884]: disconnect from unknown[78.153.140.207]
Oct 19 13:32:44 vps postfix/smtpd[30891]: connect from unknown[62.60.131.17]
Oct 19 13:32:47 vps postfix/smtpd[30891]: warning: unknown[62.60.131.17]: SASL LOGIN authentication failed: UGFzc3dvcmQ6
Oct 19 13:32:47 vps postfix/smtpd[30891]: disconnect from unknown[62.60.131.17]
Oct 19 13:33:28 vps postfix/smtpd[11616]: connect from unknown[212.132.96.229]
Oct 19 13:33:31 vps postfix/smtpd[30884]: connect from unknown[77.90.185.216]
Oct 19 13:33:31 vps postfix/smtpd[11616]: warning: unknown[212.132.96.229]: SASL LOGIN authentication failed: UGFzc3dvcmQ6
Oct 19 13:33:31 vps postfix/smtpd[11616]: disconnect from unknown[212.132.96.229]
Oct 19 13:33:34 vps postfix/smtpd[30884]: warning: unknown[77.90.185.216]: SASL LOGIN authentication failed: UGFzc3dvcmQ6
Oct 19 13:33:34 vps postfix/smtpd[30884]: disconnect from unknown[77.90.185.216]
Oct 19 13:33:34 vps postfix/smtpd[30891]: connect from unknown[77.90.185.216]
Oct 19 13:33:41 vps postfix/smtpd[30891]: warning: unknown[77.90.185.216]: SASL LOGIN authentication failed: UGFzc3dvcmQ6
Oct 19 13:33:42 vps postfix/smtpd[30891]: disconnect from unknown[77.90.185.216]
Oct 19 13:33:57 vps postfix/smtps/smtpd[412]: warning: No server certs available. TLS won't be enabled
Oct 19 13:33:57 vps postfix/smtps/smtpd[412]: warning: hostname 6-red145.ceviamonte.com.ar does not resolve to address 143.202.145.6: Name or service not known
Oct 19 13:33:57 vps postfix/smtps/smtpd[412]: connect from unknown[143.202.145.6]
Oct 19 13:33:57 vps postfix/smtps/smtpd[412]: warning: Wrapper-mode request dropped from unknown[143.202.145.6] for service 465. TLS context initialization failed. For details see earlier warnings in your logs.
Oct 19 13:33:57 vps postfix/smtps/smtpd[412]: disconnect from unknown[143.202.145.6]
Oct 19 13:34:05 vps postfix/smtps/smtpd[412]: connect from unknown[38.20.150.69]
Oct 19 13:34:05 vps postfix/smtps/smtpd[412]: warning: Wrapper-mode request dropped from unknown[38.20.150.69] for service 465. TLS context initialization failed. For details see earlier warnings in your logs.
Oct 19 13:34:05 vps postfix/smtps/smtpd[412]: disconnect from unknown[38.20.150.69]
Oct 19 13:34:08 vps postfix/smtpd[30884]: connect from unknown[77.90.185.216]
Oct 19 13:34:13 vps postfix/smtpd[30884]: warning: unknown[77.90.185.216]: SASL LOGIN authentication failed: UGFzc3dvcmQ6
Oct 19 13:34:13 vps postfix/smtpd[30884]: disconnect from unknown[77.90.185.216]
Oct 19 13:34:25 vps postfix/smtps/smtpd[412]: connect from unknown[1.235.192.131]
Oct 19 13:34:25 vps postfix/smtps/smtpd[412]: warning: Wrapper-mode request dropped from unknown[1.235.192.131] for service 465. TLS context initialization failed. For details see earlier warnings in your logs.
Oct 19 13:34:25 vps postfix/smtps/smtpd[412]: disconnect from unknown[1.235.192.131]
Oct 19 13:34:25 vps postfix/smtpd[30891]: connect from unknown[213.209.157.116]
Oct 19 13:34:26 vps postfix/smtpd[30884]: connect from unknown[77.90.185.216]
Oct 19 13:34:27 vps postfix/smtpd[1395]: connect from unknown[77.90.185.216]
Oct 19 13:34:28 vps postfix/smtpd[30891]: warning: unknown[213.209.157.116]: SASL LOGIN authentication failed: UGFzc3dvcmQ6
Oct 19 13:34:28 vps postfix/smtpd[30891]: disconnect from unknown[213.209.157.116]
Oct 19 13:34:29 vps postfix/smtpd[30891]: connect from unknown[77.90.185.216]
Oct 19 13:34:31 vps postfix/smtpd[1441]: connect from unknown[77.90.185.216]
Oct 19 13:34:34 vps postfix/smtpd[30891]: warning: unknown[77.90.185.216]: SASL LOGIN authentication failed: UGFzc3dvcmQ6
Oct 19 13:34:35 vps postfix/smtpd[1504]: connect from unknown[77.90.185.216]
Oct 19 13:34:35 vps postfix/smtps/smtpd[412]: connect from unknown[121.131.220.154]
Oct 19 13:34:35 vps postfix/smtps/smtpd[412]: warning: Wrapper-mode request dropped from unknown[121.131.220.154] for service 465. TLS context initialization failed. For details see earlier warnings in your logs.
Oct 19 13:34:35 vps postfix/smtps/smtpd[412]: disconnect from unknown[121.131.220.154]
Oct 19 13:34:37 vps postfix/smtpd[30891]: disconnect from unknown[77.90.185.216]
Oct 19 13:34:40 vps postfix/smtpd[1441]: warning: unknown[77.90.185.216]: SASL LOGIN authentication failed: UGFzc3dvcmQ6
Oct 19 13:34:43 vps postfix/smtpd[1441]: disconnect from unknown[77.90.185.216]
Oct 19 13:34:45 vps postfix/smtpd[11616]: connect from unknown[212.132.96.229]
Oct 19 13:34:48 vps postfix/smtpd[11616]: warning: unknown[212.132.96.229]: SASL LOGIN authentication failed: UGFzc3dvcmQ6
Oct 19 13:34:48 vps postfix/smtpd[11616]: disconnect from unknown[212.132.96.229]
Oct 19 13:34:52 vps postfix/smtpd[30884]: warning: unknown[77.90.185.216]: SASL LOGIN authentication failed: UGFzc3dvcmQ6
Oct 19 13:34:53 vps postfix/smtpd[30884]: disconnect from unknown[77.90.185.216]
Oct 19 13:34:54 vps postfix/smtpd[1504]: warning: unknown[77.90.185.216]: SASL LOGIN authentication failed: UGFzc3dvcmQ6
Oct 19 13:34:55 vps postfix/smtpd[1395]: warning: unknown[77.90.185.216]: SASL LOGIN authentication failed: UGFzc3dvcmQ6
Oct 19 13:34:55 vps postfix/smtpd[1395]: disconnect from unknown[77.90.185.216]
Oct 19 13:35:07 vps postfix/smtpd[1504]: lost connection after AUTH from unknown[77.90.185.216]
Oct 19 13:35:07 vps postfix/smtpd[1504]: disconnect from unknown[77.90.185.216]
Oct 19 13:36:01 vps postfix/smtpd[11616]: connect from unknown[212.132.96.229]
Oct 19 13:36:04 vps postfix/smtpd[11616]: warning: unknown[212.132.96.229]: SASL LOGIN authentication failed: UGFzc3dvcmQ6
Oct 19 13:36:04 vps postfix/smtpd[11616]: disconnect from unknown[212.132.96.229]
Oct 19 13:36:10 vps postfix/pickup[4134]: 7DF6F8F134: uid=1052 from=
Oct 19 13:36:10 vps postfix/cleanup[4500]: 7DF6F8F134: message-id=<20251019080610.7DF6F8F134@vps.vcrowd.in>
Oct 19 13:36:10 vps opendkim[5590]: 7DF6F8F134: DKIM-Signature field added (s=default, d=crackersadaikki.com)
Oct 19 13:36:10 vps postfix/qmgr[26951]: 7DF6F8F134: from=, size=869, nrcpt=2 (queue active)
Oct 19 13:36:10 vps postfix/pickup[4134]: D2A0A3C0146: uid=1052 from=
Oct 19 13:36:10 vps postfix/cleanup[4500]: D2A0A3C0146: message-id=<20251019080610.D2A0A3C0146@vps.vcrowd.in>
Oct 19 13:36:10 vps opendkim[5590]: D2A0A3C0146: DKIM-Signature field added (s=default, d=crackersadaikki.com)
Oct 19 13:36:10 vps postfix/qmgr[26951]: D2A0A3C0146: from=, size=1116, nrcpt=2 (queue active)
Oct 19 13:36:11 vps postfix/smtp[4508]: 7DF6F8F134: host gmail-smtp-in.l.google.com[142.251.12.27] said: 550-5.7.26 Your email has been blocked because the sender is unauthenticated. 550-5.7.26 Gmail requires all senders to authenticate with either SPF or DKIM. 550-5.7.26 550-5.7.26 Authentication results: 550-5.7.26 DKIM = did not pass 550-5.7.26 SPF [vps.vcrowd.in] with ip: [103.120.179.240] = did not pass 550-5.7.26 550-5.7.26 For instructions on setting up authentication, go to 550 5.7.26 https://support.google.com/mail/answer/81126#authentication 98e67ed59e1d1-33d5df41f69si2186693a91.49 - gsmtp (in reply to end of DATA command)
Oct 19 13:36:12 vps postfix/smtp[4532]: D2A0A3C0146: host gmail-smtp-in.l.google.com[142.251.12.26] said: 550-5.7.26 Your email has been blocked because the sender is unauthenticated. 550-5.7.26 Gmail requires all senders to authenticate with either SPF or DKIM. 550-5.7.26 550-5.7.26 Authentication results: 550-5.7.26 DKIM = did not pass 550-5.7.26 SPF [vps.vcrowd.in] with ip: [103.120.179.240] = did not pass 550-5.7.26 550-5.7.26 For instructions on setting up authentication, go to 550 5.7.26 https://support.google.com/mail/answer/81126#authentication 98e67ed59e1d1-33d5df83443si2168255a91.67 - gsmtp (in reply to end of DATA command)
Oct 19 13:36:13 vps postfix/smtp[4508]: 7DF6F8F134: to=, relay=alt1.gmail-smtp-in.l.google.com[192.178.163.26]:25, delay=2.9, delays=0.09/0.03/2/0.73, dsn=4.7.26, status=SOFTBOUNCE (host alt1.gmail-smtp-in.l.google.com[192.178.163.26] said: 550-5.7.26 Your email has been blocked because the sender is unauthenticated. 550-5.7.26 Gmail requires all senders to authenticate with either SPF or DKIM. 550-5.7.26 550-5.7.26 Authentication results: 550-5.7.26 DKIM = did not pass 550-5.7.26 SPF [vps.vcrowd.in] with ip: [103.120.179.240] = did not pass 550-5.7.26 550-5.7.26 For instructions on setting up authentication, go to 550 5.7.26 https://support.google.com/mail/answer/81126#authentication d2e1a72fcca58-7a2300fb1f8si2467322b3a.552 - gsmtp (in reply to end of DATA command))
Oct 19 13:36:13 vps postfix/smtp[4532]: D2A0A3C0146: to=, relay=alt1.gmail-smtp-in.l.google.com[192.178.163.27]:25, delay=2.8, delays=0.05/0.03/2.1/0.61, dsn=4.7.26, status=SOFTBOUNCE (host alt1.gmail-smtp-in.l.google.com[192.178.163.27] said: 550-5.7.26 Your email has been blocked because the sender is unauthenticated. 550-5.7.26 Gmail requires all senders to authenticate with either SPF or DKIM. 550-5.7.26 550-5.7.26 Authentication results: 550-5.7.26 DKIM = did not pass 550-5.7.26 SPF [vps.vcrowd.in] with ip: [103.120.179.240] = did not pass 550-5.7.26 550-5.7.26 For instructions on setting up authentication, go to 550 5.7.26 https://support.google.com/mail/answer/81126#authentication d9443c01a7336-29247232d1dsi26611195ad.628 - gsmtp (in reply to end of DATA command))
Oct 19 13:36:40 vps postfix/smtp[4507]: connect to crackersadaikki.com[13.248.213.45]:25: Connection timed out
Oct 19 13:36:41 vps postfix/smtp[4531]: connect to crackersadaikki.com[13.248.213.45]:25: Connection timed out
Oct 19 13:36:42 vps postfix/smtpd[1504]: connect from unknown[62.60.131.17]
Oct 19 13:36:45 vps postfix/smtpd[1504]: warning: unknown[62.60.131.17]: SASL LOGIN authentication failed: UGFzc3dvcmQ6
Oct 19 13:36:45 vps postfix/smtpd[1504]: disconnect from unknown[62.60.131.17]
Oct 19 13:37:10 vps postfix/smtp[4507]: connect to crackersadaikki.com[76.223.67.189]:25: Connection timed out
Oct 19 13:37:10 vps postfix/smtp[4507]: 7DF6F8F134: to=, relay=none, delay=60, delays=0.09/0.02/60/0, dsn=4.4.1, status=deferred (connect to crackersadaikki.com[76.223.67.189]:25: Connection timed out)
Oct 19 13:37:11 vps postfix/smtp[4531]: connect to crackersadaikki.com[76.223.67.189]:25: Connection timed out
Oct 19 13:37:11 vps postfix/smtp[4531]: D2A0A3C0146: to=, relay=none, delay=60, delays=0.05/0.02/60/0, dsn=4.4.1, status=deferred (connect to crackersadaikki.com[76.223.67.189]:25: Connection timed out)
Oct 19 13:37:18 vps postfix/smtpd[11616]: connect from unknown[212.132.96.229]
Oct 19 13:37:20 vps postfix/smtpd[11616]: warning: unknown[212.132.96.229]: SASL LOGIN authentication failed: UGFzc3dvcmQ6
Oct 19 13:37:20 vps postfix/smtpd[11616]: disconnect from unknown[212.132.96.229]
Oct 19 13:38:12 vps postfix/pickup[4134]: E64B93C0147: uid=1052 from=
Oct 19 13:38:12 vps postfix/cleanup[7082]: E64B93C0147: message-id=<20251019080812.E64B93C0147@vps.vcrowd.in>
Oct 19 13:38:12 vps opendkim[5590]: E64B93C0147: DKIM-Signature field added (s=default, d=crackersadaikki.com)
Oct 19 13:38:13 vps postfix/qmgr[26951]: E64B93C0147: from=, size=871, nrcpt=2 (queue active)
Oct 19 13:38:13 vps postfix/pickup[4134]: 4FD8D3C0148: uid=1052 from=
Oct 19 13:38:13 vps postfix/cleanup[7082]: 4FD8D3C0148: message-id=<20251019080813.4FD8D3C0148@vps.vcrowd.in>
Oct 19 13:38:13 vps opendkim[5590]: 4FD8D3C0148: DKIM-Signature field added (s=default, d=crackersadaikki.com)
Oct 19 13:38:13 vps postfix/qmgr[26951]: 4FD8D3C0148: from=, size=1116, nrcpt=2 (queue active)
Oct 19 13:38:14 vps postfix/smtp[4507]: E64B93C0147: host gmail-smtp-in.l.google.com[142.251.12.26] said: 550-5.7.26 Your email has been blocked because the sender is unauthenticated. 550-5.7.26 Gmail requires all senders to authenticate with either SPF or DKIM. 550-5.7.26 550-5.7.26 Authentication results: 550-5.7.26 DKIM = did not pass 550-5.7.26 SPF [vps.vcrowd.in] with ip: [103.120.179.240] = did not pass 550-5.7.26 550-5.7.26 For instructions on setting up authentication, go to 550 5.7.26 https://support.google.com/mail/answer/81126#authentication 41be03b00d2f7-b6a76b7fa91si2163086a12.1310 - gsmtp (in reply to end of DATA command)
Oct 19 13:38:14 vps postfix/smtp[7112]: 4FD8D3C0148: host gmail-smtp-in.l.google.com[142.251.12.27] said: 550-5.7.26 Your email has been blocked because the sender is unauthenticated. 550-5.7.26 Gmail requires all senders to authenticate with either SPF or DKIM. 550-5.7.26 550-5.7.26 Authentication results: 550-5.7.26 DKIM = did not pass 550-5.7.26 SPF [vps.vcrowd.in] with ip: [103.120.179.240] = did not pass 550-5.7.26 550-5.7.26 For instructions on setting up authentication, go to 550 5.7.26 https://support.google.com/mail/answer/81126#authentication 41be03b00d2f7-b6a76b85bb9si2144547a12.1404 - gsmtp (in reply to end of DATA command)
Oct 19 13:38:15 vps postfix/smtp[4507]: E64B93C0147: to=, relay=alt1.gmail-smtp-in.l.google.com[192.178.163.27]:25, delay=2.6, delays=0.09/0.01/1.9/0.67, dsn=4.7.26, status=SOFTBOUNCE (host alt1.gmail-smtp-in.l.google.com[192.178.163.27] said: 550-5.7.26 Your email has been blocked because the sender is unauthenticated. 550-5.7.26 Gmail requires all senders to authenticate with either SPF or DKIM. 550-5.7.26 550-5.7.26 Authentication results: 550-5.7.26 DKIM = did not pass 550-5.7.26 SPF [vps.vcrowd.in] with ip: [103.120.179.240] = did not pass 550-5.7.26 550-5.7.26 For instructions on setting up authentication, go to 550 5.7.26 https://support.google.com/mail/answer/81126#authentication 98e67ed59e1d1-33d5df298d5si2183680a91.89 - gsmtp (in reply to end of DATA command))
Oct 19 13:38:15 vps postfix/smtp[7112]: 4FD8D3C0148: to=, relay=alt1.gmail-smtp-in.l.google.com[192.178.163.27]:25, delay=2.6, delays=0.06/0.03/1.9/0.64, dsn=4.7.26, status=SOFTBOUNCE (host alt1.gmail-smtp-in.l.google.com[192.178.163.27] said: 550-5.7.26 Your email has been blocked because the sender is unauthenticated. 550-5.7.26 Gmail requires all senders to authenticate with either SPF or DKIM. 550-5.7.26 550-5.7.26 Authentication results: 550-5.7.26 DKIM = did not pass 550-5.7.26 SPF [vps.vcrowd.in] with ip: [103.120.179.240] = did not pass 550-5.7.26 550-5.7.26 For instructions on setting up authentication, go to 550 5.7.26 https://support.google.com/mail/answer/81126#authentication 41be03b00d2f7-b6a76b8f00asi2218264a12.1554 - gsmtp (in reply to end of DATA command))
Oct 19 13:38:36 vps postfix/smtpd[11616]: connect from unknown[212.132.96.229]
Oct 19 13:38:39 vps postfix/smtpd[11616]: warning: unknown[212.132.96.229]: SASL LOGIN authentication failed: UGFzc3dvcmQ6
Oct 19 13:38:39 vps postfix/smtpd[11616]: disconnect from unknown[212.132.96.229]
Oct 19 13:38:43 vps postfix/smtp[4531]: connect to crackersadaikki.com[13.248.213.45]:25: Connection timed out
Oct 19 13:38:43 vps postfix/smtp[7111]: connect to crackersadaikki.com[13.248.213.45]:25: Connection timed out
Oct 19 13:39:13 vps postfix/smtp[4531]: connect to crackersadaikki.com[76.223.67.189]:25: Connection timed out
Oct 19 13:39:13 vps postfix/smtp[4531]: E64B93C0147: to=, relay=none, delay=60, delays=0.09/0.01/60/0, dsn=4.4.1, status=deferred (connect to crackersadaikki.com[76.223.67.189]:25: Connection timed out)
Oct 19 13:39:13 vps postfix/smtp[7111]: connect to crackersadaikki.com[76.223.67.189]:25: Connection timed out
Oct 19 13:39:13 vps postfix/smtp[7111]: 4FD8D3C0148: to=, relay=none, delay=60, delays=0.06/0.02/60/0, dsn=4.4.1, status=deferred (connect to crackersadaikki.com[76.223.67.189]:25: Connection timed out)
Oct 19 13:39:53 vps postfix/smtpd[11616]: connect from unknown[212.132.96.229]
Oct 19 13:39:56 vps postfix/smtpd[11616]: warning: unknown[212.132.96.229]: SASL LOGIN authentication failed: UGFzc3dvcmQ6
Oct 19 13:39:56 vps postfix/smtpd[11616]: disconnect from unknown[212.132.96.229]
Oct 19 13:39:57 vps postfix/smtpd[10255]: connect from unknown[62.60.131.17]
Oct 19 13:40:00 vps postfix/smtpd[10255]: warning: unknown[62.60.131.17]: SASL LOGIN authentication failed: UGFzc3dvcmQ6
Oct 19 13:40:00 vps postfix/smtpd[10255]: disconnect from unknown[62.60.131.17]
Oct 19 13:40:36 vps postfix/smtpd[10255]: connect from unknown[195.211.188.86]
Oct 19 13:40:38 vps postfix/qmgr[26951]: 6E4EC3BF5BD: from=, size=1569, nrcpt=1 (queue active)
Oct 19 13:40:38 vps postfix/qmgr[26951]: B14CA6F51A: from=, size=916, nrcpt=1 (queue active)
Oct 19 13:40:38 vps postfix/qmgr[26951]: 03DDB7AFB3: from=, size=927, nrcpt=1 (queue active)
Oct 19 13:40:39 vps postfix/smtpd[10255]: warning: unknown[195.211.188.86]: SASL LOGIN authentication failed: UGFzc3dvcmQ6
Oct 19 13:40:39 vps postfix/smtpd[10255]: disconnect from unknown[195.211.188.86]
Oct 19 13:40:39 vps postfix/smtp[7111]: B14CA6F51A: host gmail-smtp-in.l.google.com[142.251.12.27] said: 550-5.7.26 Your email has been blocked because the sender is unauthenticated. 550-5.7.26 Gmail requires all senders to authenticate with either SPF or DKIM. 550-5.7.26 550-5.7.26 Authentication results: 550-5.7.26 DKIM = did not pass 550-5.7.26 SPF [vps.vcrowd.in] with ip: [103.120.179.240] = did not pass 550-5.7.26 550-5.7.26 For instructions on setting up authentication, go to 550 5.7.26 https://support.google.com/mail/answer/81126#authentication 41be03b00d2f7-b6a76ba62e4si2185379a12.1649 - gsmtp (in reply to end of DATA command)
Oct 19 13:40:39 vps postfix/smtp[4531]: 6E4EC3BF5BD: host gmail-smtp-in.l.google.com[142.251.12.26] said: 550-5.7.26 Your email has been blocked because the sender is unauthenticated. 550-5.7.26 Gmail requires all senders to authenticate with either SPF or DKIM. 550-5.7.26 550-5.7.26 Authentication results: 550-5.7.26 DKIM = did not pass 550-5.7.26 SPF [vps.vcrowd.in] with ip: [103.120.179.240] = did not pass 550-5.7.26 550-5.7.26 For instructions on setting up authentication, go to 550 5.7.26 https://support.google.com/mail/answer/81126#authentication 41be03b00d2f7-b6a76b61324si2300805a12.1016 - gsmtp (in reply to end of DATA command)
Oct 19 13:40:39 vps postfix/smtp[11777]: 03DDB7AFB3: host gmail-smtp-in.l.google.com[142.251.12.27] said: 550-5.7.26 Your email has been blocked because the sender is unauthenticated. 550-5.7.26 Gmail requires all senders to authenticate with either SPF or DKIM. 550-5.7.26 550-5.7.26 Authentication results: 550-5.7.26 DKIM = did not pass 550-5.7.26 SPF [vps.vcrowd.in] with ip: [103.120.179.240] = did not pass 550-5.7.26 550-5.7.26 For instructions on setting up authentication, go to 550 5.7.26 https://support.google.com/mail/answer/81126#authentication d2e1a72fcca58-7a2300d64a8si2597081b3a.272 - gsmtp (in reply to end of DATA command)
Oct 19 13:40:41 vps postfix/smtp[7111]: B14CA6F51A: to=, relay=alt1.gmail-smtp-in.l.google.com[192.178.163.27]:25, delay=1009, delays=1006/0/2.2/0.75, dsn=4.7.26, status=SOFTBOUNCE (host alt1.gmail-smtp-in.l.google.com[192.178.163.27] said: 550-5.7.26 Your email has been blocked because the sender is unauthenticated. 550-5.7.26 Gmail requires all senders to authenticate with either SPF or DKIM. 550-5.7.26 550-5.7.26 Authentication results: 550-5.7.26 DKIM = did not pass 550-5.7.26 SPF [vps.vcrowd.in] with ip: [103.120.179.240] = did not pass 550-5.7.26 550-5.7.26 For instructions on setting up authentication, go to 550 5.7.26 https://support.google.com/mail/answer/81126#authentication 98e67ed59e1d1-33d5dde0d23si2201060a91.17 - gsmtp (in reply to end of DATA command))
Oct 19 13:40:41 vps postfix/qmgr[26951]: B14CA6F51A: from=, status=expired, returned to sender
Oct 19 13:40:41 vps postfix/cleanup[11805]: A459A6F9D7: message-id=<20251019081041.A459A6F9D7@vps.vcrowd.in>
Oct 19 13:40:41 vps postfix/smtp[4531]: 6E4EC3BF5BD: to=, relay=alt1.gmail-smtp-in.l.google.com[192.178.163.26]:25, delay=964, delays=961/0.02/2.2/0.74, dsn=4.7.26, status=SOFTBOUNCE (host alt1.gmail-smtp-in.l.google.com[192.178.163.26] said: 550-5.7.26 Your email has been blocked because the sender is unauthenticated. 550-5.7.26 Gmail requires all senders to authenticate with either SPF or DKIM. 550-5.7.26 550-5.7.26 Authentication results: 550-5.7.26 DKIM = did not pass 550-5.7.26 SPF [vps.vcrowd.in] with ip: [103.120.179.240] = did not pass 550-5.7.26 550-5.7.26 For instructions on setting up authentication, go to 550 5.7.26 https://support.google.com/mail/answer/81126#authentication d9443c01a7336-292471dbe59si26528155ad.182 - gsmtp (in reply to end of DATA command))
Oct 19 13:40:41 vps postfix/qmgr[26951]: 6E4EC3BF5BD: from=, status=expired, returned to sender
Oct 19 13:40:41 vps postfix/bounce[4576]: B14CA6F51A: sender non-delivery notification: A459A6F9D7
Oct 19 13:40:41 vps postfix/qmgr[26951]: A459A6F9D7: from=<>, size=3834, nrcpt=1 (queue active)
Oct 19 13:40:41 vps postfix/smtp[11777]: 03DDB7AFB3: to=, relay=alt1.gmail-smtp-in.l.google.com[192.178.163.27]:25, delay=967, delays=964/0.01/2.2/0.75, dsn=4.7.26, status=SOFTBOUNCE (host alt1.gmail-smtp-in.l.google.com[192.178.163.27] said: 550-5.7.26 Your email has been blocked because the sender is unauthenticated. 550-5.7.26 Gmail requires all senders to authenticate with either SPF or DKIM. 550-5.7.26 550-5.7.26 Authentication results: 550-5.7.26 DKIM = did not pass 550-5.7.26 SPF [vps.vcrowd.in] with ip: [103.120.179.240] = did not pass 550-5.7.26 550-5.7.26 For instructions on setting up authentication, go to 550 5.7.26 https://support.google.com/mail/answer/81126#authentication 41be03b00d2f7-b6a76648239si2210287a12.268 - gsmtp (in reply to end of DATA command))
Oct 19 13:40:41 vps postfix/qmgr[26951]: B14CA6F51A: removed
Oct 19 13:40:41 vps postfix/qmgr[26951]: 03DDB7AFB3: from=, status=expired, returned to sender
Oct 19 13:40:41 vps postfix/cleanup[11805]: AAE793C014B: message-id=<20251019081041.AAE793C014B@vps.vcrowd.in>
Oct 19 13:40:41 vps postfix/qmgr[26951]: AAE793C014B: from=<>, size=4497, nrcpt=1 (queue active)
Oct 19 13:40:41 vps postfix/cleanup[11805]: AC4436F51A: message-id=<20251019081041.AC4436F51A@vps.vcrowd.in>
Oct 19 13:40:41 vps postfix/bounce[4576]: 6E4EC3BF5BD: sender non-delivery notification: AAE793C014B
Oct 19 13:40:41 vps postfix/qmgr[26951]: 6E4EC3BF5BD: removed
Oct 19 13:40:41 vps postfix/bounce[11806]: 03DDB7AFB3: sender non-delivery notification: AC4436F51A
Oct 19 13:40:41 vps postfix/qmgr[26951]: 03DDB7AFB3: removed
Oct 19 13:40:41 vps postfix/qmgr[26951]: AC4436F51A: from=<>, size=3847, nrcpt=1 (queue active)
Oct 19 13:40:41 vps postfix/local[11808]: A459A6F9D7: to=, relay=local, delay=0.08, delays=0.05/0.02/0/0.01, dsn=2.0.0, status=sent (delivered to mailbox)
Oct 19 13:40:41 vps postfix/qmgr[26951]: A459A6F9D7: removed
Oct 19 13:40:41 vps postfix/local[11808]: AAE793C014B: to=, relay=local, delay=0.03, delays=0.01/0.02/0/0, dsn=2.0.0, status=sent (delivered to mailbox)
Oct 19 13:40:41 vps postfix/qmgr[26951]: AAE793C014B: removed
Oct 19 13:40:41 vps postfix/local[11810]: AC4436F51A: to=, relay=local, delay=0.03, delays=0.01/0.02/0/0, dsn=2.0.0, status=sent (delivered to mailbox)
Oct 19 13:40:41 vps postfix/qmgr[26951]: AC4436F51A: removed
Oct 19 13:40:44 vps postfix/smtpd[10255]: connect from unknown[213.209.157.252]
Oct 19 13:40:46 vps postfix/smtpd[11859]: connect from mail-southindiaazolkn19011028.outbound.protection.outlook.com[52.103.67.28]
Oct 19 13:40:46 vps postfix/smtpd[11859]: NOQUEUE: reject: RCPT from mail-southindiaazolkn19011028.outbound.protection.outlook.com[52.103.67.28]: 450 4.1.1 : Recipient address rejected: User unknown in virtual mailbox table; from= to= proto=ESMTP helo=
Oct 19 13:40:46 vps postfix/smtpd[11859]: disconnect from mail-southindiaazolkn19011028.outbound.protection.outlook.com[52.103.67.28]
Oct 19 13:40:46 vps postfix/smtpd[10255]: warning: unknown[213.209.157.252]: SASL LOGIN authentication failed: UGFzc3dvcmQ6
Oct 19 13:40:46 vps postfix/smtpd[10255]: disconnect from unknown[213.209.157.252]
Oct 19 13:40:50 vps postfix/anvil[27319]: statistics: max connection rate 7/60s for (smtp:77.90.185.216) at
Oct 19 13:34:31
Oct 19 13:40:50 vps postfix/anvil[27319]: statistics: max connection count 5 for (smtp:77.90.185.216) at
Oct 19 13:34:35
Oct 19 13:40:50 vps postfix/anvil[27319]: statistics: max cache size 5 at
Oct 19 13:40:46
Oct 19 13:41:10 vps postfix/smtpd[11616]: connect from unknown[212.132.96.229]
Oct 19 13:41:13 vps postfix/smtpd[11616]: warning: unknown[212.132.96.229]: SASL LOGIN authentication failed: UGFzc3dvcmQ6
Oct 19 13:41:13 vps postfix/smtpd[11616]: disconnect from unknown[212.132.96.229]
Oct 19 13:42:13 vps postfix/smtpd[11859]: connect from uert.whimsicraftcreations.info[96.31.94.34]
Oct 19 13:42:15 vps postfix/smtpd[11859]: NOQUEUE: reject: RCPT from uert.whimsicraftcreations.info[96.31.94.34]: 450 4.1.1 : Recipient address rejected: User unknown in virtual mailbox table; from= to= proto=ESMTP helo=
Oct 19 13:42:15 vps postfix/smtpd[11859]: disconnect from uert.whimsicraftcreations.info[96.31.94.34]
Oct 19 13:42:26 vps postfix/smtpd[11616]: connect from unknown[212.132.96.229]
Oct 19 13:42:28 vps postfix/smtpd[11616]: warning: unknown[212.132.96.229]: SASL LOGIN authentication failed: UGFzc3dvcmQ6
Oct 19 13:42:28 vps postfix/smtpd[11616]: disconnect from unknown[212.132.96.229]
Oct 19 13:43:28 vps postfix/smtpd[11859]: connect from hert.innovixsolution.info[96.31.94.59]
Oct 19 13:43:30 vps postfix/smtpd[11859]: NOQUEUE: reject: RCPT from hert.innovixsolution.info[96.31.94.59]: 450 4.1.1 : Recipient address rejected: User unknown in virtual mailbox table; from= to= proto=ESMTP helo=
Oct 19 13:43:30 vps postfix/smtpd[11859]: disconnect from hert.innovixsolution.info[96.31.94.59]
Oct 19 13:43:42 vps postfix/smtpd[11616]: connect from unknown[212.132.96.229]
Oct 19 13:43:44 vps postfix/smtpd[11616]: warning: unknown[212.132.96.229]: SASL LOGIN authentication failed: UGFzc3dvcmQ6
Oct 19 13:43:44 vps postfix/smtpd[11616]: disconnect from unknown[212.132.96.229]
Oct 19 13:43:48 vps postfix/smtps/smtpd[17529]: warning: No server certs available. TLS won't be enabled
Oct 19 13:43:48 vps postfix/smtps/smtpd[17529]: warning: hostname unused-space.coop.net does not resolve to address 206.168.34.46: Name or service not known
Oct 19 13:43:48 vps postfix/smtps/smtpd[17529]: connect from unknown[206.168.34.46]
Oct 19 13:43:48 vps postfix/smtps/smtpd[17529]: warning: Wrapper-mode request dropped from unknown[206.168.34.46] for service 465. TLS context initialization failed. For details see earlier warnings in your logs.
Oct 19 13:43:48 vps postfix/smtps/smtpd[17529]: disconnect from unknown[206.168.34.46]
Oct 19 13:43:57 vps postfix/smtps/smtpd[17529]: connect from unknown[162.142.125.125]
Oct 19 13:43:57 vps postfix/smtps/smtpd[17529]: warning: Wrapper-mode request dropped from unknown[162.142.125.125] for service 465. TLS context initialization failed. For details see earlier warnings in your logs.
Oct 19 13:43:57 vps postfix/smtps/smtpd[17529]: disconnect from unknown[162.142.125.125]
Oct 19 13:44:07 vps postfix/smtpd[11859]: connect from lewis.rolldeos.com[94.156.175.177]
Oct 19 13:44:07 vps postfix/smtpd[11859]: NOQUEUE: reject: RCPT from lewis.rolldeos.com[94.156.175.177]: 454 4.7.1 Service unavailable; Client host [94.156.175.177] blocked using bl.spamcop.net; Blocked - see https://www.spamcop.net/bl.shtml?94.156.175.177; from= to= proto=ESMTP helo=
Oct 19 13:44:07 vps postfix/smtpd[11859]: disconnect from lewis.rolldeos.com[94.156.175.177]
Oct 19 13:44:10 vps postfix/smtps/smtpd[17529]: connect from scanner-27.ch1.censys-scanner.com[167.94.138.119]
Oct 19 13:44:10 vps postfix/smtps/smtpd[17529]: warning: Wrapper-mode request dropped from scanner-27.ch1.censys-scanner.com[167.94.138.119] for service 465. TLS context initialization failed. For details see earlier warnings in your logs.
Oct 19 13:44:10 vps postfix/smtps/smtpd[17529]: disconnect from scanner-27.ch1.censys-scanner.com[167.94.138.119]
Oct 19 13:44:14 vps postfix/smtpd[11859]: connect from unknown[195.211.188.86]
Oct 19 13:44:17 vps postfix/smtpd[11859]: warning: unknown[195.211.188.86]: SASL LOGIN authentication failed: UGFzc3dvcmQ6
Oct 19 13:44:17 vps postfix/smtpd[11859]: disconnect from unknown[195.211.188.86]
Oct 19 13:44:43 vps postfix/smtpd[11859]: connect from unknown[62.60.131.124]
