Oct 19 11:16:49 vps postfix/smtpd[23944]: disconnect from unknown[62.60.131.124]
Oct 19 11:17:14 vps postfix/smtpd[22483]: connect from unknown[212.132.96.229]
Oct 19 11:17:17 vps postfix/smtpd[22483]: warning: unknown[212.132.96.229]: SASL LOGIN authentication failed: UGFzc3dvcmQ6
Oct 19 11:17:17 vps postfix/smtpd[22483]: disconnect from unknown[212.132.96.229]
Oct 19 11:17:56 vps postfix/smtpd[23944]: connect from said.intellivisionmedia.info[96.31.94.53]
Oct 19 11:17:58 vps postfix/smtpd[23944]: NOQUEUE: reject: RCPT from said.intellivisionmedia.info[96.31.94.53]: 450 4.1.1 : Recipient address rejected: User unknown in virtual mailbox table; from= to= proto=ESMTP helo=
Oct 19 11:17:58 vps postfix/smtpd[23944]: disconnect from said.intellivisionmedia.info[96.31.94.53]
Oct 19 11:18:14 vps postfix/pickup[5113]: 9FFDA6F9D7: uid=1098 from=
Oct 19 11:18:14 vps postfix/cleanup[26249]: 9FFDA6F9D7: message-id=<20251019054814.9FFDA6F9D7@vps.vcrowd.in>
Oct 19 11:18:14 vps opendkim[5590]: 9FFDA6F9D7: no signing table match for 'beneras1@yahoo.com'
Oct 19 11:18:14 vps opendkim[5590]: 9FFDA6F9D7: no signature data
Oct 19 11:18:14 vps postfix/qmgr[26951]: 9FFDA6F9D7: from=, size=893, nrcpt=3 (queue active)
Oct 19 11:18:16 vps postfix/smtp[23999]: 9FFDA6F9D7: host gmail-smtp-in.l.google.com[142.251.12.26] said: 550-5.7.26 Unauthenticated email from yahoo.com is not accepted due to domain's 550-5.7.26 DMARC policy. Please contact the administrator of yahoo.com domain 550-5.7.26 if this was a legitimate mail. To learn about the DMARC initiative, 550-5.7.26 go to 550 5.7.26 https://support.google.com/mail/?p=DmarcRejection 41be03b00d2f7-b6a76b7ff8csi2052391a12.1299 - gsmtp (in reply to end of DATA command)
Oct 19 11:18:16 vps postfix/smtp[21054]: 9FFDA6F9D7: host mta6.am0.yahoodns.net[67.195.204.72] said: 554 5.7.9 This mail has been blocked because it failed authentication checks against the sending domains DMARC policy. See https://senders.yahooinc.com/smtp-error-codes#dmarc-fail for more information. (in reply to end of DATA command)
Oct 19 11:18:17 vps postfix/smtp[23999]: 9FFDA6F9D7: to=, relay=alt1.gmail-smtp-in.l.google.com[192.178.163.26]:25, delay=2.9, delays=0.07/0.01/2.1/0.78, dsn=4.7.26, status=SOFTBOUNCE (host alt1.gmail-smtp-in.l.google.com[192.178.163.26] said: 550-5.7.26 Unauthenticated email from yahoo.com is not accepted due to domain's 550-5.7.26 DMARC policy. Please contact the administrator of yahoo.com domain 550-5.7.26 if this was a legitimate mail. To learn about the DMARC initiative, 550-5.7.26 go to 550 5.7.26 https://support.google.com/mail/?p=DmarcRejection d2e1a72fcca58-7a2300fa14dsi2380186b3a.443 - gsmtp (in reply to end of DATA command))
Oct 19 11:18:17 vps postfix/smtp[23999]: 9FFDA6F9D7: to=, relay=alt1.gmail-smtp-in.l.google.com[192.178.163.26]:25, delay=2.9, delays=0.07/0.01/2.1/0.78, dsn=4.7.26, status=SOFTBOUNCE (host alt1.gmail-smtp-in.l.google.com[192.178.163.26] said: 550-5.7.26 Unauthenticated email from yahoo.com is not accepted due to domain's 550-5.7.26 DMARC policy. Please contact the administrator of yahoo.com domain 550-5.7.26 if this was a legitimate mail. To learn about the DMARC initiative, 550-5.7.26 go to 550 5.7.26 https://support.google.com/mail/?p=DmarcRejection d2e1a72fcca58-7a2300fa14dsi2380186b3a.443 - gsmtp (in reply to end of DATA command))
Oct 19 11:18:18 vps postfix/smtp[21054]: 9FFDA6F9D7: to=, relay=mta7.am0.yahoodns.net[98.136.96.77]:25, delay=3.9, delays=0.07/0.01/3.1/0.77, dsn=4.7.9, status=SOFTBOUNCE (host mta7.am0.yahoodns.net[98.136.96.77] said: 554 5.7.9 This mail has been blocked because it failed authentication checks against the sending domains DMARC policy. See https://senders.yahooinc.com/smtp-error-codes#dmarc-fail for more information. (in reply to end of DATA command))
Oct 19 11:18:23 vps postfix/smtpd[23944]: connect from unknown[62.60.131.17]
Oct 19 11:18:27 vps postfix/smtpd[23944]: warning: unknown[62.60.131.17]: SASL LOGIN authentication failed: UGFzc3dvcmQ6
Oct 19 11:18:27 vps postfix/smtpd[23944]: disconnect from unknown[62.60.131.17]
Oct 19 11:18:33 vps postfix/smtpd[22483]: connect from unknown[212.132.96.229]
Oct 19 11:18:36 vps postfix/smtpd[22483]: warning: unknown[212.132.96.229]: SASL LOGIN authentication failed: UGFzc3dvcmQ6
Oct 19 11:18:36 vps postfix/smtpd[22483]: disconnect from unknown[212.132.96.229]
Oct 19 11:19:10 vps postfix/smtpd[23944]: connect from unknown[196.251.92.11]
Oct 19 11:19:12 vps postfix/smtpd[23944]: warning: unknown[196.251.92.11]: SASL LOGIN authentication failed: UGFzc3dvcmQ6
Oct 19 11:19:12 vps postfix/smtpd[23944]: disconnect from unknown[196.251.92.11]
Oct 19 11:19:23 vps postfix/smtpd[22483]: connect from 166.210.203.35.bc.googleusercontent.com[35.203.210.166]
Oct 19 11:19:48 vps postfix/smtpd[27414]: connect from unknown[212.132.96.229]
Oct 19 11:19:52 vps postfix/smtpd[27414]: warning: unknown[212.132.96.229]: SASL LOGIN authentication failed: UGFzc3dvcmQ6
Oct 19 11:19:52 vps postfix/smtpd[27414]: disconnect from unknown[212.132.96.229]
Oct 19 11:20:08 vps postfix/smtpd[22483]: lost connection after CONNECT from 166.210.203.35.bc.googleusercontent.com[35.203.210.166]
Oct 19 11:20:08 vps postfix/smtpd[22483]: disconnect from 166.210.203.35.bc.googleusercontent.com[35.203.210.166]
Oct 19 11:20:20 vps postfix/pickup[5113]: 0EFA83BF5BD: uid=1062 from=
Oct 19 11:20:20 vps postfix/cleanup[28664]: 0EFA83BF5BD: message-id=<20251019055020.0EFA83BF5BD@vps.vcrowd.in>
Oct 19 11:20:20 vps opendkim[5590]: 0EFA83BF5BD: no signing table match for '"info@gvkennel"@gmail.com'
Oct 19 11:20:20 vps opendkim[5590]: 0EFA83BF5BD: no signature data
Oct 19 11:20:20 vps postfix/qmgr[26951]: 0EFA83BF5BD: from=, size=929, nrcpt=1 (queue active)
Oct 19 11:20:20 vps postfix/smtpd[27414]: connect from 166.210.203.35.bc.googleusercontent.com[35.203.210.166]
Oct 19 11:20:21 vps postfix/smtp[28670]: 0EFA83BF5BD: host gmail-smtp-in.l.google.com[142.251.12.27] said: 550-5.7.26 Your email has been blocked because the sender is unauthenticated. 550-5.7.26 Gmail requires all senders to authenticate with either SPF or DKIM. 550-5.7.26 550-5.7.26 Authentication results: 550-5.7.26 DKIM = did not pass 550-5.7.26 SPF [vps.vcrowd.in] with ip: [103.120.179.240] = did not pass 550-5.7.26 550-5.7.26 For instructions on setting up authentication, go to 550 5.7.26 https://support.google.com/mail/answer/81126#authentication d2e1a72fcca58-7a2300d4dcdsi2350889b3a.344 - gsmtp (in reply to end of DATA command)
Oct 19 11:20:22 vps postfix/smtp[28670]: 0EFA83BF5BD: to=, relay=alt1.gmail-smtp-in.l.google.com[192.178.163.27]:25, delay=2.8, delays=0.04/0.02/2/0.75, dsn=4.7.26, status=SOFTBOUNCE (host alt1.gmail-smtp-in.l.google.com[192.178.163.27] said: 550-5.7.26 Your email has been blocked because the sender is unauthenticated. 550-5.7.26 Gmail requires all senders to authenticate with either SPF or DKIM. 550-5.7.26 550-5.7.26 Authentication results: 550-5.7.26 DKIM = did not pass 550-5.7.26 SPF [vps.vcrowd.in] with ip: [103.120.179.240] = did not pass 550-5.7.26 550-5.7.26 For instructions on setting up authentication, go to 550 5.7.26 https://support.google.com/mail/answer/81126#authentication d9443c01a7336-2924722b782si25863175ad.620 - gsmtp (in reply to end of DATA command))
Oct 19 11:20:28 vps postfix/smtpd[27414]: lost connection after CONNECT from 166.210.203.35.bc.googleusercontent.com[35.203.210.166]
Oct 19 11:20:28 vps postfix/smtpd[27414]: disconnect from 166.210.203.35.bc.googleusercontent.com[35.203.210.166]
Oct 19 11:20:28 vps postfix/smtpd[22483]: connect from 166.210.203.35.bc.googleusercontent.com[35.203.210.166]
Oct 19 11:20:38 vps postfix/qmgr[26951]: 5AA5C1D858: from=, size=2784, nrcpt=3 (queue active)
Oct 19 11:20:38 vps postfix/qmgr[26951]: 683943C014A: from=, size=1116, nrcpt=2 (queue active)
Oct 19 11:20:38 vps postfix/qmgr[26951]: 70C3B1D7C8: from=, size=560, nrcpt=1 (queue active)
Oct 19 11:20:38 vps postfix/qmgr[26951]: 0EF416F51A: from=, size=873, nrcpt=2 (queue active)
Oct 19 11:20:38 vps postfix/error[28915]: 683943C014A: to=, relay=none, delay=441, delays=441/0.03/0/0.03, dsn=4.4.1, status=deferred (delivery temporarily suspended: connect to crackersadaikki.com[76.223.67.189]:25: Connection timed out)
Oct 19 11:20:38 vps postfix/pipe[28914]: 5AA5C1D858: to=, relay=dovecot, delay=455, delays=454/0.02/0/0.05, dsn=4.1.1, status=SOFTBOUNCE (user unknown)
Oct 19 11:20:38 vps postfix/error[28919]: 0EF416F51A: to=, relay=none, delay=442, delays=442/0.03/0/0.02, dsn=4.4.1, status=deferred (delivery temporarily suspended: connect to crackersadaikki.com[76.223.67.189]:25: Connection timed out)
Oct 19 11:20:38 vps postfix/pipe[28917]: 70C3B1D7C8: to=, relay=dovecot, delay=969, delays=969/0.02/0/0.04, dsn=4.1.1, status=SOFTBOUNCE (user unknown)
Oct 19 11:20:38 vps postfix/qmgr[26951]: 70C3B1D7C8: from=, status=expired, returned to sender
Oct 19 11:20:38 vps postfix/cleanup[28664]: DA14F3C014D: message-id=<20251019055038.DA14F3C014D@vps.vcrowd.in>
Oct 19 11:20:38 vps postfix/bounce[28714]: 70C3B1D7C8: sender non-delivery notification: DA14F3C014D
Oct 19 11:20:38 vps postfix/qmgr[26951]: DA14F3C014D: from=<>, size=2624, nrcpt=1 (queue active)
Oct 19 11:20:38 vps postfix/qmgr[26951]: 70C3B1D7C8: removed
Oct 19 11:20:38 vps postfix/local[28926]: DA14F3C014D: to=, relay=local, delay=0.03, delays=0.01/0.02/0/0.01, dsn=2.0.0, status=sent (delivered to mailbox)
Oct 19 11:20:38 vps postfix/qmgr[26951]: DA14F3C014D: removed
Oct 19 11:20:40 vps postfix/smtp[28916]: 683943C014A: host gmail-smtp-in.l.google.com[142.251.12.26] said: 550-5.7.26 Your email has been blocked because the sender is unauthenticated. 550-5.7.26 Gmail requires all senders to authenticate with either SPF or DKIM. 550-5.7.26 550-5.7.26 Authentication results: 550-5.7.26 DKIM = did not pass 550-5.7.26 SPF [vps.vcrowd.in] with ip: [103.120.179.240] = did not pass 550-5.7.26 550-5.7.26 For instructions on setting up authentication, go to 550 5.7.26 https://support.google.com/mail/answer/81126#authentication 41be03b00d2f7-b6a76b6eabasi2139251a12.1135 - gsmtp (in reply to end of DATA command)
Oct 19 11:20:40 vps postfix/smtp[28920]: 0EF416F51A: host gmail-smtp-in.l.google.com[142.251.12.27] said: 550-5.7.26 Your email has been blocked because the sender is unauthenticated. 550-5.7.26 Gmail requires all senders to authenticate with either SPF or DKIM. 550-5.7.26 550-5.7.26 Authentication results: 550-5.7.26 DKIM = did not pass 550-5.7.26 SPF [vps.vcrowd.in] with ip: [103.120.179.240] = did not pass 550-5.7.26 550-5.7.26 For instructions on setting up authentication, go to 550 5.7.26 https://support.google.com/mail/answer/81126#authentication 41be03b00d2f7-b6a76b8753bsi2099395a12.1450 - gsmtp (in reply to end of DATA command)
Oct 19 11:20:40 vps postfix/smtp[28670]: 5AA5C1D858: host gmail-smtp-in.l.google.com[142.251.12.27] said: 550-5.7.26 Your email has been blocked because the sender is unauthenticated. 550-5.7.26 Gmail requires all senders to authenticate with either SPF or DKIM. 550-5.7.26 550-5.7.26 Authentication results: 550-5.7.26 DKIM = did not pass 550-5.7.26 SPF [vps.vcrowd.in] with ip: [103.120.179.240] = did not pass 550-5.7.26 550-5.7.26 For instructions on setting up authentication, go to 550 5.7.26 https://support.google.com/mail/answer/81126#authentication d2e1a72fcca58-7a22ff1968esi2446890b3a.108 - gsmtp (in reply to end of DATA command)
Oct 19 11:20:40 vps postfix/smtpd[22483]: lost connection after CONNECT from 166.210.203.35.bc.googleusercontent.com[35.203.210.166]
Oct 19 11:20:40 vps postfix/smtpd[22483]: disconnect from 166.210.203.35.bc.googleusercontent.com[35.203.210.166]
Oct 19 11:20:41 vps postfix/smtpd[23944]: connect from unknown[213.209.157.252]
Oct 19 11:20:41 vps postfix/smtp[28916]: 683943C014A: to=, relay=alt1.gmail-smtp-in.l.google.com[192.178.163.26]:25, delay=444, delays=441/0.03/1.9/0.67, dsn=4.7.26, status=SOFTBOUNCE (host alt1.gmail-smtp-in.l.google.com[192.178.163.26] said: 550-5.7.26 Your email has been blocked because the sender is unauthenticated. 550-5.7.26 Gmail requires all senders to authenticate with either SPF or DKIM. 550-5.7.26 550-5.7.26 Authentication results: 550-5.7.26 DKIM = did not pass 550-5.7.26 SPF [vps.vcrowd.in] with ip: [103.120.179.240] = did not pass 550-5.7.26 550-5.7.26 For instructions on setting up authentication, go to 550 5.7.26 https://support.google.com/mail/answer/81126#authentication 41be03b00d2f7-b6a76b19a9bsi2151264a12.613 - gsmtp (in reply to end of DATA command))
Oct 19 11:20:41 vps postfix/smtp[28920]: 0EF416F51A: to=, relay=alt1.gmail-smtp-in.l.google.com[192.178.163.26]:25, delay=445, delays=442/0.03/2/0.73, dsn=4.7.26, status=SOFTBOUNCE (host alt1.gmail-smtp-in.l.google.com[192.178.163.26] said: 550-5.7.26 Your email has been blocked because the sender is unauthenticated. 550-5.7.26 Gmail requires all senders to authenticate with either SPF or DKIM. 550-5.7.26 550-5.7.26 Authentication results: 550-5.7.26 DKIM = did not pass 550-5.7.26 SPF [vps.vcrowd.in] with ip: [103.120.179.240] = did not pass 550-5.7.26 550-5.7.26 For instructions on setting up authentication, go to 550 5.7.26 https://support.google.com/mail/answer/81126#authentication d9443c01a7336-292471fec79si24472785ad.353 - gsmtp (in reply to end of DATA command))
Oct 19 11:20:41 vps postfix/smtp[28670]: 5AA5C1D858: to=, relay=alt1.gmail-smtp-in.l.google.com[192.178.163.26]:25, delay=458, delays=454/0.01/2.4/0.69, dsn=4.7.26, status=SOFTBOUNCE (host alt1.gmail-smtp-in.l.google.com[192.178.163.26] said: 550-5.7.26 Your email has been blocked because the sender is unauthenticated. 550-5.7.26 Gmail requires all senders to authenticate with either SPF or DKIM. 550-5.7.26 550-5.7.26 Authentication results: 550-5.7.26 DKIM = did not pass 550-5.7.26 SPF [vps.vcrowd.in] with ip: [103.120.179.240] = did not pass 550-5.7.26 550-5.7.26 For instructions on setting up authentication, go to 550 5.7.26 https://support.google.com/mail/answer/81126#authentication 41be03b00d2f7-b6a76b7dadesi2061340a12.1320 - gsmtp (in reply to end of DATA command))
Oct 19 11:20:43 vps postfix/smtpd[23944]: warning: unknown[213.209.157.252]: SASL LOGIN authentication failed: UGFzc3dvcmQ6
Oct 19 11:20:43 vps postfix/smtpd[23944]: disconnect from unknown[213.209.157.252]
Oct 19 11:20:50 vps postfix/anvil[27319]: statistics: max connection rate 2/60s for (smtp:14.18.77.99) at
Oct 19 11:11:15
Oct 19 11:20:50 vps postfix/anvil[27319]: statistics: max connection count 1 for (smtp:203.124.50.151) at
Oct 19 11:10:53
Oct 19 11:20:50 vps postfix/anvil[27319]: statistics: max cache size 5 at
Oct 19 11:11:10
Oct 19 11:21:06 vps postfix/smtpd[27414]: connect from unknown[212.132.96.229]
Oct 19 11:21:08 vps postfix/smtpd[27414]: warning: unknown[212.132.96.229]: SASL LOGIN authentication failed: UGFzc3dvcmQ6
Oct 19 11:21:08 vps postfix/smtpd[27414]: disconnect from unknown[212.132.96.229]
Oct 19 11:21:37 vps postfix/smtps/smtpd[29657]: warning: No server certs available. TLS won't be enabled
Oct 19 11:21:37 vps postfix/smtps/smtpd[29657]: connect from unknown[194.230.82.157]
Oct 19 11:21:37 vps postfix/smtps/smtpd[29657]: warning: Wrapper-mode request dropped from unknown[194.230.82.157] for service 465. TLS context initialization failed. For details see earlier warnings in your logs.
Oct 19 11:21:37 vps postfix/smtps/smtpd[29657]: disconnect from unknown[194.230.82.157]
Oct 19 11:21:45 vps postfix/smtps/smtpd[29657]: connect from unknown[115.94.121.85]
Oct 19 11:21:45 vps postfix/smtps/smtpd[29657]: warning: Wrapper-mode request dropped from unknown[115.94.121.85] for service 465. TLS context initialization failed. For details see earlier warnings in your logs.
Oct 19 11:21:45 vps postfix/smtps/smtpd[29657]: disconnect from unknown[115.94.121.85]
Oct 19 11:21:46 vps postfix/smtps/smtpd[29657]: connect from unknown[65.20.204.164]
Oct 19 11:21:46 vps postfix/smtps/smtpd[29657]: warning: Wrapper-mode request dropped from unknown[65.20.204.164] for service 465. TLS context initialization failed. For details see earlier warnings in your logs.
Oct 19 11:21:46 vps postfix/smtps/smtpd[29657]: disconnect from unknown[65.20.204.164]
Oct 19 11:21:49 vps postfix/smtps/smtpd[29657]: connect from unknown[58.222.188.154]
Oct 19 11:21:49 vps postfix/smtps/smtpd[29657]: warning: Wrapper-mode request dropped from unknown[58.222.188.154] for service 465. TLS context initialization failed. For details see earlier warnings in your logs.
Oct 19 11:21:49 vps postfix/smtps/smtpd[29657]: disconnect from unknown[58.222.188.154]
Oct 19 11:21:53 vps postfix/smtps/smtpd[29657]: connect from unknown[125.141.193.42]
Oct 19 11:21:53 vps postfix/smtps/smtpd[29657]: warning: Wrapper-mode request dropped from unknown[125.141.193.42] for service 465. TLS context initialization failed. For details see earlier warnings in your logs.
Oct 19 11:21:53 vps postfix/smtps/smtpd[29657]: disconnect from unknown[125.141.193.42]
Oct 19 11:21:58 vps postfix/smtps/smtpd[29657]: warning: hostname 111-86-33-194.intelcom-ug.ru does not resolve to address 194.33.87.111
Oct 19 11:21:58 vps postfix/smtps/smtpd[29657]: connect from unknown[194.33.87.111]
Oct 19 11:21:58 vps postfix/smtps/smtpd[29657]: warning: Wrapper-mode request dropped from unknown[194.33.87.111] for service 465. TLS context initialization failed. For details see earlier warnings in your logs.
Oct 19 11:21:58 vps postfix/smtps/smtpd[29657]: disconnect from unknown[194.33.87.111]
Oct 19 11:22:01 vps postfix/smtps/smtpd[29657]: connect from unknown[219.248.4.146]
Oct 19 11:22:01 vps postfix/smtps/smtpd[29657]: warning: Wrapper-mode request dropped from unknown[219.248.4.146] for service 465. TLS context initialization failed. For details see earlier warnings in your logs.
Oct 19 11:22:01 vps postfix/smtps/smtpd[29657]: disconnect from unknown[219.248.4.146]
Oct 19 11:22:17 vps postfix/smtpd[23944]: connect from unknown[213.209.157.225]
Oct 19 11:22:19 vps postfix/smtpd[23944]: warning: unknown[213.209.157.225]: SASL LOGIN authentication failed: UGFzc3dvcmQ6
Oct 19 11:22:19 vps postfix/smtpd[23944]: disconnect from unknown[213.209.157.225]
Oct 19 11:22:22 vps postfix/smtpd[27414]: connect from unknown[212.132.96.229]
Oct 19 11:22:25 vps postfix/smtpd[27414]: warning: unknown[212.132.96.229]: SASL LOGIN authentication failed: UGFzc3dvcmQ6
Oct 19 11:22:25 vps postfix/smtpd[27414]: disconnect from unknown[212.132.96.229]
Oct 19 11:23:38 vps postfix/smtpd[27414]: connect from unknown[212.132.96.229]
Oct 19 11:23:41 vps postfix/smtpd[27414]: warning: unknown[212.132.96.229]: SASL LOGIN authentication failed: UGFzc3dvcmQ6
Oct 19 11:23:41 vps postfix/smtpd[27414]: disconnect from unknown[212.132.96.229]
Oct 19 11:24:57 vps postfix/smtpd[27414]: connect from unknown[212.132.96.229]
Oct 19 11:24:59 vps postfix/smtpd[27414]: warning: unknown[212.132.96.229]: SASL LOGIN authentication failed: UGFzc3dvcmQ6
Oct 19 11:24:59 vps postfix/smtpd[27414]: disconnect from unknown[212.132.96.229]
Oct 19 11:25:04 vps postfix/smtpd[388]: connect from unknown[213.209.157.116]
Oct 19 11:25:07 vps postfix/smtpd[388]: warning: unknown[213.209.157.116]: SASL LOGIN authentication failed: UGFzc3dvcmQ6
Oct 19 11:25:07 vps postfix/smtpd[388]: disconnect from unknown[213.209.157.116]
Oct 19 11:25:38 vps postfix/qmgr[26951]: D0CFE3C0146: from=, size=873, nrcpt=2 (queue active)
Oct 19 11:25:38 vps postfix/qmgr[26951]: 71D7E3C014C: from=, size=1116, nrcpt=2 (queue active)
Oct 19 11:25:38 vps postfix/qmgr[26951]: 9FFDA6F9D7: from=, size=893, nrcpt=3 (queue active)
Oct 19 11:25:38 vps postfix/qmgr[26951]: 0EFA83BF5BD: from=, size=929, nrcpt=1 (queue active)
Oct 19 11:25:39 vps postfix/smtp[1223]: D0CFE3C0146: host gmail-smtp-in.l.google.com[142.251.12.26] said: 550-5.7.26 Your email has been blocked because the sender is unauthenticated. 550-5.7.26 Gmail requires all senders to authenticate with either SPF or DKIM. 550-5.7.26 550-5.7.26 Authentication results: 550-5.7.26 DKIM = did not pass 550-5.7.26 SPF [vps.vcrowd.in] with ip: [103.120.179.240] = did not pass 550-5.7.26 550-5.7.26 For instructions on setting up authentication, go to 550 5.7.26 https://support.google.com/mail/answer/81126#authentication 41be03b00d2f7-b6a76b39401si2093083a12.654 - gsmtp (in reply to end of DATA command)
Oct 19 11:25:39 vps postfix/smtp[1225]: 71D7E3C014C: host gmail-smtp-in.l.google.com[142.251.12.27] said: 550-5.7.26 Your email has been blocked because the sender is unauthenticated. 550-5.7.26 Gmail requires all senders to authenticate with either SPF or DKIM. 550-5.7.26 550-5.7.26 Authentication results: 550-5.7.26 DKIM = did not pass 550-5.7.26 SPF [vps.vcrowd.in] with ip: [103.120.179.240] = did not pass 550-5.7.26 550-5.7.26 For instructions on setting up authentication, go to 550 5.7.26 https://support.google.com/mail/answer/81126#authentication d2e1a72fcca58-7a2300d7267si2470688b3a.256 - gsmtp (in reply to end of DATA command)
Oct 19 11:25:39 vps postfix/smtp[1226]: 9FFDA6F9D7: host gmail-smtp-in.l.google.com[142.251.12.26] said: 550-5.7.26 Unauthenticated email from yahoo.com is not accepted due to domain's 550-5.7.26 DMARC policy. Please contact the administrator of yahoo.com domain 550-5.7.26 if this was a legitimate mail. To learn about the DMARC initiative, 550-5.7.26 go to 550 5.7.26 https://support.google.com/mail/?p=DmarcRejection d2e1a72fcca58-7a2301285fcsi2456166b3a.839 - gsmtp (in reply to end of DATA command)
Oct 19 11:25:39 vps postfix/smtp[1228]: 0EFA83BF5BD: host gmail-smtp-in.l.google.com[142.251.12.26] said: 550-5.7.26 Your email has been blocked because the sender is unauthenticated. 550-5.7.26 Gmail requires all senders to authenticate with either SPF or DKIM. 550-5.7.26 550-5.7.26 Authentication results: 550-5.7.26 DKIM = did not pass 550-5.7.26 SPF [vps.vcrowd.in] with ip: [103.120.179.240] = did not pass 550-5.7.26 550-5.7.26 For instructions on setting up authentication, go to 550 5.7.26 https://support.google.com/mail/answer/81126#authentication 41be03b00d2f7-b6a76b52553si2067109a12.856 - gsmtp (in reply to end of DATA command)
Oct 19 11:25:40 vps postfix/smtp[1227]: 9FFDA6F9D7: host mta5.am0.yahoodns.net[98.136.96.75] said: 554 5.7.9 This mail has been blocked because it failed authentication checks against the sending domains DMARC policy. See https://senders.yahooinc.com/smtp-error-codes#dmarc-fail for more information. (in reply to end of DATA command)
Oct 19 11:25:41 vps postfix/smtp[1225]: 71D7E3C014C: to=, relay=alt1.gmail-smtp-in.l.google.com[192.178.163.26]:25, delay=610, delays=607/0.05/1.9/0.68, dsn=4.7.26, status=SOFTBOUNCE (host alt1.gmail-smtp-in.l.google.com[192.178.163.26] said: 550-5.7.26 Your email has been blocked because the sender is unauthenticated. 550-5.7.26 Gmail requires all senders to authenticate with either SPF or DKIM. 550-5.7.26 550-5.7.26 Authentication results: 550-5.7.26 DKIM = did not pass 550-5.7.26 SPF [vps.vcrowd.in] with ip: [103.120.179.240] = did not pass 550-5.7.26 550-5.7.26 For instructions on setting up authentication, go to 550 5.7.26 https://support.google.com/mail/answer/81126#authentication 41be03b00d2f7-b6a76b3c13fsi2152293a12.751 - gsmtp (in reply to end of DATA command))
Oct 19 11:25:41 vps postfix/smtp[1223]: D0CFE3C0146: to=, relay=alt1.gmail-smtp-in.l.google.com[192.178.163.26]:25, delay=610, delays=608/0.06/1.9/0.76, dsn=4.7.26, status=SOFTBOUNCE (host alt1.gmail-smtp-in.l.google.com[192.178.163.26] said: 550-5.7.26 Your email has been blocked because the sender is unauthenticated. 550-5.7.26 Gmail requires all senders to authenticate with either SPF or DKIM. 550-5.7.26 550-5.7.26 Authentication results: 550-5.7.26 DKIM = did not pass 550-5.7.26 SPF [vps.vcrowd.in] with ip: [103.120.179.240] = did not pass 550-5.7.26 550-5.7.26 For instructions on setting up authentication, go to 550 5.7.26 https://support.google.com/mail/answer/81126#authentication 41be03b00d2f7-b6a76b52547si2135276a12.902 - gsmtp (in reply to end of DATA command))
Oct 19 11:25:41 vps postfix/smtp[1226]: 9FFDA6F9D7: to=, relay=alt1.gmail-smtp-in.l.google.com[192.178.163.26]:25, delay=447, delays=444/0.06/2/0.78, dsn=4.7.26, status=SOFTBOUNCE (host alt1.gmail-smtp-in.l.google.com[192.178.163.26] said: 550-5.7.26 Unauthenticated email from yahoo.com is not accepted due to domain's 550-5.7.26 DMARC policy. Please contact the administrator of yahoo.com domain 550-5.7.26 if this was a legitimate mail. To learn about the DMARC initiative, 550-5.7.26 go to 550 5.7.26 https://support.google.com/mail/?p=DmarcRejection 41be03b00d2f7-b6a793671d4si1793770a12.1426 - gsmtp (in reply to end of DATA command))
Oct 19 11:25:41 vps postfix/smtp[1226]: 9FFDA6F9D7: to=, relay=alt1.gmail-smtp-in.l.google.com[192.178.163.26]:25, delay=447, delays=444/0.06/2/0.78, dsn=4.7.26, status=SOFTBOUNCE (host alt1.gmail-smtp-in.l.google.com[192.178.163.26] said: 550-5.7.26 Unauthenticated email from yahoo.com is not accepted due to domain's 550-5.7.26 DMARC policy. Please contact the administrator of yahoo.com domain 550-5.7.26 if this was a legitimate mail. To learn about the DMARC initiative, 550-5.7.26 go to 550 5.7.26 https://support.google.com/mail/?p=DmarcRejection 41be03b00d2f7-b6a793671d4si1793770a12.1426 - gsmtp (in reply to end of DATA command))
Oct 19 11:25:41 vps postfix/smtp[1228]: 0EFA83BF5BD: to=, relay=alt1.gmail-smtp-in.l.google.com[192.178.163.27]:25, delay=321, delays=318/0.08/2/0.79, dsn=4.7.26, status=SOFTBOUNCE (host alt1.gmail-smtp-in.l.google.com[192.178.163.27] said: 550-5.7.26 Your email has been blocked because the sender is unauthenticated. 550-5.7.26 Gmail requires all senders to authenticate with either SPF or DKIM. 550-5.7.26 550-5.7.26 Authentication results: 550-5.7.26 DKIM = did not pass 550-5.7.26 SPF [vps.vcrowd.in] with ip: [103.120.179.240] = did not pass 550-5.7.26 550-5.7.26 For instructions on setting up authentication, go to 550 5.7.26 https://support.google.com/mail/answer/81126#authentication 41be03b00d2f7-b6a76b85b54si2034229a12.1400 - gsmtp (in reply to end of DATA command))
Oct 19 11:25:42 vps postfix/smtp[1227]: 9FFDA6F9D7: to=, relay=mta7.am0.yahoodns.net[67.195.204.74]:25, delay=448, delays=444/0.07/3.1/0.65, dsn=4.7.9, status=SOFTBOUNCE (host mta7.am0.yahoodns.net[67.195.204.74] said: 554 5.7.9 This mail has been blocked because it failed authentication checks against the sending domains DMARC policy. See https://senders.yahooinc.com/smtp-error-codes#dmarc-fail for more information. (in reply to end of DATA command))
Oct 19 11:26:08 vps postfix/smtp[1222]: connect to crackersadaikki.com[13.248.213.45]:25: Connection timed out
Oct 19 11:26:08 vps postfix/smtp[1224]: connect to crackersadaikki.com[76.223.67.189]:25: Connection timed out
Oct 19 11:26:12 vps postfix/smtpd[388]: connect from lewis.rolldeos.com[94.156.175.177]
Oct 19 11:26:13 vps postfix/smtpd[388]: NOQUEUE: reject: RCPT from lewis.rolldeos.com[94.156.175.177]: 454 4.7.1 Service unavailable; Client host [94.156.175.177] blocked using bl.spamcop.net; Blocked - see https://www.spamcop.net/bl.shtml?94.156.175.177; from= to= proto=ESMTP helo=
Oct 19 11:26:13 vps postfix/smtpd[388]: disconnect from lewis.rolldeos.com[94.156.175.177]
Oct 19 11:26:13 vps postfix/smtpd[27414]: connect from unknown[212.132.96.229]
Oct 19 11:26:16 vps postfix/smtpd[27414]: warning: unknown[212.132.96.229]: SASL LOGIN authentication failed: UGFzc3dvcmQ6
Oct 19 11:26:16 vps postfix/smtpd[27414]: disconnect from unknown[212.132.96.229]
Oct 19 11:26:38 vps postfix/smtp[1222]: connect to crackersadaikki.com[76.223.67.189]:25: Connection timed out
Oct 19 11:26:38 vps postfix/smtp[1222]: D0CFE3C0146: to=, relay=none, delay=668, delays=608/0.05/60/0, dsn=4.4.1, status=deferred (connect to crackersadaikki.com[76.223.67.189]:25: Connection timed out)
Oct 19 11:26:38 vps postfix/bounce[1251]: warning: [built-in]: zero result in delay template conversion of parameter "delay_warning_time_hours"
Oct 19 11:26:38 vps postfix/bounce[1251]: warning: please reduce time unit "hours" of "delay_warning_time_hours" in delay template
Oct 19 11:26:38 vps postfix/bounce[1251]: warning: for instructions see the bounce(5) manual
Oct 19 11:26:38 vps postfix/bounce[1251]: warning: [built-in]: zero result in delay template conversion of parameter "maximal_queue_lifetime_days"
Oct 19 11:26:38 vps postfix/bounce[1251]: warning: please reduce time unit "days" of "maximal_queue_lifetime_days" in delay template
Oct 19 11:26:38 vps postfix/bounce[1251]: warning: for instructions see the bounce(5) manual
Oct 19 11:26:38 vps postfix/cleanup[1824]: AD59B3718BF: message-id=<20251019055638.AD59B3718BF@vps.vcrowd.in>
Oct 19 11:26:38 vps postfix/bounce[1251]: D0CFE3C0146: sender delay notification: AD59B3718BF
Oct 19 11:26:38 vps postfix/qmgr[26951]: AD59B3718BF: from=<>, size=4432, nrcpt=1 (queue active)
Oct 19 11:26:38 vps postfix/local[1825]: AD59B3718BF: to=, relay=local, delay=0.05, delays=0.03/0.02/0/0, dsn=2.0.0, status=sent (delivered to mailbox)
Oct 19 11:26:38 vps postfix/qmgr[26951]: AD59B3718BF: removed
Oct 19 11:26:38 vps postfix/smtp[1224]: connect to crackersadaikki.com[13.248.213.45]:25: Connection timed out
Oct 19 11:26:38 vps postfix/smtp[1224]: 71D7E3C014C: to=, relay=none, delay=667, delays=607/0.04/60/0, dsn=4.4.1, status=deferred (connect to crackersadaikki.com[13.248.213.45]:25: Connection timed out)
Oct 19 11:26:38 vps postfix/bounce[1251]: warning: [built-in]: zero result in delay template conversion of parameter "delay_warning_time_hours"
Oct 19 11:26:38 vps postfix/bounce[1251]: warning: please reduce time unit "hours" of "delay_warning_time_hours" in delay template
Oct 19 11:26:38 vps postfix/bounce[1251]: warning: for instructions see the bounce(5) manual
Oct 19 11:26:38 vps postfix/bounce[1251]: warning: [built-in]: zero result in delay template conversion of parameter "maximal_queue_lifetime_days"
Oct 19 11:26:38 vps postfix/bounce[1251]: warning: please reduce time unit "days" of "maximal_queue_lifetime_days" in delay template
Oct 19 11:26:38 vps postfix/bounce[1251]: warning: for instructions see the bounce(5) manual
Oct 19 11:26:38 vps postfix/cleanup[1824]: D1C533718BF: message-id=<20251019055638.D1C533718BF@vps.vcrowd.in>
Oct 19 11:26:38 vps postfix/bounce[1251]: 71D7E3C014C: sender delay notification: D1C533718BF
Oct 19 11:26:38 vps postfix/qmgr[26951]: D1C533718BF: from=<>, size=4398, nrcpt=1 (queue active)
Oct 19 11:26:38 vps postfix/local[1825]: D1C533718BF: to=, relay=local, delay=0.01, delays=0.01/0/0/0, dsn=2.0.0, status=sent (delivered to mailbox)
Oct 19 11:26:38 vps postfix/qmgr[26951]: D1C533718BF: removed
Oct 19 11:27:11 vps postfix/smtpd[27414]: connect from 166.210.203.35.bc.googleusercontent.com[35.203.210.166]
Oct 19 11:27:11 vps postfix/smtpd[27414]: lost connection after EHLO from 166.210.203.35.bc.googleusercontent.com[35.203.210.166]
Oct 19 11:27:11 vps postfix/smtpd[27414]: disconnect from 166.210.203.35.bc.googleusercontent.com[35.203.210.166]
Oct 19 11:27:33 vps postfix/smtpd[27414]: connect from unknown[212.132.96.229]
Oct 19 11:27:36 vps postfix/smtpd[27414]: warning: unknown[212.132.96.229]: SASL LOGIN authentication failed: UGFzc3dvcmQ6
Oct 19 11:27:36 vps postfix/smtpd[27414]: disconnect from unknown[212.132.96.229]
Oct 19 11:27:46 vps postfix/smtpd[388]: connect from unknown[165.154.182.53]
Oct 19 11:27:47 vps postfix/smtpd[388]: lost connection after CONNECT from unknown[165.154.182.53]
Oct 19 11:27:47 vps postfix/smtpd[388]: disconnect from unknown[165.154.182.53]
Oct 19 11:27:47 vps postfix/smtpd[388]: connect from unknown[165.154.182.53]
Oct 19 11:27:49 vps postfix/smtpd[388]: disconnect from unknown[165.154.182.53]
Oct 19 11:28:13 vps postfix/smtpd[388]: connect from unknown[195.211.188.86]
Oct 19 11:28:15 vps postfix/smtpd[388]: warning: unknown[195.211.188.86]: SASL LOGIN authentication failed: UGFzc3dvcmQ6
Oct 19 11:28:15 vps postfix/smtpd[388]: disconnect from unknown[195.211.188.86]
Oct 19 11:28:48 vps postfix/smtpd[27414]: connect from unknown[212.132.96.229]
Oct 19 11:28:51 vps postfix/smtpd[27414]: warning: unknown[212.132.96.229]: SASL LOGIN authentication failed: UGFzc3dvcmQ6
Oct 19 11:28:51 vps postfix/smtpd[27414]: disconnect from unknown[212.132.96.229]
Oct 19 11:30:02 vps postfix/smtpd[27414]: connect from unknown[212.132.96.229]
Oct 19 11:30:05 vps postfix/smtpd[27414]: warning: unknown[212.132.96.229]: SASL LOGIN authentication failed: UGFzc3dvcmQ6
Oct 19 11:30:05 vps postfix/smtpd[27414]: disconnect from unknown[212.132.96.229]
Oct 19 11:30:38 vps postfix/qmgr[26951]: 51F083C0145: from=, size=871, nrcpt=2 (queue active)
Oct 19 11:30:38 vps postfix/qmgr[26951]: 5AA5C1D858: from=, size=2784, nrcpt=3 (queue active)
Oct 19 11:30:38 vps postfix/qmgr[26951]: 683943C014A: from=, size=1116, nrcpt=2 (queue active)
Oct 19 11:30:38 vps postfix/qmgr[26951]: A81593C0147: from=, size=1116, nrcpt=2 (queue active)
Oct 19 11:30:38 vps postfix/qmgr[26951]: 0EF416F51A: from=, size=873, nrcpt=2 (queue active)
Oct 19 11:30:38 vps postfix/pipe[5312]: 5AA5C1D858: to=, relay=dovecot, delay=1054, delays=1054/0.02/0/0.05, dsn=4.1.1, status=SOFTBOUNCE (user unknown)
Oct 19 11:30:39 vps postfix/smtp[5319]: 683943C014A: host gmail-smtp-in.l.google.com[142.251.12.26] said: 550-5.7.26 Your email has been blocked because the sender is unauthenticated. 550-5.7.26 Gmail requires all senders to authenticate with either SPF or DKIM. 550-5.7.26 550-5.7.26 Authentication results: 550-5.7.26 DKIM = did not pass 550-5.7.26 SPF [vps.vcrowd.in] with ip: [103.120.179.240] = did not pass 550-5.7.26 550-5.7.26 For instructions on setting up authentication, go to 550 5.7.26 https://support.google.com/mail/answer/81126#authentication d2e1a72fcca58-7a2300f9fd3si2332110b3a.433 - gsmtp (in reply to end of DATA command)
Oct 19 11:30:39 vps postfix/smtp[5313]: 51F083C0145: host gmail-smtp-in.l.google.com[142.251.12.26] said: 550-5.7.26 Your email has been blocked because the sender is unauthenticated. 550-5.7.26 Gmail requires all senders to authenticate with either SPF or DKIM. 550-5.7.26 550-5.7.26 Authentication results: 550-5.7.26 DKIM = did not pass 550-5.7.26 SPF [vps.vcrowd.in] with ip: [103.120.179.240] = did not pass 550-5.7.26 550-5.7.26 For instructions on setting up authentication, go to 550 5.7.26 https://support.google.com/mail/answer/81126#authentication d9443c01a7336-292471dd0bbsi24367655ad.184 - gsmtp (in reply to end of DATA command)
Oct 19 11:30:39 vps postfix/smtp[5316]: 5AA5C1D858: host gmail-smtp-in.l.google.com[142.251.12.27] said: 550-5.7.26 Your email has been blocked because the sender is unauthenticated. 550-5.7.26 Gmail requires all senders to authenticate with either SPF or DKIM. 550-5.7.26 550-5.7.26 Authentication results: 550-5.7.26 DKIM = did not pass 550-5.7.26 SPF [vps.vcrowd.in] with ip: [103.120.179.240] = did not pass 550-5.7.26 550-5.7.26 For instructions on setting up authentication, go to 550 5.7.26 https://support.google.com/mail/answer/81126#authentication 41be03b00d2f7-b6a76b727b5si2142216a12.1205 - gsmtp (in reply to end of DATA command)
Oct 19 11:30:39 vps postfix/smtp[5321]: A81593C0147: host gmail-smtp-in.l.google.com[142.251.12.27] said: 550-5.7.26 Your email has been blocked because the sender is unauthenticated. 550-5.7.26 Gmail requires all senders to authenticate with either SPF or DKIM. 550-5.7.26 550-5.7.26 Authentication results: 550-5.7.26 DKIM = did not pass 550-5.7.26 SPF [vps.vcrowd.in] with ip: [103.120.179.240] = did not pass 550-5.7.26 550-5.7.26 For instructions on setting up authentication, go to 550 5.7.26 https://support.google.com/mail/answer/81126#authentication d2e1a72fcca58-7a2300d4a36si2424756b3a.369 - gsmtp (in reply to end of DATA command)
Oct 19 11:30:40 vps postfix/smtp[5323]: 0EF416F51A: host gmail-smtp-in.l.google.com[142.251.12.26] said: 550-5.7.26 Your email has been blocked because the sender is unauthenticated. 550-5.7.26 Gmail requires all senders to authenticate with either SPF or DKIM. 550-5.7.26 550-5.7.26 Authentication results: 550-5.7.26 DKIM = did not pass 550-5.7.26 SPF [vps.vcrowd.in] with ip: [103.120.179.240] = did not pass 550-5.7.26 550-5.7.26 For instructions on setting up authentication, go to 550 5.7.26 https://support.google.com/mail/answer/81126#authentication d2e1a72fcca58-7a23285bdb6si2032510b3a.784 - gsmtp (in reply to end of DATA command)
Oct 19 11:30:40 vps postfix/smtpd[5342]: connect from unknown[62.60.131.17]
Oct 19 11:30:40 vps postfix/smtp[5319]: 683943C014A: to=, relay=alt1.gmail-smtp-in.l.google.com[192.178.163.27]:25, delay=1044, delays=1041/0.07/1.8/0.63, dsn=4.7.26, status=SOFTBOUNCE (host alt1.gmail-smtp-in.l.google.com[192.178.163.27] said: 550-5.7.26 Your email has been blocked because the sender is unauthenticated. 550-5.7.26 Gmail requires all senders to authenticate with either SPF or DKIM. 550-5.7.26 550-5.7.26 Authentication results: 550-5.7.26 DKIM = did not pass 550-5.7.26 SPF [vps.vcrowd.in] with ip: [103.120.179.240] = did not pass 550-5.7.26 550-5.7.26 For instructions on setting up authentication, go to 550 5.7.26 https://support.google.com/mail/answer/81126#authentication d9443c01a7336-292471dcc4asi25908075ad.187 - gsmtp (in reply to end of DATA command))
Oct 19 11:30:41 vps postfix/smtp[5321]: A81593C0147: to=, relay=alt1.gmail-smtp-in.l.google.com[192.178.163.26]:25, delay=1415, delays=1413/0.09/1.9/0.6, dsn=4.7.26, status=SOFTBOUNCE (host alt1.gmail-smtp-in.l.google.com[192.178.163.26] said: 550-5.7.26 Your email has been blocked because the sender is unauthenticated. 550-5.7.26 Gmail requires all senders to authenticate with either SPF or DKIM. 550-5.7.26 550-5.7.26 Authentication results: 550-5.7.26 DKIM = did not pass 550-5.7.26 SPF [vps.vcrowd.in] with ip: [103.120.179.240] = did not pass 550-5.7.26 550-5.7.26 For instructions on setting up authentication, go to 550 5.7.26 https://support.google.com/mail/answer/81126#authentication d9443c01a7336-29247208bc8si24933925ad.442 - gsmtp (in reply to end of DATA command))
Oct 19 11:30:41 vps postfix/smtp[5313]: 51F083C0145: to=, relay=alt1.gmail-smtp-in.l.google.com[192.178.163.27]:25, delay=1416, delays=1413/0.07/1.9/0.68, dsn=4.7.26, status=SOFTBOUNCE (host alt1.gmail-smtp-in.l.google.com[192.178.163.27] said: 550-5.7.26 Your email has been blocked because the sender is unauthenticated. 550-5.7.26 Gmail requires all senders to authenticate with either SPF or DKIM. 550-5.7.26 550-5.7.26 Authentication results: 550-5.7.26 DKIM = did not pass 550-5.7.26 SPF [vps.vcrowd.in] with ip: [103.120.179.240] = did not pass 550-5.7.26 550-5.7.26 For instructions on setting up authentication, go to 550 5.7.26 https://support.google.com/mail/answer/81126#authentication d2e1a72fcca58-7a2300f916esi2518111b3a.448 - gsmtp (in reply to end of DATA command))
Oct 19 11:30:41 vps postfix/smtp[5316]: 5AA5C1D858: to=, relay=alt1.gmail-smtp-in.l.google.com[192.178.163.27]:25, delay=1057, delays=1054/0.05/1.9/1.1, dsn=4.7.26, status=SOFTBOUNCE (host alt1.gmail-smtp-in.l.google.com[192.178.163.27] said: 550-5.7.26 Your email has been blocked because the sender is unauthenticated. 550-5.7.26 Gmail requires all senders to authenticate with either SPF or DKIM. 550-5.7.26 550-5.7.26 Authentication results: 550-5.7.26 DKIM = did not pass 550-5.7.26 SPF [vps.vcrowd.in] with ip: [103.120.179.240] = did not pass 550-5.7.26 550-5.7.26 For instructions on setting up authentication, go to 550 5.7.26 https://support.google.com/mail/answer/81126#authentication d9443c01a7336-2924722c72fsi24257685ad.610 - gsmtp (in reply to end of DATA command))
Oct 19 11:30:41 vps postfix/qmgr[26951]: 5AA5C1D858: from=, status=expired, returned to sender
Oct 19 11:30:41 vps postfix/cleanup[5346]: 74E253C0148: message-id=<20251019060041.74E253C0148@vps.vcrowd.in>
Oct 19 11:30:41 vps postfix/bounce[5318]: 5AA5C1D858: sender non-delivery notification: 74E253C0148
Oct 19 11:30:41 vps postfix/qmgr[26951]: 74E253C0148: from=<>, size=6225, nrcpt=1 (queue active)
Oct 19 11:30:41 vps postfix/qmgr[26951]: 5AA5C1D858: removed
Oct 19 11:30:41 vps postfix/smtp[5323]: 0EF416F51A: to=, relay=alt1.gmail-smtp-in.l.google.com[192.178.163.27]:25, delay=1044, delays=1041/0.11/2.1/0.77, dsn=4.7.26, status=SOFTBOUNCE (host alt1.gmail-smtp-in.l.google.com[192.178.163.27] said: 550-5.7.26 Your email has been blocked because the sender is unauthenticated. 550-5.7.26 Gmail requires all senders to authenticate with either SPF or DKIM. 550-5.7.26 550-5.7.26 Authentication results: 550-5.7.26 DKIM = did not pass 550-5.7.26 SPF [vps.vcrowd.in] with ip: [103.120.179.240] = did not pass 550-5.7.26 550-5.7.26 For instructions on setting up authentication, go to 550 5.7.26 https://support.google.com/mail/answer/81126#authentication 41be03b00d2f7-b6a76b19bb9si2152923a12.494 - gsmtp (in reply to end of DATA command))
Oct 19 11:30:41 vps postfix/local[5347]: 74E253C0148: to=, relay=local, delay=0.04, delays=0.02/0.01/0/0, dsn=2.0.0, status=sent (delivered to mailbox)
Oct 19 11:30:41 vps postfix/qmgr[26951]: 74E253C0148: removed
Oct 19 11:30:45 vps postfix/smtpd[5342]: warning: unknown[62.60.131.17]: SASL LOGIN authentication failed: UGFzc3dvcmQ6
Oct 19 11:30:45 vps postfix/smtpd[5342]: disconnect from unknown[62.60.131.17]
Oct 19 11:30:50 vps postfix/anvil[27319]: statistics: max connection rate 2/60s for (smtp:165.154.182.53) at
Oct 19 11:27:47
Oct 19 11:30:50 vps postfix/anvil[27319]: statistics: max connection count 1 for (submission:212.132.96.229) at
Oct 19 11:21:06
Oct 19 11:30:50 vps postfix/anvil[27319]: statistics: max cache size 3 at
Oct 19 11:21:06
Oct 19 11:31:08 vps postfix/smtp[5311]: connect to crackersadaikki.com[13.248.213.45]:25: Connection timed out
Oct 19 11:31:08 vps postfix/smtp[5322]: connect to crackersadaikki.com[13.248.213.45]:25: Connection timed out
Oct 19 11:31:08 vps postfix/smtp[5317]: connect to crackersadaikki.com[76.223.67.189]:25: Connection timed out
Oct 19 11:31:08 vps postfix/smtp[5320]: connect to crackersadaikki.com[76.223.67.189]:25: Connection timed out
Oct 19 11:31:19 vps postfix/smtpd[27414]: connect from unknown[212.132.96.229]
Oct 19 11:31:22 vps postfix/smtpd[27414]: warning: unknown[212.132.96.229]: SASL LOGIN authentication failed: UGFzc3dvcmQ6
Oct 19 11:31:22 vps postfix/smtpd[27414]: disconnect from unknown[212.132.96.229]
Oct 19 11:31:38 vps postfix/smtp[5311]: connect to crackersadaikki.com[76.223.67.189]:25: Connection timed out
Oct 19 11:31:38 vps postfix/smtp[5311]: 51F083C0145: to=, relay=none, delay=1473, delays=1413/0.06/60/0, dsn=4.4.1, status=deferred (connect to crackersadaikki.com[76.223.67.189]:25: Connection timed out)
Oct 19 11:31:38 vps postfix/qmgr[26951]: 51F083C0145: from=, status=expired, returned to sender
Oct 19 11:31:38 vps postfix/cleanup[5346]: A45C71D858: message-id=<20251019060138.A45C71D858@vps.vcrowd.in>
Oct 19 11:31:38 vps postfix/bounce[5318]: 51F083C0145: sender non-delivery notification: A45C71D858
Oct 19 11:31:38 vps postfix/qmgr[26951]: A45C71D858: from=<>, size=4460, nrcpt=1 (queue active)
Oct 19 11:31:38 vps postfix/qmgr[26951]: 51F083C0145: removed
Oct 19 11:31:38 vps postfix/local[5347]: A45C71D858: to=, relay=local, delay=0.01, delays=0.01/0/0/0, dsn=2.0.0, status=sent (delivered to mailbox)
Oct 19 11:31:38 vps postfix/qmgr[26951]: A45C71D858: removed
Oct 19 11:31:38 vps postfix/smtp[5322]: connect to crackersadaikki.com[76.223.67.189]:25: Connection timed out
Oct 19 11:31:38 vps postfix/smtp[5322]: 0EF416F51A: to=, relay=none, delay=1102, delays=1041/0.1/60/0, dsn=4.4.1, status=deferred (connect to crackersadaikki.com[76.223.67.189]:25: Connection timed out)
Oct 19 11:31:38 vps postfix/qmgr[26951]: 0EF416F51A: from=, status=expired, returned to sender
Oct 19 11:31:38 vps postfix/cleanup[5346]: AAC121D858: message-id=<20251019060138.AAC121D858@vps.vcrowd.in>
Oct 19 11:31:38 vps postfix/bounce[5318]: 0EF416F51A: sender non-delivery notification: AAC121D858
Oct 19 11:31:38 vps postfix/qmgr[26951]: AAC121D858: from=<>, size=4464, nrcpt=1 (queue active)
Oct 19 11:31:38 vps postfix/qmgr[26951]: 0EF416F51A: removed
Oct 19 11:31:38 vps postfix/local[5347]: AAC121D858: to=, relay=local, delay=0.01, delays=0/0/0/0, dsn=2.0.0, status=sent (delivered to mailbox)
Oct 19 11:31:38 vps postfix/qmgr[26951]: AAC121D858: removed
Oct 19 11:31:38 vps postfix/smtp[5317]: connect to crackersadaikki.com[13.248.213.45]:25: Connection timed out
Oct 19 11:31:38 vps postfix/smtp[5317]: 683943C014A: to=, relay=none, delay=1101, delays=1041/0.06/60/0, dsn=4.4.1, status=deferred (connect to crackersadaikki.com[13.248.213.45]:25: Connection timed out)
Oct 19 11:31:38 vps postfix/qmgr[26951]: 683943C014A: from=, status=expired, returned to sender
Oct 19 11:31:38 vps postfix/cleanup[5346]: AE9C91D858: message-id=<20251019060138.AE9C91D858@vps.vcrowd.in>
Oct 19 11:31:38 vps postfix/bounce[5318]: 683943C014A: sender non-delivery notification: AE9C91D858
Oct 19 11:31:38 vps postfix/qmgr[26951]: AE9C91D858: from=<>, size=4707, nrcpt=1 (queue active)
Oct 19 11:31:38 vps postfix/qmgr[26951]: 683943C014A: removed
Oct 19 11:31:38 vps postfix/local[5347]: AE9C91D858: to=, relay=local, delay=0.01, delays=0/0/0/0, dsn=2.0.0, status=sent (delivered to mailbox)
Oct 19 11:31:38 vps postfix/qmgr[26951]: AE9C91D858: removed
Oct 19 11:31:38 vps postfix/smtp[5320]: connect to crackersadaikki.com[13.248.213.45]:25: Connection timed out
Oct 19 11:31:38 vps postfix/smtp[5320]: A81593C0147: to=, relay=none, delay=1473, delays=1413/0.08/60/0, dsn=4.4.1, status=deferred (connect to crackersadaikki.com[13.248.213.45]:25: Connection timed out)
Oct 19 11:31:38 vps postfix/qmgr[26951]: A81593C0147: from=, status=expired, returned to sender
Oct 19 11:31:38 vps postfix/cleanup[5346]: B3E261D858: message-id=<20251019060138.B3E261D858@vps.vcrowd.in>
Oct 19 11:31:38 vps postfix/bounce[5318]: A81593C0147: sender non-delivery notification: B3E261D858
Oct 19 11:31:38 vps postfix/qmgr[26951]: B3E261D858: from=<>, size=4707, nrcpt=1 (queue active)
Oct 19 11:31:38 vps postfix/qmgr[26951]: A81593C0147: removed
Oct 19 11:31:38 vps postfix/local[5347]: B3E261D858: to=, relay=local, delay=0.01, delays=0/0/0/0, dsn=2.0.0, status=sent (delivered to mailbox)
Oct 19 11:31:38 vps postfix/qmgr[26951]: B3E261D858: removed
Oct 19 11:32:36 vps postfix/smtpd[27414]: connect from unknown[212.132.96.229]
Oct 19 11:32:39 vps postfix/smtpd[27414]: warning: unknown[212.132.96.229]: SASL LOGIN authentication failed: UGFzc3dvcmQ6
Oct 19 11:32:39 vps postfix/smtpd[27414]: disconnect from unknown[212.132.96.229]
Oct 19 11:32:47 vps postfix/smtps/smtpd[6537]: warning: No server certs available. TLS won't be enabled
Oct 19 11:32:47 vps postfix/smtps/smtpd[6537]: connect from unknown[49.124.149.205]
Oct 19 11:32:47 vps postfix/smtps/smtpd[6537]: warning: Wrapper-mode request dropped from unknown[49.124.149.205] for service 465. TLS context initialization failed. For details see earlier warnings in your logs.
Oct 19 11:32:47 vps postfix/smtps/smtpd[6537]: disconnect from unknown[49.124.149.205]
Oct 19 11:33:00 vps postfix/smtps/smtpd[6537]: warning: hostname 198.116.65.218.broad.nc.jx.dynamic.163data.com.cn does not resolve to address 61.180.116.198
Oct 19 11:33:00 vps postfix/smtps/smtpd[6537]: connect from unknown[61.180.116.198]
Oct 19 11:33:00 vps postfix/smtps/smtpd[6537]: warning: Wrapper-mode request dropped from unknown[61.180.116.198] for service 465. TLS context initialization failed. For details see earlier warnings in your logs.
Oct 19 11:33:00 vps postfix/smtps/smtpd[6537]: disconnect from unknown[61.180.116.198]
Oct 19 11:33:02 vps postfix/smtps/smtpd[6537]: connect from unknown[1.30.20.238]
Oct 19 11:33:02 vps postfix/smtps/smtpd[6537]: warning: Wrapper-mode request dropped from unknown[1.30.20.238] for service 465. TLS context initialization failed. For details see earlier warnings in your logs.
Oct 19 11:33:02 vps postfix/smtps/smtpd[6537]: disconnect from unknown[1.30.20.238]
Oct 19 11:33:13 vps postfix/smtps/smtpd[6537]: connect from unknown[112.167.119.228]
Oct 19 11:33:13 vps postfix/smtps/smtpd[6537]: warning: Wrapper-mode request dropped from unknown[112.167.119.228] for service 465. TLS context initialization failed. For details see earlier warnings in your logs.
Oct 19 11:33:13 vps postfix/smtps/smtpd[6537]: disconnect from unknown[112.167.119.228]
Oct 19 11:33:19 vps postfix/smtps/smtpd[6537]: connect from unknown[118.26.153.84]
Oct 19 11:33:19 vps postfix/smtps/smtpd[6537]: warning: Wrapper-mode request dropped from unknown[118.26.153.84] for service 465. TLS context initialization failed. For details see earlier warnings in your logs.
Oct 19 11:33:19 vps postfix/smtps/smtpd[6537]: disconnect from unknown[118.26.153.84]
Oct 19 11:33:21 vps postfix/smtps/smtpd[6537]: warning: hostname syn-097-070-129-101.res.spectrum.com does not resolve to address 97.70.129.101: Name or service not known
Oct 19 11:33:21 vps postfix/smtps/smtpd[6537]: connect from unknown[97.70.129.101]
Oct 19 11:33:21 vps postfix/smtps/smtpd[6537]: warning: Wrapper-mode request dropped from unknown[97.70.129.101] for service 465. TLS context initialization failed. For details see earlier warnings in your logs.
Oct 19 11:33:21 vps postfix/smtps/smtpd[6537]: disconnect from unknown[97.70.129.101]
Oct 19 11:33:49 vps postfix/smtpd[27414]: connect from unknown[212.132.96.229]
Oct 19 11:33:52 vps postfix/smtpd[27414]: warning: unknown[212.132.96.229]: SASL LOGIN authentication failed: UGFzc3dvcmQ6
Oct 19 11:33:52 vps postfix/smtpd[27414]: disconnect from unknown[212.132.96.229]
Oct 19 11:34:35 vps postfix/smtpd[7684]: connect from unknown[196.251.92.11]
Oct 19 11:34:38 vps postfix/smtpd[7684]: warning: unknown[196.251.92.11]: SASL LOGIN authentication failed: UGFzc3dvcmQ6
Oct 19 11:34:38 vps postfix/smtpd[7684]: disconnect from unknown[196.251.92.11]
Oct 19 11:34:39 vps postfix/smtpd[7684]: connect from unknown[62.60.131.17]
Oct 19 11:34:40 vps postfix/smtps/smtpd[6537]: connect from unknown[91.238.181.94]
