Oct 19 13:44:46 vps postfix/smtpd[11859]: warning: unknown[62.60.131.124]: SASL LOGIN authentication failed: UGFzc3dvcmQ6
Oct 19 13:44:46 vps postfix/smtpd[11859]: disconnect from unknown[62.60.131.124]
Oct 19 13:44:57 vps postfix/smtpd[11616]: connect from unknown[212.132.96.229]
Oct 19 13:45:00 vps postfix/smtpd[11616]: warning: unknown[212.132.96.229]: SASL LOGIN authentication failed: UGFzc3dvcmQ6
Oct 19 13:45:00 vps postfix/smtpd[11616]: disconnect from unknown[212.132.96.229]
Oct 19 13:45:04 vps postfix/smtpd[11616]: connect from unknown[165.154.121.231]
Oct 19 13:45:06 vps postfix/smtpd[11616]: warning: unknown[165.154.121.231]: SASL LOGIN authentication failed: UGFzc3dvcmQ6
Oct 19 13:45:06 vps postfix/smtpd[11616]: disconnect from unknown[165.154.121.231]
Oct 19 13:45:14 vps postfix/smtps/smtpd[17529]: connect from unknown[58.16.201.52]
Oct 19 13:45:14 vps postfix/smtps/smtpd[17529]: warning: Wrapper-mode request dropped from unknown[58.16.201.52] for service 465. TLS context initialization failed. For details see earlier warnings in your logs.
Oct 19 13:45:14 vps postfix/smtps/smtpd[17529]: disconnect from unknown[58.16.201.52]
Oct 19 13:45:15 vps postfix/smtpd[11859]: connect from unknown[125.19.154.158]
Oct 19 13:45:18 vps postfix/smtps/smtpd[17529]: warning: hostname 95.3.36.154.static.ttnet.com.tr does not resolve to address 95.3.36.154: Name or service not known
Oct 19 13:45:18 vps postfix/smtps/smtpd[17529]: connect from unknown[95.3.36.154]
Oct 19 13:45:18 vps postfix/smtps/smtpd[17529]: warning: Wrapper-mode request dropped from unknown[95.3.36.154] for service 465. TLS context initialization failed. For details see earlier warnings in your logs.
Oct 19 13:45:18 vps postfix/smtps/smtpd[17529]: disconnect from unknown[95.3.36.154]
Oct 19 13:45:20 vps postfix/smtps/smtpd[17529]: connect from unknown[134.22.106.246]
Oct 19 13:45:20 vps postfix/smtps/smtpd[17529]: warning: Wrapper-mode request dropped from unknown[134.22.106.246] for service 465. TLS context initialization failed. For details see earlier warnings in your logs.
Oct 19 13:45:20 vps postfix/smtps/smtpd[17529]: disconnect from unknown[134.22.106.246]
Oct 19 13:45:20 vps postfix/smtpd[11859]: warning: unknown[125.19.154.158]: SASL LOGIN authentication failed: UGFzc3dvcmQ6
Oct 19 13:45:21 vps postfix/smtpd[11859]: lost connection after AUTH from unknown[125.19.154.158]
Oct 19 13:45:21 vps postfix/smtpd[11859]: disconnect from unknown[125.19.154.158]
Oct 19 13:45:24 vps postfix/smtps/smtpd[17529]: connect from unknown[211.92.131.250]
Oct 19 13:45:24 vps postfix/smtps/smtpd[17529]: warning: Wrapper-mode request dropped from unknown[211.92.131.250] for service 465. TLS context initialization failed. For details see earlier warnings in your logs.
Oct 19 13:45:24 vps postfix/smtps/smtpd[17529]: disconnect from unknown[211.92.131.250]
Oct 19 13:45:26 vps postfix/smtps/smtpd[17529]: warning: hostname 125.234.135.54.hcm.viettel.vn does not resolve to address 125.234.135.54
Oct 19 13:45:26 vps postfix/smtps/smtpd[17529]: connect from unknown[125.234.135.54]
Oct 19 13:45:26 vps postfix/smtps/smtpd[17529]: warning: Wrapper-mode request dropped from unknown[125.234.135.54] for service 465. TLS context initialization failed. For details see earlier warnings in your logs.
Oct 19 13:45:26 vps postfix/smtps/smtpd[17529]: disconnect from unknown[125.234.135.54]
Oct 19 13:45:29 vps postfix/smtps/smtpd[17529]: connect from unknown[102.23.242.223]
Oct 19 13:45:29 vps postfix/smtps/smtpd[17529]: warning: Wrapper-mode request dropped from unknown[102.23.242.223] for service 465. TLS context initialization failed. For details see earlier warnings in your logs.
Oct 19 13:45:29 vps postfix/smtps/smtpd[17529]: disconnect from unknown[102.23.242.223]
Oct 19 13:45:38 vps postfix/qmgr[26951]: E64B93C0147: from=, size=871, nrcpt=2 (queue active)
Oct 19 13:45:38 vps postfix/qmgr[26951]: D2A0A3C0146: from=, size=1116, nrcpt=2 (queue active)
Oct 19 13:45:38 vps postfix/qmgr[26951]: 4FD8D3C0148: from=, size=1116, nrcpt=2 (queue active)
Oct 19 13:45:38 vps postfix/qmgr[26951]: 7DF6F8F134: from=, size=869, nrcpt=2 (queue active)
Oct 19 13:45:40 vps postfix/smtp[21235]: E64B93C0147: host gmail-smtp-in.l.google.com[142.251.12.26] said: 550-5.7.26 Your email has been blocked because the sender is unauthenticated. 550-5.7.26 Gmail requires all senders to authenticate with either SPF or DKIM. 550-5.7.26 550-5.7.26 Authentication results: 550-5.7.26 DKIM = did not pass 550-5.7.26 SPF [vps.vcrowd.in] with ip: [103.120.179.240] = did not pass 550-5.7.26 550-5.7.26 For instructions on setting up authentication, go to 550 5.7.26 https://support.google.com/mail/answer/81126#authentication 41be03b00d2f7-b6a76b67b59si2193974a12.1077 - gsmtp (in reply to end of DATA command)
Oct 19 13:45:40 vps postfix/smtp[21238]: D2A0A3C0146: host gmail-smtp-in.l.google.com[142.251.12.26] said: 550-5.7.26 Your email has been blocked because the sender is unauthenticated. 550-5.7.26 Gmail requires all senders to authenticate with either SPF or DKIM. 550-5.7.26 550-5.7.26 Authentication results: 550-5.7.26 DKIM = did not pass 550-5.7.26 SPF [vps.vcrowd.in] with ip: [103.120.179.240] = did not pass 550-5.7.26 550-5.7.26 For instructions on setting up authentication, go to 550 5.7.26 https://support.google.com/mail/answer/81126#authentication 41be03b00d2f7-b6a76b1d351si2295869a12.491 - gsmtp (in reply to end of DATA command)
Oct 19 13:45:40 vps postfix/smtp[21242]: 7DF6F8F134: host gmail-smtp-in.l.google.com[142.251.12.27] said: 550-5.7.26 Your email has been blocked because the sender is unauthenticated. 550-5.7.26 Gmail requires all senders to authenticate with either SPF or DKIM. 550-5.7.26 550-5.7.26 Authentication results: 550-5.7.26 DKIM = did not pass 550-5.7.26 SPF [vps.vcrowd.in] with ip: [103.120.179.240] = did not pass 550-5.7.26 550-5.7.26 For instructions on setting up authentication, go to 550 5.7.26 https://support.google.com/mail/answer/81126#authentication d2e1a72fcca58-7a2301171easi2446439b3a.711 - gsmtp (in reply to end of DATA command)
Oct 19 13:45:40 vps postfix/smtp[21240]: 4FD8D3C0148: host gmail-smtp-in.l.google.com[142.251.12.26] said: 550-5.7.26 Your email has been blocked because the sender is unauthenticated. 550-5.7.26 Gmail requires all senders to authenticate with either SPF or DKIM. 550-5.7.26 550-5.7.26 Authentication results: 550-5.7.26 DKIM = did not pass 550-5.7.26 SPF [vps.vcrowd.in] with ip: [103.120.179.240] = did not pass 550-5.7.26 550-5.7.26 For instructions on setting up authentication, go to 550 5.7.26 https://support.google.com/mail/answer/81126#authentication d2e1a72fcca58-7a22ff16f31si2583885b3a.114 - gsmtp (in reply to end of DATA command)
Oct 19 13:45:40 vps postfix/smtps/smtpd[17529]: connect from unknown[203.123.219.137]
Oct 19 13:45:40 vps postfix/smtps/smtpd[17529]: warning: Wrapper-mode request dropped from unknown[203.123.219.137] for service 465. TLS context initialization failed. For details see earlier warnings in your logs.
Oct 19 13:45:40 vps postfix/smtps/smtpd[17529]: disconnect from unknown[203.123.219.137]
Oct 19 13:45:41 vps postfix/smtp[21235]: E64B93C0147: to=, relay=alt1.gmail-smtp-in.l.google.com[192.178.163.26]:25, delay=448, delays=446/0.04/1.9/0.67, dsn=4.7.26, status=SOFTBOUNCE (host alt1.gmail-smtp-in.l.google.com[192.178.163.26] said: 550-5.7.26 Your email has been blocked because the sender is unauthenticated. 550-5.7.26 Gmail requires all senders to authenticate with either SPF or DKIM. 550-5.7.26 550-5.7.26 Authentication results: 550-5.7.26 DKIM = did not pass 550-5.7.26 SPF [vps.vcrowd.in] with ip: [103.120.179.240] = did not pass 550-5.7.26 550-5.7.26 For instructions on setting up authentication, go to 550 5.7.26 https://support.google.com/mail/answer/81126#authentication 41be03b00d2f7-b6a76b8da7esi2204207a12.1550 - gsmtp (in reply to end of DATA command))
Oct 19 13:45:41 vps postfix/smtp[21238]: D2A0A3C0146: to=, relay=alt1.gmail-smtp-in.l.google.com[192.178.163.26]:25, delay=571, delays=568/0.06/1.9/0.69, dsn=4.7.26, status=SOFTBOUNCE (host alt1.gmail-smtp-in.l.google.com[192.178.163.26] said: 550-5.7.26 Your email has been blocked because the sender is unauthenticated. 550-5.7.26 Gmail requires all senders to authenticate with either SPF or DKIM. 550-5.7.26 550-5.7.26 Authentication results: 550-5.7.26 DKIM = did not pass 550-5.7.26 SPF [vps.vcrowd.in] with ip: [103.120.179.240] = did not pass 550-5.7.26 550-5.7.26 For instructions on setting up authentication, go to 550 5.7.26 https://support.google.com/mail/answer/81126#authentication d2e1a72fcca58-7a22ff1937asi2627058b3a.56 - gsmtp (in reply to end of DATA command))
Oct 19 13:45:41 vps postfix/smtp[21242]: 7DF6F8F134: to=, relay=alt1.gmail-smtp-in.l.google.com[192.178.163.26]:25, delay=571, delays=568/0.1/2.1/0.67, dsn=4.7.26, status=SOFTBOUNCE (host alt1.gmail-smtp-in.l.google.com[192.178.163.26] said: 550-5.7.26 Your email has been blocked because the sender is unauthenticated. 550-5.7.26 Gmail requires all senders to authenticate with either SPF or DKIM. 550-5.7.26 550-5.7.26 Authentication results: 550-5.7.26 DKIM = did not pass 550-5.7.26 SPF [vps.vcrowd.in] with ip: [103.120.179.240] = did not pass 550-5.7.26 550-5.7.26 For instructions on setting up authentication, go to 550 5.7.26 https://support.google.com/mail/answer/81126#authentication d2e1a72fcca58-7a22ff19bcfsi2585767b3a.28 - gsmtp (in reply to end of DATA command))
Oct 19 13:45:41 vps postfix/smtp[21240]: 4FD8D3C0148: to=, relay=alt1.gmail-smtp-in.l.google.com[192.178.163.26]:25, delay=448, delays=446/0.08/2.2/0.68, dsn=4.7.26, status=SOFTBOUNCE (host alt1.gmail-smtp-in.l.google.com[192.178.163.26] said: 550-5.7.26 Your email has been blocked because the sender is unauthenticated. 550-5.7.26 Gmail requires all senders to authenticate with either SPF or DKIM. 550-5.7.26 550-5.7.26 Authentication results: 550-5.7.26 DKIM = did not pass 550-5.7.26 SPF [vps.vcrowd.in] with ip: [103.120.179.240] = did not pass 550-5.7.26 550-5.7.26 For instructions on setting up authentication, go to 550 5.7.26 https://support.google.com/mail/answer/81126#authentication 41be03b00d2f7-b6a76b17e60si2276608a12.425 - gsmtp (in reply to end of DATA command))
Oct 19 13:46:08 vps postfix/smtp[21234]: connect to crackersadaikki.com[76.223.67.189]:25: Connection timed out
Oct 19 13:46:09 vps postfix/smtp[21239]: connect to crackersadaikki.com[13.248.213.45]:25: Connection timed out
Oct 19 13:46:09 vps postfix/smtp[21241]: connect to crackersadaikki.com[13.248.213.45]:25: Connection timed out
Oct 19 13:46:09 vps postfix/smtp[21236]: connect to crackersadaikki.com[13.248.213.45]:25: Connection timed out
Oct 19 13:46:12 vps postfix/smtpd[11616]: connect from unknown[212.132.96.229]
Oct 19 13:46:15 vps postfix/smtpd[11616]: warning: unknown[212.132.96.229]: SASL LOGIN authentication failed: UGFzc3dvcmQ6
Oct 19 13:46:15 vps postfix/smtpd[11616]: disconnect from unknown[212.132.96.229]
Oct 19 13:46:38 vps postfix/smtp[21234]: connect to crackersadaikki.com[13.248.213.45]:25: Connection timed out
Oct 19 13:46:38 vps postfix/smtp[21234]: E64B93C0147: to=, relay=none, delay=506, delays=446/0.03/60/0, dsn=4.4.1, status=deferred (connect to crackersadaikki.com[13.248.213.45]:25: Connection timed out)
Oct 19 13:46:39 vps postfix/smtp[21239]: connect to crackersadaikki.com[76.223.67.189]:25: Connection timed out
Oct 19 13:46:39 vps postfix/smtp[21239]: 4FD8D3C0148: to=, relay=none, delay=506, delays=446/0.07/60/0, dsn=4.4.1, status=deferred (connect to crackersadaikki.com[76.223.67.189]:25: Connection timed out)
Oct 19 13:46:39 vps postfix/smtp[21241]: connect to crackersadaikki.com[76.223.67.189]:25: Connection timed out
Oct 19 13:46:39 vps postfix/smtp[21236]: connect to crackersadaikki.com[76.223.67.189]:25: Connection timed out
Oct 19 13:46:39 vps postfix/smtp[21241]: 7DF6F8F134: to=, relay=none, delay=629, delays=568/0.09/60/0, dsn=4.4.1, status=deferred (connect to crackersadaikki.com[76.223.67.189]:25: Connection timed out)
Oct 19 13:46:39 vps postfix/smtp[21236]: D2A0A3C0146: to=, relay=none, delay=628, delays=568/0.05/60/0, dsn=4.4.1, status=deferred (connect to crackersadaikki.com[76.223.67.189]:25: Connection timed out)
Oct 19 13:46:39 vps postfix/bounce[21272]: warning: [built-in]: zero result in delay template conversion of parameter "delay_warning_time_hours"
Oct 19 13:46:39 vps postfix/bounce[21272]: warning: please reduce time unit "hours" of "delay_warning_time_hours" in delay template
Oct 19 13:46:39 vps postfix/bounce[21272]: warning: for instructions see the bounce(5) manual
Oct 19 13:46:39 vps postfix/bounce[21272]: warning: [built-in]: zero result in delay template conversion of parameter "maximal_queue_lifetime_days"
Oct 19 13:46:39 vps postfix/bounce[21272]: warning: please reduce time unit "days" of "maximal_queue_lifetime_days" in delay template
Oct 19 13:46:39 vps postfix/bounce[21272]: warning: for instructions see the bounce(5) manual
Oct 19 13:46:39 vps postfix/cleanup[22703]: 13CB43718BF: message-id=<20251019081639.13CB43718BF@vps.vcrowd.in>
Oct 19 13:46:39 vps postfix/bounce[21272]: 7DF6F8F134: sender delay notification: 13CB43718BF
Oct 19 13:46:39 vps postfix/qmgr[26951]: 13CB43718BF: from=<>, size=4416, nrcpt=1 (queue active)
Oct 19 13:46:39 vps postfix/bounce[22702]: warning: [built-in]: zero result in delay template conversion of parameter "delay_warning_time_hours"
Oct 19 13:46:39 vps postfix/bounce[22702]: warning: please reduce time unit "hours" of "delay_warning_time_hours" in delay template
Oct 19 13:46:39 vps postfix/bounce[22702]: warning: for instructions see the bounce(5) manual
Oct 19 13:46:39 vps postfix/bounce[22702]: warning: [built-in]: zero result in delay template conversion of parameter "maximal_queue_lifetime_days"
Oct 19 13:46:39 vps postfix/bounce[22702]: warning: please reduce time unit "days" of "maximal_queue_lifetime_days" in delay template
Oct 19 13:46:39 vps postfix/bounce[22702]: warning: for instructions see the bounce(5) manual
Oct 19 13:46:39 vps postfix/cleanup[22703]: 155AA3BF5BD: message-id=<20251019081639.155AA3BF5BD@vps.vcrowd.in>
Oct 19 13:46:39 vps postfix/bounce[22702]: D2A0A3C0146: sender delay notification: 155AA3BF5BD
Oct 19 13:46:39 vps postfix/qmgr[26951]: 155AA3BF5BD: from=<>, size=4396, nrcpt=1 (queue active)
Oct 19 13:46:39 vps postfix/local[22707]: 13CB43718BF: to=, relay=local, delay=0.05, delays=0.02/0.02/0/0.01, dsn=2.0.0, status=sent (delivered to mailbox)
Oct 19 13:46:39 vps postfix/qmgr[26951]: 13CB43718BF: removed
Oct 19 13:46:39 vps postfix/local[22708]: 155AA3BF5BD: to=, relay=local, delay=0.85, delays=0.02/0.02/0/0.81, dsn=2.0.0, status=sent (delivered to mailbox)
Oct 19 13:46:39 vps postfix/qmgr[26951]: 155AA3BF5BD: removed
Oct 19 13:46:58 vps postfix/pickup[4134]: A57163718BF: uid=1069 from=
Oct 19 13:46:58 vps postfix/cleanup[22704]: A57163718BF: message-id=<20251019081658.A57163718BF@vps.vcrowd.in>
Oct 19 13:46:58 vps opendkim[5590]: A57163718BF: no signing table match for 'logistikaizkitaya@gmail.com'
Oct 19 13:46:58 vps opendkim[5590]: A57163718BF: no signature data
Oct 19 13:46:58 vps postfix/qmgr[26951]: A57163718BF: from=, size=1110, nrcpt=1 (queue active)
Oct 19 13:46:59 vps postfix/smtp[21235]: A57163718BF: host gmail-smtp-in.l.google.com[142.251.12.27] said: 550-5.7.26 Your email has been blocked because the sender is unauthenticated. 550-5.7.26 Gmail requires all senders to authenticate with either SPF or DKIM. 550-5.7.26 550-5.7.26 Authentication results: 550-5.7.26 DKIM = did not pass 550-5.7.26 SPF [vps.vcrowd.in] with ip: [103.120.179.240] = did not pass 550-5.7.26 550-5.7.26 For instructions on setting up authentication, go to 550 5.7.26 https://support.google.com/mail/answer/81126#authentication d2e1a72fcca58-7a22ff37b01si2708240b3a.200 - gsmtp (in reply to end of DATA command)
Oct 19 13:47:01 vps postfix/smtp[21235]: A57163718BF: to=, relay=alt1.gmail-smtp-in.l.google.com[192.178.163.26]:25, delay=2.5, delays=0.02/0/1.8/0.67, dsn=4.7.26, status=SOFTBOUNCE (host alt1.gmail-smtp-in.l.google.com[192.178.163.26] said: 550-5.7.26 Your email has been blocked because the sender is unauthenticated. 550-5.7.26 Gmail requires all senders to authenticate with either SPF or DKIM. 550-5.7.26 550-5.7.26 Authentication results: 550-5.7.26 DKIM = did not pass 550-5.7.26 SPF [vps.vcrowd.in] with ip: [103.120.179.240] = did not pass 550-5.7.26 550-5.7.26 For instructions on setting up authentication, go to 550 5.7.26 https://support.google.com/mail/answer/81126#authentication d2e1a72fcca58-7a2300d5c68si2686063b3a.284 - gsmtp (in reply to end of DATA command))
Oct 19 13:47:32 vps postfix/smtpd[11616]: connect from unknown[212.132.96.229]
Oct 19 13:47:34 vps postfix/smtpd[11616]: warning: unknown[212.132.96.229]: SASL LOGIN authentication failed: UGFzc3dvcmQ6
Oct 19 13:47:34 vps postfix/smtpd[11616]: disconnect from unknown[212.132.96.229]
Oct 19 13:47:40 vps postfix/smtpd[24163]: connect from unknown[62.60.131.17]
Oct 19 13:47:43 vps postfix/smtpd[24163]: warning: unknown[62.60.131.17]: SASL LOGIN authentication failed: UGFzc3dvcmQ6
Oct 19 13:47:43 vps postfix/smtpd[24163]: disconnect from unknown[62.60.131.17]
Oct 19 13:48:50 vps postfix/smtpd[11616]: connect from unknown[212.132.96.229]
Oct 19 13:48:52 vps postfix/smtpd[11616]: warning: unknown[212.132.96.229]: SASL LOGIN authentication failed: UGFzc3dvcmQ6
Oct 19 13:48:52 vps postfix/smtpd[11616]: disconnect from unknown[212.132.96.229]
Oct 19 13:49:34 vps postfix/smtpd[26815]: connect from unknown[213.209.157.225]
Oct 19 13:49:36 vps postfix/smtpd[26815]: warning: unknown[213.209.157.225]: SASL LOGIN authentication failed: UGFzc3dvcmQ6
Oct 19 13:49:36 vps postfix/smtpd[26815]: disconnect from unknown[213.209.157.225]
Oct 19 13:50:07 vps postfix/smtpd[11616]: connect from unknown[212.132.96.229]
Oct 19 13:50:10 vps postfix/smtpd[11616]: warning: unknown[212.132.96.229]: SASL LOGIN authentication failed: UGFzc3dvcmQ6
Oct 19 13:50:10 vps postfix/smtpd[11616]: disconnect from unknown[212.132.96.229]
Oct 19 13:50:50 vps postfix/anvil[27319]: statistics: max connection rate 1/60s for (submission:212.132.96.229) at
Oct 19 13:41:10
Oct 19 13:50:50 vps postfix/anvil[27319]: statistics: max connection count 1 for (submission:212.132.96.229) at
Oct 19 13:41:10
Oct 19 13:50:50 vps postfix/anvil[27319]: statistics: max cache size 5 at
Oct 19 13:45:04
Oct 19 13:51:24 vps postfix/smtpd[11616]: connect from unknown[212.132.96.229]
Oct 19 13:51:26 vps postfix/smtpd[11616]: warning: unknown[212.132.96.229]: SASL LOGIN authentication failed: UGFzc3dvcmQ6
Oct 19 13:51:26 vps postfix/smtpd[11616]: disconnect from unknown[212.132.96.229]
Oct 19 13:51:45 vps postfix/smtpd[29678]: connect from mta-69.129.etransmail.com[175.158.69.129]
Oct 19 13:51:46 vps postfix/smtpd[29678]: NOQUEUE: reject: RCPT from mta-69.129.etransmail.com[175.158.69.129]: 450 4.1.1 : Recipient address rejected: User unknown in virtual mailbox table; from=<17608122848236752-176041-1-nyraatech.com@trans.axisbank.com> to= proto=ESMTP helo=
Oct 19 13:52:16 vps postfix/smtpd[29678]: lost connection after DATA from mta-69.129.etransmail.com[175.158.69.129]
Oct 19 13:52:16 vps postfix/smtpd[29678]: disconnect from mta-69.129.etransmail.com[175.158.69.129]
Oct 19 13:52:41 vps postfix/smtpd[11616]: connect from unknown[212.132.96.229]
Oct 19 13:52:44 vps postfix/smtpd[11616]: warning: unknown[212.132.96.229]: SASL LOGIN authentication failed: UGFzc3dvcmQ6
Oct 19 13:52:44 vps postfix/smtpd[11616]: disconnect from unknown[212.132.96.229]
Oct 19 13:53:59 vps postfix/smtpd[11616]: connect from unknown[212.132.96.229]
Oct 19 13:54:02 vps postfix/smtpd[11616]: warning: unknown[212.132.96.229]: SASL LOGIN authentication failed: UGFzc3dvcmQ6
Oct 19 13:54:02 vps postfix/smtpd[11616]: disconnect from unknown[212.132.96.229]
Oct 19 13:54:07 vps postfix/smtpd[32142]: connect from lewis.rolldeos.com[94.156.175.177]
Oct 19 13:54:07 vps postfix/smtpd[32142]: NOQUEUE: reject: RCPT from lewis.rolldeos.com[94.156.175.177]: 454 4.7.1 Service unavailable; Client host [94.156.175.177] blocked using bl.spamcop.net; Blocked - see https://www.spamcop.net/bl.shtml?94.156.175.177; from= to= proto=ESMTP helo=
Oct 19 13:54:07 vps postfix/smtpd[32142]: disconnect from lewis.rolldeos.com[94.156.175.177]
Oct 19 13:54:41 vps postfix/smtpd[32142]: connect from unknown[62.60.131.17]
Oct 19 13:54:45 vps postfix/smtpd[32142]: warning: unknown[62.60.131.17]: SASL LOGIN authentication failed: UGFzc3dvcmQ6
Oct 19 13:54:45 vps postfix/smtpd[32142]: disconnect from unknown[62.60.131.17]
Oct 19 13:55:09 vps postfix/smtpd[32142]: connect from unknown[62.60.131.17]
Oct 19 13:55:12 vps postfix/smtpd[32142]: warning: unknown[62.60.131.17]: SASL LOGIN authentication failed: UGFzc3dvcmQ6
Oct 19 13:55:12 vps postfix/smtpd[32142]: disconnect from unknown[62.60.131.17]
Oct 19 13:55:17 vps postfix/smtpd[11616]: connect from unknown[212.132.96.229]
Oct 19 13:55:20 vps postfix/smtpd[11616]: warning: unknown[212.132.96.229]: SASL LOGIN authentication failed: UGFzc3dvcmQ6
Oct 19 13:55:20 vps postfix/smtpd[11616]: disconnect from unknown[212.132.96.229]
Oct 19 13:55:38 vps postfix/qmgr[26951]: E64B93C0147: from=, size=871, nrcpt=2 (queue active)
Oct 19 13:55:38 vps postfix/qmgr[26951]: 4FD8D3C0148: from=, size=1116, nrcpt=2 (queue active)
Oct 19 13:55:38 vps postfix/qmgr[26951]: A57163718BF: from=, size=1110, nrcpt=1 (queue active)
Oct 19 13:55:39 vps postfix/smtp[2597]: E64B93C0147: host gmail-smtp-in.l.google.com[142.251.12.26] said: 550-5.7.26 Your email has been blocked because the sender is unauthenticated. 550-5.7.26 Gmail requires all senders to authenticate with either SPF or DKIM. 550-5.7.26 550-5.7.26 Authentication results: 550-5.7.26 DKIM = did not pass 550-5.7.26 SPF [vps.vcrowd.in] with ip: [103.120.179.240] = did not pass 550-5.7.26 550-5.7.26 For instructions on setting up authentication, go to 550 5.7.26 https://support.google.com/mail/answer/81126#authentication d9443c01a7336-2924722b6edsi26097405ad.618 - gsmtp (in reply to end of DATA command)
Oct 19 13:55:39 vps postfix/smtp[2636]: 4FD8D3C0148: host gmail-smtp-in.l.google.com[142.251.12.27] said: 550-5.7.26 Your email has been blocked because the sender is unauthenticated. 550-5.7.26 Gmail requires all senders to authenticate with either SPF or DKIM. 550-5.7.26 550-5.7.26 Authentication results: 550-5.7.26 DKIM = did not pass 550-5.7.26 SPF [vps.vcrowd.in] with ip: [103.120.179.240] = did not pass 550-5.7.26 550-5.7.26 For instructions on setting up authentication, go to 550 5.7.26 https://support.google.com/mail/answer/81126#authentication 41be03b00d2f7-b6a76b20d63si2218337a12.512 - gsmtp (in reply to end of DATA command)
Oct 19 13:55:40 vps postfix/smtp[2647]: A57163718BF: host gmail-smtp-in.l.google.com[142.251.12.27] said: 550-5.7.26 Your email has been blocked because the sender is unauthenticated. 550-5.7.26 Gmail requires all senders to authenticate with either SPF or DKIM. 550-5.7.26 550-5.7.26 Authentication results: 550-5.7.26 DKIM = did not pass 550-5.7.26 SPF [vps.vcrowd.in] with ip: [103.120.179.240] = did not pass 550-5.7.26 550-5.7.26 For instructions on setting up authentication, go to 550 5.7.26 https://support.google.com/mail/answer/81126#authentication 41be03b00d2f7-b6a76b765cbsi2180460a12.1241 - gsmtp (in reply to end of DATA command)
Oct 19 13:55:41 vps postfix/smtp[2597]: E64B93C0147: to=, relay=alt1.gmail-smtp-in.l.google.com[192.178.163.27]:25, delay=1048, delays=1045/0.1/2.1/0.71, dsn=4.7.26, status=SOFTBOUNCE (host alt1.gmail-smtp-in.l.google.com[192.178.163.27] said: 550-5.7.26 Your email has been blocked because the sender is unauthenticated. 550-5.7.26 Gmail requires all senders to authenticate with either SPF or DKIM. 550-5.7.26 550-5.7.26 Authentication results: 550-5.7.26 DKIM = did not pass 550-5.7.26 SPF [vps.vcrowd.in] with ip: [103.120.179.240] = did not pass 550-5.7.26 550-5.7.26 For instructions on setting up authentication, go to 550 5.7.26 https://support.google.com/mail/answer/81126#authentication 41be03b00d2f7-b6a76b6a162si2167973a12.1097 - gsmtp (in reply to end of DATA command))
Oct 19 13:55:41 vps postfix/smtp[2636]: 4FD8D3C0148: to=, relay=alt1.gmail-smtp-in.l.google.com[192.178.163.27]:25, delay=1048, delays=1045/0.43/1.9/0.7, dsn=4.7.26, status=SOFTBOUNCE (host alt1.gmail-smtp-in.l.google.com[192.178.163.27] said: 550-5.7.26 Your email has been blocked because the sender is unauthenticated. 550-5.7.26 Gmail requires all senders to authenticate with either SPF or DKIM. 550-5.7.26 550-5.7.26 Authentication results: 550-5.7.26 DKIM = did not pass 550-5.7.26 SPF [vps.vcrowd.in] with ip: [103.120.179.240] = did not pass 550-5.7.26 550-5.7.26 For instructions on setting up authentication, go to 550 5.7.26 https://support.google.com/mail/answer/81126#authentication 41be03b00d2f7-b6a76b4404asi2167564a12.776 - gsmtp (in reply to end of DATA command))
Oct 19 13:55:41 vps postfix/smtp[2647]: A57163718BF: to=, relay=alt1.gmail-smtp-in.l.google.com[192.178.163.27]:25, delay=523, delays=520/0.67/1.9/0.68, dsn=4.7.26, status=SOFTBOUNCE (host alt1.gmail-smtp-in.l.google.com[192.178.163.27] said: 550-5.7.26 Your email has been blocked because the sender is unauthenticated. 550-5.7.26 Gmail requires all senders to authenticate with either SPF or DKIM. 550-5.7.26 550-5.7.26 Authentication results: 550-5.7.26 DKIM = did not pass 550-5.7.26 SPF [vps.vcrowd.in] with ip: [103.120.179.240] = did not pass 550-5.7.26 550-5.7.26 For instructions on setting up authentication, go to 550 5.7.26 https://support.google.com/mail/answer/81126#authentication d9443c01a7336-29246fc09c1si26395405ad.101 - gsmtp (in reply to end of DATA command))
Oct 19 13:56:08 vps postfix/smtp[2595]: connect to crackersadaikki.com[13.248.213.45]:25: Connection timed out
Oct 19 13:56:08 vps postfix/smtp[2623]: connect to crackersadaikki.com[13.248.213.45]:25: Connection timed out
Oct 19 13:56:34 vps postfix/smtpd[11616]: connect from unknown[212.132.96.229]
Oct 19 13:56:37 vps postfix/smtpd[11616]: warning: unknown[212.132.96.229]: SASL LOGIN authentication failed: UGFzc3dvcmQ6
Oct 19 13:56:37 vps postfix/smtpd[11616]: disconnect from unknown[212.132.96.229]
Oct 19 13:56:38 vps postfix/smtp[2595]: connect to crackersadaikki.com[76.223.67.189]:25: Connection timed out
Oct 19 13:56:38 vps postfix/smtp[2595]: E64B93C0147: to=, relay=none, delay=1106, delays=1045/0.02/60/0, dsn=4.4.1, status=deferred (connect to crackersadaikki.com[76.223.67.189]:25: Connection timed out)
Oct 19 13:56:38 vps postfix/qmgr[26951]: E64B93C0147: from=, status=expired, returned to sender
Oct 19 13:56:38 vps postfix/cleanup[3877]: 6D8697AFB3: message-id=<20251019082638.6D8697AFB3@vps.vcrowd.in>
Oct 19 13:56:38 vps postfix/bounce[2739]: E64B93C0147: sender non-delivery notification: 6D8697AFB3
Oct 19 13:56:38 vps postfix/qmgr[26951]: 6D8697AFB3: from=<>, size=4462, nrcpt=1 (queue active)
Oct 19 13:56:38 vps postfix/qmgr[26951]: E64B93C0147: removed
Oct 19 13:56:38 vps postfix/local[3881]: 6D8697AFB3: to=, relay=local, delay=0.04, delays=0.02/0.02/0/0.01, dsn=2.0.0, status=sent (delivered to mailbox)
Oct 19 13:56:38 vps postfix/qmgr[26951]: 6D8697AFB3: removed
Oct 19 13:56:38 vps postfix/smtps/smtpd[3887]: warning: No server certs available. TLS won't be enabled
Oct 19 13:56:38 vps postfix/smtps/smtpd[3887]: connect from unknown[183.171.155.13]
Oct 19 13:56:38 vps postfix/smtps/smtpd[3887]: warning: Wrapper-mode request dropped from unknown[183.171.155.13] for service 465. TLS context initialization failed. For details see earlier warnings in your logs.
Oct 19 13:56:38 vps postfix/smtps/smtpd[3887]: disconnect from unknown[183.171.155.13]
Oct 19 13:56:38 vps postfix/smtp[2623]: connect to crackersadaikki.com[76.223.67.189]:25: Connection timed out
Oct 19 13:56:38 vps postfix/smtp[2623]: 4FD8D3C0148: to=, relay=none, delay=1105, delays=1045/0.21/60/0, dsn=4.4.1, status=deferred (connect to crackersadaikki.com[76.223.67.189]:25: Connection timed out)
Oct 19 13:56:38 vps postfix/qmgr[26951]: 4FD8D3C0148: from=, status=expired, returned to sender
Oct 19 13:56:38 vps postfix/cleanup[3877]: A8A087AFB3: message-id=<20251019082638.A8A087AFB3@vps.vcrowd.in>
Oct 19 13:56:38 vps postfix/qmgr[26951]: A8A087AFB3: from=<>, size=4707, nrcpt=1 (queue active)
Oct 19 13:56:38 vps postfix/bounce[2739]: 4FD8D3C0148: sender non-delivery notification: A8A087AFB3
Oct 19 13:56:38 vps postfix/qmgr[26951]: 4FD8D3C0148: removed
Oct 19 13:56:38 vps postfix/local[3881]: A8A087AFB3: to=, relay=local, delay=0.01, delays=0.01/0/0/0, dsn=2.0.0, status=sent (delivered to mailbox)
Oct 19 13:56:38 vps postfix/qmgr[26951]: A8A087AFB3: removed
Oct 19 13:56:44 vps postfix/smtps/smtpd[3887]: connect from unknown[121.131.220.141]
Oct 19 13:56:44 vps postfix/smtps/smtpd[3887]: warning: Wrapper-mode request dropped from unknown[121.131.220.141] for service 465. TLS context initialization failed. For details see earlier warnings in your logs.
Oct 19 13:56:44 vps postfix/smtps/smtpd[3887]: disconnect from unknown[121.131.220.141]
Oct 19 13:56:46 vps postfix/smtps/smtpd[3887]: connect from unknown[124.162.157.227]
Oct 19 13:56:46 vps postfix/smtps/smtpd[3887]: warning: Wrapper-mode request dropped from unknown[124.162.157.227] for service 465. TLS context initialization failed. For details see earlier warnings in your logs.
Oct 19 13:56:46 vps postfix/smtps/smtpd[3887]: disconnect from unknown[124.162.157.227]
Oct 19 13:56:50 vps postfix/smtps/smtpd[3887]: connect from unknown[125.19.222.186]
Oct 19 13:56:50 vps postfix/smtps/smtpd[3887]: warning: Wrapper-mode request dropped from unknown[125.19.222.186] for service 465. TLS context initialization failed. For details see earlier warnings in your logs.
Oct 19 13:56:50 vps postfix/smtps/smtpd[3887]: disconnect from unknown[125.19.222.186]
Oct 19 13:57:14 vps postfix/smtps/smtpd[3887]: connect from unknown[27.13.157.165]
Oct 19 13:57:14 vps postfix/smtps/smtpd[3887]: warning: Wrapper-mode request dropped from unknown[27.13.157.165] for service 465. TLS context initialization failed. For details see earlier warnings in your logs.
Oct 19 13:57:14 vps postfix/smtps/smtpd[3887]: disconnect from unknown[27.13.157.165]
Oct 19 13:57:47 vps postfix/smtpd[5368]: connect from jaid.pixelforgemedia.info[96.31.94.44]
Oct 19 13:57:49 vps postfix/smtpd[11616]: connect from unknown[212.132.96.229]
Oct 19 13:57:49 vps postfix/smtpd[5368]: NOQUEUE: reject: RCPT from jaid.pixelforgemedia.info[96.31.94.44]: 454 4.7.1 Service unavailable; Client host [96.31.94.44] blocked using b.barracudacentral.org; http://www.barracudanetworks.com/reputation/?pr=1&ip=96.31.94.44; from= to= proto=ESMTP helo=
Oct 19 13:57:49 vps postfix/smtpd[5368]: disconnect from jaid.pixelforgemedia.info[96.31.94.44]
Oct 19 13:57:51 vps postfix/smtpd[11616]: warning: unknown[212.132.96.229]: SASL LOGIN authentication failed: UGFzc3dvcmQ6
Oct 19 13:57:51 vps postfix/smtpd[11616]: disconnect from unknown[212.132.96.229]
Oct 19 13:57:53 vps postfix/smtps/smtpd[3887]: connect from unknown[115.231.78.3]
Oct 19 13:57:53 vps postfix/smtps/smtpd[3887]: warning: Wrapper-mode request dropped from unknown[115.231.78.3] for service 465. TLS context initialization failed. For details see earlier warnings in your logs.
Oct 19 13:57:53 vps postfix/smtps/smtpd[3887]: disconnect from unknown[115.231.78.3]
Oct 19 13:58:05 vps postfix/pickup[4134]: C7B6B7AFB3: uid=0 from=
Oct 19 13:58:05 vps postfix/cleanup[3877]: C7B6B7AFB3: message-id=<20251019082805.C7B6B7AFB3@vps.vcrowd.in>
Oct 19 13:58:05 vps opendkim[5590]: C7B6B7AFB3: no signing table match for 'root@vps.vcrowd.in'
Oct 19 13:58:05 vps opendkim[5590]: C7B6B7AFB3: no signature data
Oct 19 13:58:05 vps postfix/qmgr[26951]: C7B6B7AFB3: from=, size=520, nrcpt=1 (queue active)
Oct 19 13:58:08 vps postfix/smtpd[5368]: connect from unknown[62.60.131.17]
Oct 19 13:58:13 vps postfix/pickup[4134]: 4AB763C0145: uid=1052 from=
Oct 19 13:58:13 vps postfix/cleanup[3877]: 4AB763C0145: message-id=<20251019082813.4AB763C0145@vps.vcrowd.in>
Oct 19 13:58:13 vps opendkim[5590]: 4AB763C0145: DKIM-Signature field added (s=default, d=crackersadaikki.com)
Oct 19 13:58:13 vps postfix/qmgr[26951]: 4AB763C0145: from=, size=877, nrcpt=2 (queue active)
Oct 19 13:58:13 vps postfix/smtpd[5368]: warning: unknown[62.60.131.17]: SASL LOGIN authentication failed: UGFzc3dvcmQ6
Oct 19 13:58:13 vps postfix/pickup[4134]: A41A13C0147: uid=1052 from=
Oct 19 13:58:13 vps postfix/cleanup[3877]: A41A13C0147: message-id=<20251019082813.A41A13C0147@vps.vcrowd.in>
Oct 19 13:58:13 vps opendkim[5590]: A41A13C0147: DKIM-Signature field added (s=default, d=crackersadaikki.com)
Oct 19 13:58:13 vps postfix/qmgr[26951]: A41A13C0147: from=, size=1116, nrcpt=2 (queue active)
Oct 19 13:58:13 vps postfix/smtpd[5368]: disconnect from unknown[62.60.131.17]
Oct 19 13:58:14 vps postfix/smtp[7613]: 4AB763C0145: host gmail-smtp-in.l.google.com[142.251.12.27] said: 550-5.7.26 Your email has been blocked because the sender is unauthenticated. 550-5.7.26 Gmail requires all senders to authenticate with either SPF or DKIM. 550-5.7.26 550-5.7.26 Authentication results: 550-5.7.26 DKIM = did not pass 550-5.7.26 SPF [vps.vcrowd.in] with ip: [103.120.179.240] = did not pass 550-5.7.26 550-5.7.26 For instructions on setting up authentication, go to 550 5.7.26 https://support.google.com/mail/answer/81126#authentication 41be03b00d2f7-b6a76b98ec2si2263183a12.1616 - gsmtp (in reply to end of DATA command)
Oct 19 13:58:14 vps postfix/smtp[7635]: A41A13C0147: host gmail-smtp-in.l.google.com[142.251.12.27] said: 550-5.7.26 Your email has been blocked because the sender is unauthenticated. 550-5.7.26 Gmail requires all senders to authenticate with either SPF or DKIM. 550-5.7.26 550-5.7.26 Authentication results: 550-5.7.26 DKIM = did not pass 550-5.7.26 SPF [vps.vcrowd.in] with ip: [103.120.179.240] = did not pass 550-5.7.26 550-5.7.26 For instructions on setting up authentication, go to 550 5.7.26 https://support.google.com/mail/answer/81126#authentication d2e1a72fcca58-7a230112300si2503365b3a.651 - gsmtp (in reply to end of DATA command)
Oct 19 13:58:16 vps postfix/smtp[7613]: 4AB763C0145: to=, relay=alt1.gmail-smtp-in.l.google.com[192.178.163.27]:25, delay=2.7, delays=0.06/0.02/2/0.69, dsn=4.7.26, status=SOFTBOUNCE (host alt1.gmail-smtp-in.l.google.com[192.178.163.27] said: 550-5.7.26 Your email has been blocked because the sender is unauthenticated. 550-5.7.26 Gmail requires all senders to authenticate with either SPF or DKIM. 550-5.7.26 550-5.7.26 Authentication results: 550-5.7.26 DKIM = did not pass 550-5.7.26 SPF [vps.vcrowd.in] with ip: [103.120.179.240] = did not pass 550-5.7.26 550-5.7.26 For instructions on setting up authentication, go to 550 5.7.26 https://support.google.com/mail/answer/81126#authentication 41be03b00d2f7-b6a766466bbsi2210610a12.224 - gsmtp (in reply to end of DATA command))
Oct 19 13:58:16 vps postfix/smtp[7635]: A41A13C0147: to=, relay=alt1.gmail-smtp-in.l.google.com[192.178.163.27]:25, delay=2.7, delays=0.05/0.03/1.9/0.67, dsn=4.7.26, status=SOFTBOUNCE (host alt1.gmail-smtp-in.l.google.com[192.178.163.27] said: 550-5.7.26 Your email has been blocked because the sender is unauthenticated. 550-5.7.26 Gmail requires all senders to authenticate with either SPF or DKIM. 550-5.7.26 550-5.7.26 Authentication results: 550-5.7.26 DKIM = did not pass 550-5.7.26 SPF [vps.vcrowd.in] with ip: [103.120.179.240] = did not pass 550-5.7.26 550-5.7.26 For instructions on setting up authentication, go to 550 5.7.26 https://support.google.com/mail/answer/81126#authentication d9443c01a7336-29246ec8051si27628815ad.34 - gsmtp (in reply to end of DATA command))
Oct 19 13:58:35 vps postfix/smtp[2623]: connect to hostingraja.info[103.92.235.73]:25: Connection timed out
Oct 19 13:58:35 vps postfix/smtp[2623]: C7B6B7AFB3: to=, relay=none, delay=30, delays=0.04/0.01/30/0, dsn=4.4.1, status=deferred (connect to hostingraja.info[103.92.235.73]:25: Connection timed out)
Oct 19 13:58:43 vps postfix/smtp[2595]: connect to crackersadaikki.com[76.223.67.189]:25: Connection timed out
Oct 19 13:58:43 vps postfix/smtp[7634]: connect to crackersadaikki.com[13.248.213.45]:25: Connection timed out
Oct 19 13:59:04 vps postfix/smtpd[11616]: connect from unknown[212.132.96.229]
Oct 19 13:59:07 vps postfix/smtpd[11616]: warning: unknown[212.132.96.229]: SASL LOGIN authentication failed: UGFzc3dvcmQ6
Oct 19 13:59:07 vps postfix/smtpd[11616]: disconnect from unknown[212.132.96.229]
Oct 19 13:59:10 vps postfix/smtpd[5368]: connect from jaid.pixelforgemedia.info[96.31.94.44]
Oct 19 13:59:10 vps postfix/smtpd[5368]: NOQUEUE: reject: RCPT from jaid.pixelforgemedia.info[96.31.94.44]: 454 4.7.1 Service unavailable; Client host [96.31.94.44] blocked using b.barracudacentral.org; http://www.barracudanetworks.com/reputation/?pr=1&ip=96.31.94.44; from= to= proto=ESMTP helo=
Oct 19 13:59:10 vps postfix/smtpd[5368]: disconnect from jaid.pixelforgemedia.info[96.31.94.44]
Oct 19 13:59:13 vps postfix/smtp[2595]: connect to crackersadaikki.com[13.248.213.45]:25: Connection timed out
Oct 19 13:59:13 vps postfix/smtp[2595]: 4AB763C0145: to=, relay=none, delay=60, delays=0.06/0.01/60/0, dsn=4.4.1, status=deferred (connect to crackersadaikki.com[13.248.213.45]:25: Connection timed out)
Oct 19 13:59:13 vps postfix/smtp[7634]: connect to crackersadaikki.com[76.223.67.189]:25: Connection timed out
Oct 19 13:59:13 vps postfix/smtp[7634]: A41A13C0147: to=, relay=none, delay=60, delays=0.05/0.02/60/0, dsn=4.4.1, status=deferred (connect to crackersadaikki.com[76.223.67.189]:25: Connection timed out)
Oct 19 14:00:19 vps postfix/smtpd[11616]: connect from unknown[212.132.96.229]
Oct 19 14:00:22 vps postfix/smtpd[11616]: warning: unknown[212.132.96.229]: SASL LOGIN authentication failed: UGFzc3dvcmQ6
Oct 19 14:00:22 vps postfix/smtpd[5368]: connect from unknown[222.101.241.44]
Oct 19 14:00:22 vps postfix/smtpd[11616]: disconnect from unknown[212.132.96.229]
Oct 19 14:00:28 vps postfix/smtpd[5368]: warning: unknown[222.101.241.44]: SASL LOGIN authentication failed: UGFzc3dvcmQ6
Oct 19 14:00:29 vps postfix/smtpd[5368]: lost connection after AUTH from unknown[222.101.241.44]
Oct 19 14:00:29 vps postfix/smtpd[5368]: disconnect from unknown[222.101.241.44]
Oct 19 14:00:38 vps postfix/qmgr[26951]: D2A0A3C0146: from=, size=1116, nrcpt=2 (queue active)
Oct 19 14:00:38 vps postfix/qmgr[26951]: 7DF6F8F134: from=, size=869, nrcpt=2 (queue active)
Oct 19 14:00:39 vps postfix/smtp[7634]: D2A0A3C0146: host gmail-smtp-in.l.google.com[142.251.12.26] said: 550-5.7.26 Your email has been blocked because the sender is unauthenticated. 550-5.7.26 Gmail requires all senders to authenticate with either SPF or DKIM. 550-5.7.26 550-5.7.26 Authentication results: 550-5.7.26 DKIM = did not pass 550-5.7.26 SPF [vps.vcrowd.in] with ip: [103.120.179.240] = did not pass 550-5.7.26 550-5.7.26 For instructions on setting up authentication, go to 550 5.7.26 https://support.google.com/mail/answer/81126#authentication d2e1a72fcca58-7a2300d6589si2597626b3a.295 - gsmtp (in reply to end of DATA command)
Oct 19 14:00:39 vps postfix/smtp[10839]: 7DF6F8F134: host gmail-smtp-in.l.google.com[142.251.12.26] said: 550-5.7.26 Your email has been blocked because the sender is unauthenticated. 550-5.7.26 Gmail requires all senders to authenticate with either SPF or DKIM. 550-5.7.26 550-5.7.26 Authentication results: 550-5.7.26 DKIM = did not pass 550-5.7.26 SPF [vps.vcrowd.in] with ip: [103.120.179.240] = did not pass 550-5.7.26 550-5.7.26 For instructions on setting up authentication, go to 550 5.7.26 https://support.google.com/mail/answer/81126#authentication 41be03b00d2f7-b6a76646f9fsi2179064a12.50 - gsmtp (in reply to end of DATA command)
Oct 19 14:00:40 vps postfix/smtpd[5368]: connect from unknown[213.209.157.116]
Oct 19 14:00:40 vps postfix/smtp[7634]: D2A0A3C0146: to=, relay=alt1.gmail-smtp-in.l.google.com[192.178.163.27]:25, delay=1470, delays=1467/0.01/2/0.66, dsn=4.7.26, status=SOFTBOUNCE (host alt1.gmail-smtp-in.l.google.com[192.178.163.27] said: 550-5.7.26 Your email has been blocked because the sender is unauthenticated. 550-5.7.26 Gmail requires all senders to authenticate with either SPF or DKIM. 550-5.7.26 550-5.7.26 Authentication results: 550-5.7.26 DKIM = did not pass 550-5.7.26 SPF [vps.vcrowd.in] with ip: [103.120.179.240] = did not pass 550-5.7.26 550-5.7.26 For instructions on setting up authentication, go to 550 5.7.26 https://support.google.com/mail/answer/81126#authentication d2e1a72fcca58-7a230113aecsi2484356b3a.669 - gsmtp (in reply to end of DATA command))
Oct 19 14:00:40 vps postfix/smtp[10839]: 7DF6F8F134: to=, relay=alt1.gmail-smtp-in.l.google.com[192.178.163.27]:25, delay=1470, delays=1468/0.03/2/0.69, dsn=4.7.26, status=SOFTBOUNCE (host alt1.gmail-smtp-in.l.google.com[192.178.163.27] said: 550-5.7.26 Your email has been blocked because the sender is unauthenticated. 550-5.7.26 Gmail requires all senders to authenticate with either SPF or DKIM. 550-5.7.26 550-5.7.26 Authentication results: 550-5.7.26 DKIM = did not pass 550-5.7.26 SPF [vps.vcrowd.in] with ip: [103.120.179.240] = did not pass 550-5.7.26 550-5.7.26 For instructions on setting up authentication, go to 550 5.7.26 https://support.google.com/mail/answer/81126#authentication 41be03b00d2f7-b6a7664607asi2265129a12.213 - gsmtp (in reply to end of DATA command))
Oct 19 14:00:43 vps postfix/smtpd[5368]: warning: unknown[213.209.157.116]: SASL LOGIN authentication failed: UGFzc3dvcmQ6
Oct 19 14:00:43 vps postfix/smtpd[5368]: disconnect from unknown[213.209.157.116]
Oct 19 14:00:50 vps postfix/anvil[27319]: statistics: max connection rate 2/60s for (smtp:62.60.131.17) at
Oct 19 13:55:09
Oct 19 14:00:50 vps postfix/anvil[27319]: statistics: max connection count 1 for (submission:212.132.96.229) at
Oct 19 13:51:24
Oct 19 14:00:50 vps postfix/anvil[27319]: statistics: max cache size 3 at
Oct 19 13:54:41
Oct 19 14:01:08 vps postfix/smtp[2595]: connect to crackersadaikki.com[76.223.67.189]:25: Connection timed out
Oct 19 14:01:08 vps postfix/smtp[10838]: connect to crackersadaikki.com[13.248.213.45]:25: Connection timed out
Oct 19 14:01:13 vps postfix/smtpd[5368]: connect from unknown[62.60.131.17]
Oct 19 14:01:16 vps postfix/smtpd[5368]: warning: unknown[62.60.131.17]: SASL LOGIN authentication failed: UGFzc3dvcmQ6
Oct 19 14:01:16 vps postfix/smtpd[5368]: disconnect from unknown[62.60.131.17]
Oct 19 14:01:36 vps postfix/smtpd[11616]: connect from unknown[212.132.96.229]
Oct 19 14:01:38 vps postfix/smtp[2595]: connect to crackersadaikki.com[13.248.213.45]:25: Connection timed out
Oct 19 14:01:38 vps postfix/smtp[2595]: D2A0A3C0146: to=, relay=none, delay=1527, delays=1467/0.01/60/0, dsn=4.4.1, status=deferred (connect to crackersadaikki.com[13.248.213.45]:25: Connection timed out)
Oct 19 14:01:38 vps postfix/qmgr[26951]: D2A0A3C0146: from=, status=expired, returned to sender
Oct 19 14:01:38 vps postfix/smtp[10838]: connect to crackersadaikki.com[76.223.67.189]:25: Connection timed out
Oct 19 14:01:38 vps postfix/smtp[10838]: 7DF6F8F134: to=, relay=none, delay=1528, delays=1468/0.02/60/0, dsn=4.4.1, status=deferred (connect to crackersadaikki.com[76.223.67.189]:25: Connection timed out)
Oct 19 14:01:38 vps postfix/qmgr[26951]: 7DF6F8F134: from=, status=expired, returned to sender
Oct 19 14:01:38 vps postfix/cleanup[12037]: 8876C6F9D7: message-id=<20251019083138.8876C6F9D7@vps.vcrowd.in>
Oct 19 14:01:38 vps postfix/qmgr[26951]: 8876C6F9D7: from=<>, size=4707, nrcpt=1 (queue active)
Oct 19 14:01:38 vps postfix/bounce[2739]: D2A0A3C0146: sender non-delivery notification: 8876C6F9D7
Oct 19 14:01:38 vps postfix/qmgr[26951]: D2A0A3C0146: removed
Oct 19 14:01:38 vps postfix/cleanup[12037]: 95D433C014A: message-id=<20251019083138.95D433C014A@vps.vcrowd.in>
Oct 19 14:01:38 vps postfix/qmgr[26951]: 95D433C014A: from=<>, size=4454, nrcpt=1 (queue active)
Oct 19 14:01:38 vps postfix/bounce[12040]: 7DF6F8F134: sender non-delivery notification: 95D433C014A
Oct 19 14:01:38 vps postfix/qmgr[26951]: 7DF6F8F134: removed
Oct 19 14:01:38 vps postfix/local[12072]: 8876C6F9D7: to=, relay=local, delay=0.39, delays=0.23/0.13/0/0.02, dsn=2.0.0, status=sent (delivered to mailbox)
Oct 19 14:01:38 vps postfix/qmgr[26951]: 8876C6F9D7: removed
Oct 19 14:01:38 vps postfix/local[12074]: 95D433C014A: to=, relay=local, delay=0.22, delays=0.14/0.07/0/0.01, dsn=2.0.0, status=sent (delivered to mailbox)
Oct 19 14:01:38 vps postfix/qmgr[26951]: 95D433C014A: removed
Oct 19 14:01:39 vps postfix/smtpd[11616]: warning: unknown[212.132.96.229]: SASL LOGIN authentication failed: UGFzc3dvcmQ6
Oct 19 14:01:39 vps postfix/smtpd[11616]: disconnect from unknown[212.132.96.229]
Oct 19 14:02:53 vps postfix/smtpd[11616]: connect from unknown[212.132.96.229]
Oct 19 14:02:55 vps postfix/smtpd[11616]: warning: unknown[212.132.96.229]: SASL LOGIN authentication failed: UGFzc3dvcmQ6
Oct 19 14:02:55 vps postfix/smtpd[11616]: disconnect from unknown[212.132.96.229]
Oct 19 14:03:11 vps postfix/smtpd[15340]: connect from unknown[62.60.131.124]
Oct 19 14:03:14 vps postfix/smtpd[15340]: warning: unknown[62.60.131.124]: SASL LOGIN authentication failed: UGFzc3dvcmQ6
Oct 19 14:03:14 vps postfix/smtpd[15340]: disconnect from unknown[62.60.131.124]
Oct 19 14:03:30 vps postfix/pickup[4134]: CBB236F9D7: uid=1062 from=
Oct 19 14:03:30 vps postfix/cleanup[15607]: CBB236F9D7: message-id=<20251019083330.CBB236F9D7@vps.vcrowd.in>
Oct 19 14:03:30 vps opendkim[5590]: CBB236F9D7: no signing table match for '"info@gvkennel"@gmail.com'
Oct 19 14:03:30 vps opendkim[5590]: CBB236F9D7: no signature data
Oct 19 14:03:30 vps postfix/qmgr[26951]: CBB236F9D7: from=, size=927, nrcpt=1 (queue active)
Oct 19 14:03:32 vps postfix/smtp[15612]: CBB236F9D7: host gmail-smtp-in.l.google.com[142.251.12.27] said: 550-5.7.26 Your email has been blocked because the sender is unauthenticated. 550-5.7.26 Gmail requires all senders to authenticate with either SPF or DKIM. 550-5.7.26 550-5.7.26 Authentication results: 550-5.7.26 DKIM = did not pass 550-5.7.26 SPF [vps.vcrowd.in] with ip: [103.120.179.240] = did not pass 550-5.7.26 550-5.7.26 For instructions on setting up authentication, go to 550 5.7.26 https://support.google.com/mail/answer/81126#authentication 41be03b00d2f7-b6c79d11a87si541372a12.1026 - gsmtp (in reply to end of DATA command)
Oct 19 14:03:33 vps postfix/smtp[15612]: CBB236F9D7: to=, relay=alt1.gmail-smtp-in.l.google.com[192.178.163.27]:25, delay=2.8, delays=0.03/0.02/2/0.76, dsn=4.7.26, status=SOFTBOUNCE (host alt1.gmail-smtp-in.l.google.com[192.178.163.27] said: 550-5.7.26 Your email has been blocked because the sender is unauthenticated. 550-5.7.26 Gmail requires all senders to authenticate with either SPF or DKIM. 550-5.7.26 550-5.7.26 Authentication results: 550-5.7.26 DKIM = did not pass 550-5.7.26 SPF [vps.vcrowd.in] with ip: [103.120.179.240] = did not pass 550-5.7.26 550-5.7.26 For instructions on setting up authentication, go to 550 5.7.26 https://support.google.com/mail/answer/81126#authentication d9443c01a7336-29246ff691esi26297115ad.163 - gsmtp (in reply to end of DATA command))
Oct 19 14:04:07 vps postfix/smtpd[15340]: connect from lewis.rolldeos.com[94.156.175.177]
Oct 19 14:04:07 vps postfix/smtpd[15340]: NOQUEUE: reject: RCPT from lewis.rolldeos.com[94.156.175.177]: 454 4.7.1 Service unavailable; Client host [94.156.175.177] blocked using bl.spamcop.net; Blocked - see https://www.spamcop.net/bl.shtml?94.156.175.177; from= to= proto=ESMTP helo=
Oct 19 14:04:08 vps postfix/smtpd[15340]: disconnect from lewis.rolldeos.com[94.156.175.177]
Oct 19 14:04:09 vps postfix/smtpd[11616]: connect from unknown[212.132.96.229]
Oct 19 14:04:12 vps postfix/smtpd[11616]: warning: unknown[212.132.96.229]: SASL LOGIN authentication failed: UGFzc3dvcmQ6
Oct 19 14:04:12 vps postfix/smtpd[11616]: disconnect from unknown[212.132.96.229]
Oct 19 14:05:26 vps postfix/smtpd[11616]: connect from unknown[212.132.96.229]
Oct 19 14:05:29 vps postfix/smtpd[11616]: warning: unknown[212.132.96.229]: SASL LOGIN authentication failed: UGFzc3dvcmQ6
Oct 19 14:05:29 vps postfix/smtpd[11616]: disconnect from unknown[212.132.96.229]
Oct 19 14:05:38 vps postfix/qmgr[26951]: C7B6B7AFB3: from=, size=520, nrcpt=1 (queue active)
Oct 19 14:05:38 vps postfix/qmgr[26951]: 4AB763C0145: from=, size=877, nrcpt=2 (queue active)
Oct 19 14:05:38 vps postfix/qmgr[26951]: A57163718BF: from=, size=1110, nrcpt=1 (queue active)
Oct 19 14:05:38 vps postfix/qmgr[26951]: A41A13C0147: from=, size=1116, nrcpt=2 (queue active)
Oct 19 14:05:39 vps postfix/smtp[20465]: A41A13C0147: host gmail-smtp-in.l.google.com[142.251.12.27] said: 550-5.7.26 Your email has been blocked because the sender is unauthenticated. 550-5.7.26 Gmail requires all senders to authenticate with either SPF or DKIM. 550-5.7.26 550-5.7.26 Authentication results: 550-5.7.26 DKIM = did not pass 550-5.7.26 SPF [vps.vcrowd.in] with ip: [103.120.179.240] = did not pass 550-5.7.26 550-5.7.26 For instructions on setting up authentication, go to 550 5.7.26 https://support.google.com/mail/answer/81126#authentication 98e67ed59e1d1-33d5df81a87si2218940a91.61 - gsmtp (in reply to end of DATA command)
Oct 19 14:05:39 vps postfix/smtp[20462]: A57163718BF: host gmail-smtp-in.l.google.com[142.251.12.26] said: 550-5.7.26 Your email has been blocked because the sender is unauthenticated. 550-5.7.26 Gmail requires all senders to authenticate with either SPF or DKIM. 550-5.7.26 550-5.7.26 Authentication results: 550-5.7.26 DKIM = did not pass 550-5.7.26 SPF [vps.vcrowd.in] with ip: [103.120.179.240] = did not pass 550-5.7.26 550-5.7.26 For instructions on setting up authentication, go to 550 5.7.26 https://support.google.com/mail/answer/81126#authentication 41be03b00d2f7-b6c951f8fbesi518040a12.102 - gsmtp (in reply to end of DATA command)
