Oct 19 14:20:41 vps postfix/smtp[13581]: D2F053C014A: to=, relay=alt1.gmail-smtp-in.l.google.com[192.178.163.27]:25, delay=614, delays=612/0.04/1.9/0.61, dsn=4.7.26, status=SOFTBOUNCE (host alt1.gmail-smtp-in.l.google.com[192.178.163.27] said: 550-5.7.26 Your email has been blocked because the sender is unauthenticated. 550-5.7.26 Gmail requires all senders to authenticate with either SPF or DKIM. 550-5.7.26 550-5.7.26 Authentication results: 550-5.7.26 DKIM = did not pass 550-5.7.26 SPF [vps.vcrowd.in] with ip: [103.120.179.240] = did not pass 550-5.7.26 550-5.7.26 For instructions on setting up authentication, go to 550 5.7.26 https://support.google.com/mail/answer/81126#authentication d9443c01a7336-292471dac60si27261835ad.296 - gsmtp (in reply to end of DATA command))
Oct 19 14:20:41 vps postfix/bounce[13582]: warning: [built-in]: zero result in delay template conversion of parameter "delay_warning_time_hours"
Oct 19 14:20:41 vps postfix/bounce[13582]: warning: please reduce time unit "hours" of "delay_warning_time_hours" in delay template
Oct 19 14:20:41 vps postfix/bounce[13582]: warning: for instructions see the bounce(5) manual
Oct 19 14:20:41 vps postfix/bounce[13582]: warning: [built-in]: zero result in delay template conversion of parameter "maximal_queue_lifetime_days"
Oct 19 14:20:41 vps postfix/bounce[13582]: warning: please reduce time unit "days" of "maximal_queue_lifetime_days" in delay template
Oct 19 14:20:41 vps postfix/bounce[13582]: warning: for instructions see the bounce(5) manual
Oct 19 14:20:41 vps postfix/cleanup[13681]: 39EE73C0146: message-id=<20251019085041.39EE73C0146@vps.vcrowd.in>
Oct 19 14:20:41 vps postfix/qmgr[26951]: 39EE73C0146: from=<>, size=4462, nrcpt=1 (queue active)
Oct 19 14:20:41 vps postfix/bounce[13582]: D2F053C014A: sender delay notification: 39EE73C0146
Oct 19 14:20:41 vps postfix/local[13682]: 39EE73C0146: to=, relay=local, delay=0.04, delays=0.02/0.01/0/0, dsn=2.0.0, status=sent (delivered to mailbox)
Oct 19 14:20:41 vps postfix/qmgr[26951]: 39EE73C0146: removed
Oct 19 14:20:41 vps postfix/smtpd[11616]: warning: unknown[212.132.96.229]: SASL LOGIN authentication failed: UGFzc3dvcmQ6
Oct 19 14:20:41 vps postfix/smtpd[11616]: disconnect from unknown[212.132.96.229]
Oct 19 14:20:41 vps postfix/smtp[13585]: 0005F3C014C: to=, relay=alt1.gmail-smtp-in.l.google.com[192.178.163.26]:25, delay=454, delays=451/0.06/2/0.75, dsn=4.7.26, status=SOFTBOUNCE (host alt1.gmail-smtp-in.l.google.com[192.178.163.26] said: 550-5.7.26 Your email has been blocked because the sender is unauthenticated. 550-5.7.26 Gmail requires all senders to authenticate with either SPF or DKIM. 550-5.7.26 550-5.7.26 Authentication results: 550-5.7.26 DKIM = did not pass 550-5.7.26 SPF [vps.vcrowd.in] with ip: [103.120.179.240] = did not pass 550-5.7.26 550-5.7.26 For instructions on setting up authentication, go to 550 5.7.26 https://support.google.com/mail/answer/81126#authentication 41be03b00d2f7-b6a78c3cae1si2084458a12.1055 - gsmtp (in reply to end of DATA command))
Oct 19 14:20:41 vps postfix/smtp[13576]: CBB236F9D7: to=, relay=alt1.gmail-smtp-in.l.google.com[192.178.163.26]:25, delay=1031, delays=1028/0.04/2.1/0.78, dsn=4.7.26, status=SOFTBOUNCE (host alt1.gmail-smtp-in.l.google.com[192.178.163.26] said: 550-5.7.26 Your email has been blocked because the sender is unauthenticated. 550-5.7.26 Gmail requires all senders to authenticate with either SPF or DKIM. 550-5.7.26 550-5.7.26 Authentication results: 550-5.7.26 DKIM = did not pass 550-5.7.26 SPF [vps.vcrowd.in] with ip: [103.120.179.240] = did not pass 550-5.7.26 550-5.7.26 For instructions on setting up authentication, go to 550 5.7.26 https://support.google.com/mail/answer/81126#authentication d2e1a72fcca58-7a2300fbc4fsi2490008b3a.573 - gsmtp (in reply to end of DATA command))
Oct 19 14:20:41 vps postfix/qmgr[26951]: CBB236F9D7: from=, status=expired, returned to sender
Oct 19 14:20:41 vps postfix/smtp[13583]: 8AF963BF5BD: to=, relay=alt1.gmail-smtp-in.l.google.com[192.178.163.26]:25, delay=615, delays=612/0.05/2/0.78, dsn=4.7.26, status=SOFTBOUNCE (host alt1.gmail-smtp-in.l.google.com[192.178.163.26] said: 550-5.7.26 Your email has been blocked because the sender is unauthenticated. 550-5.7.26 Gmail requires all senders to authenticate with either SPF or DKIM. 550-5.7.26 550-5.7.26 Authentication results: 550-5.7.26 DKIM = did not pass 550-5.7.26 SPF [vps.vcrowd.in] with ip: [103.120.179.240] = did not pass 550-5.7.26 550-5.7.26 For instructions on setting up authentication, go to 550 5.7.26 https://support.google.com/mail/answer/81126#authentication 41be03b00d2f7-b6cb4d7c0a8si33694a12.524 - gsmtp (in reply to end of DATA command))
Oct 19 14:20:41 vps postfix/cleanup[13681]: 830593C0146: message-id=<20251019085041.830593C0146@vps.vcrowd.in>
Oct 19 14:20:41 vps postfix/qmgr[26951]: 830593C0146: from=<>, size=3849, nrcpt=1 (queue active)
Oct 19 14:20:41 vps postfix/bounce[13580]: warning: [built-in]: zero result in delay template conversion of parameter "delay_warning_time_hours"
Oct 19 14:20:41 vps postfix/bounce[13580]: warning: please reduce time unit "hours" of "delay_warning_time_hours" in delay template
Oct 19 14:20:41 vps postfix/bounce[13580]: warning: for instructions see the bounce(5) manual
Oct 19 14:20:41 vps postfix/bounce[13580]: warning: [built-in]: zero result in delay template conversion of parameter "maximal_queue_lifetime_days"
Oct 19 14:20:41 vps postfix/bounce[13580]: warning: please reduce time unit "days" of "maximal_queue_lifetime_days" in delay template
Oct 19 14:20:41 vps postfix/bounce[13580]: warning: for instructions see the bounce(5) manual
Oct 19 14:20:41 vps postfix/bounce[13582]: CBB236F9D7: sender non-delivery notification: 830593C0146
Oct 19 14:20:41 vps postfix/qmgr[26951]: CBB236F9D7: removed
Oct 19 14:20:41 vps postfix/cleanup[13681]: 848B23C0147: message-id=<20251019085041.848B23C0147@vps.vcrowd.in>
Oct 19 14:20:41 vps postfix/local[13682]: 830593C0146: to=, relay=local, delay=0.01, delays=0.01/0/0/0.01, dsn=2.0.0, status=sent (delivered to mailbox)
Oct 19 14:20:41 vps postfix/qmgr[26951]: 830593C0146: removed
Oct 19 14:20:41 vps postfix/qmgr[26951]: 848B23C0147: from=<>, size=4492, nrcpt=1 (queue active)
Oct 19 14:20:41 vps postfix/bounce[13580]: 8AF963BF5BD: sender delay notification: 848B23C0147
Oct 19 14:20:41 vps postfix/local[13682]: 848B23C0147: to=, relay=local, delay=0.02, delays=0.01/0/0/0, dsn=2.0.0, status=sent (delivered to mailbox)
Oct 19 14:20:41 vps postfix/qmgr[26951]: 848B23C0147: removed
Oct 19 14:20:41 vps postfix/smtp[13578]: CA2843C014B: to=, relay=alt1.gmail-smtp-in.l.google.com[192.178.163.26]:25, delay=482, delays=479/0.03/2.1/0.77, dsn=4.7.26, status=SOFTBOUNCE (host alt1.gmail-smtp-in.l.google.com[192.178.163.26] said: 550-5.7.26 Your email has been blocked because the sender is unauthenticated. 550-5.7.26 Gmail requires all senders to authenticate with either SPF or DKIM. 550-5.7.26 550-5.7.26 Authentication results: 550-5.7.26 DKIM = did not pass 550-5.7.26 SPF [vps.vcrowd.in] with ip: [103.120.179.240] = did not pass 550-5.7.26 550-5.7.26 For instructions on setting up authentication, go to 550 5.7.26 https://support.google.com/mail/answer/81126#authentication 41be03b00d2f7-b6a76b1cd4esi2292828a12.362 - gsmtp (in reply to end of DATA command))
Oct 19 14:20:50 vps postfix/anvil[27319]: statistics: max connection rate 8/60s for (smtp:77.90.185.216) at
Oct 19 14:11:41
Oct 19 14:20:50 vps postfix/anvil[27319]: statistics: max connection count 4 for (smtp:77.90.185.216) at
Oct 19 14:11:36
Oct 19 14:20:50 vps postfix/anvil[27319]: statistics: max cache size 3 at
Oct 19 14:11:39
Oct 19 14:21:40 vps postfix/smtpd[12991]: connect from unknown[62.60.131.124]
Oct 19 14:21:43 vps postfix/smtpd[12991]: warning: unknown[62.60.131.124]: SASL LOGIN authentication failed: UGFzc3dvcmQ6
Oct 19 14:21:43 vps postfix/smtpd[12991]: disconnect from unknown[62.60.131.124]
Oct 19 14:21:53 vps postfix/smtpd[11616]: connect from unknown[212.132.96.229]
Oct 19 14:21:56 vps postfix/smtpd[11616]: warning: unknown[212.132.96.229]: SASL LOGIN authentication failed: UGFzc3dvcmQ6
Oct 19 14:21:56 vps postfix/smtpd[11616]: disconnect from unknown[212.132.96.229]
Oct 19 14:23:09 vps postfix/smtpd[11616]: connect from unknown[212.132.96.229]
Oct 19 14:23:12 vps postfix/smtpd[11616]: warning: unknown[212.132.96.229]: SASL LOGIN authentication failed: UGFzc3dvcmQ6
Oct 19 14:23:12 vps postfix/smtpd[11616]: disconnect from unknown[212.132.96.229]
Oct 19 14:23:39 vps postfix/smtpd[18946]: connect from mail-centralindiaazolkn19011034.outbound.protection.outlook.com[52.103.68.34]
Oct 19 14:23:40 vps postfix/smtpd[18946]: NOQUEUE: reject: RCPT from mail-centralindiaazolkn19011034.outbound.protection.outlook.com[52.103.68.34]: 450 4.1.1 : Recipient address rejected: User unknown in virtual mailbox table; from= to= proto=ESMTP helo=
Oct 19 14:23:40 vps postfix/smtpd[18946]: disconnect from mail-centralindiaazolkn19011034.outbound.protection.outlook.com[52.103.68.34]
Oct 19 14:23:55 vps postfix/smtpd[18946]: connect from unknown[62.60.131.17]
Oct 19 14:23:59 vps postfix/smtpd[18946]: warning: unknown[62.60.131.17]: SASL LOGIN authentication failed: UGFzc3dvcmQ6
Oct 19 14:24:00 vps postfix/smtpd[18946]: disconnect from unknown[62.60.131.17]
Oct 19 14:24:02 vps postfix/pickup[4134]: 2A0FB6F9D7: uid=0 from=
Oct 19 14:24:02 vps postfix/cleanup[19551]: 2A0FB6F9D7: message-id=<20251019085402.2A0FB6F9D7@vps.vcrowd.in>
Oct 19 14:24:02 vps opendkim[5590]: 2A0FB6F9D7: no signing table match for 'root@vps.vcrowd.in'
Oct 19 14:24:02 vps opendkim[5590]: 2A0FB6F9D7: no signature data
Oct 19 14:24:02 vps postfix/qmgr[26951]: 2A0FB6F9D7: from=, size=520, nrcpt=1 (queue active)
Oct 19 14:24:25 vps postfix/smtpd[11616]: connect from unknown[212.132.96.229]
Oct 19 14:24:28 vps postfix/smtpd[11616]: warning: unknown[212.132.96.229]: SASL LOGIN authentication failed: UGFzc3dvcmQ6
Oct 19 14:24:28 vps postfix/smtpd[11616]: disconnect from unknown[212.132.96.229]
Oct 19 14:24:32 vps postfix/smtp[19571]: connect to hostingraja.info[103.92.235.73]:25: Connection timed out
Oct 19 14:24:32 vps postfix/smtp[19571]: 2A0FB6F9D7: to=, relay=none, delay=30, delays=0.03/0.02/30/0, dsn=4.4.1, status=deferred (connect to hostingraja.info[103.92.235.73]:25: Connection timed out)
Oct 19 14:24:35 vps postfix/pickup[4134]: 51A453C0146: uid=1052 from=
Oct 19 14:24:35 vps postfix/cleanup[19551]: 51A453C0146: message-id=<20251019085435.51A453C0146@vps.vcrowd.in>
Oct 19 14:24:35 vps opendkim[5590]: 51A453C0146: DKIM-Signature field added (s=default, d=crackersadaikki.com)
Oct 19 14:24:35 vps postfix/qmgr[26951]: 51A453C0146: from=, size=875, nrcpt=2 (queue active)
Oct 19 14:24:35 vps postfix/pickup[4134]: ABE4C3C0147: uid=1052 from=
Oct 19 14:24:35 vps postfix/cleanup[19551]: ABE4C3C0147: message-id=<20251019085435.ABE4C3C0147@vps.vcrowd.in>
Oct 19 14:24:35 vps opendkim[5590]: ABE4C3C0147: DKIM-Signature field added (s=default, d=crackersadaikki.com)
Oct 19 14:24:35 vps postfix/qmgr[26951]: ABE4C3C0147: from=, size=1116, nrcpt=2 (queue active)
Oct 19 14:24:36 vps postfix/smtp[20331]: 51A453C0146: host gmail-smtp-in.l.google.com[142.251.12.27] said: 550-5.7.26 Your email has been blocked because the sender is unauthenticated. 550-5.7.26 Gmail requires all senders to authenticate with either SPF or DKIM. 550-5.7.26 550-5.7.26 Authentication results: 550-5.7.26 DKIM = did not pass 550-5.7.26 SPF [vps.vcrowd.in] with ip: [103.120.179.240] = did not pass 550-5.7.26 550-5.7.26 For instructions on setting up authentication, go to 550 5.7.26 https://support.google.com/mail/answer/81126#authentication d2e1a72fcca58-7a230112919si2612265b3a.636 - gsmtp (in reply to end of DATA command)
Oct 19 14:24:36 vps postfix/smtp[20357]: ABE4C3C0147: host gmail-smtp-in.l.google.com[142.251.12.27] said: 550-5.7.26 Your email has been blocked because the sender is unauthenticated. 550-5.7.26 Gmail requires all senders to authenticate with either SPF or DKIM. 550-5.7.26 550-5.7.26 Authentication results: 550-5.7.26 DKIM = did not pass 550-5.7.26 SPF [vps.vcrowd.in] with ip: [103.120.179.240] = did not pass 550-5.7.26 550-5.7.26 For instructions on setting up authentication, go to 550 5.7.26 https://support.google.com/mail/answer/81126#authentication d9443c01a7336-29246fc0267si27825335ad.149 - gsmtp (in reply to end of DATA command)
Oct 19 14:24:38 vps postfix/smtp[20331]: 51A453C0146: to=, relay=alt1.gmail-smtp-in.l.google.com[192.178.163.26]:25, delay=2.9, delays=0.07/0.02/2/0.78, dsn=4.7.26, status=SOFTBOUNCE (host alt1.gmail-smtp-in.l.google.com[192.178.163.26] said: 550-5.7.26 Your email has been blocked because the sender is unauthenticated. 550-5.7.26 Gmail requires all senders to authenticate with either SPF or DKIM. 550-5.7.26 550-5.7.26 Authentication results: 550-5.7.26 DKIM = did not pass 550-5.7.26 SPF [vps.vcrowd.in] with ip: [103.120.179.240] = did not pass 550-5.7.26 550-5.7.26 For instructions on setting up authentication, go to 550 5.7.26 https://support.google.com/mail/answer/81126#authentication 41be03b00d2f7-b6a76b6ac6dsi2224042a12.1181 - gsmtp (in reply to end of DATA command))
Oct 19 14:24:38 vps postfix/smtp[20357]: ABE4C3C0147: to=, relay=alt1.gmail-smtp-in.l.google.com[192.178.163.27]:25, delay=2.5, delays=0.06/0.03/1.8/0.62, dsn=4.7.26, status=SOFTBOUNCE (host alt1.gmail-smtp-in.l.google.com[192.178.163.27] said: 550-5.7.26 Your email has been blocked because the sender is unauthenticated. 550-5.7.26 Gmail requires all senders to authenticate with either SPF or DKIM. 550-5.7.26 550-5.7.26 Authentication results: 550-5.7.26 DKIM = did not pass 550-5.7.26 SPF [vps.vcrowd.in] with ip: [103.120.179.240] = did not pass 550-5.7.26 550-5.7.26 For instructions on setting up authentication, go to 550 5.7.26 https://support.google.com/mail/answer/81126#authentication d9443c01a7336-292471d7e6dsi26728405ad.303 - gsmtp (in reply to end of DATA command))
Oct 19 14:24:40 vps postfix/smtpd[18946]: connect from unknown[unknown]
Oct 19 14:24:40 vps postfix/smtpd[18946]: lost connection after CONNECT from unknown[unknown]
Oct 19 14:24:40 vps postfix/smtpd[18946]: disconnect from unknown[unknown]
Oct 19 14:25:05 vps postfix/smtp[19571]: connect to crackersadaikki.com[76.223.67.189]:25: Connection timed out
Oct 19 14:25:05 vps postfix/smtp[20356]: connect to crackersadaikki.com[13.248.213.45]:25: Connection timed out
Oct 19 14:25:10 vps postfix/smtpd[18946]: connect from unknown[62.60.131.17]
Oct 19 14:25:12 vps postfix/smtpd[21949]: connect from mail-japanwestazon11022104.outbound.protection.outlook.com[40.107.75.104]
Oct 19 14:25:12 vps postfix/smtpd[21949]: NOQUEUE: reject: RCPT from mail-japanwestazon11022104.outbound.protection.outlook.com[40.107.75.104]: 450 4.1.1 : Recipient address rejected: User unknown in virtual mailbox table; from= to= proto=ESMTP helo=
Oct 19 14:25:13 vps postfix/smtpd[18946]: warning: unknown[62.60.131.17]: SASL LOGIN authentication failed: UGFzc3dvcmQ6
Oct 19 14:25:13 vps postfix/smtpd[21949]: disconnect from mail-japanwestazon11022104.outbound.protection.outlook.com[40.107.75.104]
Oct 19 14:25:13 vps postfix/smtpd[18946]: disconnect from unknown[62.60.131.17]
Oct 19 14:25:35 vps postfix/smtp[19571]: connect to crackersadaikki.com[13.248.213.45]:25: Connection timed out
Oct 19 14:25:35 vps postfix/smtp[19571]: 51A453C0146: to=, relay=none, delay=60, delays=0.07/0.01/60/0, dsn=4.4.1, status=deferred (connect to crackersadaikki.com[13.248.213.45]:25: Connection timed out)
Oct 19 14:25:35 vps postfix/smtp[20356]: connect to crackersadaikki.com[76.223.67.189]:25: Connection timed out
Oct 19 14:25:35 vps postfix/smtp[20356]: ABE4C3C0147: to=, relay=none, delay=60, delays=0.06/0.02/60/0, dsn=4.4.1, status=deferred (connect to crackersadaikki.com[76.223.67.189]:25: Connection timed out)
Oct 19 14:25:38 vps postfix/qmgr[26951]: 335676F51A: from=, size=874, nrcpt=2 (queue active)
Oct 19 14:25:38 vps postfix/qmgr[26951]: 8E2093718BF: from=, size=1116, nrcpt=2 (queue active)
Oct 19 14:25:40 vps postfix/smtp[20357]: 8E2093718BF: host gmail-smtp-in.l.google.com[142.251.12.27] said: 550-5.7.26 Your email has been blocked because the sender is unauthenticated. 550-5.7.26 Gmail requires all senders to authenticate with either SPF or DKIM. 550-5.7.26 550-5.7.26 Authentication results: 550-5.7.26 DKIM = did not pass 550-5.7.26 SPF [vps.vcrowd.in] with ip: [103.120.179.240] = did not pass 550-5.7.26 550-5.7.26 For instructions on setting up authentication, go to 550 5.7.26 https://support.google.com/mail/answer/81126#authentication d2e1a72fcca58-7a2301285basi2621583b3a.837 - gsmtp (in reply to end of DATA command)
Oct 19 14:25:40 vps postfix/smtp[20356]: 335676F51A: host gmail-smtp-in.l.google.com[142.251.12.26] said: 550-5.7.26 Your email has been blocked because the sender is unauthenticated. 550-5.7.26 Gmail requires all senders to authenticate with either SPF or DKIM. 550-5.7.26 550-5.7.26 Authentication results: 550-5.7.26 DKIM = did not pass 550-5.7.26 SPF [vps.vcrowd.in] with ip: [103.120.179.240] = did not pass 550-5.7.26 550-5.7.26 For instructions on setting up authentication, go to 550 5.7.26 https://support.google.com/mail/answer/81126#authentication d2e1a72fcca58-7a22ff1978bsi2686140b3a.44 - gsmtp (in reply to end of DATA command)
Oct 19 14:25:41 vps postfix/smtpd[11616]: connect from unknown[212.132.96.229]
Oct 19 14:25:41 vps postfix/smtp[20357]: 8E2093718BF: to=, relay=alt1.gmail-smtp-in.l.google.com[192.178.163.26]:25, delay=1004, delays=1001/0.01/1.9/0.65, dsn=4.7.26, status=SOFTBOUNCE (host alt1.gmail-smtp-in.l.google.com[192.178.163.26] said: 550-5.7.26 Your email has been blocked because the sender is unauthenticated. 550-5.7.26 Gmail requires all senders to authenticate with either SPF or DKIM. 550-5.7.26 550-5.7.26 Authentication results: 550-5.7.26 DKIM = did not pass 550-5.7.26 SPF [vps.vcrowd.in] with ip: [103.120.179.240] = did not pass 550-5.7.26 550-5.7.26 For instructions on setting up authentication, go to 550 5.7.26 https://support.google.com/mail/answer/81126#authentication d2e1a72fcca58-7a23012b3dbsi2650764b3a.880 - gsmtp (in reply to end of DATA command))
Oct 19 14:25:41 vps postfix/smtp[20356]: 335676F51A: to=, relay=alt1.gmail-smtp-in.l.google.com[192.178.163.26]:25, delay=1004, delays=1002/0.01/1.9/0.73, dsn=4.7.26, status=SOFTBOUNCE (host alt1.gmail-smtp-in.l.google.com[192.178.163.26] said: 550-5.7.26 Your email has been blocked because the sender is unauthenticated. 550-5.7.26 Gmail requires all senders to authenticate with either SPF or DKIM. 550-5.7.26 550-5.7.26 Authentication results: 550-5.7.26 DKIM = did not pass 550-5.7.26 SPF [vps.vcrowd.in] with ip: [103.120.179.240] = did not pass 550-5.7.26 550-5.7.26 For instructions on setting up authentication, go to 550 5.7.26 https://support.google.com/mail/answer/81126#authentication 41be03b00d2f7-b6a795f5b51si1995842a12.1650 - gsmtp (in reply to end of DATA command))
Oct 19 14:25:43 vps postfix/smtpd[11616]: warning: unknown[212.132.96.229]: SASL LOGIN authentication failed: UGFzc3dvcmQ6
Oct 19 14:25:43 vps postfix/smtpd[11616]: disconnect from unknown[212.132.96.229]
Oct 19 14:26:09 vps postfix/smtp[19571]: connect to crackersadaikki.com[13.248.213.45]:25: Connection timed out
Oct 19 14:26:09 vps postfix/smtp[20331]: connect to crackersadaikki.com[76.223.67.189]:25: Connection timed out
Oct 19 14:26:39 vps postfix/smtp[20331]: connect to crackersadaikki.com[13.248.213.45]:25: Connection timed out
Oct 19 14:26:39 vps postfix/smtp[20331]: 335676F51A: to=, relay=none, delay=1062, delays=1002/0.01/60/0, dsn=4.4.1, status=deferred (connect to crackersadaikki.com[13.248.213.45]:25: Connection timed out)
Oct 19 14:26:39 vps postfix/qmgr[26951]: 335676F51A: from=, status=expired, returned to sender
Oct 19 14:26:39 vps postfix/cleanup[24368]: 1D3EC8F134: message-id=<20251019085639.1D3EC8F134@vps.vcrowd.in>
Oct 19 14:26:39 vps postfix/bounce[20462]: 335676F51A: sender non-delivery notification: 1D3EC8F134
Oct 19 14:26:39 vps postfix/qmgr[26951]: 1D3EC8F134: from=<>, size=4469, nrcpt=1 (queue active)
Oct 19 14:26:39 vps postfix/smtp[19571]: connect to crackersadaikki.com[76.223.67.189]:25: Connection timed out
Oct 19 14:26:39 vps postfix/qmgr[26951]: 335676F51A: removed
Oct 19 14:26:39 vps postfix/smtp[19571]: 8E2093718BF: to=, relay=none, delay=1062, delays=1001/0.01/60/0, dsn=4.4.1, status=deferred (connect to crackersadaikki.com[76.223.67.189]:25: Connection timed out)
Oct 19 14:26:39 vps postfix/qmgr[26951]: 8E2093718BF: from=, status=expired, returned to sender
Oct 19 14:26:39 vps postfix/cleanup[24368]: 21DD96F51A: message-id=<20251019085639.21DD96F51A@vps.vcrowd.in>
Oct 19 14:26:39 vps postfix/bounce[20462]: 8E2093718BF: sender non-delivery notification: 21DD96F51A
Oct 19 14:26:39 vps postfix/qmgr[26951]: 21DD96F51A: from=<>, size=4707, nrcpt=1 (queue active)
Oct 19 14:26:39 vps postfix/qmgr[26951]: 8E2093718BF: removed
Oct 19 14:26:39 vps postfix/local[24372]: 1D3EC8F134: to=, relay=local, delay=0.04, delays=0.02/0.02/0/0, dsn=2.0.0, status=sent (delivered to mailbox)
Oct 19 14:26:39 vps postfix/qmgr[26951]: 1D3EC8F134: removed
Oct 19 14:26:39 vps postfix/local[24372]: 21DD96F51A: to=, relay=local, delay=0.01, delays=0.01/0.01/0/0, dsn=2.0.0, status=sent (delivered to mailbox)
Oct 19 14:26:39 vps postfix/qmgr[26951]: 21DD96F51A: removed
Oct 19 14:26:50 vps postfix/smtpd[21949]: connect from unknown[213.209.157.116]
Oct 19 14:26:53 vps postfix/smtpd[21949]: warning: unknown[213.209.157.116]: SASL LOGIN authentication failed: UGFzc3dvcmQ6
Oct 19 14:26:53 vps postfix/smtpd[21949]: disconnect from unknown[213.209.157.116]
Oct 19 14:26:58 vps postfix/smtpd[11616]: connect from unknown[212.132.96.229]
Oct 19 14:27:01 vps postfix/smtpd[11616]: warning: unknown[212.132.96.229]: SASL LOGIN authentication failed: UGFzc3dvcmQ6
Oct 19 14:27:01 vps postfix/smtpd[11616]: disconnect from unknown[212.132.96.229]
Oct 19 14:28:13 vps postfix/smtpd[11616]: connect from unknown[212.132.96.229]
Oct 19 14:28:16 vps postfix/smtpd[11616]: warning: unknown[212.132.96.229]: SASL LOGIN authentication failed: UGFzc3dvcmQ6
Oct 19 14:28:16 vps postfix/smtpd[11616]: disconnect from unknown[212.132.96.229]
Oct 19 14:29:32 vps postfix/smtpd[11616]: connect from unknown[212.132.96.229]
Oct 19 14:29:34 vps postfix/smtpd[11616]: warning: unknown[212.132.96.229]: SASL LOGIN authentication failed: UGFzc3dvcmQ6
Oct 19 14:29:34 vps postfix/smtpd[11616]: disconnect from unknown[212.132.96.229]
Oct 19 14:29:45 vps postfix/smtps/smtpd[28217]: warning: No server certs available. TLS won't be enabled
Oct 19 14:29:49 vps postfix/smtps/smtpd[28217]: connect from unknown[42.48.118.55]
Oct 19 14:29:49 vps postfix/smtps/smtpd[28217]: warning: Wrapper-mode request dropped from unknown[42.48.118.55] for service 465. TLS context initialization failed. For details see earlier warnings in your logs.
Oct 19 14:29:49 vps postfix/smtps/smtpd[28217]: disconnect from unknown[42.48.118.55]
Oct 19 14:29:54 vps postfix/smtps/smtpd[28217]: connect from unknown[112.123.8.152]
Oct 19 14:29:54 vps postfix/smtps/smtpd[28217]: warning: Wrapper-mode request dropped from unknown[112.123.8.152] for service 465. TLS context initialization failed. For details see earlier warnings in your logs.
Oct 19 14:29:54 vps postfix/smtps/smtpd[28217]: disconnect from unknown[112.123.8.152]
Oct 19 14:30:04 vps postfix/smtps/smtpd[28217]: connect from unknown[94.131.211.168]
Oct 19 14:30:04 vps postfix/smtps/smtpd[28217]: warning: Wrapper-mode request dropped from unknown[94.131.211.168] for service 465. TLS context initialization failed. For details see earlier warnings in your logs.
Oct 19 14:30:04 vps postfix/smtps/smtpd[28217]: disconnect from unknown[94.131.211.168]
Oct 19 14:30:08 vps postfix/smtpd[29431]: connect from eert.heritagcreations.info[96.31.94.29]
Oct 19 14:30:09 vps postfix/smtpd[29431]: NOQUEUE: reject: RCPT from eert.heritagcreations.info[96.31.94.29]: 450 4.1.8 : Sender address rejected: Domain not found; from= to= proto=ESMTP helo=
Oct 19 14:30:09 vps postfix/smtps/smtpd[28217]: connect from unknown[49.124.153.57]
Oct 19 14:30:09 vps postfix/smtps/smtpd[28217]: warning: Wrapper-mode request dropped from unknown[49.124.153.57] for service 465. TLS context initialization failed. For details see earlier warnings in your logs.
Oct 19 14:30:09 vps postfix/smtps/smtpd[28217]: disconnect from unknown[49.124.153.57]
Oct 19 14:30:09 vps postfix/smtpd[29431]: disconnect from eert.heritagcreations.info[96.31.94.29]
Oct 19 14:30:10 vps postfix/smtpd[11616]: connect from unknown[165.154.121.231]
Oct 19 14:30:12 vps postfix/smtps/smtpd[28217]: connect from 123.129.198.203.static.netvigator.com[203.198.129.123]
Oct 19 14:30:12 vps postfix/smtps/smtpd[28217]: warning: Wrapper-mode request dropped from 123.129.198.203.static.netvigator.com[203.198.129.123] for service 465. TLS context initialization failed. For details see earlier warnings in your logs.
Oct 19 14:30:12 vps postfix/smtps/smtpd[28217]: disconnect from 123.129.198.203.static.netvigator.com[203.198.129.123]
Oct 19 14:30:12 vps postfix/smtpd[11616]: warning: unknown[165.154.121.231]: SASL LOGIN authentication failed: UGFzc3dvcmQ6
Oct 19 14:30:12 vps postfix/smtpd[11616]: disconnect from unknown[165.154.121.231]
Oct 19 14:30:38 vps postfix/qmgr[26951]: 51A453C0146: from=, size=875, nrcpt=2 (queue active)
Oct 19 14:30:38 vps postfix/qmgr[26951]: 2A0FB6F9D7: from=, size=520, nrcpt=1 (queue active)
Oct 19 14:30:38 vps postfix/qmgr[26951]: CA2843C014B: from=, size=918, nrcpt=1 (queue active)
Oct 19 14:30:38 vps postfix/qmgr[26951]: ABE4C3C0147: from=, size=1116, nrcpt=2 (queue active)
Oct 19 14:30:38 vps postfix/qmgr[26951]: 0005F3C014C: from=, size=972, nrcpt=1 (queue active)
Oct 19 14:30:39 vps postfix/smtp[30146]: 51A453C0146: host gmail-smtp-in.l.google.com[142.251.12.26] said: 550-5.7.26 Your email has been blocked because the sender is unauthenticated. 550-5.7.26 Gmail requires all senders to authenticate with either SPF or DKIM. 550-5.7.26 550-5.7.26 Authentication results: 550-5.7.26 DKIM = did not pass 550-5.7.26 SPF [vps.vcrowd.in] with ip: [103.120.179.240] = did not pass 550-5.7.26 550-5.7.26 For instructions on setting up authentication, go to 550 5.7.26 https://support.google.com/mail/answer/81126#authentication d2e1a72fcca58-7a230118fdesi2532024b3a.736 - gsmtp (in reply to end of DATA command)
Oct 19 14:30:39 vps postfix/smtp[30151]: ABE4C3C0147: host gmail-smtp-in.l.google.com[142.251.12.27] said: 550-5.7.26 Your email has been blocked because the sender is unauthenticated. 550-5.7.26 Gmail requires all senders to authenticate with either SPF or DKIM. 550-5.7.26 550-5.7.26 Authentication results: 550-5.7.26 DKIM = did not pass 550-5.7.26 SPF [vps.vcrowd.in] with ip: [103.120.179.240] = did not pass 550-5.7.26 550-5.7.26 For instructions on setting up authentication, go to 550 5.7.26 https://support.google.com/mail/answer/81126#authentication d2e1a72fcca58-7a23012d837si2630629b3a.899 - gsmtp (in reply to end of DATA command)
Oct 19 14:30:39 vps postfix/smtp[30152]: 0005F3C014C: host gmail-smtp-in.l.google.com[142.251.12.26] said: 550-5.7.26 Your email has been blocked because the sender is unauthenticated. 550-5.7.26 Gmail requires all senders to authenticate with either SPF or DKIM. 550-5.7.26 550-5.7.26 Authentication results: 550-5.7.26 DKIM = did not pass 550-5.7.26 SPF [vps.vcrowd.in] with ip: [103.120.179.240] = did not pass 550-5.7.26 550-5.7.26 For instructions on setting up authentication, go to 550 5.7.26 https://support.google.com/mail/answer/81126#authentication d2e1a72fcca58-7a230116d94si2495507b3a.700 - gsmtp (in reply to end of DATA command)
Oct 19 14:30:39 vps postfix/smtp[30148]: CA2843C014B: host gmail-smtp-in.l.google.com[142.251.12.27] said: 550-5.7.26 Your email has been blocked because the sender is unauthenticated. 550-5.7.26 Gmail requires all senders to authenticate with either SPF or DKIM. 550-5.7.26 550-5.7.26 Authentication results: 550-5.7.26 DKIM = did not pass 550-5.7.26 SPF [vps.vcrowd.in] with ip: [103.120.179.240] = did not pass 550-5.7.26 550-5.7.26 For instructions on setting up authentication, go to 550 5.7.26 https://support.google.com/mail/answer/81126#authentication d9443c01a7336-292471db07esi27369275ad.206 - gsmtp (in reply to end of DATA command)
Oct 19 14:30:40 vps postfix/smtp[30151]: ABE4C3C0147: to=, relay=alt1.gmail-smtp-in.l.google.com[192.178.163.26]:25, delay=365, delays=362/0.08/2/0.68, dsn=4.7.26, status=SOFTBOUNCE (host alt1.gmail-smtp-in.l.google.com[192.178.163.26] said: 550-5.7.26 Your email has been blocked because the sender is unauthenticated. 550-5.7.26 Gmail requires all senders to authenticate with either SPF or DKIM. 550-5.7.26 550-5.7.26 Authentication results: 550-5.7.26 DKIM = did not pass 550-5.7.26 SPF [vps.vcrowd.in] with ip: [103.120.179.240] = did not pass 550-5.7.26 550-5.7.26 For instructions on setting up authentication, go to 550 5.7.26 https://support.google.com/mail/answer/81126#authentication 41be03b00d2f7-b6a7cfb7f29si1491432a12.1085 - gsmtp (in reply to end of DATA command))
Oct 19 14:30:40 vps postfix/smtp[30146]: 51A453C0146: to=, relay=alt1.gmail-smtp-in.l.google.com[192.178.163.26]:25, delay=366, delays=363/0.03/2/0.76, dsn=4.7.26, status=SOFTBOUNCE (host alt1.gmail-smtp-in.l.google.com[192.178.163.26] said: 550-5.7.26 Your email has been blocked because the sender is unauthenticated. 550-5.7.26 Gmail requires all senders to authenticate with either SPF or DKIM. 550-5.7.26 550-5.7.26 Authentication results: 550-5.7.26 DKIM = did not pass 550-5.7.26 SPF [vps.vcrowd.in] with ip: [103.120.179.240] = did not pass 550-5.7.26 550-5.7.26 For instructions on setting up authentication, go to 550 5.7.26 https://support.google.com/mail/answer/81126#authentication d2e1a72fcca58-7a22ff19bcfsi2625936b3a.28 - gsmtp (in reply to end of DATA command))
Oct 19 14:30:41 vps postfix/smtp[30152]: 0005F3C014C: to=, relay=alt1.gmail-smtp-in.l.google.com[192.178.163.26]:25, delay=1053, delays=1050/0.09/2/0.8, dsn=4.7.26, status=SOFTBOUNCE (host alt1.gmail-smtp-in.l.google.com[192.178.163.26] said: 550-5.7.26 Your email has been blocked because the sender is unauthenticated. 550-5.7.26 Gmail requires all senders to authenticate with either SPF or DKIM. 550-5.7.26 550-5.7.26 Authentication results: 550-5.7.26 DKIM = did not pass 550-5.7.26 SPF [vps.vcrowd.in] with ip: [103.120.179.240] = did not pass 550-5.7.26 550-5.7.26 For instructions on setting up authentication, go to 550 5.7.26 https://support.google.com/mail/answer/81126#authentication 41be03b00d2f7-b6a76b6a06dsi2352659a12.1130 - gsmtp (in reply to end of DATA command))
Oct 19 14:30:41 vps postfix/qmgr[26951]: 0005F3C014C: from=, status=expired, returned to sender
Oct 19 14:30:41 vps postfix/cleanup[30195]: 1B7B33718BF: message-id=<20251019090041.1B7B33718BF@vps.vcrowd.in>
Oct 19 14:30:41 vps postfix/bounce[30191]: 0005F3C014C: sender non-delivery notification: 1B7B33718BF
Oct 19 14:30:41 vps postfix/qmgr[26951]: 1B7B33718BF: from=<>, size=3902, nrcpt=1 (queue active)
Oct 19 14:30:41 vps postfix/qmgr[26951]: 0005F3C014C: removed
Oct 19 14:30:41 vps postfix/local[30198]: 1B7B33718BF: to=, relay=local, delay=0.05, delays=0.02/0.02/0/0, dsn=2.0.0, status=sent (delivered to mailbox)
Oct 19 14:30:41 vps postfix/qmgr[26951]: 1B7B33718BF: removed
Oct 19 14:30:41 vps postfix/smtp[30148]: CA2843C014B: to=, relay=alt1.gmail-smtp-in.l.google.com[192.178.163.27]:25, delay=1081, delays=1078/0.04/2.3/0.74, dsn=4.7.26, status=SOFTBOUNCE (host alt1.gmail-smtp-in.l.google.com[192.178.163.27] said: 550-5.7.26 Your email has been blocked because the sender is unauthenticated. 550-5.7.26 Gmail requires all senders to authenticate with either SPF or DKIM. 550-5.7.26 550-5.7.26 Authentication results: 550-5.7.26 DKIM = did not pass 550-5.7.26 SPF [vps.vcrowd.in] with ip: [103.120.179.240] = did not pass 550-5.7.26 550-5.7.26 For instructions on setting up authentication, go to 550 5.7.26 https://support.google.com/mail/answer/81126#authentication d9443c01a7336-29247208195si26213905ad.400 - gsmtp (in reply to end of DATA command))
Oct 19 14:30:41 vps postfix/qmgr[26951]: CA2843C014B: from=, status=expired, returned to sender
Oct 19 14:30:41 vps postfix/cleanup[30195]: 36A823718BF: message-id=<20251019090041.36A823718BF@vps.vcrowd.in>
Oct 19 14:30:41 vps postfix/bounce[30191]: CA2843C014B: sender non-delivery notification: 36A823718BF
Oct 19 14:30:41 vps postfix/qmgr[26951]: 36A823718BF: from=<>, size=3846, nrcpt=1 (queue active)
Oct 19 14:30:41 vps postfix/qmgr[26951]: CA2843C014B: removed
Oct 19 14:30:41 vps postfix/local[30198]: 36A823718BF: to=, relay=local, delay=0.01, delays=0.01/0/0/0, dsn=2.0.0, status=sent (delivered to mailbox)
Oct 19 14:30:41 vps postfix/qmgr[26951]: 36A823718BF: removed
Oct 19 14:30:48 vps postfix/smtpd[11616]: connect from unknown[212.132.96.229]
Oct 19 14:30:50 vps postfix/anvil[27319]: statistics: max connection rate 1/60s for (smtp:62.60.131.124) at
Oct 19 14:21:40
Oct 19 14:30:50 vps postfix/anvil[27319]: statistics: max connection count 1 for (smtp:62.60.131.124) at
Oct 19 14:21:40
Oct 19 14:30:50 vps postfix/anvil[27319]: statistics: max cache size 4 at
Oct 19 14:25:12
Oct 19 14:30:50 vps postfix/smtpd[11616]: warning: unknown[212.132.96.229]: SASL LOGIN authentication failed: UGFzc3dvcmQ6
Oct 19 14:30:50 vps postfix/smtpd[11616]: disconnect from unknown[212.132.96.229]
Oct 19 14:31:08 vps postfix/smtp[30147]: connect to hostingraja.info[103.92.235.73]:25: Connection timed out
Oct 19 14:31:08 vps postfix/smtp[30147]: 2A0FB6F9D7: to=, relay=none, delay=426, delays=396/0.04/30/0, dsn=4.4.1, status=deferred (connect to hostingraja.info[103.92.235.73]:25: Connection timed out)
Oct 19 14:31:08 vps postfix/smtp[30144]: connect to crackersadaikki.com[76.223.67.189]:25: Connection timed out
Oct 19 14:31:08 vps postfix/smtp[30150]: connect to crackersadaikki.com[13.248.213.45]:25: Connection timed out
Oct 19 14:31:23 vps postfix/smtpd[29431]: connect from unknown[62.60.131.17]
Oct 19 14:31:27 vps postfix/smtpd[29431]: warning: unknown[62.60.131.17]: SASL LOGIN authentication failed: UGFzc3dvcmQ6
Oct 19 14:31:27 vps postfix/smtpd[29431]: disconnect from unknown[62.60.131.17]
Oct 19 14:31:38 vps postfix/smtp[30144]: connect to crackersadaikki.com[13.248.213.45]:25: Connection timed out
Oct 19 14:31:38 vps postfix/smtp[30144]: 51A453C0146: to=, relay=none, delay=423, delays=363/0.02/60/0, dsn=4.4.1, status=deferred (connect to crackersadaikki.com[13.248.213.45]:25: Connection timed out)
Oct 19 14:31:38 vps postfix/smtp[30150]: connect to crackersadaikki.com[76.223.67.189]:25: Connection timed out
Oct 19 14:31:38 vps postfix/smtp[30150]: ABE4C3C0147: to=, relay=none, delay=423, delays=362/0.07/60/0, dsn=4.4.1, status=deferred (connect to crackersadaikki.com[76.223.67.189]:25: Connection timed out)
Oct 19 14:31:42 vps postfix/smtpd[29431]: connect from unknown[213.209.157.225]
Oct 19 14:31:44 vps postfix/smtpd[29431]: warning: unknown[213.209.157.225]: SASL LOGIN authentication failed: UGFzc3dvcmQ6
Oct 19 14:31:44 vps postfix/smtpd[29431]: disconnect from unknown[213.209.157.225]
Oct 19 14:32:04 vps postfix/smtpd[11616]: connect from unknown[212.132.96.229]
Oct 19 14:32:07 vps postfix/smtpd[11616]: warning: unknown[212.132.96.229]: SASL LOGIN authentication failed: UGFzc3dvcmQ6
Oct 19 14:32:07 vps postfix/smtpd[11616]: disconnect from unknown[212.132.96.229]
Oct 19 14:32:14 vps postfix/smtpd[29431]: connect from unknown[121.131.220.153]
Oct 19 14:32:21 vps postfix/smtpd[29431]: warning: unknown[121.131.220.153]: SASL LOGIN authentication failed: UGFzc3dvcmQ6
Oct 19 14:32:21 vps postfix/smtpd[29431]: lost connection after AUTH from unknown[121.131.220.153]
Oct 19 14:32:21 vps postfix/smtpd[29431]: disconnect from unknown[121.131.220.153]
Oct 19 14:32:54 vps postfix/smtpd[29431]: connect from unknown[62.60.131.17]
Oct 19 14:32:58 vps postfix/smtpd[29431]: warning: unknown[62.60.131.17]: SASL LOGIN authentication failed: UGFzc3dvcmQ6
Oct 19 14:32:58 vps postfix/smtpd[29431]: disconnect from unknown[62.60.131.17]
Oct 19 14:33:21 vps postfix/smtpd[11616]: connect from unknown[212.132.96.229]
Oct 19 14:33:23 vps postfix/smtpd[11616]: warning: unknown[212.132.96.229]: SASL LOGIN authentication failed: UGFzc3dvcmQ6
Oct 19 14:33:23 vps postfix/smtpd[11616]: disconnect from unknown[212.132.96.229]
Oct 19 14:34:37 vps postfix/smtpd[11616]: connect from unknown[212.132.96.229]
Oct 19 14:34:39 vps postfix/smtpd[11616]: warning: unknown[212.132.96.229]: SASL LOGIN authentication failed: UGFzc3dvcmQ6
Oct 19 14:34:39 vps postfix/smtpd[11616]: disconnect from unknown[212.132.96.229]
Oct 19 14:35:06 vps postfix/pickup[30174]: 99FDA3C0145: uid=1062 from=
Oct 19 14:35:06 vps postfix/cleanup[6478]: 99FDA3C0145: message-id=<20251019090506.99FDA3C0145@vps.vcrowd.in>
Oct 19 14:35:06 vps opendkim[5590]: 99FDA3C0145: no signing table match for '"info@gvkennel"@gmail.com'
Oct 19 14:35:06 vps opendkim[5590]: 99FDA3C0145: no signature data
Oct 19 14:35:06 vps postfix/qmgr[26951]: 99FDA3C0145: from=, size=918, nrcpt=1 (queue active)
Oct 19 14:35:08 vps postfix/smtp[6492]: 99FDA3C0145: host gmail-smtp-in.l.google.com[142.251.12.26] said: 550-5.7.26 Your email has been blocked because the sender is unauthenticated. 550-5.7.26 Gmail requires all senders to authenticate with either SPF or DKIM. 550-5.7.26 550-5.7.26 Authentication results: 550-5.7.26 DKIM = did not pass 550-5.7.26 SPF [vps.vcrowd.in] with ip: [103.120.179.240] = did not pass 550-5.7.26 550-5.7.26 For instructions on setting up authentication, go to 550 5.7.26 https://support.google.com/mail/answer/81126#authentication 41be03b00d2f7-b6a76644c74si2304393a12.242 - gsmtp (in reply to end of DATA command)
Oct 19 14:35:09 vps postfix/smtp[6492]: 99FDA3C0145: to=, relay=alt1.gmail-smtp-in.l.google.com[192.178.163.26]:25, delay=3, delays=0.16/0.03/2.1/0.73, dsn=4.7.26, status=SOFTBOUNCE (host alt1.gmail-smtp-in.l.google.com[192.178.163.26] said: 550-5.7.26 Your email has been blocked because the sender is unauthenticated. 550-5.7.26 Gmail requires all senders to authenticate with either SPF or DKIM. 550-5.7.26 550-5.7.26 Authentication results: 550-5.7.26 DKIM = did not pass 550-5.7.26 SPF [vps.vcrowd.in] with ip: [103.120.179.240] = did not pass 550-5.7.26 550-5.7.26 For instructions on setting up authentication, go to 550 5.7.26 https://support.google.com/mail/answer/81126#authentication d9443c01a7336-2924722b6cdsi26153225ad.591 - gsmtp (in reply to end of DATA command))
Oct 19 14:35:38 vps postfix/qmgr[26951]: D2F053C014A: from=, size=1116, nrcpt=2 (queue active)
Oct 19 14:35:38 vps postfix/qmgr[26951]: 8AF963BF5BD: from=, size=873, nrcpt=2 (queue active)
Oct 19 14:35:39 vps postfix/smtp[7693]: D2F053C014A: host gmail-smtp-in.l.google.com[142.251.12.26] said: 550-5.7.26 Your email has been blocked because the sender is unauthenticated. 550-5.7.26 Gmail requires all senders to authenticate with either SPF or DKIM. 550-5.7.26 550-5.7.26 Authentication results: 550-5.7.26 DKIM = did not pass 550-5.7.26 SPF [vps.vcrowd.in] with ip: [103.120.179.240] = did not pass 550-5.7.26 550-5.7.26 For instructions on setting up authentication, go to 550 5.7.26 https://support.google.com/mail/answer/81126#authentication d2e1a72fcca58-7a2301194d5si2588280b3a.760 - gsmtp (in reply to end of DATA command)
Oct 19 14:35:40 vps postfix/smtp[7695]: 8AF963BF5BD: host gmail-smtp-in.l.google.com[142.251.12.26] said: 550-5.7.26 Your email has been blocked because the sender is unauthenticated. 550-5.7.26 Gmail requires all senders to authenticate with either SPF or DKIM. 550-5.7.26 550-5.7.26 Authentication results: 550-5.7.26 DKIM = did not pass 550-5.7.26 SPF [vps.vcrowd.in] with ip: [103.120.179.240] = did not pass 550-5.7.26 550-5.7.26 For instructions on setting up authentication, go to 550 5.7.26 https://support.google.com/mail/answer/81126#authentication 41be03b00d2f7-b6a76b1d0cdsi2179672a12.339 - gsmtp (in reply to end of DATA command)
Oct 19 14:35:41 vps postfix/smtp[7693]: D2F053C014A: to=, relay=alt1.gmail-smtp-in.l.google.com[192.178.163.26]:25, delay=1514, delays=1512/0.02/1.9/0.63, dsn=4.7.26, status=SOFTBOUNCE (host alt1.gmail-smtp-in.l.google.com[192.178.163.26] said: 550-5.7.26 Your email has been blocked because the sender is unauthenticated. 550-5.7.26 Gmail requires all senders to authenticate with either SPF or DKIM. 550-5.7.26 550-5.7.26 Authentication results: 550-5.7.26 DKIM = did not pass 550-5.7.26 SPF [vps.vcrowd.in] with ip: [103.120.179.240] = did not pass 550-5.7.26 550-5.7.26 For instructions on setting up authentication, go to 550 5.7.26 https://support.google.com/mail/answer/81126#authentication d2e1a72fcca58-7a22ff1951asi2675628b3a.22 - gsmtp (in reply to end of DATA command))
Oct 19 14:35:41 vps postfix/smtp[7695]: 8AF963BF5BD: to=, relay=alt1.gmail-smtp-in.l.google.com[192.178.163.27]:25, delay=1515, delays=1512/0.04/2.1/0.78, dsn=4.7.26, status=SOFTBOUNCE (host alt1.gmail-smtp-in.l.google.com[192.178.163.27] said: 550-5.7.26 Your email has been blocked because the sender is unauthenticated. 550-5.7.26 Gmail requires all senders to authenticate with either SPF or DKIM. 550-5.7.26 550-5.7.26 Authentication results: 550-5.7.26 DKIM = did not pass 550-5.7.26 SPF [vps.vcrowd.in] with ip: [103.120.179.240] = did not pass 550-5.7.26 550-5.7.26 For instructions on setting up authentication, go to 550 5.7.26 https://support.google.com/mail/answer/81126#authentication 41be03b00d2f7-b6a79361820si1933898a12.1331 - gsmtp (in reply to end of DATA command))
Oct 19 14:35:52 vps postfix/smtpd[11616]: connect from unknown[212.132.96.229]
Oct 19 14:35:55 vps postfix/smtpd[11616]: warning: unknown[212.132.96.229]: SASL LOGIN authentication failed: UGFzc3dvcmQ6
Oct 19 14:35:55 vps postfix/smtpd[11616]: disconnect from unknown[212.132.96.229]
Oct 19 14:36:08 vps postfix/smtp[7694]: connect to crackersadaikki.com[76.223.67.189]:25: Connection timed out
Oct 19 14:36:08 vps postfix/smtp[6492]: connect to crackersadaikki.com[76.223.67.189]:25: Connection timed out
Oct 19 14:36:25 vps postfix/smtpd[8822]: connect from unknown[213.209.157.252]
Oct 19 14:36:28 vps postfix/smtpd[8822]: warning: unknown[213.209.157.252]: SASL LOGIN authentication failed: UGFzc3dvcmQ6
Oct 19 14:36:28 vps postfix/smtpd[8822]: disconnect from unknown[213.209.157.252]
Oct 19 14:36:38 vps postfix/smtp[7694]: connect to crackersadaikki.com[13.248.213.45]:25: Connection timed out
Oct 19 14:36:38 vps postfix/smtp[7694]: 8AF963BF5BD: to=, relay=none, delay=1572, delays=1512/0.03/60/0, dsn=4.4.1, status=deferred (connect to crackersadaikki.com[13.248.213.45]:25: Connection timed out)
Oct 19 14:36:38 vps postfix/qmgr[26951]: 8AF963BF5BD: from=, status=expired, returned to sender
Oct 19 14:36:38 vps postfix/cleanup[6478]: A40517AFB3: message-id=<20251019090638.A40517AFB3@vps.vcrowd.in>
Oct 19 14:36:38 vps postfix/bounce[6780]: 8AF963BF5BD: sender non-delivery notification: A40517AFB3
Oct 19 14:36:38 vps postfix/qmgr[26951]: A40517AFB3: from=<>, size=4468, nrcpt=1 (queue active)
Oct 19 14:36:38 vps postfix/qmgr[26951]: 8AF963BF5BD: removed
Oct 19 14:36:38 vps postfix/local[9067]: A40517AFB3: to=, relay=local, delay=0.02, delays=0.01/0.02/0/0, dsn=2.0.0, status=sent (delivered to mailbox)
Oct 19 14:36:38 vps postfix/qmgr[26951]: A40517AFB3: removed
Oct 19 14:36:38 vps postfix/smtp[6492]: connect to crackersadaikki.com[13.248.213.45]:25: Connection timed out
Oct 19 14:36:38 vps postfix/smtp[6492]: D2F053C014A: to=, relay=none, delay=1572, delays=1512/0.01/60/0, dsn=4.4.1, status=deferred (connect to crackersadaikki.com[13.248.213.45]:25: Connection timed out)
Oct 19 14:36:38 vps postfix/qmgr[26951]: D2F053C014A: from=, status=expired, returned to sender
Oct 19 14:36:38 vps postfix/cleanup[6478]: BB2F37AFB3: message-id=<20251019090638.BB2F37AFB3@vps.vcrowd.in>
Oct 19 14:36:38 vps postfix/bounce[6780]: D2F053C014A: sender non-delivery notification: BB2F37AFB3
Oct 19 14:36:38 vps postfix/qmgr[26951]: BB2F37AFB3: from=<>, size=4705, nrcpt=1 (queue active)
Oct 19 14:36:38 vps postfix/qmgr[26951]: D2F053C014A: removed
Oct 19 14:36:38 vps postfix/local[9067]: BB2F37AFB3: to=, relay=local, delay=0.01, delays=0/0/0/0, dsn=2.0.0, status=sent (delivered to mailbox)
Oct 19 14:36:38 vps postfix/qmgr[26951]: BB2F37AFB3: removed
Oct 19 14:37:07 vps postfix/smtpd[11616]: connect from unknown[212.132.96.229]
Oct 19 14:37:10 vps postfix/smtpd[11616]: warning: unknown[212.132.96.229]: SASL LOGIN authentication failed: UGFzc3dvcmQ6
Oct 19 14:37:10 vps postfix/smtpd[11616]: disconnect from unknown[212.132.96.229]
Oct 19 14:37:42 vps postfix/pickup[30174]: 6A1B77AFB3: uid=1052 from=
Oct 19 14:37:42 vps postfix/cleanup[6478]: 6A1B77AFB3: message-id=<20251019090742.6A1B77AFB3@vps.vcrowd.in>
Oct 19 14:37:42 vps opendkim[5590]: 6A1B77AFB3: DKIM-Signature field added (s=default, d=crackersadaikki.com)
Oct 19 14:37:42 vps postfix/qmgr[26951]: 6A1B77AFB3: from=, size=872, nrcpt=2 (queue active)
Oct 19 14:37:42 vps postfix/pickup[30174]: B2B203BF5BD: uid=1052 from=
Oct 19 14:37:42 vps postfix/cleanup[6478]: B2B203BF5BD: message-id=<20251019090742.B2B203BF5BD@vps.vcrowd.in>
Oct 19 14:37:42 vps opendkim[5590]: B2B203BF5BD: DKIM-Signature field added (s=default, d=crackersadaikki.com)
Oct 19 14:37:42 vps postfix/qmgr[26951]: B2B203BF5BD: from=, size=1116, nrcpt=2 (queue active)
Oct 19 14:37:43 vps postfix/smtp[6492]: 6A1B77AFB3: host gmail-smtp-in.l.google.com[142.251.12.27] said: 550-5.7.26 Your email has been blocked because the sender is unauthenticated. 550-5.7.26 Gmail requires all senders to authenticate with either SPF or DKIM. 550-5.7.26 550-5.7.26 Authentication results: 550-5.7.26 DKIM = did not pass 550-5.7.26 SPF [vps.vcrowd.in] with ip: [103.120.179.240] = did not pass 550-5.7.26 550-5.7.26 For instructions on setting up authentication, go to 550 5.7.26 https://support.google.com/mail/answer/81126#authentication 41be03b00d2f7-b6a76b8546csi2165850a12.1421 - gsmtp (in reply to end of DATA command)
Oct 19 14:37:43 vps postfix/smtp[10308]: B2B203BF5BD: host gmail-smtp-in.l.google.com[142.251.12.26] said: 550-5.7.26 Your email has been blocked because the sender is unauthenticated. 550-5.7.26 Gmail requires all senders to authenticate with either SPF or DKIM. 550-5.7.26 550-5.7.26 Authentication results: 550-5.7.26 DKIM = did not pass 550-5.7.26 SPF [vps.vcrowd.in] with ip: [103.120.179.240] = did not pass 550-5.7.26 550-5.7.26 For instructions on setting up authentication, go to 550 5.7.26 https://support.google.com/mail/answer/81126#authentication 41be03b00d2f7-b6a76b1d4c9si2252440a12.377 - gsmtp (in reply to end of DATA command)
Oct 19 14:37:45 vps postfix/smtp[6492]: 6A1B77AFB3: to=, relay=alt1.gmail-smtp-in.l.google.com[192.178.163.27]:25, delay=2.6, delays=0.06/0.01/1.9/0.61, dsn=4.7.26, status=SOFTBOUNCE (host alt1.gmail-smtp-in.l.google.com[192.178.163.27] said: 550-5.7.26 Your email has been blocked because the sender is unauthenticated. 550-5.7.26 Gmail requires all senders to authenticate with either SPF or DKIM. 550-5.7.26 550-5.7.26 Authentication results: 550-5.7.26 DKIM = did not pass 550-5.7.26 SPF [vps.vcrowd.in] with ip: [103.120.179.240] = did not pass 550-5.7.26 550-5.7.26 For instructions on setting up authentication, go to 550 5.7.26 https://support.google.com/mail/answer/81126#authentication 41be03b00d2f7-b6a76b3a44dsi2221685a12.682 - gsmtp (in reply to end of DATA command))
Oct 19 14:37:45 vps postfix/smtp[10308]: B2B203BF5BD: to=, relay=alt1.gmail-smtp-in.l.google.com[192.178.163.27]:25, delay=2.6, delays=0.06/0.03/1.9/0.65, dsn=4.7.26, status=SOFTBOUNCE (host alt1.gmail-smtp-in.l.google.com[192.178.163.27] said: 550-5.7.26 Your email has been blocked because the sender is unauthenticated. 550-5.7.26 Gmail requires all senders to authenticate with either SPF or DKIM. 550-5.7.26 550-5.7.26 Authentication results: 550-5.7.26 DKIM = did not pass 550-5.7.26 SPF [vps.vcrowd.in] with ip: [103.120.179.240] = did not pass 550-5.7.26 550-5.7.26 For instructions on setting up authentication, go to 550 5.7.26 https://support.google.com/mail/answer/81126#authentication 41be03b00d2f7-b6a76b445c9si2247483a12.846 - gsmtp (in reply to end of DATA command))
Oct 19 14:38:12 vps postfix/smtp[7694]: connect to crackersadaikki.com[13.248.213.45]:25: Connection timed out
Oct 19 14:38:12 vps postfix/smtp[10307]: connect to crackersadaikki.com[76.223.67.189]:25: Connection timed out
Oct 19 14:38:24 vps postfix/smtpd[11616]: connect from unknown[212.132.96.229]
Oct 19 14:38:27 vps postfix/smtpd[11616]: warning: unknown[212.132.96.229]: SASL LOGIN authentication failed: UGFzc3dvcmQ6
Oct 19 14:38:27 vps postfix/smtpd[11616]: disconnect from unknown[212.132.96.229]
Oct 19 14:38:42 vps postfix/smtp[7694]: connect to crackersadaikki.com[76.223.67.189]:25: Connection timed out
Oct 19 14:38:42 vps postfix/smtp[7694]: 6A1B77AFB3: to=, relay=none, delay=60, delays=0.06/0.01/60/0, dsn=4.4.1, status=deferred (connect to crackersadaikki.com[76.223.67.189]:25: Connection timed out)
Oct 19 14:38:42 vps postfix/smtp[10307]: connect to crackersadaikki.com[13.248.213.45]:25: Connection timed out
Oct 19 14:38:42 vps postfix/smtp[10307]: B2B203BF5BD: to=, relay=none, delay=60, delays=0.06/0.01/60/0, dsn=4.4.1, status=deferred (connect to crackersadaikki.com[13.248.213.45]:25: Connection timed out)
Oct 19 14:39:11 vps postfix/smtpd[11822]: connect from unknown[195.211.188.86]
Oct 19 14:39:14 vps postfix/smtpd[11822]: warning: unknown[195.211.188.86]: SASL LOGIN authentication failed: UGFzc3dvcmQ6
Oct 19 14:39:14 vps postfix/smtpd[11822]: disconnect from unknown[195.211.188.86]
Oct 19 14:39:37 vps postfix/smtpd[11822]: connect from mail-japaneastazon11023095.outbound.protection.outlook.com[52.101.127.95]
