Oct 19 18:20:40 vps postfix/smtp[30627]: B14C17AFB3: to=, relay=alt1.gmail-smtp-in.l.google.com[192.178.163.26]:25, delay=1130, delays=1127/0/1.9/0.77, dsn=4.7.26, status=SOFTBOUNCE (host alt1.gmail-smtp-in.l.google.com[192.178.163.26] said: 550-5.7.26 Your email has been blocked because the sender is unauthenticated. 550-5.7.26 Gmail requires all senders to authenticate with either SPF or DKIM. 550-5.7.26 550-5.7.26 Authentication results: 550-5.7.26 DKIM = did not pass 550-5.7.26 SPF [vps.vcrowd.in] with ip: [103.120.179.240] = did not pass 550-5.7.26 550-5.7.26 For instructions on setting up authentication, go to 550 5.7.26 https://support.google.com/mail/answer/81126#authentication 41be03b00d2f7-b6a76b84111si2467646a12.1393 - gsmtp (in reply to end of DATA command))
Oct 19 18:20:40 vps postfix/qmgr[26951]: B14C17AFB3: from=, status=expired, returned to sender
Oct 19 18:20:40 vps postfix/cleanup[30253]: BCF133C0146: message-id=<20251019125040.BCF133C0146@vps.vcrowd.in>
Oct 19 18:20:40 vps postfix/bounce[30262]: B14C17AFB3: sender non-delivery notification: BCF133C0146
Oct 19 18:20:40 vps postfix/qmgr[26951]: BCF133C0146: from=<>, size=3851, nrcpt=1 (queue active)
Oct 19 18:20:40 vps postfix/qmgr[26951]: B14C17AFB3: removed
Oct 19 18:20:40 vps postfix/local[31987]: B8F196F51A: to=, relay=local, delay=0.05, delays=0.01/0.02/0/0.01, dsn=2.0.0, status=sent (delivered to mailbox)
Oct 19 18:20:40 vps postfix/qmgr[26951]: B8F196F51A: removed
Oct 19 18:20:40 vps postfix/local[31988]: BCF133C0146: to=, relay=local, delay=0.04, delays=0.01/0.03/0/0, dsn=2.0.0, status=sent (delivered to mailbox)
Oct 19 18:20:40 vps postfix/qmgr[26951]: BCF133C0146: removed
Oct 19 18:20:50 vps postfix/anvil[27319]: statistics: max connection rate 2/60s for (smtp:195.211.188.86) at
Oct 19 18:19:02
Oct 19 18:20:50 vps postfix/anvil[27319]: statistics: max connection count 1 for (smtp:176.226.218.128) at
Oct 19 18:11:15
Oct 19 18:20:50 vps postfix/anvil[27319]: statistics: max cache size 3 at
Oct 19 18:11:26
Oct 19 18:20:52 vps postfix/smtp[30259]: connect to crackersadaikki.com[13.248.213.45]:25: Connection timed out
Oct 19 18:20:52 vps postfix/smtp[30259]: 08BD93BF5BD: to=, relay=none, delay=60, delays=0.06/0.01/60/0, dsn=4.4.1, status=deferred (connect to crackersadaikki.com[13.248.213.45]:25: Connection timed out)
Oct 19 18:20:52 vps postfix/smtp[30626]: connect to crackersadaikki.com[13.248.213.45]:25: Connection timed out
Oct 19 18:20:52 vps postfix/smtp[30626]: 6DE043C0145: to=, relay=none, delay=60, delays=0.05/0.02/60/0, dsn=4.4.1, status=deferred (connect to crackersadaikki.com[13.248.213.45]:25: Connection timed out)
Oct 19 18:21:28 vps postfix/smtpd[13425]: connect from unknown[212.132.96.229]
Oct 19 18:21:31 vps postfix/smtpd[13425]: warning: unknown[212.132.96.229]: SASL LOGIN authentication failed: UGFzc3dvcmQ6
Oct 19 18:21:31 vps postfix/smtpd[13425]: disconnect from unknown[212.132.96.229]
Oct 19 18:22:21 vps postfix/smtpd[604]: connect from unknown[213.209.157.225]
Oct 19 18:22:23 vps postfix/smtpd[604]: warning: unknown[213.209.157.225]: SASL LOGIN authentication failed: UGFzc3dvcmQ6
Oct 19 18:22:23 vps postfix/smtpd[604]: disconnect from unknown[213.209.157.225]
Oct 19 18:22:44 vps postfix/smtpd[13425]: connect from unknown[212.132.96.229]
Oct 19 18:22:47 vps postfix/smtpd[13425]: warning: unknown[212.132.96.229]: SASL LOGIN authentication failed: UGFzc3dvcmQ6
Oct 19 18:22:47 vps postfix/smtpd[13425]: disconnect from unknown[212.132.96.229]
Oct 19 18:22:50 vps postfix/smtpd[604]: connect from unknown[62.60.131.124]
Oct 19 18:22:53 vps postfix/smtpd[604]: warning: unknown[62.60.131.124]: SASL LOGIN authentication failed: UGFzc3dvcmQ6
Oct 19 18:22:53 vps postfix/smtpd[604]: disconnect from unknown[62.60.131.124]
Oct 19 18:23:10 vps postfix/smtpd[604]: connect from unknown[62.60.131.17]
Oct 19 18:23:13 vps postfix/smtpd[604]: warning: unknown[62.60.131.17]: SASL LOGIN authentication failed: UGFzc3dvcmQ6
Oct 19 18:23:13 vps postfix/smtpd[604]: disconnect from unknown[62.60.131.17]
Oct 19 18:23:34 vps postfix/smtps/smtpd[1419]: warning: No server certs available. TLS won't be enabled
Oct 19 18:23:35 vps postfix/smtps/smtpd[1419]: connect from unknown[94.201.22.158]
Oct 19 18:23:35 vps postfix/smtps/smtpd[1419]: warning: Wrapper-mode request dropped from unknown[94.201.22.158] for service 465. TLS context initialization failed. For details see earlier warnings in your logs.
Oct 19 18:23:35 vps postfix/smtps/smtpd[1419]: disconnect from unknown[94.201.22.158]
Oct 19 18:23:38 vps postfix/smtps/smtpd[1419]: connect from unknown[111.26.62.37]
Oct 19 18:23:38 vps postfix/smtps/smtpd[1419]: warning: Wrapper-mode request dropped from unknown[111.26.62.37] for service 465. TLS context initialization failed. For details see earlier warnings in your logs.
Oct 19 18:23:38 vps postfix/smtps/smtpd[1419]: disconnect from unknown[111.26.62.37]
Oct 19 18:23:50 vps postfix/smtps/smtpd[1419]: connect from unknown[121.239.67.146]
Oct 19 18:23:50 vps postfix/smtps/smtpd[1419]: warning: Wrapper-mode request dropped from unknown[121.239.67.146] for service 465. TLS context initialization failed. For details see earlier warnings in your logs.
Oct 19 18:23:50 vps postfix/smtps/smtpd[1419]: disconnect from unknown[121.239.67.146]
Oct 19 18:23:53 vps postfix/smtps/smtpd[1419]: connect from 111-70-13-54.emome-ip.hinet.net[111.70.13.54]
Oct 19 18:23:53 vps postfix/smtps/smtpd[1419]: warning: Wrapper-mode request dropped from 111-70-13-54.emome-ip.hinet.net[111.70.13.54] for service 465. TLS context initialization failed. For details see earlier warnings in your logs.
Oct 19 18:23:53 vps postfix/smtps/smtpd[1419]: disconnect from 111-70-13-54.emome-ip.hinet.net[111.70.13.54]
Oct 19 18:23:55 vps postfix/smtps/smtpd[1419]: connect from unknown[1.235.192.130]
Oct 19 18:23:55 vps postfix/smtps/smtpd[1419]: warning: Wrapper-mode request dropped from unknown[1.235.192.130] for service 465. TLS context initialization failed. For details see earlier warnings in your logs.
Oct 19 18:23:55 vps postfix/smtps/smtpd[1419]: disconnect from unknown[1.235.192.130]
Oct 19 18:23:58 vps postfix/smtps/smtpd[1419]: connect from unknown[222.108.177.110]
Oct 19 18:23:58 vps postfix/smtps/smtpd[1419]: warning: Wrapper-mode request dropped from unknown[222.108.177.110] for service 465. TLS context initialization failed. For details see earlier warnings in your logs.
Oct 19 18:23:58 vps postfix/smtps/smtpd[1419]: disconnect from unknown[222.108.177.110]
Oct 19 18:24:01 vps postfix/smtps/smtpd[1419]: warning: hostname nsg-corporate-78.229.187.122.airtel.in does not resolve to address 122.187.229.78: Name or service not known
Oct 19 18:24:01 vps postfix/smtps/smtpd[1419]: connect from unknown[122.187.229.78]
Oct 19 18:24:01 vps postfix/smtps/smtpd[1419]: warning: Wrapper-mode request dropped from unknown[122.187.229.78] for service 465. TLS context initialization failed. For details see earlier warnings in your logs.
Oct 19 18:24:01 vps postfix/smtps/smtpd[1419]: disconnect from unknown[122.187.229.78]
Oct 19 18:24:01 vps postfix/smtpd[13425]: connect from unknown[212.132.96.229]
Oct 19 18:24:04 vps postfix/smtpd[13425]: warning: unknown[212.132.96.229]: SASL LOGIN authentication failed: UGFzc3dvcmQ6
Oct 19 18:24:04 vps postfix/smtpd[13425]: disconnect from unknown[212.132.96.229]
Oct 19 18:25:18 vps postfix/smtpd[13425]: connect from unknown[212.132.96.229]
Oct 19 18:25:21 vps postfix/smtpd[13425]: warning: unknown[212.132.96.229]: SASL LOGIN authentication failed: UGFzc3dvcmQ6
Oct 19 18:25:21 vps postfix/smtpd[13425]: disconnect from unknown[212.132.96.229]
Oct 19 18:25:38 vps postfix/qmgr[26951]: 696983BF595: from=, size=2798, nrcpt=2 (queue active)
Oct 19 18:25:38 vps postfix/pipe[3539]: 696983BF595: to=, relay=dovecot, delay=375, delays=375/0.04/0/0.04, dsn=4.1.1, status=SOFTBOUNCE (user unknown)
Oct 19 18:25:39 vps postfix/smtp[3538]: 696983BF595: host gmail-smtp-in.l.google.com[142.251.12.27] said: 550-5.7.26 Your email has been blocked because the sender is unauthenticated. 550-5.7.26 Gmail requires all senders to authenticate with either SPF or DKIM. 550-5.7.26 550-5.7.26 Authentication results: 550-5.7.26 DKIM = did not pass 550-5.7.26 SPF [vps.vcrowd.in] with ip: [103.120.179.240] = did not pass 550-5.7.26 550-5.7.26 For instructions on setting up authentication, go to 550 5.7.26 https://support.google.com/mail/answer/81126#authentication 41be03b00d2f7-b6a76646fc1si2504540a12.48 - gsmtp (in reply to end of DATA command)
Oct 19 18:25:40 vps postfix/smtp[3538]: 696983BF595: to=, relay=alt1.gmail-smtp-in.l.google.com[192.178.163.26]:25, delay=377, delays=375/0.05/1.8/0.64, dsn=4.7.26, status=SOFTBOUNCE (host alt1.gmail-smtp-in.l.google.com[192.178.163.26] said: 550-5.7.26 Your email has been blocked because the sender is unauthenticated. 550-5.7.26 Gmail requires all senders to authenticate with either SPF or DKIM. 550-5.7.26 550-5.7.26 Authentication results: 550-5.7.26 DKIM = did not pass 550-5.7.26 SPF [vps.vcrowd.in] with ip: [103.120.179.240] = did not pass 550-5.7.26 550-5.7.26 For instructions on setting up authentication, go to 550 5.7.26 https://support.google.com/mail/answer/81126#authentication d2e1a72fcca58-7a2300d5a82si2852510b3a.310 - gsmtp (in reply to end of DATA command))
Oct 19 18:26:33 vps postfix/smtpd[13425]: connect from unknown[212.132.96.229]
Oct 19 18:26:36 vps postfix/smtpd[13425]: warning: unknown[212.132.96.229]: SASL LOGIN authentication failed: UGFzc3dvcmQ6
Oct 19 18:26:36 vps postfix/smtpd[13425]: disconnect from unknown[212.132.96.229]
Oct 19 18:27:13 vps postfix/smtps/smtpd[4579]: warning: No server certs available. TLS won't be enabled
Oct 19 18:27:13 vps postfix/smtps/smtpd[4579]: connect from unknown[218.13.47.83]
Oct 19 18:27:13 vps postfix/smtps/smtpd[4579]: warning: Wrapper-mode request dropped from unknown[218.13.47.83] for service 465. TLS context initialization failed. For details see earlier warnings in your logs.
Oct 19 18:27:13 vps postfix/smtps/smtpd[4579]: disconnect from unknown[218.13.47.83]
Oct 19 18:27:50 vps postfix/smtpd[13425]: connect from unknown[212.132.96.229]
Oct 19 18:27:53 vps postfix/smtpd[13425]: warning: unknown[212.132.96.229]: SASL LOGIN authentication failed: UGFzc3dvcmQ6
Oct 19 18:27:53 vps postfix/smtpd[13425]: disconnect from unknown[212.132.96.229]
Oct 19 18:27:54 vps postfix/smtpd[4931]: connect from fert.initialaudit.info[96.31.94.60]
Oct 19 18:27:54 vps postfix/smtpd[4931]: NOQUEUE: reject: RCPT from fert.initialaudit.info[96.31.94.60]: 450 4.1.8 : Sender address rejected: Domain not found; from= to= proto=ESMTP helo=
Oct 19 18:27:54 vps postfix/smtpd[4931]: disconnect from fert.initialaudit.info[96.31.94.60]
Oct 19 18:28:46 vps postfix/smtpd[4931]: connect from unknown[62.60.131.17]
Oct 19 18:28:49 vps postfix/smtpd[4931]: warning: unknown[62.60.131.17]: SASL LOGIN authentication failed: UGFzc3dvcmQ6
Oct 19 18:28:49 vps postfix/smtpd[4931]: disconnect from unknown[62.60.131.17]
Oct 19 18:29:07 vps postfix/smtpd[13425]: connect from unknown[212.132.96.229]
Oct 19 18:29:09 vps postfix/smtpd[13425]: warning: unknown[212.132.96.229]: SASL LOGIN authentication failed: UGFzc3dvcmQ6
Oct 19 18:29:09 vps postfix/smtpd[13425]: disconnect from unknown[212.132.96.229]
Oct 19 18:29:37 vps postfix/smtpd[13425]: connect from unknown[165.154.121.231]
Oct 19 18:29:39 vps postfix/smtpd[13425]: warning: unknown[165.154.121.231]: SASL LOGIN authentication failed: UGFzc3dvcmQ6
Oct 19 18:29:39 vps postfix/smtpd[13425]: disconnect from unknown[165.154.121.231]
Oct 19 18:29:53 vps postfix/smtpd[4931]: connect from mail-1c.netcraft.com[52.31.138.216]
Oct 19 18:29:55 vps postfix/smtpd[4931]: NOQUEUE: reject: RCPT from mail-1c.netcraft.com[52.31.138.216]: 450 4.1.1 : Recipient address rejected: User unknown in virtual mailbox table; from= to= proto=ESMTP helo=
Oct 19 18:29:55 vps postfix/smtpd[4931]: disconnect from mail-1c.netcraft.com[52.31.138.216]
Oct 19 18:30:15 vps postfix/smtpd[4931]: connect from unknown[49.124.159.179]
Oct 19 18:30:20 vps postfix/smtpd[4931]: warning: unknown[49.124.159.179]: SASL LOGIN authentication failed: UGFzc3dvcmQ6
Oct 19 18:30:21 vps postfix/smtpd[4931]: lost connection after AUTH from unknown[49.124.159.179]
Oct 19 18:30:21 vps postfix/smtpd[4931]: disconnect from unknown[49.124.159.179]
Oct 19 18:30:21 vps postfix/smtpd[13425]: connect from unknown[212.132.96.229]
Oct 19 18:30:22 vps postfix/smtpd[4931]: connect from mail-1c.netcraft.com[52.31.138.216]
Oct 19 18:30:23 vps postfix/smtpd[4931]: NOQUEUE: reject: RCPT from mail-1c.netcraft.com[52.31.138.216]: 450 4.1.1 : Recipient address rejected: User unknown in virtual mailbox table; from= to= proto=ESMTP helo=
Oct 19 18:30:23 vps postfix/smtpd[4931]: disconnect from mail-1c.netcraft.com[52.31.138.216]
Oct 19 18:30:24 vps postfix/smtpd[13425]: warning: unknown[212.132.96.229]: SASL LOGIN authentication failed: UGFzc3dvcmQ6
Oct 19 18:30:24 vps postfix/smtpd[13425]: disconnect from unknown[212.132.96.229]
Oct 19 18:30:38 vps postfix/qmgr[26951]: 6DE043C0145: from=, size=1116, nrcpt=2 (queue active)
Oct 19 18:30:38 vps postfix/qmgr[26951]: 08BD93BF5BD: from=, size=873, nrcpt=2 (queue active)
Oct 19 18:30:39 vps postfix/smtp[7665]: 6DE043C0145: host gmail-smtp-in.l.google.com[142.251.12.27] said: 550-5.7.26 Your email has been blocked because the sender is unauthenticated. 550-5.7.26 Gmail requires all senders to authenticate with either SPF or DKIM. 550-5.7.26 550-5.7.26 Authentication results: 550-5.7.26 DKIM = did not pass 550-5.7.26 SPF [vps.vcrowd.in] with ip: [103.120.179.240] = did not pass 550-5.7.26 550-5.7.26 For instructions on setting up authentication, go to 550 5.7.26 https://support.google.com/mail/answer/81126#authentication 41be03b00d2f7-b6a76b6407esi2458371a12.1046 - gsmtp (in reply to end of DATA command)
Oct 19 18:30:39 vps postfix/smtp[7667]: 08BD93BF5BD: host gmail-smtp-in.l.google.com[142.251.12.26] said: 550-5.7.26 Your email has been blocked because the sender is unauthenticated. 550-5.7.26 Gmail requires all senders to authenticate with either SPF or DKIM. 550-5.7.26 550-5.7.26 Authentication results: 550-5.7.26 DKIM = did not pass 550-5.7.26 SPF [vps.vcrowd.in] with ip: [103.120.179.240] = did not pass 550-5.7.26 550-5.7.26 For instructions on setting up authentication, go to 550 5.7.26 https://support.google.com/mail/answer/81126#authentication d2e1a72fcca58-7a2300d5cecsi2867253b3a.299 - gsmtp (in reply to end of DATA command)
Oct 19 18:30:40 vps postfix/smtp[7665]: 6DE043C0145: to=, relay=alt1.gmail-smtp-in.l.google.com[192.178.163.27]:25, delay=648, delays=646/0.04/1.8/0.59, dsn=4.7.26, status=SOFTBOUNCE (host alt1.gmail-smtp-in.l.google.com[192.178.163.27] said: 550-5.7.26 Your email has been blocked because the sender is unauthenticated. 550-5.7.26 Gmail requires all senders to authenticate with either SPF or DKIM. 550-5.7.26 550-5.7.26 Authentication results: 550-5.7.26 DKIM = did not pass 550-5.7.26 SPF [vps.vcrowd.in] with ip: [103.120.179.240] = did not pass 550-5.7.26 550-5.7.26 For instructions on setting up authentication, go to 550 5.7.26 https://support.google.com/mail/answer/81126#authentication 41be03b00d2f7-b6a76b83cb9si2537433a12.1372 - gsmtp (in reply to end of DATA command))
Oct 19 18:30:40 vps postfix/smtp[7667]: 08BD93BF5BD: to=, relay=alt1.gmail-smtp-in.l.google.com[192.178.163.26]:25, delay=649, delays=646/0.05/1.9/0.67, dsn=4.7.26, status=SOFTBOUNCE (host alt1.gmail-smtp-in.l.google.com[192.178.163.26] said: 550-5.7.26 Your email has been blocked because the sender is unauthenticated. 550-5.7.26 Gmail requires all senders to authenticate with either SPF or DKIM. 550-5.7.26 550-5.7.26 Authentication results: 550-5.7.26 DKIM = did not pass 550-5.7.26 SPF [vps.vcrowd.in] with ip: [103.120.179.240] = did not pass 550-5.7.26 550-5.7.26 For instructions on setting up authentication, go to 550 5.7.26 https://support.google.com/mail/answer/81126#authentication d9443c01a7336-2924723ae3fsi28803845ad.758 - gsmtp (in reply to end of DATA command))
Oct 19 18:30:50 vps postfix/anvil[27319]: statistics: max connection rate 2/60s for (smtp:52.31.138.216) at
Oct 19 18:30:22
Oct 19 18:30:50 vps postfix/anvil[27319]: statistics: max connection count 1 for (submission:212.132.96.229) at
Oct 19 18:21:28
Oct 19 18:30:50 vps postfix/anvil[27319]: statistics: max cache size 4 at
Oct 19 18:23:10
Oct 19 18:31:08 vps postfix/smtp[7664]: connect to crackersadaikki.com[76.223.67.189]:25: Connection timed out
Oct 19 18:31:08 vps postfix/smtp[7666]: connect to crackersadaikki.com[13.248.213.45]:25: Connection timed out
Oct 19 18:31:38 vps postfix/smtp[7664]: connect to crackersadaikki.com[13.248.213.45]:25: Connection timed out
Oct 19 18:31:38 vps postfix/smtp[7664]: 6DE043C0145: to=, relay=none, delay=706, delays=646/0.02/60/0, dsn=4.4.1, status=deferred (connect to crackersadaikki.com[13.248.213.45]:25: Connection timed out)
Oct 19 18:31:38 vps postfix/bounce[7695]: warning: [built-in]: zero result in delay template conversion of parameter "delay_warning_time_hours"
Oct 19 18:31:38 vps postfix/bounce[7695]: warning: please reduce time unit "hours" of "delay_warning_time_hours" in delay template
Oct 19 18:31:38 vps postfix/bounce[7695]: warning: for instructions see the bounce(5) manual
Oct 19 18:31:38 vps postfix/bounce[7695]: warning: [built-in]: zero result in delay template conversion of parameter "maximal_queue_lifetime_days"
Oct 19 18:31:38 vps postfix/bounce[7695]: warning: please reduce time unit "days" of "maximal_queue_lifetime_days" in delay template
Oct 19 18:31:38 vps postfix/bounce[7695]: warning: for instructions see the bounce(5) manual
Oct 19 18:31:38 vps postfix/cleanup[8281]: 6C7956F9D7: message-id=<20251019130138.6C7956F9D7@vps.vcrowd.in>
Oct 19 18:31:38 vps postfix/bounce[7695]: 6DE043C0145: sender delay notification: 6C7956F9D7
Oct 19 18:31:38 vps postfix/qmgr[26951]: 6C7956F9D7: from=<>, size=4398, nrcpt=1 (queue active)
Oct 19 18:31:38 vps postfix/local[8284]: 6C7956F9D7: to=, relay=local, delay=0.03, delays=0.02/0.01/0/0, dsn=2.0.0, status=sent (delivered to mailbox)
Oct 19 18:31:38 vps postfix/qmgr[26951]: 6C7956F9D7: removed
Oct 19 18:31:38 vps postfix/smtp[7666]: connect to crackersadaikki.com[76.223.67.189]:25: Connection timed out
Oct 19 18:31:38 vps postfix/smtp[7666]: 08BD93BF5BD: to=, relay=none, delay=707, delays=646/0.04/60/0, dsn=4.4.1, status=deferred (connect to crackersadaikki.com[76.223.67.189]:25: Connection timed out)
Oct 19 18:31:38 vps postfix/bounce[7695]: warning: [built-in]: zero result in delay template conversion of parameter "delay_warning_time_hours"
Oct 19 18:31:38 vps postfix/bounce[7695]: warning: please reduce time unit "hours" of "delay_warning_time_hours" in delay template
Oct 19 18:31:38 vps postfix/bounce[7695]: warning: for instructions see the bounce(5) manual
Oct 19 18:31:38 vps postfix/bounce[7695]: warning: [built-in]: zero result in delay template conversion of parameter "maximal_queue_lifetime_days"
Oct 19 18:31:38 vps postfix/bounce[7695]: warning: please reduce time unit "days" of "maximal_queue_lifetime_days" in delay template
Oct 19 18:31:38 vps postfix/bounce[7695]: warning: for instructions see the bounce(5) manual
Oct 19 18:31:38 vps postfix/cleanup[8281]: 9CCCC6F9D7: message-id=<20251019130138.9CCCC6F9D7@vps.vcrowd.in>
Oct 19 18:31:38 vps postfix/bounce[7695]: 08BD93BF5BD: sender delay notification: 9CCCC6F9D7
Oct 19 18:31:38 vps postfix/qmgr[26951]: 9CCCC6F9D7: from=<>, size=4430, nrcpt=1 (queue active)
Oct 19 18:31:38 vps postfix/local[8284]: 9CCCC6F9D7: to=, relay=local, delay=0.01, delays=0.01/0/0/0, dsn=2.0.0, status=sent (delivered to mailbox)
Oct 19 18:31:38 vps postfix/qmgr[26951]: 9CCCC6F9D7: removed
Oct 19 18:31:40 vps postfix/smtpd[13425]: connect from unknown[212.132.96.229]
Oct 19 18:31:42 vps postfix/smtpd[13425]: warning: unknown[212.132.96.229]: SASL LOGIN authentication failed: UGFzc3dvcmQ6
Oct 19 18:31:42 vps postfix/smtpd[13425]: disconnect from unknown[212.132.96.229]
Oct 19 18:32:27 vps postfix/smtpd[8772]: connect from unknown[62.60.131.17]
Oct 19 18:32:30 vps postfix/smtpd[8772]: warning: unknown[62.60.131.17]: SASL LOGIN authentication failed: UGFzc3dvcmQ6
Oct 19 18:32:30 vps postfix/smtpd[8772]: disconnect from unknown[62.60.131.17]
Oct 19 18:32:54 vps postfix/smtpd[13425]: connect from unknown[212.132.96.229]
Oct 19 18:32:57 vps postfix/smtpd[13425]: warning: unknown[212.132.96.229]: SASL LOGIN authentication failed: UGFzc3dvcmQ6
Oct 19 18:32:57 vps postfix/smtpd[13425]: disconnect from unknown[212.132.96.229]
Oct 19 18:34:08 vps postfix/smtpd[8772]: connect from unknown[213.209.157.252]
Oct 19 18:34:11 vps postfix/smtpd[8772]: warning: unknown[213.209.157.252]: SASL LOGIN authentication failed: UGFzc3dvcmQ6
Oct 19 18:34:11 vps postfix/smtpd[13425]: connect from unknown[212.132.96.229]
Oct 19 18:34:11 vps postfix/smtpd[8772]: disconnect from unknown[213.209.157.252]
Oct 19 18:34:14 vps postfix/smtpd[13425]: warning: unknown[212.132.96.229]: SASL LOGIN authentication failed: UGFzc3dvcmQ6
Oct 19 18:34:14 vps postfix/smtpd[13425]: disconnect from unknown[212.132.96.229]
Oct 19 18:34:37 vps postfix/pickup[17100]: BA5836F9D7: uid=1062 from=
Oct 19 18:34:37 vps postfix/cleanup[10029]: BA5836F9D7: message-id=<20251019130437.BA5836F9D7@vps.vcrowd.in>
Oct 19 18:34:37 vps opendkim[5590]: BA5836F9D7: no signing table match for '"info@gvkennel"@gmail.com'
Oct 19 18:34:37 vps opendkim[5590]: BA5836F9D7: no signature data
Oct 19 18:34:37 vps postfix/qmgr[26951]: BA5836F9D7: from=, size=916, nrcpt=1 (queue active)
Oct 19 18:34:39 vps postfix/smtp[10035]: BA5836F9D7: host gmail-smtp-in.l.google.com[142.251.12.27] said: 550-5.7.26 Your email has been blocked because the sender is unauthenticated. 550-5.7.26 Gmail requires all senders to authenticate with either SPF or DKIM. 550-5.7.26 550-5.7.26 Authentication results: 550-5.7.26 DKIM = did not pass 550-5.7.26 SPF [vps.vcrowd.in] with ip: [103.120.179.240] = did not pass 550-5.7.26 550-5.7.26 For instructions on setting up authentication, go to 550 5.7.26 https://support.google.com/mail/answer/81126#authentication 41be03b00d2f7-b6a7664708dsi2455084a12.137 - gsmtp (in reply to end of DATA command)
Oct 19 18:34:40 vps postfix/smtp[10035]: BA5836F9D7: to=, relay=alt1.gmail-smtp-in.l.google.com[192.178.163.27]:25, delay=3, delays=0.04/0.02/2.1/0.78, dsn=4.7.26, status=SOFTBOUNCE (host alt1.gmail-smtp-in.l.google.com[192.178.163.27] said: 550-5.7.26 Your email has been blocked because the sender is unauthenticated. 550-5.7.26 Gmail requires all senders to authenticate with either SPF or DKIM. 550-5.7.26 550-5.7.26 Authentication results: 550-5.7.26 DKIM = did not pass 550-5.7.26 SPF [vps.vcrowd.in] with ip: [103.120.179.240] = did not pass 550-5.7.26 550-5.7.26 For instructions on setting up authentication, go to 550 5.7.26 https://support.google.com/mail/answer/81126#authentication 41be03b00d2f7-b6a76647144si2533169a12.195 - gsmtp (in reply to end of DATA command))
Oct 19 18:35:27 vps postfix/smtpd[13425]: connect from unknown[212.132.96.229]
Oct 19 18:35:29 vps postfix/smtpd[13425]: warning: unknown[212.132.96.229]: SASL LOGIN authentication failed: UGFzc3dvcmQ6
Oct 19 18:35:29 vps postfix/smtpd[13425]: disconnect from unknown[212.132.96.229]
Oct 19 18:35:38 vps postfix/qmgr[26951]: 696983BF595: from=, size=2798, nrcpt=2 (queue active)
Oct 19 18:35:38 vps postfix/pipe[11414]: 696983BF595: to=, relay=dovecot, delay=975, delays=975/0.03/0/0.03, dsn=4.1.1, status=SOFTBOUNCE (user unknown)
Oct 19 18:35:39 vps postfix/smtp[10035]: 696983BF595: host gmail-smtp-in.l.google.com[142.251.12.26] said: 550-5.7.26 Your email has been blocked because the sender is unauthenticated. 550-5.7.26 Gmail requires all senders to authenticate with either SPF or DKIM. 550-5.7.26 550-5.7.26 Authentication results: 550-5.7.26 DKIM = did not pass 550-5.7.26 SPF [vps.vcrowd.in] with ip: [103.120.179.240] = did not pass 550-5.7.26 550-5.7.26 For instructions on setting up authentication, go to 550 5.7.26 https://support.google.com/mail/answer/81126#authentication d2e1a72fcca58-7a2300fb12fsi2823487b3a.528 - gsmtp (in reply to end of DATA command)
Oct 19 18:35:41 vps postfix/smtp[10035]: 696983BF595: to=, relay=alt1.gmail-smtp-in.l.google.com[192.178.163.26]:25, delay=978, delays=975/0.01/1.9/0.6, dsn=4.7.26, status=SOFTBOUNCE (host alt1.gmail-smtp-in.l.google.com[192.178.163.26] said: 550-5.7.26 Your email has been blocked because the sender is unauthenticated. 550-5.7.26 Gmail requires all senders to authenticate with either SPF or DKIM. 550-5.7.26 550-5.7.26 Authentication results: 550-5.7.26 DKIM = did not pass 550-5.7.26 SPF [vps.vcrowd.in] with ip: [103.120.179.240] = did not pass 550-5.7.26 550-5.7.26 For instructions on setting up authentication, go to 550 5.7.26 https://support.google.com/mail/answer/81126#authentication d2e1a72fcca58-7a2300d6694si2983687b3a.367 - gsmtp (in reply to end of DATA command))
Oct 19 18:35:41 vps postfix/qmgr[26951]: 696983BF595: from=, status=expired, returned to sender
Oct 19 18:35:41 vps postfix/cleanup[10029]: 38BF01D858: message-id=<20251019130541.38BF01D858@vps.vcrowd.in>
Oct 19 18:35:41 vps postfix/qmgr[26951]: 38BF01D858: from=<>, size=5861, nrcpt=1 (queue active)
Oct 19 18:35:41 vps postfix/bounce[10067]: 696983BF595: sender non-delivery notification: 38BF01D858
Oct 19 18:35:41 vps postfix/qmgr[26951]: 696983BF595: removed
Oct 19 18:35:41 vps postfix/local[11437]: 38BF01D858: to=, relay=local, delay=0.02, delays=0.01/0.01/0/0, dsn=2.0.0, status=sent (delivered to mailbox)
Oct 19 18:35:41 vps postfix/qmgr[26951]: 38BF01D858: removed
Oct 19 18:36:43 vps postfix/smtpd[13425]: connect from unknown[212.132.96.229]
Oct 19 18:36:45 vps postfix/smtpd[13425]: warning: unknown[212.132.96.229]: SASL LOGIN authentication failed: UGFzc3dvcmQ6
Oct 19 18:36:45 vps postfix/smtpd[13425]: disconnect from unknown[212.132.96.229]
Oct 19 18:38:00 vps postfix/smtpd[13425]: connect from unknown[212.132.96.229]
Oct 19 18:38:03 vps postfix/smtpd[13425]: warning: unknown[212.132.96.229]: SASL LOGIN authentication failed: UGFzc3dvcmQ6
Oct 19 18:38:03 vps postfix/smtpd[13425]: disconnect from unknown[212.132.96.229]
Oct 19 18:39:16 vps postfix/smtpd[13425]: connect from unknown[212.132.96.229]
Oct 19 18:39:16 vps postfix/smtpd[13794]: connect from unknown[77.90.185.216]
Oct 19 18:39:18 vps postfix/smtpd[13425]: warning: unknown[212.132.96.229]: SASL LOGIN authentication failed: UGFzc3dvcmQ6
Oct 19 18:39:18 vps postfix/smtpd[13425]: disconnect from unknown[212.132.96.229]
Oct 19 18:39:19 vps postfix/smtpd[13794]: warning: unknown[77.90.185.216]: SASL LOGIN authentication failed: UGFzc3dvcmQ6
Oct 19 18:39:19 vps postfix/smtpd[13794]: disconnect from unknown[77.90.185.216]
Oct 19 18:39:20 vps postfix/smtpd[13794]: connect from unknown[77.90.185.216]
Oct 19 18:39:22 vps postfix/smtpd[13840]: connect from unknown[77.90.185.216]
Oct 19 18:39:22 vps postfix/smtpd[13849]: connect from unknown[77.90.185.216]
Oct 19 18:39:23 vps postfix/smtpd[13865]: connect from unknown[77.90.185.216]
Oct 19 18:39:25 vps postfix/smtpd[13879]: connect from unknown[14.18.77.99]
Oct 19 18:39:25 vps postfix/smtpd[13886]: connect from unknown[77.90.185.216]
Oct 19 18:39:26 vps postfix/smtpd[13893]: connect from unknown[77.90.185.216]
Oct 19 18:39:27 vps postfix/smtpd[13794]: warning: unknown[77.90.185.216]: SASL LOGIN authentication failed: UGFzc3dvcmQ6
Oct 19 18:39:27 vps postfix/smtpd[13911]: connect from unknown[77.90.185.216]
Oct 19 18:39:27 vps postfix/smtpd[13794]: disconnect from unknown[77.90.185.216]
Oct 19 18:39:28 vps postfix/smtpd[13879]: warning: unknown[14.18.77.99]: SASL LOGIN authentication failed: UGFzc3dvcmQ6
Oct 19 18:39:28 vps postfix/smtpd[13879]: disconnect from unknown[14.18.77.99]
Oct 19 18:39:29 vps postfix/smtpd[13849]: warning: unknown[77.90.185.216]: SASL LOGIN authentication failed: UGFzc3dvcmQ6
Oct 19 18:39:29 vps postfix/smtpd[13840]: warning: unknown[77.90.185.216]: SASL LOGIN authentication failed: UGFzc3dvcmQ6
Oct 19 18:39:29 vps postfix/smtpd[13840]: disconnect from unknown[77.90.185.216]
Oct 19 18:39:30 vps postfix/smtpd[13794]: connect from unknown[14.18.77.99]
Oct 19 18:39:30 vps postfix/smtpd[13865]: warning: unknown[77.90.185.216]: SASL LOGIN authentication failed: UGFzc3dvcmQ6
Oct 19 18:39:30 vps postfix/smtpd[13865]: disconnect from unknown[77.90.185.216]
Oct 19 18:39:30 vps postfix/smtpd[13849]: disconnect from unknown[77.90.185.216]
Oct 19 18:39:36 vps postfix/smtpd[13886]: warning: unknown[77.90.185.216]: SASL LOGIN authentication failed: UGFzc3dvcmQ6
Oct 19 18:39:36 vps postfix/smtpd[13886]: disconnect from unknown[77.90.185.216]
Oct 19 18:39:37 vps postfix/smtpd[13893]: warning: unknown[77.90.185.216]: SASL LOGIN authentication failed: UGFzc3dvcmQ6
Oct 19 18:39:37 vps postfix/smtpd[13893]: disconnect from unknown[77.90.185.216]
Oct 19 18:39:38 vps postfix/smtpd[13911]: warning: unknown[77.90.185.216]: SASL LOGIN authentication failed: UGFzc3dvcmQ6
Oct 19 18:39:38 vps postfix/smtpd[13911]: disconnect from unknown[77.90.185.216]
Oct 19 18:39:39 vps postfix/smtpd[13794]: warning: unknown[14.18.77.99]: SASL LOGIN authentication failed: UGFzc3dvcmQ6
Oct 19 18:39:39 vps postfix/smtpd[13794]: disconnect from unknown[14.18.77.99]
Oct 19 18:40:04 vps postfix/smtpd[13879]: connect from mta-69.122.etransmail.com[175.158.69.122]
Oct 19 18:40:05 vps postfix/smtpd[13879]: NOQUEUE: reject: RCPT from mta-69.122.etransmail.com[175.158.69.122]: 450 4.1.1 : Recipient address rejected: User unknown in virtual mailbox table; from=<17607258827330126-176041-1-nyraatech.com@trans.axisbank.com> to= proto=ESMTP helo=
Oct 19 18:40:33 vps postfix/pickup[17100]: 98BD47AFB3: uid=1040 from=
Oct 19 18:40:33 vps postfix/cleanup[15469]: 98BD47AFB3: message-id=<20251019131033.98BD47AFB3@vps.vcrowd.in>
Oct 19 18:40:33 vps opendkim[5590]: 98BD47AFB3: DKIM-Signature field added (s=default, d=vinnmugilacademy.com)
Oct 19 18:40:33 vps postfix/smtpd[13425]: connect from unknown[212.132.96.229]
Oct 19 18:40:33 vps postfix/qmgr[26951]: 98BD47AFB3: from=, size=1722, nrcpt=2 (queue active)
Oct 19 18:40:33 vps postfix/pipe[15474]: 98BD47AFB3: to=, relay=dovecot, delay=0.17, delays=0.1/0.02/0/0.04, dsn=4.1.1, status=SOFTBOUNCE (user unknown)
Oct 19 18:40:35 vps postfix/smtpd[13879]: lost connection after DATA from mta-69.122.etransmail.com[175.158.69.122]
Oct 19 18:40:35 vps postfix/smtpd[13879]: disconnect from mta-69.122.etransmail.com[175.158.69.122]
Oct 19 18:40:35 vps postfix/smtp[15473]: 98BD47AFB3: host gmail-smtp-in.l.google.com[142.251.12.27] said: 550-5.7.26 Your email has been blocked because the sender is unauthenticated. 550-5.7.26 Gmail requires all senders to authenticate with either SPF or DKIM. 550-5.7.26 550-5.7.26 Authentication results: 550-5.7.26 DKIM = did not pass 550-5.7.26 SPF [vps.vcrowd.in] with ip: [103.120.179.240] = did not pass 550-5.7.26 550-5.7.26 For instructions on setting up authentication, go to 550 5.7.26 https://support.google.com/mail/answer/81126#authentication 41be03b00d2f7-b6a76b1c628si2488241a12.565 - gsmtp (in reply to end of DATA command)
Oct 19 18:40:36 vps postfix/smtpd[13425]: warning: unknown[212.132.96.229]: SASL LOGIN authentication failed: UGFzc3dvcmQ6
Oct 19 18:40:36 vps postfix/smtpd[13425]: disconnect from unknown[212.132.96.229]
Oct 19 18:40:37 vps postfix/smtp[15473]: 98BD47AFB3: to=, relay=alt1.gmail-smtp-in.l.google.com[192.178.163.26]:25, delay=3.6, delays=0.1/0.03/2.8/0.62, dsn=4.7.26, status=SOFTBOUNCE (host alt1.gmail-smtp-in.l.google.com[192.178.163.26] said: 550-5.7.26 Your email has been blocked because the sender is unauthenticated. 550-5.7.26 Gmail requires all senders to authenticate with either SPF or DKIM. 550-5.7.26 550-5.7.26 Authentication results: 550-5.7.26 DKIM = did not pass 550-5.7.26 SPF [vps.vcrowd.in] with ip: [103.120.179.240] = did not pass 550-5.7.26 550-5.7.26 For instructions on setting up authentication, go to 550 5.7.26 https://support.google.com/mail/answer/81126#authentication 41be03b00d2f7-b6a76b6a8a6si2384740a12.1094 - gsmtp (in reply to end of DATA command))
Oct 19 18:40:38 vps postfix/qmgr[26951]: BA5836F9D7: from=, size=916, nrcpt=1 (queue active)
Oct 19 18:40:39 vps postfix/smtp[15473]: BA5836F9D7: host gmail-smtp-in.l.google.com[142.251.12.27] said: 550-5.7.26 Your email has been blocked because the sender is unauthenticated. 550-5.7.26 Gmail requires all senders to authenticate with either SPF or DKIM. 550-5.7.26 550-5.7.26 Authentication results: 550-5.7.26 DKIM = did not pass 550-5.7.26 SPF [vps.vcrowd.in] with ip: [103.120.179.240] = did not pass 550-5.7.26 550-5.7.26 For instructions on setting up authentication, go to 550 5.7.26 https://support.google.com/mail/answer/81126#authentication d9443c01a7336-2924723d121si28788695ad.753 - gsmtp (in reply to end of DATA command)
Oct 19 18:40:40 vps postfix/smtp[15473]: BA5836F9D7: to=, relay=alt1.gmail-smtp-in.l.google.com[192.178.163.26]:25, delay=363, delays=360/0/1.9/0.71, dsn=4.7.26, status=SOFTBOUNCE (host alt1.gmail-smtp-in.l.google.com[192.178.163.26] said: 550-5.7.26 Your email has been blocked because the sender is unauthenticated. 550-5.7.26 Gmail requires all senders to authenticate with either SPF or DKIM. 550-5.7.26 550-5.7.26 Authentication results: 550-5.7.26 DKIM = did not pass 550-5.7.26 SPF [vps.vcrowd.in] with ip: [103.120.179.240] = did not pass 550-5.7.26 550-5.7.26 For instructions on setting up authentication, go to 550 5.7.26 https://support.google.com/mail/answer/81126#authentication 41be03b00d2f7-b6a76b7a245si2397767a12.1300 - gsmtp (in reply to end of DATA command))
Oct 19 18:40:50 vps postfix/anvil[27319]: statistics: max connection rate 8/60s for (smtp:77.90.185.216) at
Oct 19 18:39:27
Oct 19 18:40:50 vps postfix/anvil[27319]: statistics: max connection count 7 for (smtp:77.90.185.216) at
Oct 19 18:39:27
Oct 19 18:40:50 vps postfix/anvil[27319]: statistics: max cache size 4 at
Oct 19 18:40:04
Oct 19 18:41:15 vps postfix/smtpd[13893]: connect from unknown[62.60.131.17]
Oct 19 18:41:18 vps postfix/smtpd[13893]: warning: unknown[62.60.131.17]: SASL LOGIN authentication failed: UGFzc3dvcmQ6
Oct 19 18:41:18 vps postfix/smtpd[13893]: disconnect from unknown[62.60.131.17]
Oct 19 18:41:28 vps postfix/smtpd[13893]: connect from unknown[62.60.131.124]
Oct 19 18:41:31 vps postfix/smtpd[13893]: warning: unknown[62.60.131.124]: SASL LOGIN authentication failed: UGFzc3dvcmQ6
Oct 19 18:41:31 vps postfix/smtpd[13893]: disconnect from unknown[62.60.131.124]
Oct 19 18:41:49 vps postfix/smtpd[13425]: connect from unknown[212.132.96.229]
Oct 19 18:41:52 vps postfix/smtpd[13425]: warning: unknown[212.132.96.229]: SASL LOGIN authentication failed: UGFzc3dvcmQ6
Oct 19 18:41:52 vps postfix/smtpd[13425]: disconnect from unknown[212.132.96.229]
Oct 19 18:42:14 vps postfix/smtpd[13879]: connect from mail-centralindiaazolkn19010011.outbound.protection.outlook.com[52.103.68.11]
Oct 19 18:42:15 vps postfix/smtpd[13879]: NOQUEUE: reject: RCPT from mail-centralindiaazolkn19010011.outbound.protection.outlook.com[52.103.68.11]: 450 4.1.1 : Recipient address rejected: User unknown in virtual mailbox table; from= to= proto=ESMTP helo=
Oct 19 18:42:15 vps postfix/smtpd[13879]: disconnect from mail-centralindiaazolkn19010011.outbound.protection.outlook.com[52.103.68.11]
Oct 19 18:43:03 vps postfix/smtpd[13425]: connect from unknown[212.132.96.229]
Oct 19 18:43:06 vps postfix/smtpd[13425]: warning: unknown[212.132.96.229]: SASL LOGIN authentication failed: UGFzc3dvcmQ6
Oct 19 18:43:06 vps postfix/smtpd[13425]: disconnect from unknown[212.132.96.229]
Oct 19 18:43:28 vps postfix/smtpd[13879]: connect from unknown[213.209.157.225]
Oct 19 18:43:30 vps postfix/smtpd[13879]: warning: unknown[213.209.157.225]: SASL LOGIN authentication failed: UGFzc3dvcmQ6
Oct 19 18:43:30 vps postfix/smtpd[13879]: disconnect from unknown[213.209.157.225]
Oct 19 18:44:20 vps postfix/smtpd[13425]: connect from unknown[212.132.96.229]
Oct 19 18:44:24 vps postfix/smtpd[13425]: warning: unknown[212.132.96.229]: SASL LOGIN authentication failed: UGFzc3dvcmQ6
Oct 19 18:44:24 vps postfix/smtpd[13425]: disconnect from unknown[212.132.96.229]
Oct 19 18:45:01 vps postfix/smtpd[13879]: connect from unknown[213.209.157.116]
Oct 19 18:45:04 vps postfix/smtpd[13879]: warning: unknown[213.209.157.116]: SASL LOGIN authentication failed: UGFzc3dvcmQ6
Oct 19 18:45:04 vps postfix/smtpd[13879]: disconnect from unknown[213.209.157.116]
Oct 19 18:45:34 vps postfix/smtps/smtpd[19417]: warning: No server certs available. TLS won't be enabled
Oct 19 18:45:34 vps postfix/smtps/smtpd[19417]: connect from unknown[92.100.179.81]
Oct 19 18:45:34 vps postfix/smtps/smtpd[19417]: warning: Wrapper-mode request dropped from unknown[92.100.179.81] for service 465. TLS context initialization failed. For details see earlier warnings in your logs.
Oct 19 18:45:34 vps postfix/smtps/smtpd[19417]: disconnect from unknown[92.100.179.81]
Oct 19 18:45:36 vps postfix/smtpd[13425]: connect from unknown[212.132.96.229]
Oct 19 18:45:37 vps postfix/smtps/smtpd[19417]: connect from unknown[152.231.25.64]
Oct 19 18:45:37 vps postfix/smtps/smtpd[19417]: warning: Wrapper-mode request dropped from unknown[152.231.25.64] for service 465. TLS context initialization failed. For details see earlier warnings in your logs.
Oct 19 18:45:37 vps postfix/smtps/smtpd[19417]: disconnect from unknown[152.231.25.64]
Oct 19 18:45:38 vps postfix/qmgr[26951]: 6DE043C0145: from=, size=1116, nrcpt=2 (queue active)
Oct 19 18:45:38 vps postfix/qmgr[26951]: 98BD47AFB3: from=, size=1722, nrcpt=2 (queue active)
Oct 19 18:45:38 vps postfix/qmgr[26951]: 08BD93BF5BD: from=, size=873, nrcpt=2 (queue active)
Oct 19 18:45:38 vps postfix/pipe[19460]: 98BD47AFB3: to=, relay=dovecot, delay=305, delays=305/0.02/0/0.05, dsn=4.1.1, status=SOFTBOUNCE (user unknown)
Oct 19 18:45:39 vps postfix/smtpd[13425]: warning: unknown[212.132.96.229]: SASL LOGIN authentication failed: UGFzc3dvcmQ6
Oct 19 18:45:39 vps postfix/smtpd[13425]: disconnect from unknown[212.132.96.229]
Oct 19 18:45:39 vps postfix/smtps/smtpd[19417]: connect from h-155-4-122-170.A259.priv.bahnhof.se[155.4.122.170]
Oct 19 18:45:39 vps postfix/smtps/smtpd[19417]: warning: Wrapper-mode request dropped from h-155-4-122-170.A259.priv.bahnhof.se[155.4.122.170] for service 465. TLS context initialization failed. For details see earlier warnings in your logs.
Oct 19 18:45:39 vps postfix/smtps/smtpd[19417]: disconnect from h-155-4-122-170.A259.priv.bahnhof.se[155.4.122.170]
Oct 19 18:45:39 vps postfix/smtp[19462]: 98BD47AFB3: host gmail-smtp-in.l.google.com[142.251.12.27] said: 550-5.7.26 Your email has been blocked because the sender is unauthenticated. 550-5.7.26 Gmail requires all senders to authenticate with either SPF or DKIM. 550-5.7.26 550-5.7.26 Authentication results: 550-5.7.26 DKIM = did not pass 550-5.7.26 SPF [vps.vcrowd.in] with ip: [103.120.179.240] = did not pass 550-5.7.26 550-5.7.26 For instructions on setting up authentication, go to 550 5.7.26 https://support.google.com/mail/answer/81126#authentication d9443c01a7336-292472270d6si29323075ad.589 - gsmtp (in reply to end of DATA command)
Oct 19 18:45:39 vps postfix/smtp[19467]: 08BD93BF5BD: host gmail-smtp-in.l.google.com[142.251.12.27] said: 550-5.7.26 Your email has been blocked because the sender is unauthenticated. 550-5.7.26 Gmail requires all senders to authenticate with either SPF or DKIM. 550-5.7.26 550-5.7.26 Authentication results: 550-5.7.26 DKIM = did not pass 550-5.7.26 SPF [vps.vcrowd.in] with ip: [103.120.179.240] = did not pass 550-5.7.26 550-5.7.26 For instructions on setting up authentication, go to 550 5.7.26 https://support.google.com/mail/answer/81126#authentication d9443c01a7336-29247225a9fsi28363355ad.528 - gsmtp (in reply to end of DATA command)
Oct 19 18:45:39 vps postfix/smtp[19461]: 6DE043C0145: host gmail-smtp-in.l.google.com[142.251.12.27] said: 550-5.7.26 Your email has been blocked because the sender is unauthenticated. 550-5.7.26 Gmail requires all senders to authenticate with either SPF or DKIM. 550-5.7.26 550-5.7.26 Authentication results: 550-5.7.26 DKIM = did not pass 550-5.7.26 SPF [vps.vcrowd.in] with ip: [103.120.179.240] = did not pass 550-5.7.26 550-5.7.26 For instructions on setting up authentication, go to 550 5.7.26 https://support.google.com/mail/answer/81126#authentication 41be03b00d2f7-b6a76b54a7esi2428074a12.921 - gsmtp (in reply to end of DATA command)
Oct 19 18:45:40 vps postfix/smtp[19461]: 6DE043C0145: to=, relay=alt1.gmail-smtp-in.l.google.com[192.178.163.26]:25, delay=1548, delays=1546/0.05/2/0.59, dsn=4.7.26, status=SOFTBOUNCE (host alt1.gmail-smtp-in.l.google.com[192.178.163.26] said: 550-5.7.26 Your email has been blocked because the sender is unauthenticated. 550-5.7.26 Gmail requires all senders to authenticate with either SPF or DKIM. 550-5.7.26 550-5.7.26 Authentication results: 550-5.7.26 DKIM = did not pass 550-5.7.26 SPF [vps.vcrowd.in] with ip: [103.120.179.240] = did not pass 550-5.7.26 550-5.7.26 For instructions on setting up authentication, go to 550 5.7.26 https://support.google.com/mail/answer/81126#authentication d9443c01a7336-29246ec7cd0si30275455ad.55 - gsmtp (in reply to end of DATA command))
Oct 19 18:45:40 vps postfix/smtp[19467]: 08BD93BF5BD: to=, relay=alt1.gmail-smtp-in.l.google.com[192.178.163.27]:25, delay=1549, delays=1546/0.07/1.9/0.68, dsn=4.7.26, status=SOFTBOUNCE (host alt1.gmail-smtp-in.l.google.com[192.178.163.27] said: 550-5.7.26 Your email has been blocked because the sender is unauthenticated. 550-5.7.26 Gmail requires all senders to authenticate with either SPF or DKIM. 550-5.7.26 550-5.7.26 Authentication results: 550-5.7.26 DKIM = did not pass 550-5.7.26 SPF [vps.vcrowd.in] with ip: [103.120.179.240] = did not pass 550-5.7.26 550-5.7.26 For instructions on setting up authentication, go to 550 5.7.26 https://support.google.com/mail/answer/81126#authentication d9443c01a7336-2924723a204si27829205ad.719 - gsmtp (in reply to end of DATA command))
Oct 19 18:45:41 vps postfix/smtp[19462]: 98BD47AFB3: to=, relay=alt1.gmail-smtp-in.l.google.com[192.178.163.26]:25, delay=308, delays=305/0.03/1.9/1.1, dsn=4.7.26, status=SOFTBOUNCE (host alt1.gmail-smtp-in.l.google.com[192.178.163.26] said: 550-5.7.26 Your email has been blocked because the sender is unauthenticated. 550-5.7.26 Gmail requires all senders to authenticate with either SPF or DKIM. 550-5.7.26 550-5.7.26 Authentication results: 550-5.7.26 DKIM = did not pass 550-5.7.26 SPF [vps.vcrowd.in] with ip: [103.120.179.240] = did not pass 550-5.7.26 550-5.7.26 For instructions on setting up authentication, go to 550 5.7.26 https://support.google.com/mail/answer/81126#authentication d2e1a72fcca58-7a2300d5a23si2899066b3a.356 - gsmtp (in reply to end of DATA command))
Oct 19 18:45:41 vps postfix/smtps/smtpd[19417]: connect from unknown[115.141.143.58]
Oct 19 18:45:41 vps postfix/smtps/smtpd[19417]: warning: Wrapper-mode request dropped from unknown[115.141.143.58] for service 465. TLS context initialization failed. For details see earlier warnings in your logs.
Oct 19 18:45:41 vps postfix/smtps/smtpd[19417]: disconnect from unknown[115.141.143.58]
Oct 19 18:45:54 vps postfix/smtpd[13879]: connect from unknown[195.211.188.86]
Oct 19 18:45:55 vps postfix/smtpd[19611]: connect from unknown[81.199.1.242]
Oct 19 18:45:57 vps postfix/smtpd[13879]: warning: unknown[195.211.188.86]: SASL LOGIN authentication failed: UGFzc3dvcmQ6
Oct 19 18:45:57 vps postfix/smtpd[13879]: disconnect from unknown[195.211.188.86]
Oct 19 18:45:59 vps postfix/smtpd[19611]: warning: unknown[81.199.1.242]: SASL LOGIN authentication failed: UGFzc3dvcmQ6
Oct 19 18:46:00 vps postfix/smtpd[19611]: lost connection after AUTH from unknown[81.199.1.242]
Oct 19 18:46:00 vps postfix/smtpd[19611]: disconnect from unknown[81.199.1.242]
Oct 19 18:46:00 vps postfix/smtps/smtpd[19417]: warning: hostname 165-220-130-160.cust.exede.net does not resolve to address 165.220.130.160: Name or service not known
Oct 19 18:46:00 vps postfix/smtps/smtpd[19417]: connect from unknown[165.220.130.160]
Oct 19 18:46:00 vps postfix/smtps/smtpd[19417]: warning: Wrapper-mode request dropped from unknown[165.220.130.160] for service 465. TLS context initialization failed. For details see earlier warnings in your logs.
Oct 19 18:46:00 vps postfix/smtps/smtpd[19417]: disconnect from unknown[165.220.130.160]
Oct 19 18:46:04 vps postfix/smtps/smtpd[19417]: connect from adsl-d69.84-47-2.t-com.sk[84.47.2.69]
Oct 19 18:46:04 vps postfix/smtps/smtpd[19417]: warning: Wrapper-mode request dropped from adsl-d69.84-47-2.t-com.sk[84.47.2.69] for service 465. TLS context initialization failed. For details see earlier warnings in your logs.
Oct 19 18:46:04 vps postfix/smtps/smtpd[19417]: disconnect from adsl-d69.84-47-2.t-com.sk[84.47.2.69]
Oct 19 18:46:08 vps postfix/smtp[19459]: connect to crackersadaikki.com[76.223.67.189]:25: Connection timed out
Oct 19 18:46:08 vps postfix/smtp[19464]: connect to crackersadaikki.com[76.223.67.189]:25: Connection timed out
Oct 19 18:46:32 vps postfix/smtpd[13879]: connect from unknown[60.215.126.22]
Oct 19 18:46:38 vps postfix/smtp[19459]: connect to crackersadaikki.com[13.248.213.45]:25: Connection timed out
Oct 19 18:46:38 vps postfix/smtp[19459]: 6DE043C0145: to=, relay=none, delay=1606, delays=1546/0.04/60/0, dsn=4.4.1, status=deferred (connect to crackersadaikki.com[13.248.213.45]:25: Connection timed out)
Oct 19 18:46:38 vps postfix/qmgr[26951]: 6DE043C0145: from=, status=expired, returned to sender
Oct 19 18:46:38 vps postfix/cleanup[20113]: 50D626F51A: message-id=<20251019131638.50D626F51A@vps.vcrowd.in>
Oct 19 18:46:38 vps postfix/bounce[19468]: 6DE043C0145: sender non-delivery notification: 50D626F51A
Oct 19 18:46:38 vps postfix/qmgr[26951]: 50D626F51A: from=<>, size=4705, nrcpt=1 (queue active)
Oct 19 18:46:38 vps postfix/qmgr[26951]: 6DE043C0145: removed
Oct 19 18:46:38 vps postfix/local[20116]: 50D626F51A: to=, relay=local, delay=0.04, delays=0.02/0.01/0/0, dsn=2.0.0, status=sent (delivered to mailbox)
Oct 19 18:46:38 vps postfix/qmgr[26951]: 50D626F51A: removed
Oct 19 18:46:38 vps postfix/smtp[19464]: connect to crackersadaikki.com[13.248.213.45]:25: Connection timed out
Oct 19 18:46:38 vps postfix/smtp[19464]: 08BD93BF5BD: to=, relay=none, delay=1607, delays=1546/0.05/60/0, dsn=4.4.1, status=deferred (connect to crackersadaikki.com[13.248.213.45]:25: Connection timed out)
Oct 19 18:46:38 vps postfix/qmgr[26951]: 08BD93BF5BD: from=, status=expired, returned to sender
Oct 19 18:46:38 vps postfix/cleanup[20113]: 9845E6F51A: message-id=<20251019131638.9845E6F51A@vps.vcrowd.in>
Oct 19 18:46:38 vps postfix/bounce[19468]: 08BD93BF5BD: sender non-delivery notification: 9845E6F51A
Oct 19 18:46:38 vps postfix/qmgr[26951]: 9845E6F51A: from=<>, size=4466, nrcpt=1 (queue active)
Oct 19 18:46:38 vps postfix/qmgr[26951]: 08BD93BF5BD: removed
Oct 19 18:46:38 vps postfix/local[20116]: 9845E6F51A: to=, relay=local, delay=0.01, delays=0/0/0/0, dsn=2.0.0, status=sent (delivered to mailbox)
Oct 19 18:46:38 vps postfix/qmgr[26951]: 9845E6F51A: removed
Oct 19 18:46:52 vps postfix/smtpd[13425]: connect from unknown[212.132.96.229]
Oct 19 18:46:54 vps postfix/smtpd[13425]: warning: unknown[212.132.96.229]: SASL LOGIN authentication failed: UGFzc3dvcmQ6
Oct 19 18:46:54 vps postfix/smtpd[13425]: disconnect from unknown[212.132.96.229]
Oct 19 18:47:04 vps postfix/smtpd[13879]: lost connection after CONNECT from unknown[60.215.126.22]
Oct 19 18:47:04 vps postfix/smtpd[13879]: disconnect from unknown[60.215.126.22]
Oct 19 18:47:28 vps postfix/smtpd[19611]: warning: hostname hebei.22.121.in-addr.arpa does not resolve to address 121.22.99.2: Name or service not known
Oct 19 18:47:28 vps postfix/smtpd[19611]: connect from unknown[121.22.99.2]
Oct 19 18:47:34 vps postfix/smtpd[19611]: lost connection after CONNECT from unknown[121.22.99.2]
Oct 19 18:47:34 vps postfix/smtpd[19611]: disconnect from unknown[121.22.99.2]
Oct 19 18:48:07 vps postfix/smtpd[13425]: connect from unknown[212.132.96.229]
Oct 19 18:48:10 vps postfix/smtpd[13425]: warning: unknown[212.132.96.229]: SASL LOGIN authentication failed: UGFzc3dvcmQ6
Oct 19 18:48:10 vps postfix/smtpd[13425]: disconnect from unknown[212.132.96.229]
Oct 19 18:49:12 vps postfix/smtpd[19611]: connect from heds.naturallistings.info[96.31.94.168]
Oct 19 18:49:14 vps postfix/smtpd[19611]: NOQUEUE: reject: RCPT from heds.naturallistings.info[96.31.94.168]: 450 4.1.1 : Recipient address rejected: User unknown in virtual mailbox table; from= to= proto=ESMTP helo=
Oct 19 18:49:14 vps postfix/smtpd[19611]: disconnect from heds.naturallistings.info[96.31.94.168]
Oct 19 18:49:24 vps postfix/smtpd[13425]: connect from unknown[212.132.96.229]
Oct 19 18:49:27 vps postfix/smtpd[13425]: warning: unknown[212.132.96.229]: SASL LOGIN authentication failed: UGFzc3dvcmQ6
Oct 19 18:49:27 vps postfix/smtpd[13425]: disconnect from unknown[212.132.96.229]
Oct 19 18:50:22 vps postfix/smtpd[13425]: connect from unknown[213.209.157.37]
Oct 19 18:50:22 vps postfix/smtpd[13425]: NOQUEUE: reject: RCPT from unknown[213.209.157.37]: 454 4.7.1 : Relay access denied; from= to= proto=ESMTP helo=<[213.209.157.37]>
Oct 19 18:50:22 vps postfix/smtpd[13425]: disconnect from unknown[213.209.157.37]
Oct 19 18:50:33 vps postfix/smtpd[19611]: connect from unknown[62.60.131.17]
Oct 19 18:50:37 vps postfix/smtpd[19611]: warning: unknown[62.60.131.17]: SASL LOGIN authentication failed: UGFzc3dvcmQ6
Oct 19 18:50:37 vps postfix/smtpd[19611]: disconnect from unknown[62.60.131.17]
Oct 19 18:50:38 vps postfix/qmgr[26951]: BA5836F9D7: from=, size=916, nrcpt=1 (queue active)
Oct 19 18:50:39 vps postfix/smtpd[19611]: connect from unknown[27.24.141.95]
