Oct 26 15:36:25 vps postfix/smtp[27495]: connect to crackersadaikki.com[76.223.67.189]:25: Connection timed out
Oct 26 15:36:25 vps postfix/smtp[27495]: 761B020ED4C: to=, relay=none, delay=647, delays=587/0.06/60/0, dsn=4.4.1, status=deferred (connect to crackersadaikki.com[76.223.67.189]:25: Connection timed out)
Oct 26 15:36:25 vps postfix/bounce[27569]: warning: [built-in]: zero result in delay template conversion of parameter "delay_warning_time_hours"
Oct 26 15:36:25 vps postfix/bounce[27569]: warning: please reduce time unit "hours" of "delay_warning_time_hours" in delay template
Oct 26 15:36:25 vps postfix/bounce[27569]: warning: for instructions see the bounce(5) manual
Oct 26 15:36:25 vps postfix/bounce[27569]: warning: [built-in]: zero result in delay template conversion of parameter "maximal_queue_lifetime_days"
Oct 26 15:36:25 vps postfix/bounce[27569]: warning: please reduce time unit "days" of "maximal_queue_lifetime_days" in delay template
Oct 26 15:36:25 vps postfix/bounce[27569]: warning: for instructions see the bounce(5) manual
Oct 26 15:36:25 vps postfix/cleanup[28657]: 42253161940: message-id=<20251026100625.42253161940@vps.vcrowd.in>
Oct 26 15:36:25 vps postfix/bounce[27569]: 761B020ED4C: sender delay notification: 42253161940
Oct 26 15:36:25 vps postfix/qmgr[22181]: 42253161940: from=<>, size=4459, nrcpt=1 (queue active)
Oct 26 15:36:25 vps postfix/local[28661]: 42253161940: to=, relay=local, delay=0.05, delays=0.03/0.02/0/0.01, dsn=2.0.0, status=sent (delivered to mailbox)
Oct 26 15:36:25 vps postfix/qmgr[22181]: 42253161940: removed
Oct 26 15:36:25 vps postfix/smtp[27498]: connect to crackersadaikki.com[76.223.67.189]:25: Connection timed out
Oct 26 15:36:25 vps postfix/smtp[27498]: 0E04D3718BF: to=, relay=none, delay=646, delays=586/0.06/60/0, dsn=4.4.1, status=deferred (connect to crackersadaikki.com[76.223.67.189]:25: Connection timed out)
Oct 26 15:36:25 vps postfix/bounce[27569]: warning: [built-in]: zero result in delay template conversion of parameter "delay_warning_time_hours"
Oct 26 15:36:25 vps postfix/bounce[27569]: warning: please reduce time unit "hours" of "delay_warning_time_hours" in delay template
Oct 26 15:36:25 vps postfix/bounce[27569]: warning: for instructions see the bounce(5) manual
Oct 26 15:36:25 vps postfix/bounce[27569]: warning: [built-in]: zero result in delay template conversion of parameter "maximal_queue_lifetime_days"
Oct 26 15:36:25 vps postfix/bounce[27569]: warning: please reduce time unit "days" of "maximal_queue_lifetime_days" in delay template
Oct 26 15:36:25 vps postfix/bounce[27569]: warning: for instructions see the bounce(5) manual
Oct 26 15:36:25 vps postfix/cleanup[28657]: 60D82161940: message-id=<20251026100625.60D82161940@vps.vcrowd.in>
Oct 26 15:36:25 vps postfix/qmgr[22181]: 60D82161940: from=<>, size=4400, nrcpt=1 (queue active)
Oct 26 15:36:25 vps postfix/bounce[27569]: 0E04D3718BF: sender delay notification: 60D82161940
Oct 26 15:36:25 vps postfix/local[28661]: 60D82161940: to=, relay=local, delay=0.01, delays=0/0/0/0, dsn=2.0.0, status=sent (delivered to mailbox)
Oct 26 15:36:25 vps postfix/qmgr[22181]: 60D82161940: removed
Oct 26 15:36:26 vps postfix/smtpd[6755]: connect from unknown[213.209.157.167]
Oct 26 15:36:33 vps postfix/smtpd[6755]: warning: unknown[213.209.157.167]: SASL LOGIN authentication failed: UGFzc3dvcmQ6
Oct 26 15:36:33 vps postfix/smtpd[6755]: disconnect from unknown[213.209.157.167]
Oct 26 15:36:38 vps postfix/smtpd[6755]: connect from unknown[213.209.157.167]
Oct 26 15:36:49 vps postfix/smtpd[6755]: warning: unknown[213.209.157.167]: SASL LOGIN authentication failed: UGFzc3dvcmQ6
Oct 26 15:36:49 vps postfix/smtpd[6755]: disconnect from unknown[213.209.157.167]
Oct 26 15:36:49 vps postfix/smtpd[6755]: connect from unknown[213.209.157.167]
Oct 26 15:36:53 vps postfix/smtpd[29173]: connect from unknown[45.148.10.26]
Oct 26 15:36:56 vps postfix/smtpd[29173]: warning: unknown[45.148.10.26]: SASL LOGIN authentication failed: UGFzc3dvcmQ6
Oct 26 15:36:56 vps postfix/smtpd[29173]: disconnect from unknown[45.148.10.26]
Oct 26 15:36:59 vps postfix/smtpd[29173]: connect from unknown[45.148.10.31]
Oct 26 15:36:59 vps postfix/smtpd[6755]: warning: unknown[213.209.157.167]: SASL LOGIN authentication failed: Connection lost to authentication server
Oct 26 15:37:00 vps postfix/smtpd[6755]: disconnect from unknown[213.209.157.167]
Oct 26 15:37:01 vps postfix/smtpd[6755]: connect from unknown[213.209.157.167]
Oct 26 15:37:02 vps postfix/smtpd[29173]: warning: unknown[45.148.10.31]: SASL LOGIN authentication failed: UGFzc3dvcmQ6
Oct 26 15:37:02 vps postfix/smtpd[29173]: disconnect from unknown[45.148.10.31]
Oct 26 15:37:04 vps postfix/smtpd[6755]: warning: unknown[213.209.157.167]: SASL LOGIN authentication failed: UGFzc3dvcmQ6
Oct 26 15:37:04 vps postfix/smtpd[6755]: disconnect from unknown[213.209.157.167]
Oct 26 15:37:34 vps postfix/smtpd[29173]: connect from unknown[213.209.157.167]
Oct 26 15:37:36 vps postfix/smtpd[29173]: warning: unknown[213.209.157.167]: SASL LOGIN authentication failed: UGFzc3dvcmQ6
Oct 26 15:37:36 vps postfix/smtpd[29173]: disconnect from unknown[213.209.157.167]
Oct 26 15:37:40 vps postfix/smtpd[23995]: connect from unknown[212.132.96.229]
Oct 26 15:37:43 vps postfix/smtpd[23995]: warning: unknown[212.132.96.229]: SASL LOGIN authentication failed: UGFzc3dvcmQ6
Oct 26 15:37:43 vps postfix/smtpd[23995]: disconnect from unknown[212.132.96.229]
Oct 26 15:37:44 vps postfix/smtpd[6755]: connect from unknown[213.209.157.167]
Oct 26 15:37:51 vps postfix/smtpd[6755]: warning: unknown[213.209.157.167]: SASL LOGIN authentication failed: UGFzc3dvcmQ6
Oct 26 15:37:51 vps postfix/smtpd[6755]: disconnect from unknown[213.209.157.167]
Oct 26 15:38:07 vps postfix/sendmail[30893]: fatal: sachitransport(1027): No recipient addresses found in message header
Oct 26 15:38:37 vps postfix/smtpd[29173]: connect from unknown[213.209.157.225]
Oct 26 15:38:39 vps postfix/smtpd[29173]: warning: unknown[213.209.157.225]: SASL LOGIN authentication failed: UGFzc3dvcmQ6
Oct 26 15:38:39 vps postfix/smtpd[29173]: disconnect from unknown[213.209.157.225]
Oct 26 15:38:46 vps postfix/smtpd[6755]: connect from unknown[196.251.92.15]
Oct 26 15:38:49 vps postfix/smtpd[6755]: warning: unknown[196.251.92.15]: SASL LOGIN authentication failed: UGFzc3dvcmQ6
Oct 26 15:38:49 vps postfix/smtpd[6755]: lost connection after AUTH from unknown[196.251.92.15]
Oct 26 15:38:49 vps postfix/smtpd[6755]: disconnect from unknown[196.251.92.15]
Oct 26 15:38:51 vps postfix/smtpd[29173]: connect from unknown[213.209.157.167]
Oct 26 15:38:54 vps postfix/smtpd[29173]: warning: unknown[213.209.157.167]: SASL LOGIN authentication failed: UGFzc3dvcmQ6
Oct 26 15:38:54 vps postfix/smtpd[29173]: disconnect from unknown[213.209.157.167]
Oct 26 15:38:58 vps postfix/smtpd[23995]: connect from unknown[212.132.96.229]
Oct 26 15:39:00 vps postfix/smtpd[23995]: warning: unknown[212.132.96.229]: SASL LOGIN authentication failed: UGFzc3dvcmQ6
Oct 26 15:39:00 vps postfix/smtpd[23995]: disconnect from unknown[212.132.96.229]
Oct 26 15:39:18 vps postfix/smtpd[6755]: connect from unknown[213.209.157.167]
Oct 26 15:39:21 vps postfix/smtpd[6755]: warning: unknown[213.209.157.167]: SASL LOGIN authentication failed: UGFzc3dvcmQ6
Oct 26 15:39:21 vps postfix/smtpd[6755]: disconnect from unknown[213.209.157.167]
Oct 26 15:39:34 vps postfix/pickup[2374]: BDF98161940: uid=1105 from=
Oct 26 15:39:34 vps postfix/cleanup[32608]: BDF98161940: message-id=<20251026100934.BDF98161940@vps.vcrowd.in>
Oct 26 15:39:34 vps opendkim[5590]: BDF98161940: no signing table match for 'Enquiry@sundaramhealthcentre.org'
Oct 26 15:39:34 vps opendkim[5590]: BDF98161940: no signature data
Oct 26 15:39:34 vps postfix/qmgr[22181]: BDF98161940: from=, size=627, nrcpt=1 (queue active)
Oct 26 15:39:36 vps postfix/smtp[32615]: BDF98161940: host gmail-smtp-in.l.google.com[64.233.170.26] said: 550-5.7.26 Your email has been blocked because the sender is unauthenticated. 550-5.7.26 Gmail requires all senders to authenticate with either SPF or DKIM. 550-5.7.26 550-5.7.26 Authentication results: 550-5.7.26 DKIM = did not pass 550-5.7.26 SPF [vps.vcrowd.in] with ip: [103.120.179.240] = did not pass 550-5.7.26 550-5.7.26 For instructions on setting up authentication, go to 550 5.7.26 https://support.google.com/mail/answer/81126#authentication d2e1a72fcca58-7a41552177bsi2260781b3a.61 - gsmtp (in reply to end of DATA command)
Oct 26 15:39:39 vps postfix/smtp[32615]: BDF98161940: to=, relay=alt1.gmail-smtp-in.l.google.com[192.178.163.26]:25, delay=4.5, delays=0.05/0.03/3.7/0.76, dsn=4.7.26, status=SOFTBOUNCE (host alt1.gmail-smtp-in.l.google.com[192.178.163.26] said: 550-5.7.26 Your email has been blocked because the sender is unauthenticated. 550-5.7.26 Gmail requires all senders to authenticate with either SPF or DKIM. 550-5.7.26 550-5.7.26 Authentication results: 550-5.7.26 DKIM = did not pass 550-5.7.26 SPF [vps.vcrowd.in] with ip: [103.120.179.240] = did not pass 550-5.7.26 550-5.7.26 For instructions on setting up authentication, go to 550 5.7.26 https://support.google.com/mail/answer/81126#authentication d9443c01a7336-2949ab05982si21974045ad.515 - gsmtp (in reply to end of DATA command))
Oct 26 15:39:52 vps postfix/anvil[16309]: statistics: max connection rate 5/60s for (smtp:213.209.157.167) at
Oct 26 15:37:01
Oct 26 15:39:52 vps postfix/anvil[16309]: statistics: max connection count 1 for (smtp:45.148.10.122) at
Oct 26 15:29:52
Oct 26 15:39:52 vps postfix/anvil[16309]: statistics: max cache size 8 at
Oct 26 15:30:06
Oct 26 15:40:16 vps postfix/smtpd[23995]: connect from unknown[115.231.78.3]
Oct 26 15:40:16 vps postfix/smtpd[23995]: lost connection after UNKNOWN from unknown[115.231.78.3]
Oct 26 15:40:16 vps postfix/smtpd[23995]: disconnect from unknown[115.231.78.3]
Oct 26 15:40:20 vps postfix/smtpd[23995]: connect from unknown[212.132.96.229]
Oct 26 15:40:23 vps postfix/smtpd[23995]: warning: unknown[212.132.96.229]: SASL LOGIN authentication failed: UGFzc3dvcmQ6
Oct 26 15:40:23 vps postfix/smtpd[23995]: disconnect from unknown[212.132.96.229]
Oct 26 15:40:34 vps postfix/smtpd[6755]: connect from unknown[213.209.157.167]
Oct 26 15:40:37 vps postfix/smtpd[6755]: warning: unknown[213.209.157.167]: SASL LOGIN authentication failed: UGFzc3dvcmQ6
Oct 26 15:40:37 vps postfix/smtpd[6755]: disconnect from unknown[213.209.157.167]
Oct 26 15:41:12 vps postfix/smtpd[6755]: connect from unknown[77.90.185.87]
Oct 26 15:41:15 vps postfix/smtpd[6755]: warning: unknown[77.90.185.87]: SASL LOGIN authentication failed: UGFzc3dvcmQ6
Oct 26 15:41:15 vps postfix/smtpd[6755]: disconnect from unknown[77.90.185.87]
Oct 26 15:41:24 vps postfix/smtpd[6755]: connect from unknown[213.209.157.167]
Oct 26 15:41:27 vps postfix/smtpd[6755]: warning: unknown[213.209.157.167]: SASL LOGIN authentication failed: UGFzc3dvcmQ6
Oct 26 15:41:27 vps postfix/smtpd[6755]: disconnect from unknown[213.209.157.167]
Oct 26 15:41:38 vps postfix/smtpd[23995]: connect from unknown[212.132.96.229]
Oct 26 15:41:39 vps postfix/smtpd[6755]: connect from unknown[62.60.131.124]
Oct 26 15:41:40 vps postfix/smtpd[23995]: warning: unknown[212.132.96.229]: SASL LOGIN authentication failed: UGFzc3dvcmQ6
Oct 26 15:41:40 vps postfix/smtpd[23995]: disconnect from unknown[212.132.96.229]
Oct 26 15:41:42 vps postfix/smtpd[6755]: warning: unknown[62.60.131.124]: SASL LOGIN authentication failed: UGFzc3dvcmQ6
Oct 26 15:41:42 vps postfix/smtpd[6755]: disconnect from unknown[62.60.131.124]
Oct 26 15:42:03 vps postfix/smtpd[6755]: connect from unknown[45.148.10.94]
Oct 26 15:42:08 vps postfix/smtpd[6755]: warning: unknown[45.148.10.94]: SASL LOGIN authentication failed: UGFzc3dvcmQ6
Oct 26 15:42:08 vps postfix/smtpd[6755]: disconnect from unknown[45.148.10.94]
Oct 26 15:42:57 vps postfix/smtpd[23995]: connect from unknown[212.132.96.229]
Oct 26 15:43:00 vps postfix/smtpd[23995]: warning: unknown[212.132.96.229]: SASL LOGIN authentication failed: UGFzc3dvcmQ6
Oct 26 15:43:00 vps postfix/smtpd[23995]: disconnect from unknown[212.132.96.229]
Oct 26 15:43:26 vps postfix/smtpd[6755]: connect from unknown[213.209.157.167]
Oct 26 15:43:28 vps postfix/smtpd[6755]: warning: unknown[213.209.157.167]: SASL LOGIN authentication failed: UGFzc3dvcmQ6
Oct 26 15:43:28 vps postfix/smtpd[6755]: disconnect from unknown[213.209.157.167]
Oct 26 15:43:46 vps postfix/smtpd[6755]: connect from unknown[45.148.10.91]
Oct 26 15:43:51 vps postfix/smtpd[6755]: warning: unknown[45.148.10.91]: SASL LOGIN authentication failed: UGFzc3dvcmQ6
Oct 26 15:43:51 vps postfix/smtpd[6755]: disconnect from unknown[45.148.10.91]
Oct 26 15:44:16 vps postfix/smtpd[23995]: connect from unknown[212.132.96.229]
Oct 26 15:44:19 vps postfix/smtpd[23995]: warning: unknown[212.132.96.229]: SASL LOGIN authentication failed: UGFzc3dvcmQ6
Oct 26 15:44:19 vps postfix/smtpd[23995]: disconnect from unknown[212.132.96.229]
Oct 26 15:44:25 vps postfix/smtpd[6755]: connect from unknown[213.209.157.167]
Oct 26 15:44:27 vps postfix/smtpd[6755]: warning: unknown[213.209.157.167]: SASL LOGIN authentication failed: UGFzc3dvcmQ6
Oct 26 15:44:27 vps postfix/smtpd[6755]: disconnect from unknown[213.209.157.167]
Oct 26 15:45:25 vps postfix/qmgr[22181]: BDF98161940: from=, size=627, nrcpt=1 (queue active)
Oct 26 15:45:27 vps postfix/smtp[9736]: BDF98161940: host gmail-smtp-in.l.google.com[64.233.170.26] said: 550-5.7.26 Your email has been blocked because the sender is unauthenticated. 550-5.7.26 Gmail requires all senders to authenticate with either SPF or DKIM. 550-5.7.26 550-5.7.26 Authentication results: 550-5.7.26 DKIM = did not pass 550-5.7.26 SPF [vps.vcrowd.in] with ip: [103.120.179.240] = did not pass 550-5.7.26 550-5.7.26 For instructions on setting up authentication, go to 550 5.7.26 https://support.google.com/mail/answer/81126#authentication d2e1a72fcca58-7a4155f813esi2181225b3a.365 - gsmtp (in reply to end of DATA command)
Oct 26 15:45:30 vps postfix/smtp[9736]: BDF98161940: to=, relay=alt1.gmail-smtp-in.l.google.com[192.178.163.26]:25, delay=355, delays=351/0.06/3.8/0.98, dsn=4.7.26, status=SOFTBOUNCE (host alt1.gmail-smtp-in.l.google.com[192.178.163.26] said: 550-5.7.26 Your email has been blocked because the sender is unauthenticated. 550-5.7.26 Gmail requires all senders to authenticate with either SPF or DKIM. 550-5.7.26 550-5.7.26 Authentication results: 550-5.7.26 DKIM = did not pass 550-5.7.26 SPF [vps.vcrowd.in] with ip: [103.120.179.240] = did not pass 550-5.7.26 550-5.7.26 For instructions on setting up authentication, go to 550 5.7.26 https://support.google.com/mail/answer/81126#authentication 41be03b00d2f7-b71f49be714si2104068a12.1043 - gsmtp (in reply to end of DATA command))
Oct 26 15:45:35 vps postfix/smtpd[23995]: connect from unknown[212.132.96.229]
Oct 26 15:45:38 vps postfix/smtpd[23995]: warning: unknown[212.132.96.229]: SASL LOGIN authentication failed: UGFzc3dvcmQ6
Oct 26 15:45:38 vps postfix/smtpd[23995]: disconnect from unknown[212.132.96.229]
Oct 26 15:45:50 vps postfix/smtpd[6755]: connect from unknown[45.148.10.34]
Oct 26 15:45:52 vps postfix/smtpd[6755]: warning: unknown[45.148.10.34]: SASL LOGIN authentication failed: UGFzc3dvcmQ6
Oct 26 15:45:52 vps postfix/smtpd[6755]: disconnect from unknown[45.148.10.34]
Oct 26 15:45:54 vps postfix/smtps/smtpd[10250]: connect from unknown[138.199.59.243]
Oct 26 15:45:54 vps postfix/smtpd[6755]: connect from unknown[213.209.157.167]
Oct 26 15:45:54 vps postfix/smtps/smtpd[10250]: Anonymous TLS connection established from unknown[138.199.59.243]: TLSv1.2 with cipher ECDHE-RSA-AES256-GCM-SHA384 (256/256 bits)
Oct 26 15:45:55 vps postfix/smtpd[10266]: connect from unknown[45.148.10.35]
Oct 26 15:45:57 vps postfix/smtpd[10266]: warning: unknown[45.148.10.35]: SASL LOGIN authentication failed: UGFzc3dvcmQ6
Oct 26 15:45:57 vps postfix/smtpd[6755]: warning: unknown[213.209.157.167]: SASL LOGIN authentication failed: UGFzc3dvcmQ6
Oct 26 15:45:57 vps postfix/smtps/smtpd[10250]: warning: unknown[138.199.59.243]: SASL LOGIN authentication failed: UGFzc3dvcmQ6
Oct 26 15:45:57 vps postfix/smtpd[6755]: disconnect from unknown[213.209.157.167]
Oct 26 15:45:57 vps postfix/smtpd[10266]: disconnect from unknown[45.148.10.35]
Oct 26 15:45:57 vps postfix/smtps/smtpd[10250]: disconnect from unknown[138.199.59.243]
Oct 26 15:46:00 vps postfix/smtpd[6755]: connect from unknown[45.148.10.93]
Oct 26 15:46:05 vps postfix/smtpd[6755]: warning: unknown[45.148.10.93]: SASL LOGIN authentication failed: UGFzc3dvcmQ6
Oct 26 15:46:05 vps postfix/smtpd[6755]: disconnect from unknown[45.148.10.93]
Oct 26 15:46:11 vps postfix/smtpd[10266]: connect from unknown[213.209.157.252]
Oct 26 15:46:13 vps postfix/smtpd[10266]: warning: unknown[213.209.157.252]: SASL LOGIN authentication failed: UGFzc3dvcmQ6
Oct 26 15:46:13 vps postfix/smtpd[10266]: disconnect from unknown[213.209.157.252]
Oct 26 15:46:21 vps postfix/smtpd[23995]: warning: hostname host133.advance.com.ar does not resolve to address 200.5.113.133: Name or service not known
Oct 26 15:46:21 vps postfix/smtpd[23995]: connect from unknown[200.5.113.133]
Oct 26 15:46:27 vps postfix/smtpd[23995]: warning: unknown[200.5.113.133]: SASL LOGIN authentication failed: UGFzc3dvcmQ6
Oct 26 15:46:28 vps postfix/smtpd[23995]: lost connection after AUTH from unknown[200.5.113.133]
Oct 26 15:46:28 vps postfix/smtpd[23995]: disconnect from unknown[200.5.113.133]
Oct 26 15:46:38 vps postfix/smtpd[6755]: connect from unknown[111.122.211.212]
Oct 26 15:46:42 vps postfix/smtpd[6755]: warning: unknown[111.122.211.212]: SASL LOGIN authentication failed: UGFzc3dvcmQ6
Oct 26 15:46:42 vps postfix/smtpd[6755]: disconnect from unknown[111.122.211.212]
Oct 26 15:46:47 vps postfix/smtpd[10266]: connect from unknown[77.90.185.220]
Oct 26 15:46:48 vps postfix/smtpd[6755]: connect from unknown[111.122.211.212]
Oct 26 15:46:50 vps postfix/smtpd[10266]: warning: unknown[77.90.185.220]: SASL LOGIN authentication failed: UGFzc3dvcmQ6
Oct 26 15:46:50 vps postfix/smtpd[10266]: disconnect from unknown[77.90.185.220]
Oct 26 15:46:55 vps postfix/smtpd[23995]: connect from unknown[212.132.96.229]
Oct 26 15:46:56 vps postfix/smtpd[6755]: warning: unknown[111.122.211.212]: SASL LOGIN authentication failed: UGFzc3dvcmQ6
Oct 26 15:46:56 vps postfix/smtpd[6755]: disconnect from unknown[111.122.211.212]
Oct 26 15:46:58 vps postfix/smtpd[23995]: warning: unknown[212.132.96.229]: SASL LOGIN authentication failed: UGFzc3dvcmQ6
Oct 26 15:46:58 vps postfix/smtpd[23995]: disconnect from unknown[212.132.96.229]
Oct 26 15:47:00 vps postfix/smtpd[10266]: connect from unknown[213.209.157.167]
Oct 26 15:47:03 vps postfix/smtpd[10266]: warning: unknown[213.209.157.167]: SASL LOGIN authentication failed: UGFzc3dvcmQ6
Oct 26 15:47:03 vps postfix/smtpd[10266]: disconnect from unknown[213.209.157.167]
Oct 26 15:47:52 vps postfix/smtpd[6755]: connect from unknown[77.90.185.87]
Oct 26 15:47:55 vps postfix/smtpd[6755]: warning: unknown[77.90.185.87]: SASL LOGIN authentication failed: UGFzc3dvcmQ6
Oct 26 15:47:55 vps postfix/smtpd[6755]: disconnect from unknown[77.90.185.87]
Oct 26 15:48:14 vps postfix/smtpd[23995]: connect from unknown[212.132.96.229]
Oct 26 15:48:17 vps postfix/smtpd[23995]: warning: unknown[212.132.96.229]: SASL LOGIN authentication failed: UGFzc3dvcmQ6
Oct 26 15:48:17 vps postfix/smtpd[23995]: disconnect from unknown[212.132.96.229]
Oct 26 15:49:04 vps postfix/smtpd[6755]: connect from unknown[77.90.185.87]
Oct 26 15:49:07 vps postfix/smtpd[6755]: warning: unknown[77.90.185.87]: SASL LOGIN authentication failed: UGFzc3dvcmQ6
Oct 26 15:49:07 vps postfix/smtpd[6755]: disconnect from unknown[77.90.185.87]
Oct 26 15:49:19 vps postfix/smtpd[6755]: connect from unknown[213.209.157.167]
Oct 26 15:49:21 vps postfix/smtpd[6755]: warning: unknown[213.209.157.167]: SASL LOGIN authentication failed: UGFzc3dvcmQ6
Oct 26 15:49:21 vps postfix/smtpd[6755]: disconnect from unknown[213.209.157.167]
Oct 26 15:49:34 vps postfix/smtpd[23995]: connect from unknown[212.132.96.229]
Oct 26 15:49:36 vps postfix/smtpd[23995]: warning: unknown[212.132.96.229]: SASL LOGIN authentication failed: UGFzc3dvcmQ6
Oct 26 15:49:36 vps postfix/smtpd[23995]: disconnect from unknown[212.132.96.229]
Oct 26 15:49:52 vps postfix/anvil[16309]: statistics: max connection rate 2/60s for (smtp:213.209.157.167) at
Oct 26 15:41:24
Oct 26 15:49:52 vps postfix/anvil[16309]: statistics: max connection count 1 for (submission:115.231.78.3) at
Oct 26 15:40:16
Oct 26 15:49:52 vps postfix/anvil[16309]: statistics: max cache size 9 at
Oct 26 15:46:47
Oct 26 15:50:10 vps postfix/smtpd[6755]: connect from unknown[213.234.5.66]
Oct 26 15:50:15 vps postfix/smtpd[6755]: warning: unknown[213.234.5.66]: SASL LOGIN authentication failed: UGFzc3dvcmQ6
Oct 26 15:50:15 vps postfix/smtpd[6755]: lost connection after AUTH from unknown[213.234.5.66]
Oct 26 15:50:15 vps postfix/smtpd[6755]: disconnect from unknown[213.234.5.66]
Oct 26 15:50:25 vps postfix/qmgr[22181]: 761B020ED4C: from=, size=882, nrcpt=2 (queue active)
Oct 26 15:50:25 vps postfix/qmgr[22181]: 0E04D3718BF: from=, size=1116, nrcpt=2 (queue active)
Oct 26 15:50:27 vps postfix/smtp[17684]: 761B020ED4C: host gmail-smtp-in.l.google.com[64.233.170.27] said: 550-5.7.26 Your email has been blocked because the sender is unauthenticated. 550-5.7.26 Gmail requires all senders to authenticate with either SPF or DKIM. 550-5.7.26 550-5.7.26 Authentication results: 550-5.7.26 DKIM = did not pass 550-5.7.26 SPF [vps.vcrowd.in] with ip: [103.120.179.240] = did not pass 550-5.7.26 550-5.7.26 For instructions on setting up authentication, go to 550 5.7.26 https://support.google.com/mail/answer/81126#authentication d9443c01a7336-2949aadb209si21837455ad.248 - gsmtp (in reply to end of DATA command)
Oct 26 15:50:27 vps postfix/smtp[17686]: 0E04D3718BF: host gmail-smtp-in.l.google.com[64.233.170.27] said: 550-5.7.26 Your email has been blocked because the sender is unauthenticated. 550-5.7.26 Gmail requires all senders to authenticate with either SPF or DKIM. 550-5.7.26 550-5.7.26 Authentication results: 550-5.7.26 DKIM = did not pass 550-5.7.26 SPF [vps.vcrowd.in] with ip: [103.120.179.240] = did not pass 550-5.7.26 550-5.7.26 For instructions on setting up authentication, go to 550 5.7.26 https://support.google.com/mail/answer/81126#authentication d9443c01a7336-2949aadaaacsi23853775ad.280 - gsmtp (in reply to end of DATA command)
Oct 26 15:50:29 vps postfix/smtp[17684]: 761B020ED4C: to=, relay=alt1.gmail-smtp-in.l.google.com[192.178.163.26]:25, delay=1491, delays=1487/0.06/3.8/0.61, dsn=4.7.26, status=SOFTBOUNCE (host alt1.gmail-smtp-in.l.google.com[192.178.163.26] said: 550-5.7.26 Your email has been blocked because the sender is unauthenticated. 550-5.7.26 Gmail requires all senders to authenticate with either SPF or DKIM. 550-5.7.26 550-5.7.26 Authentication results: 550-5.7.26 DKIM = did not pass 550-5.7.26 SPF [vps.vcrowd.in] with ip: [103.120.179.240] = did not pass 550-5.7.26 550-5.7.26 For instructions on setting up authentication, go to 550 5.7.26 https://support.google.com/mail/answer/81126#authentication d9443c01a7336-2949a7caa1bsi23799855ad.105 - gsmtp (in reply to end of DATA command))
Oct 26 15:50:29 vps postfix/smtp[17686]: 0E04D3718BF: to=, relay=alt1.gmail-smtp-in.l.google.com[192.178.163.26]:25, delay=1491, delays=1486/0.06/3.9/0.65, dsn=4.7.26, status=SOFTBOUNCE (host alt1.gmail-smtp-in.l.google.com[192.178.163.26] said: 550-5.7.26 Your email has been blocked because the sender is unauthenticated. 550-5.7.26 Gmail requires all senders to authenticate with either SPF or DKIM. 550-5.7.26 550-5.7.26 Authentication results: 550-5.7.26 DKIM = did not pass 550-5.7.26 SPF [vps.vcrowd.in] with ip: [103.120.179.240] = did not pass 550-5.7.26 550-5.7.26 For instructions on setting up authentication, go to 550 5.7.26 https://support.google.com/mail/answer/81126#authentication 41be03b00d2f7-b71d581df6csi2029611a12.297 - gsmtp (in reply to end of DATA command))
Oct 26 15:50:47 vps postfix/smtpd[6755]: connect from unknown[196.251.92.15]
Oct 26 15:50:49 vps postfix/smtpd[6755]: warning: unknown[196.251.92.15]: SASL LOGIN authentication failed: UGFzc3dvcmQ6
Oct 26 15:50:49 vps postfix/smtpd[6755]: lost connection after AUTH from unknown[196.251.92.15]
Oct 26 15:50:49 vps postfix/smtpd[6755]: disconnect from unknown[196.251.92.15]
Oct 26 15:50:53 vps postfix/smtpd[23995]: connect from unknown[212.132.96.229]
Oct 26 15:50:55 vps postfix/smtp[17683]: connect to crackersadaikki.com[13.248.213.45]:25: Connection timed out
Oct 26 15:50:55 vps postfix/smtp[17685]: connect to crackersadaikki.com[13.248.213.45]:25: Connection timed out
Oct 26 15:50:56 vps postfix/smtpd[23995]: warning: unknown[212.132.96.229]: SASL LOGIN authentication failed: UGFzc3dvcmQ6
Oct 26 15:50:56 vps postfix/smtpd[23995]: disconnect from unknown[212.132.96.229]
Oct 26 15:51:12 vps postfix/smtpd[23995]: connect from unknown[103.237.86.173]
Oct 26 15:51:12 vps postfix/smtpd[23995]: Anonymous TLS connection established from unknown[103.237.86.173]: TLSv1.2 with cipher ECDHE-RSA-AES256-GCM-SHA384 (256/256 bits)
Oct 26 15:51:15 vps postfix/smtpd[23995]: warning: unknown[103.237.86.173]: SASL LOGIN authentication failed: UGFzc3dvcmQ6
Oct 26 15:51:15 vps postfix/smtpd[23995]: lost connection after AUTH from unknown[103.237.86.173]
Oct 26 15:51:15 vps postfix/smtpd[23995]: disconnect from unknown[103.237.86.173]
Oct 26 15:51:15 vps postfix/smtpd[23995]: connect from unknown[103.237.86.173]
Oct 26 15:51:15 vps postfix/smtpd[23995]: Anonymous TLS connection established from unknown[103.237.86.173]: TLSv1.2 with cipher ECDHE-RSA-AES256-GCM-SHA384 (256/256 bits)
Oct 26 15:51:22 vps postfix/smtpd[23995]: warning: unknown[103.237.86.173]: SASL LOGIN authentication failed: UGFzc3dvcmQ6
Oct 26 15:51:22 vps postfix/smtpd[23995]: lost connection after AUTH from unknown[103.237.86.173]
Oct 26 15:51:22 vps postfix/smtpd[23995]: disconnect from unknown[103.237.86.173]
Oct 26 15:51:25 vps postfix/smtp[17683]: connect to crackersadaikki.com[76.223.67.189]:25: Connection timed out
Oct 26 15:51:25 vps postfix/smtp[17683]: 761B020ED4C: to=, relay=none, delay=1547, delays=1487/0.05/60/0, dsn=4.4.1, status=deferred (connect to crackersadaikki.com[76.223.67.189]:25: Connection timed out)
Oct 26 15:51:25 vps postfix/qmgr[22181]: 761B020ED4C: from=, status=expired, returned to sender
Oct 26 15:51:25 vps postfix/cleanup[18998]: 86CEE3718C2: message-id=<20251026102125.86CEE3718C2@vps.vcrowd.in>
Oct 26 15:51:25 vps postfix/bounce[17780]: 761B020ED4C: sender non-delivery notification: 86CEE3718C2
Oct 26 15:51:25 vps postfix/qmgr[22181]: 86CEE3718C2: from=<>, size=4495, nrcpt=1 (queue active)
Oct 26 15:51:25 vps postfix/qmgr[22181]: 761B020ED4C: removed
Oct 26 15:51:25 vps postfix/smtp[17685]: connect to crackersadaikki.com[76.223.67.189]:25: Connection timed out
Oct 26 15:51:25 vps postfix/smtp[17685]: 0E04D3718BF: to=, relay=none, delay=1547, delays=1486/0.04/60/0, dsn=4.4.1, status=deferred (connect to crackersadaikki.com[76.223.67.189]:25: Connection timed out)
Oct 26 15:51:25 vps postfix/qmgr[22181]: 0E04D3718BF: from=, status=expired, returned to sender
Oct 26 15:51:25 vps postfix/cleanup[18998]: 8C4D920ED4C: message-id=<20251026102125.8C4D920ED4C@vps.vcrowd.in>
Oct 26 15:51:25 vps postfix/bounce[17780]: 0E04D3718BF: sender non-delivery notification: 8C4D920ED4C
Oct 26 15:51:25 vps postfix/qmgr[22181]: 8C4D920ED4C: from=<>, size=4709, nrcpt=1 (queue active)
Oct 26 15:51:25 vps postfix/qmgr[22181]: 0E04D3718BF: removed
Oct 26 15:51:25 vps postfix/local[19001]: 86CEE3718C2: to=, relay=local, delay=0.04, delays=0.02/0.02/0/0, dsn=2.0.0, status=sent (delivered to mailbox)
Oct 26 15:51:25 vps postfix/qmgr[22181]: 86CEE3718C2: removed
Oct 26 15:51:25 vps postfix/local[19001]: 8C4D920ED4C: to=, relay=local, delay=0.01, delays=0.01/0/0/0, dsn=2.0.0, status=sent (delivered to mailbox)
Oct 26 15:51:25 vps postfix/qmgr[22181]: 8C4D920ED4C: removed
Oct 26 15:51:29 vps postfix/smtpd[23995]: connect from unknown[103.237.86.173]
Oct 26 15:51:30 vps postfix/smtpd[23995]: Anonymous TLS connection established from unknown[103.237.86.173]: TLSv1.2 with cipher ECDHE-RSA-AES256-GCM-SHA384 (256/256 bits)
Oct 26 15:51:40 vps postfix/smtpd[23995]: warning: unknown[103.237.86.173]: SASL LOGIN authentication failed: UGFzc3dvcmQ6
Oct 26 15:51:40 vps postfix/smtpd[23995]: lost connection after AUTH from unknown[103.237.86.173]
Oct 26 15:51:40 vps postfix/smtpd[23995]: disconnect from unknown[103.237.86.173]
Oct 26 15:51:44 vps postfix/smtpd[23995]: connect from unknown[103.237.86.173]
Oct 26 15:51:44 vps postfix/smtpd[23995]: Anonymous TLS connection established from unknown[103.237.86.173]: TLSv1.2 with cipher ECDHE-RSA-AES256-GCM-SHA384 (256/256 bits)
Oct 26 15:51:55 vps postfix/smtpd[23995]: warning: unknown[103.237.86.173]: SASL LOGIN authentication failed: Connection lost to authentication server
Oct 26 15:51:55 vps postfix/smtpd[23995]: lost connection after AUTH from unknown[103.237.86.173]
Oct 26 15:51:55 vps postfix/smtpd[23995]: disconnect from unknown[103.237.86.173]
Oct 26 15:52:01 vps postfix/smtpd[23995]: connect from unknown[103.237.86.173]
Oct 26 15:52:02 vps postfix/smtpd[23995]: Anonymous TLS connection established from unknown[103.237.86.173]: TLSv1.2 with cipher ECDHE-RSA-AES256-GCM-SHA384 (256/256 bits)
Oct 26 15:52:04 vps postfix/smtpd[23995]: warning: unknown[103.237.86.173]: SASL LOGIN authentication failed: UGFzc3dvcmQ6
Oct 26 15:52:04 vps postfix/smtpd[23995]: lost connection after AUTH from unknown[103.237.86.173]
Oct 26 15:52:04 vps postfix/smtpd[23995]: disconnect from unknown[103.237.86.173]
Oct 26 15:52:11 vps postfix/smtpd[23995]: connect from unknown[103.237.86.173]
Oct 26 15:52:12 vps postfix/smtpd[23995]: Anonymous TLS connection established from unknown[103.237.86.173]: TLSv1.2 with cipher ECDHE-RSA-AES256-GCM-SHA384 (256/256 bits)
Oct 26 15:52:15 vps postfix/smtpd[20102]: connect from unknown[212.132.96.229]
Oct 26 15:52:17 vps postfix/smtpd[20102]: warning: unknown[212.132.96.229]: SASL LOGIN authentication failed: UGFzc3dvcmQ6
Oct 26 15:52:17 vps postfix/smtpd[20102]: disconnect from unknown[212.132.96.229]
Oct 26 15:52:18 vps postfix/smtpd[23995]: warning: unknown[103.237.86.173]: SASL LOGIN authentication failed: UGFzc3dvcmQ6
Oct 26 15:52:18 vps postfix/smtpd[23995]: lost connection after AUTH from unknown[103.237.86.173]
Oct 26 15:52:18 vps postfix/smtpd[23995]: disconnect from unknown[103.237.86.173]
Oct 26 15:52:24 vps postfix/smtpd[20102]: connect from unknown[103.237.86.173]
Oct 26 15:52:25 vps postfix/smtpd[20102]: Anonymous TLS connection established from unknown[103.237.86.173]: TLSv1.2 with cipher ECDHE-RSA-AES256-GCM-SHA384 (256/256 bits)
Oct 26 15:52:27 vps postfix/smtpd[6755]: connect from unknown[213.209.157.167]
Oct 26 15:52:30 vps postfix/smtpd[6755]: warning: unknown[213.209.157.167]: SASL LOGIN authentication failed: UGFzc3dvcmQ6
Oct 26 15:52:30 vps postfix/smtpd[6755]: disconnect from unknown[213.209.157.167]
Oct 26 15:52:35 vps postfix/smtpd[20102]: warning: unknown[103.237.86.173]: SASL LOGIN authentication failed: UGFzc3dvcmQ6
Oct 26 15:52:35 vps postfix/smtpd[20102]: lost connection after AUTH from unknown[103.237.86.173]
Oct 26 15:52:35 vps postfix/smtpd[20102]: disconnect from unknown[103.237.86.173]
Oct 26 15:52:41 vps postfix/smtpd[23995]: connect from unknown[103.237.86.173]
Oct 26 15:52:42 vps postfix/smtpd[23995]: Anonymous TLS connection established from unknown[103.237.86.173]: TLSv1.2 with cipher ECDHE-RSA-AES256-GCM-SHA384 (256/256 bits)
Oct 26 15:52:52 vps postfix/smtpd[23995]: warning: unknown[103.237.86.173]: SASL LOGIN authentication failed: Connection lost to authentication server
Oct 26 15:52:52 vps postfix/smtpd[23995]: lost connection after AUTH from unknown[103.237.86.173]
Oct 26 15:52:52 vps postfix/smtpd[23995]: disconnect from unknown[103.237.86.173]
Oct 26 15:52:56 vps postfix/smtpd[20102]: connect from unknown[103.237.86.173]
Oct 26 15:52:57 vps postfix/smtpd[20102]: Anonymous TLS connection established from unknown[103.237.86.173]: TLSv1.2 with cipher ECDHE-RSA-AES256-GCM-SHA384 (256/256 bits)
Oct 26 15:52:59 vps postfix/smtpd[20102]: warning: unknown[103.237.86.173]: SASL LOGIN authentication failed: UGFzc3dvcmQ6
Oct 26 15:52:59 vps postfix/smtpd[20102]: lost connection after AUTH from unknown[103.237.86.173]
Oct 26 15:52:59 vps postfix/smtpd[20102]: disconnect from unknown[103.237.86.173]
Oct 26 15:53:05 vps postfix/smtpd[23995]: connect from unknown[103.237.86.173]
Oct 26 15:53:06 vps postfix/smtpd[23995]: Anonymous TLS connection established from unknown[103.237.86.173]: TLSv1.2 with cipher ECDHE-RSA-AES256-GCM-SHA384 (256/256 bits)
Oct 26 15:53:12 vps postfix/smtpd[23995]: warning: unknown[103.237.86.173]: SASL LOGIN authentication failed: UGFzc3dvcmQ6
Oct 26 15:53:12 vps postfix/smtpd[23995]: lost connection after AUTH from unknown[103.237.86.173]
Oct 26 15:53:12 vps postfix/smtpd[23995]: disconnect from unknown[103.237.86.173]
Oct 26 15:53:16 vps postfix/smtpd[20102]: connect from unknown[103.237.86.173]
Oct 26 15:53:17 vps postfix/smtpd[20102]: Anonymous TLS connection established from unknown[103.237.86.173]: TLSv1.2 with cipher ECDHE-RSA-AES256-GCM-SHA384 (256/256 bits)
Oct 26 15:53:27 vps postfix/smtpd[20102]: warning: unknown[103.237.86.173]: SASL LOGIN authentication failed: UGFzc3dvcmQ6
Oct 26 15:53:27 vps postfix/smtpd[20102]: lost connection after AUTH from unknown[103.237.86.173]
Oct 26 15:53:27 vps postfix/smtpd[20102]: disconnect from unknown[103.237.86.173]
Oct 26 15:53:28 vps postfix/smtpd[6755]: connect from unknown[77.90.185.87]
Oct 26 15:53:30 vps postfix/smtpd[6755]: warning: unknown[77.90.185.87]: SASL LOGIN authentication failed: UGFzc3dvcmQ6
Oct 26 15:53:30 vps postfix/smtpd[6755]: disconnect from unknown[77.90.185.87]
Oct 26 15:53:31 vps postfix/smtpd[23995]: connect from unknown[103.237.86.173]
Oct 26 15:53:32 vps postfix/smtpd[23995]: Anonymous TLS connection established from unknown[103.237.86.173]: TLSv1.2 with cipher ECDHE-RSA-AES256-GCM-SHA384 (256/256 bits)
Oct 26 15:53:34 vps postfix/smtpd[20102]: connect from unknown[212.132.96.229]
Oct 26 15:53:34 vps postfix/smtpd[23995]: warning: unknown[103.237.86.173]: SASL LOGIN authentication failed: UGFzc3dvcmQ6
Oct 26 15:53:34 vps postfix/smtpd[23995]: lost connection after AUTH from unknown[103.237.86.173]
Oct 26 15:53:34 vps postfix/smtpd[23995]: disconnect from unknown[103.237.86.173]
Oct 26 15:53:36 vps postfix/smtpd[20102]: warning: unknown[212.132.96.229]: SASL LOGIN authentication failed: UGFzc3dvcmQ6
Oct 26 15:53:36 vps postfix/smtpd[20102]: disconnect from unknown[212.132.96.229]
Oct 26 15:53:40 vps postfix/smtpd[23995]: connect from unknown[103.237.86.173]
Oct 26 15:53:41 vps postfix/smtpd[23995]: Anonymous TLS connection established from unknown[103.237.86.173]: TLSv1.2 with cipher ECDHE-RSA-AES256-GCM-SHA384 (256/256 bits)
Oct 26 15:53:43 vps postfix/smtpd[23995]: warning: unknown[103.237.86.173]: SASL LOGIN authentication failed: UGFzc3dvcmQ6
Oct 26 15:53:43 vps postfix/smtpd[23995]: lost connection after AUTH from unknown[103.237.86.173]
Oct 26 15:53:43 vps postfix/smtpd[23995]: disconnect from unknown[103.237.86.173]
Oct 26 15:53:43 vps postfix/smtpd[6755]: connect from unknown[213.209.157.167]
Oct 26 15:53:45 vps postfix/smtpd[6755]: warning: unknown[213.209.157.167]: SASL LOGIN authentication failed: UGFzc3dvcmQ6
Oct 26 15:53:45 vps postfix/smtpd[6755]: disconnect from unknown[213.209.157.167]
Oct 26 15:53:45 vps postfix/smtpd[20102]: connect from unknown[103.237.86.173]
Oct 26 15:53:45 vps postfix/smtpd[20102]: Anonymous TLS connection established from unknown[103.237.86.173]: TLSv1.2 with cipher ECDHE-RSA-AES256-GCM-SHA384 (256/256 bits)
Oct 26 15:53:48 vps postfix/smtpd[20102]: warning: unknown[103.237.86.173]: SASL LOGIN authentication failed: UGFzc3dvcmQ6
Oct 26 15:53:48 vps postfix/smtpd[20102]: lost connection after AUTH from unknown[103.237.86.173]
Oct 26 15:53:48 vps postfix/smtpd[20102]: disconnect from unknown[103.237.86.173]
Oct 26 15:53:52 vps postfix/smtpd[23995]: connect from unknown[103.237.86.173]
Oct 26 15:53:53 vps postfix/smtpd[23995]: Anonymous TLS connection established from unknown[103.237.86.173]: TLSv1.2 with cipher ECDHE-RSA-AES256-GCM-SHA384 (256/256 bits)
Oct 26 15:53:59 vps postfix/smtpd[23995]: warning: unknown[103.237.86.173]: SASL LOGIN authentication failed: UGFzc3dvcmQ6
Oct 26 15:53:59 vps postfix/smtpd[23995]: lost connection after AUTH from unknown[103.237.86.173]
Oct 26 15:53:59 vps postfix/smtpd[23995]: disconnect from unknown[103.237.86.173]
Oct 26 15:54:05 vps postfix/smtpd[20102]: connect from unknown[103.237.86.173]
Oct 26 15:54:06 vps postfix/smtpd[20102]: Anonymous TLS connection established from unknown[103.237.86.173]: TLSv1.2 with cipher ECDHE-RSA-AES256-GCM-SHA384 (256/256 bits)
Oct 26 15:54:08 vps postfix/smtpd[20102]: warning: unknown[103.237.86.173]: SASL LOGIN authentication failed: UGFzc3dvcmQ6
Oct 26 15:54:08 vps postfix/smtpd[20102]: lost connection after AUTH from unknown[103.237.86.173]
Oct 26 15:54:08 vps postfix/smtpd[20102]: disconnect from unknown[103.237.86.173]
Oct 26 15:54:17 vps postfix/smtpd[23995]: connect from unknown[103.237.86.173]
Oct 26 15:54:17 vps postfix/smtpd[23995]: Anonymous TLS connection established from unknown[103.237.86.173]: TLSv1.2 with cipher ECDHE-RSA-AES256-GCM-SHA384 (256/256 bits)
Oct 26 15:54:19 vps postfix/smtpd[23995]: warning: unknown[103.237.86.173]: SASL LOGIN authentication failed: UGFzc3dvcmQ6
Oct 26 15:54:19 vps postfix/smtpd[23995]: lost connection after AUTH from unknown[103.237.86.173]
Oct 26 15:54:19 vps postfix/smtpd[23995]: disconnect from unknown[103.237.86.173]
Oct 26 15:54:20 vps postfix/smtpd[6755]: connect from clo.trancemedia.info[96.31.94.157]
Oct 26 15:54:21 vps postfix/smtpd[6755]: Anonymous TLS connection established from clo.trancemedia.info[96.31.94.157]: TLSv1.2 with cipher ADH-AES256-GCM-SHA384 (256/256 bits)
Oct 26 15:54:22 vps postfix/smtpd[6755]: NOQUEUE: reject: RCPT from clo.trancemedia.info[96.31.94.157]: 450 4.1.1 : Recipient address rejected: User unknown in virtual mailbox table; from= to= proto=ESMTP helo=
Oct 26 15:54:23 vps postfix/smtpd[6755]: disconnect from clo.trancemedia.info[96.31.94.157]
Oct 26 15:54:23 vps postfix/smtpd[20102]: connect from unknown[103.237.86.173]
Oct 26 15:54:24 vps postfix/smtpd[20102]: Anonymous TLS connection established from unknown[103.237.86.173]: TLSv1.2 with cipher ECDHE-RSA-AES256-GCM-SHA384 (256/256 bits)
Oct 26 15:54:26 vps postfix/smtpd[20102]: warning: unknown[103.237.86.173]: SASL LOGIN authentication failed: UGFzc3dvcmQ6
Oct 26 15:54:26 vps postfix/smtpd[20102]: lost connection after AUTH from unknown[103.237.86.173]
Oct 26 15:54:26 vps postfix/smtpd[20102]: disconnect from unknown[103.237.86.173]
Oct 26 15:54:28 vps postfix/smtpd[23995]: connect from unknown[103.237.86.173]
Oct 26 15:54:28 vps postfix/smtpd[23995]: Anonymous TLS connection established from unknown[103.237.86.173]: TLSv1.2 with cipher ECDHE-RSA-AES256-GCM-SHA384 (256/256 bits)
Oct 26 15:54:35 vps postfix/smtpd[23995]: warning: unknown[103.237.86.173]: SASL LOGIN authentication failed: UGFzc3dvcmQ6
Oct 26 15:54:35 vps postfix/smtpd[23995]: lost connection after AUTH from unknown[103.237.86.173]
Oct 26 15:54:35 vps postfix/smtpd[23995]: disconnect from unknown[103.237.86.173]
Oct 26 15:54:36 vps postfix/smtpd[6755]: connect from unknown[213.209.157.167]
Oct 26 15:54:39 vps postfix/smtpd[6755]: warning: unknown[213.209.157.167]: SASL LOGIN authentication failed: UGFzc3dvcmQ6
Oct 26 15:54:39 vps postfix/smtpd[6755]: disconnect from unknown[213.209.157.167]
Oct 26 15:54:41 vps postfix/smtpd[20102]: connect from unknown[103.237.86.173]
Oct 26 15:54:42 vps postfix/smtpd[20102]: Anonymous TLS connection established from unknown[103.237.86.173]: TLSv1.2 with cipher ECDHE-RSA-AES256-GCM-SHA384 (256/256 bits)
Oct 26 15:54:44 vps postfix/smtpd[20102]: warning: unknown[103.237.86.173]: SASL LOGIN authentication failed: UGFzc3dvcmQ6
Oct 26 15:54:44 vps postfix/smtpd[20102]: lost connection after AUTH from unknown[103.237.86.173]
Oct 26 15:54:44 vps postfix/smtpd[20102]: disconnect from unknown[103.237.86.173]
Oct 26 15:54:52 vps postfix/smtpd[23995]: connect from unknown[212.132.96.229]
Oct 26 15:54:54 vps postfix/smtpd[23995]: warning: unknown[212.132.96.229]: SASL LOGIN authentication failed: UGFzc3dvcmQ6
Oct 26 15:54:54 vps postfix/smtpd[23995]: disconnect from unknown[212.132.96.229]
Oct 26 15:55:06 vps postfix/smtpd[6755]: connect from land.greenlabsmedia.info[96.31.94.178]
Oct 26 15:55:07 vps postfix/smtpd[6755]: Anonymous TLS connection established from land.greenlabsmedia.info[96.31.94.178]: TLSv1.2 with cipher ADH-AES256-GCM-SHA384 (256/256 bits)
Oct 26 15:55:07 vps postfix/smtpd[6755]: NOQUEUE: reject: RCPT from land.greenlabsmedia.info[96.31.94.178]: 450 4.1.8 : Sender address rejected: Domain not found; from= to= proto=ESMTP helo=
Oct 26 15:55:08 vps postfix/smtpd[6755]: disconnect from land.greenlabsmedia.info[96.31.94.178]
Oct 26 15:55:25 vps postfix/qmgr[22181]: BDF98161940: from=, size=627, nrcpt=1 (queue active)
Oct 26 15:55:27 vps postfix/smtp[25613]: BDF98161940: host gmail-smtp-in.l.google.com[64.233.170.26] said: 550-5.7.26 Your email has been blocked because the sender is unauthenticated. 550-5.7.26 Gmail requires all senders to authenticate with either SPF or DKIM. 550-5.7.26 550-5.7.26 Authentication results: 550-5.7.26 DKIM = did not pass 550-5.7.26 SPF [vps.vcrowd.in] with ip: [103.120.179.240] = did not pass 550-5.7.26 550-5.7.26 For instructions on setting up authentication, go to 550 5.7.26 https://support.google.com/mail/answer/81126#authentication 41be03b00d2f7-b71d5728de5si2152647a12.241 - gsmtp (in reply to end of DATA command)
Oct 26 15:55:29 vps postfix/smtp[25613]: BDF98161940: to=, relay=alt1.gmail-smtp-in.l.google.com[192.178.163.27]:25, delay=955, delays=950/0.02/3.6/0.79, dsn=4.7.26, status=SOFTBOUNCE (host alt1.gmail-smtp-in.l.google.com[192.178.163.27] said: 550-5.7.26 Your email has been blocked because the sender is unauthenticated. 550-5.7.26 Gmail requires all senders to authenticate with either SPF or DKIM. 550-5.7.26 550-5.7.26 Authentication results: 550-5.7.26 DKIM = did not pass 550-5.7.26 SPF [vps.vcrowd.in] with ip: [103.120.179.240] = did not pass 550-5.7.26 550-5.7.26 For instructions on setting up authentication, go to 550 5.7.26 https://support.google.com/mail/answer/81126#authentication 41be03b00d2f7-b71f73f1b43si2077984a12.1355 - gsmtp (in reply to end of DATA command))
Oct 26 15:55:29 vps postfix/qmgr[22181]: BDF98161940: from=, status=expired, returned to sender
Oct 26 15:55:29 vps postfix/cleanup[25714]: A1E3016898B: message-id=<20251026102529.A1E3016898B@vps.vcrowd.in>
Oct 26 15:55:29 vps postfix/bounce[25713]: BDF98161940: sender non-delivery notification: A1E3016898B
Oct 26 15:55:29 vps postfix/qmgr[22181]: A1E3016898B: from=<>, size=3565, nrcpt=1 (queue active)
Oct 26 15:55:29 vps postfix/qmgr[22181]: BDF98161940: removed
Oct 26 15:55:29 vps postfix/local[25716]: A1E3016898B: to=, relay=local, delay=0.05, delays=0.03/0.02/0/0, dsn=2.0.0, status=sent (delivered to mailbox)
Oct 26 15:55:29 vps postfix/qmgr[22181]: A1E3016898B: removed
Oct 26 15:55:37 vps postfix/smtpd[6755]: connect from unknown[213.209.157.167]
Oct 26 15:55:40 vps postfix/smtpd[6755]: warning: unknown[213.209.157.167]: SASL LOGIN authentication failed: UGFzc3dvcmQ6
Oct 26 15:55:40 vps postfix/smtpd[6755]: disconnect from unknown[213.209.157.167]
Oct 26 15:55:56 vps postfix/smtpd[6755]: connect from unknown[196.251.92.11]
Oct 26 15:55:58 vps postfix/smtpd[6755]: warning: unknown[196.251.92.11]: SASL LOGIN authentication failed: UGFzc3dvcmQ6
Oct 26 15:55:58 vps postfix/smtpd[6755]: disconnect from unknown[196.251.92.11]
Oct 26 15:56:11 vps postfix/smtpd[20102]: connect from unknown[212.132.96.229]
Oct 26 15:56:14 vps postfix/smtpd[20102]: warning: unknown[212.132.96.229]: SASL LOGIN authentication failed: UGFzc3dvcmQ6
Oct 26 15:56:14 vps postfix/smtpd[20102]: disconnect from unknown[212.132.96.229]
Oct 26 15:56:20 vps postfix/smtpd[6755]: connect from unknown[213.209.157.167]
Oct 26 15:56:22 vps postfix/smtpd[6755]: warning: unknown[213.209.157.167]: SASL LOGIN authentication failed: UGFzc3dvcmQ6
Oct 26 15:56:22 vps postfix/smtpd[6755]: disconnect from unknown[213.209.157.167]
Oct 26 15:57:30 vps postfix/smtpd[20102]: connect from unknown[212.132.96.229]
Oct 26 15:57:30 vps postfix/smtpd[6755]: connect from unknown[213.209.157.167]
Oct 26 15:57:33 vps postfix/smtpd[6755]: warning: unknown[213.209.157.167]: SASL LOGIN authentication failed: UGFzc3dvcmQ6
Oct 26 15:57:33 vps postfix/smtpd[20102]: warning: unknown[212.132.96.229]: SASL LOGIN authentication failed: UGFzc3dvcmQ6
Oct 26 15:57:33 vps postfix/smtpd[6755]: disconnect from unknown[213.209.157.167]
Oct 26 15:57:33 vps postfix/smtpd[20102]: disconnect from unknown[212.132.96.229]
Oct 26 15:57:58 vps postfix/smtpd[6755]: connect from unknown[213.209.157.167]
Oct 26 15:58:01 vps postfix/smtpd[6755]: warning: unknown[213.209.157.167]: SASL LOGIN authentication failed: UGFzc3dvcmQ6
Oct 26 15:58:01 vps postfix/smtpd[6755]: disconnect from unknown[213.209.157.167]
Oct 26 15:58:21 vps postfix/smtpd[6755]: connect from unknown[77.90.185.220]
Oct 26 15:58:24 vps postfix/smtpd[6755]: warning: unknown[77.90.185.220]: SASL LOGIN authentication failed: UGFzc3dvcmQ6
Oct 26 15:58:24 vps postfix/smtpd[6755]: disconnect from unknown[77.90.185.220]
Oct 26 15:58:48 vps postfix/smtpd[20102]: connect from unknown[212.132.96.229]
Oct 26 15:58:51 vps postfix/smtpd[20102]: warning: unknown[212.132.96.229]: SASL LOGIN authentication failed: UGFzc3dvcmQ6
Oct 26 15:58:51 vps postfix/smtpd[20102]: disconnect from unknown[212.132.96.229]
Oct 26 15:59:12 vps postfix/smtpd[6755]: connect from unknown[77.90.185.87]
Oct 26 15:59:14 vps postfix/smtpd[6755]: warning: unknown[77.90.185.87]: SASL LOGIN authentication failed: UGFzc3dvcmQ6
Oct 26 15:59:14 vps postfix/smtpd[6755]: disconnect from unknown[77.90.185.87]
Oct 26 15:59:28 vps postfix/smtpd[6755]: connect from unknown[213.209.157.167]
Oct 26 15:59:31 vps postfix/smtpd[6755]: warning: unknown[213.209.157.167]: SASL LOGIN authentication failed: UGFzc3dvcmQ6
Oct 26 15:59:31 vps postfix/smtpd[6755]: disconnect from unknown[213.209.157.167]
Oct 26 15:59:52 vps postfix/anvil[16309]: statistics: max connection rate 8/60s for (submission:103.237.86.173) at
Oct 26 15:54:28
Oct 26 15:59:52 vps postfix/anvil[16309]: statistics: max connection count 1 for (smtp:213.234.5.66) at
Oct 26 15:50:10
Oct 26 15:59:52 vps postfix/anvil[16309]: statistics: max cache size 5 at
Oct 26 15:54:20
Oct 26 15:59:55 vps postfix/smtpd[6755]: connect from unknown[62.60.131.124]
Oct 26 15:59:57 vps postfix/smtpd[6755]: warning: unknown[62.60.131.124]: SASL LOGIN authentication failed: UGFzc3dvcmQ6
Oct 26 15:59:57 vps postfix/smtpd[6755]: disconnect from unknown[62.60.131.124]
Oct 26 16:00:05 vps postfix/smtpd[6755]: connect from unknown[213.209.157.225]
Oct 26 16:00:07 vps postfix/smtpd[20102]: connect from unknown[212.132.96.229]
Oct 26 16:00:08 vps postfix/smtpd[6755]: warning: unknown[213.209.157.225]: SASL LOGIN authentication failed: UGFzc3dvcmQ6
Oct 26 16:00:08 vps postfix/smtpd[6755]: disconnect from unknown[213.209.157.225]
Oct 26 16:00:10 vps postfix/smtpd[6755]: connect from unknown[213.209.157.167]
Oct 26 16:00:10 vps postfix/smtpd[20102]: warning: unknown[212.132.96.229]: SASL LOGIN authentication failed: UGFzc3dvcmQ6
Oct 26 16:00:10 vps postfix/smtpd[20102]: disconnect from unknown[212.132.96.229]
Oct 26 16:00:12 vps postfix/smtpd[6755]: warning: unknown[213.209.157.167]: SASL LOGIN authentication failed: UGFzc3dvcmQ6
Oct 26 16:00:12 vps postfix/smtpd[6755]: disconnect from unknown[213.209.157.167]
Oct 26 16:00:37 vps postfix/smtpd[6755]: connect from unknown[77.90.185.220]
Oct 26 16:00:40 vps postfix/smtpd[6755]: warning: unknown[77.90.185.220]: SASL LOGIN authentication failed: UGFzc3dvcmQ6
Oct 26 16:00:40 vps postfix/smtpd[6755]: disconnect from unknown[77.90.185.220]
Oct 26 16:01:19 vps postfix/smtpd[20102]: connect from unknown[123.58.215.72]
Oct 26 16:01:22 vps postfix/smtpd[20102]: warning: unknown[123.58.215.72]: SASL LOGIN authentication failed: UGFzc3dvcmQ6
Oct 26 16:01:22 vps postfix/smtpd[20102]: disconnect from unknown[123.58.215.72]
Oct 26 16:01:29 vps postfix/smtpd[20102]: connect from unknown[212.132.96.229]
Oct 26 16:01:32 vps postfix/smtpd[20102]: warning: unknown[212.132.96.229]: SASL LOGIN authentication failed: UGFzc3dvcmQ6
Oct 26 16:01:32 vps postfix/smtpd[20102]: disconnect from unknown[212.132.96.229]
Oct 26 16:01:45 vps postfix/smtpd[6755]: connect from unknown[218.75.77.202]
Oct 26 16:01:47 vps postfix/smtpd[6755]: Anonymous TLS connection established from unknown[218.75.77.202]: TLSv1.2 with cipher ECDHE-RSA-AES256-SHA384 (256/256 bits)
Oct 26 16:01:48 vps postfix/smtpd[6755]: NOQUEUE: reject: RCPT from unknown[218.75.77.202]: 454 4.7.1 Service unavailable; Client host [218.75.77.202] blocked using bl.spamcop.net; Blocked - see https://www.spamcop.net/bl.shtml?218.75.77.202; from= to= proto=ESMTP helo=
Oct 26 16:01:49 vps postfix/smtpd[6755]: disconnect from unknown[218.75.77.202]
Oct 26 16:01:51 vps postfix/smtps/smtpd[2849]: warning: hostname unn-156-146-41-74.cdn77.com does not resolve to address 156.146.41.74: Name or service not known
Oct 26 16:01:51 vps postfix/smtps/smtpd[2849]: connect from unknown[156.146.41.74]
Oct 26 16:01:51 vps postfix/smtps/smtpd[2849]: Anonymous TLS connection established from unknown[156.146.41.74]: TLSv1.2 with cipher ECDHE-RSA-AES256-GCM-SHA384 (256/256 bits)
Oct 26 16:01:54 vps postfix/smtps/smtpd[2849]: warning: unknown[156.146.41.74]: SASL LOGIN authentication failed: UGFzc3dvcmQ6
Oct 26 16:01:54 vps postfix/smtps/smtpd[2849]: disconnect from unknown[156.146.41.74]
