Oct 26 12:09:14 vps postfix/smtpd[7524]: lost connection after AUTH from unknown[103.237.86.173]
Oct 26 12:09:14 vps postfix/smtpd[7524]: disconnect from unknown[103.237.86.173]
Oct 26 12:09:22 vps postfix/smtpd[23166]: connect from unknown[213.209.157.167]
Oct 26 12:09:24 vps postfix/smtpd[23166]: warning: unknown[213.209.157.167]: SASL LOGIN authentication failed: UGFzc3dvcmQ6
Oct 26 12:09:24 vps postfix/smtpd[23166]: disconnect from unknown[213.209.157.167]
Oct 26 12:09:52 vps postfix/anvil[16309]: statistics: max connection rate 4/60s for (smtp:213.209.157.167) at
Oct 26 12:04:20
Oct 26 12:09:52 vps postfix/anvil[16309]: statistics: max connection count 1 for (smtp:213.209.157.167) at
Oct 26 12:00:06
Oct 26 12:09:52 vps postfix/anvil[16309]: statistics: max cache size 6 at
Oct 26 12:05:33
Oct 26 12:09:54 vps postfix/smtpd[18427]: connect from unknown[213.209.157.167]
Oct 26 12:09:56 vps postfix/smtpd[18427]: warning: unknown[213.209.157.167]: SASL LOGIN authentication failed: UGFzc3dvcmQ6
Oct 26 12:09:56 vps postfix/smtpd[18427]: disconnect from unknown[213.209.157.167]
Oct 26 12:10:18 vps postfix/smtpd[16992]: connect from unknown[212.132.96.229]
Oct 26 12:10:22 vps postfix/smtpd[16992]: warning: unknown[212.132.96.229]: SASL LOGIN authentication failed: UGFzc3dvcmQ6
Oct 26 12:10:22 vps postfix/smtpd[16992]: disconnect from unknown[212.132.96.229]
Oct 26 12:10:25 vps postfix/qmgr[22181]: DE15620E827: from=, size=5256, nrcpt=1 (queue active)
Oct 26 12:10:25 vps postfix/smtp[19518]: DE15620E827: to=, relay=none, delay=1117, delays=1117/0.02/0.02/0, dsn=4.4.4, status=SOFTBOUNCE (Host or domain name not found. Name service error for name=adiworld.in type=A: Host not found)
Oct 26 12:10:25 vps postfix/qmgr[22181]: DE15620E827: from=, status=expired, returned to sender
Oct 26 12:10:25 vps postfix/cleanup[19521]: 5B24420ED4C: message-id=<20251026064025.5B24420ED4C@vps.vcrowd.in>
Oct 26 12:10:25 vps postfix/bounce[19519]: DE15620E827: sender non-delivery notification: 5B24420ED4C
Oct 26 12:10:25 vps postfix/qmgr[22181]: 5B24420ED4C: from=<>, size=7122, nrcpt=1 (queue active)
Oct 26 12:10:25 vps postfix/qmgr[22181]: DE15620E827: removed
Oct 26 12:10:25 vps postfix/local[19522]: 5B24420ED4C: to=, relay=local, delay=0.04, delays=0.02/0.01/0/0.01, dsn=2.0.0, status=sent (delivered to mailbox)
Oct 26 12:10:25 vps postfix/qmgr[22181]: 5B24420ED4C: removed
Oct 26 12:11:08 vps postfix/pickup[7093]: 2239520E827: uid=1102 from=
Oct 26 12:11:08 vps postfix/cleanup[19521]: 2239520E827: message-id=<20251026064108.2239520E827@vps.vcrowd.in>
Oct 26 12:11:08 vps opendkim[5590]: 2239520E827: no signing table match for 'blastmediasolutions@gmail.com'
Oct 26 12:11:08 vps opendkim[5590]: 2239520E827: no signature data
Oct 26 12:11:08 vps postfix/qmgr[22181]: 2239520E827: from=, size=1429, nrcpt=2 (queue active)
Oct 26 12:11:10 vps postfix/smtp[19518]: 2239520E827: host gmail-smtp-in.l.google.com[64.233.170.27] said: 550-5.7.26 Your email has been blocked because the sender is unauthenticated. 550-5.7.26 Gmail requires all senders to authenticate with either SPF or DKIM. 550-5.7.26 550-5.7.26 Authentication results: 550-5.7.26 DKIM = did not pass 550-5.7.26 SPF [vps.vcrowd.in] with ip: [103.120.179.240] = did not pass 550-5.7.26 550-5.7.26 For instructions on setting up authentication, go to 550 5.7.26 https://support.google.com/mail/answer/81126#authentication d9443c01a7336-2949ab05ae4si20366155ad.498 - gsmtp (in reply to end of DATA command)
Oct 26 12:11:12 vps postfix/smtp[19518]: 2239520E827: to=, relay=alt1.gmail-smtp-in.l.google.com[192.178.163.26]:25, delay=4.3, delays=0.03/0.01/3.6/0.68, dsn=4.7.26, status=SOFTBOUNCE (host alt1.gmail-smtp-in.l.google.com[192.178.163.26] said: 550-5.7.26 Your email has been blocked because the sender is unauthenticated. 550-5.7.26 Gmail requires all senders to authenticate with either SPF or DKIM. 550-5.7.26 550-5.7.26 Authentication results: 550-5.7.26 DKIM = did not pass 550-5.7.26 SPF [vps.vcrowd.in] with ip: [103.120.179.240] = did not pass 550-5.7.26 550-5.7.26 For instructions on setting up authentication, go to 550 5.7.26 https://support.google.com/mail/answer/81126#authentication d9443c01a7336-2949a7cbff0si21735205ad.5 - gsmtp (in reply to end of DATA command))
Oct 26 12:11:12 vps postfix/smtp[19518]: 2239520E827: to=, relay=alt1.gmail-smtp-in.l.google.com[192.178.163.26]:25, delay=4.3, delays=0.03/0.01/3.6/0.68, dsn=4.7.26, status=SOFTBOUNCE (host alt1.gmail-smtp-in.l.google.com[192.178.163.26] said: 550-5.7.26 Your email has been blocked because the sender is unauthenticated. 550-5.7.26 Gmail requires all senders to authenticate with either SPF or DKIM. 550-5.7.26 550-5.7.26 Authentication results: 550-5.7.26 DKIM = did not pass 550-5.7.26 SPF [vps.vcrowd.in] with ip: [103.120.179.240] = did not pass 550-5.7.26 550-5.7.26 For instructions on setting up authentication, go to 550 5.7.26 https://support.google.com/mail/answer/81126#authentication d9443c01a7336-2949a7cbff0si21735205ad.5 - gsmtp (in reply to end of DATA command))
Oct 26 12:11:37 vps postfix/smtpd[16992]: connect from unknown[212.132.96.229]
Oct 26 12:11:40 vps postfix/smtpd[16992]: warning: unknown[212.132.96.229]: SASL LOGIN authentication failed: UGFzc3dvcmQ6
Oct 26 12:11:40 vps postfix/smtpd[16992]: disconnect from unknown[212.132.96.229]
Oct 26 12:12:08 vps postfix/smtpd[22912]: connect from unknown[213.209.157.167]
Oct 26 12:12:11 vps postfix/smtpd[22912]: warning: unknown[213.209.157.167]: SASL LOGIN authentication failed: UGFzc3dvcmQ6
Oct 26 12:12:11 vps postfix/smtpd[22912]: disconnect from unknown[213.209.157.167]
Oct 26 12:12:27 vps postfix/smtpd[22912]: connect from unknown[213.209.157.167]
Oct 26 12:12:29 vps postfix/smtpd[22912]: warning: unknown[213.209.157.167]: SASL LOGIN authentication failed: UGFzc3dvcmQ6
Oct 26 12:12:29 vps postfix/smtpd[22912]: disconnect from unknown[213.209.157.167]
Oct 26 12:12:44 vps postfix/smtpd[22912]: connect from unknown[213.209.157.167]
Oct 26 12:12:46 vps postfix/smtpd[22912]: warning: unknown[213.209.157.167]: SASL LOGIN authentication failed: UGFzc3dvcmQ6
Oct 26 12:12:46 vps postfix/smtpd[22912]: disconnect from unknown[213.209.157.167]
Oct 26 12:12:55 vps postfix/smtpd[16992]: connect from unknown[212.132.96.229]
Oct 26 12:12:58 vps postfix/smtpd[16992]: warning: unknown[212.132.96.229]: SASL LOGIN authentication failed: UGFzc3dvcmQ6
Oct 26 12:12:58 vps postfix/smtpd[16992]: disconnect from unknown[212.132.96.229]
Oct 26 12:13:07 vps postfix/smtps/smtpd[24742]: connect from unknown[95.181.233.9]
Oct 26 12:13:07 vps postfix/smtps/smtpd[24742]: Anonymous TLS connection established from unknown[95.181.233.9]: TLSv1.2 with cipher ECDHE-RSA-AES256-GCM-SHA384 (256/256 bits)
Oct 26 12:13:10 vps postfix/smtps/smtpd[24742]: warning: unknown[95.181.233.9]: SASL LOGIN authentication failed: UGFzc3dvcmQ6
Oct 26 12:13:10 vps postfix/smtps/smtpd[24742]: disconnect from unknown[95.181.233.9]
Oct 26 12:13:59 vps postfix/smtpd[22912]: connect from unknown[196.251.92.15]
Oct 26 12:14:02 vps postfix/smtpd[22912]: warning: unknown[196.251.92.15]: SASL LOGIN authentication failed: UGFzc3dvcmQ6
Oct 26 12:14:02 vps postfix/smtpd[22912]: lost connection after AUTH from unknown[196.251.92.15]
Oct 26 12:14:02 vps postfix/smtpd[22912]: disconnect from unknown[196.251.92.15]
Oct 26 12:14:07 vps postfix/smtpd[22912]: connect from unknown[213.209.157.167]
Oct 26 12:14:09 vps postfix/smtpd[22912]: warning: unknown[213.209.157.167]: SASL LOGIN authentication failed: UGFzc3dvcmQ6
Oct 26 12:14:09 vps postfix/smtpd[22912]: disconnect from unknown[213.209.157.167]
Oct 26 12:14:15 vps postfix/smtpd[16992]: connect from unknown[212.132.96.229]
Oct 26 12:14:17 vps postfix/smtpd[16992]: warning: unknown[212.132.96.229]: SASL LOGIN authentication failed: UGFzc3dvcmQ6
Oct 26 12:14:17 vps postfix/smtpd[16992]: disconnect from unknown[212.132.96.229]
Oct 26 12:14:45 vps postfix/smtpd[22912]: connect from unknown[77.90.185.87]
Oct 26 12:14:48 vps postfix/smtpd[22912]: warning: unknown[77.90.185.87]: SASL LOGIN authentication failed: UGFzc3dvcmQ6
Oct 26 12:14:48 vps postfix/smtpd[22912]: disconnect from unknown[77.90.185.87]
Oct 26 12:14:54 vps postfix/smtpd[22912]: connect from unknown[213.209.157.167]
Oct 26 12:14:56 vps postfix/smtpd[22912]: warning: unknown[213.209.157.167]: SASL LOGIN authentication failed: UGFzc3dvcmQ6
Oct 26 12:14:56 vps postfix/smtpd[22912]: disconnect from unknown[213.209.157.167]
Oct 26 12:15:00 vps postfix/smtpd[22912]: connect from unknown[45.148.10.44]
Oct 26 12:15:05 vps postfix/smtpd[22912]: warning: unknown[45.148.10.44]: SASL LOGIN authentication failed: UGFzc3dvcmQ6
Oct 26 12:15:05 vps postfix/smtpd[22912]: disconnect from unknown[45.148.10.44]
Oct 26 12:15:14 vps postfix/smtpd[22912]: connect from unknown[213.209.157.167]
Oct 26 12:15:17 vps postfix/smtpd[22912]: warning: unknown[213.209.157.167]: SASL LOGIN authentication failed: UGFzc3dvcmQ6
Oct 26 12:15:17 vps postfix/smtpd[22912]: disconnect from unknown[213.209.157.167]
Oct 26 12:15:25 vps postfix/qmgr[22181]: CC1DF161940: from=, size=491, nrcpt=2 (queue active)
Oct 26 12:15:27 vps postfix/smtp[30158]: CC1DF161940: host gmail-smtp-in.l.google.com[64.233.170.27] said: 550-5.7.26 Your email has been blocked because the sender is unauthenticated. 550-5.7.26 Gmail requires all senders to authenticate with either SPF or DKIM. 550-5.7.26 550-5.7.26 Authentication results: 550-5.7.26 DKIM = did not pass 550-5.7.26 SPF [vps.vcrowd.in] with ip: [103.120.179.240] = did not pass 550-5.7.26 550-5.7.26 For instructions on setting up authentication, go to 550 5.7.26 https://support.google.com/mail/answer/81126#authentication d2e1a72fcca58-7a4155408b4si2093983b3a.213 - gsmtp (in reply to end of DATA command)
Oct 26 12:15:29 vps postfix/smtp[30158]: CC1DF161940: to=, relay=alt1.gmail-smtp-in.l.google.com[192.178.163.27]:25, delay=591, delays=587/0.05/3.5/0.68, dsn=4.7.26, status=SOFTBOUNCE (host alt1.gmail-smtp-in.l.google.com[192.178.163.27] said: 550-5.7.26 Your email has been blocked because the sender is unauthenticated. 550-5.7.26 Gmail requires all senders to authenticate with either SPF or DKIM. 550-5.7.26 550-5.7.26 Authentication results: 550-5.7.26 DKIM = did not pass 550-5.7.26 SPF [vps.vcrowd.in] with ip: [103.120.179.240] = did not pass 550-5.7.26 550-5.7.26 For instructions on setting up authentication, go to 550 5.7.26 https://support.google.com/mail/answer/81126#authentication d2e1a72fcca58-7a41e21fd3asi1248316b3a.237 - gsmtp (in reply to end of DATA command))
Oct 26 12:15:29 vps postfix/smtp[30158]: CC1DF161940: to=, relay=alt1.gmail-smtp-in.l.google.com[192.178.163.27]:25, delay=591, delays=587/0.05/3.5/0.68, dsn=4.7.26, status=SOFTBOUNCE (host alt1.gmail-smtp-in.l.google.com[192.178.163.27] said: 550-5.7.26 Your email has been blocked because the sender is unauthenticated. 550-5.7.26 Gmail requires all senders to authenticate with either SPF or DKIM. 550-5.7.26 550-5.7.26 Authentication results: 550-5.7.26 DKIM = did not pass 550-5.7.26 SPF [vps.vcrowd.in] with ip: [103.120.179.240] = did not pass 550-5.7.26 550-5.7.26 For instructions on setting up authentication, go to 550 5.7.26 https://support.google.com/mail/answer/81126#authentication d2e1a72fcca58-7a41e21fd3asi1248316b3a.237 - gsmtp (in reply to end of DATA command))
Oct 26 12:15:34 vps postfix/smtpd[16992]: connect from unknown[212.132.96.229]
Oct 26 12:15:35 vps postfix/smtpd[22912]: connect from unknown[213.209.157.167]
Oct 26 12:15:36 vps postfix/smtpd[16992]: warning: unknown[212.132.96.229]: SASL LOGIN authentication failed: UGFzc3dvcmQ6
Oct 26 12:15:36 vps postfix/smtpd[16992]: disconnect from unknown[212.132.96.229]
Oct 26 12:15:38 vps postfix/smtpd[22912]: warning: unknown[213.209.157.167]: SASL LOGIN authentication failed: UGFzc3dvcmQ6
Oct 26 12:15:38 vps postfix/smtpd[22912]: disconnect from unknown[213.209.157.167]
Oct 26 12:15:48 vps postfix/smtpd[22912]: connect from starttls-virginia.securing-email.com[34.227.19.103]
Oct 26 12:15:49 vps postfix/smtpd[22912]: Anonymous TLS connection established from starttls-virginia.securing-email.com[34.227.19.103]: TLSv1.2 with cipher ECDHE-RSA-AES128-GCM-SHA256 (128/128 bits)
Oct 26 12:15:50 vps postfix/smtpd[22912]: disconnect from starttls-virginia.securing-email.com[34.227.19.103]
Oct 26 12:15:54 vps postfix/smtpd[22912]: connect from unknown[213.209.157.167]
Oct 26 12:15:57 vps postfix/smtpd[22912]: warning: unknown[213.209.157.167]: SASL LOGIN authentication failed: UGFzc3dvcmQ6
Oct 26 12:15:57 vps postfix/smtpd[22912]: disconnect from unknown[213.209.157.167]
Oct 26 12:16:16 vps postfix/smtpd[22912]: connect from unknown[213.209.157.167]
Oct 26 12:16:18 vps postfix/smtpd[22912]: warning: unknown[213.209.157.167]: SASL LOGIN authentication failed: UGFzc3dvcmQ6
Oct 26 12:16:18 vps postfix/smtpd[22912]: disconnect from unknown[213.209.157.167]
Oct 26 12:16:40 vps postfix/smtpd[22912]: connect from unknown[221.145.5.14]
Oct 26 12:16:41 vps postfix/smtpd[32505]: connect from unknown[213.209.157.167]
Oct 26 12:16:43 vps postfix/smtpd[32505]: warning: unknown[213.209.157.167]: SASL LOGIN authentication failed: UGFzc3dvcmQ6
Oct 26 12:16:43 vps postfix/smtpd[32505]: disconnect from unknown[213.209.157.167]
Oct 26 12:16:46 vps postfix/smtpd[22912]: warning: unknown[221.145.5.14]: SASL LOGIN authentication failed: UGFzc3dvcmQ6
Oct 26 12:16:47 vps postfix/smtpd[22912]: lost connection after AUTH from unknown[221.145.5.14]
Oct 26 12:16:47 vps postfix/smtpd[22912]: disconnect from unknown[221.145.5.14]
Oct 26 12:16:53 vps postfix/smtpd[16992]: connect from unknown[212.132.96.229]
Oct 26 12:16:56 vps postfix/smtpd[16992]: warning: unknown[212.132.96.229]: SASL LOGIN authentication failed: UGFzc3dvcmQ6
Oct 26 12:16:56 vps postfix/smtpd[16992]: disconnect from unknown[212.132.96.229]
Oct 26 12:17:02 vps postfix/smtpd[32505]: connect from unknown[213.209.157.167]
Oct 26 12:17:05 vps postfix/smtpd[32505]: warning: unknown[213.209.157.167]: SASL LOGIN authentication failed: UGFzc3dvcmQ6
Oct 26 12:17:05 vps postfix/smtpd[32505]: disconnect from unknown[213.209.157.167]
Oct 26 12:17:21 vps postfix/smtpd[22912]: connect from unknown[62.60.131.17]
Oct 26 12:17:23 vps postfix/smtpd[22912]: warning: unknown[62.60.131.17]: SASL LOGIN authentication failed: UGFzc3dvcmQ6
Oct 26 12:17:23 vps postfix/smtpd[22912]: disconnect from unknown[62.60.131.17]
Oct 26 12:18:00 vps postfix/smtpd[32505]: connect from unknown[213.209.157.167]
Oct 26 12:18:03 vps postfix/smtpd[32505]: warning: unknown[213.209.157.167]: SASL LOGIN authentication failed: UGFzc3dvcmQ6
Oct 26 12:18:03 vps postfix/smtpd[32505]: disconnect from unknown[213.209.157.167]
Oct 26 12:18:09 vps postfix/smtpd[22912]: connect from unknown[193.32.162.71]
Oct 26 12:18:11 vps postfix/smtpd[22912]: warning: unknown[193.32.162.71]: SASL LOGIN authentication failed: UGFzc3dvcmQ6
Oct 26 12:18:11 vps postfix/smtpd[22912]: lost connection after AUTH from unknown[193.32.162.71]
Oct 26 12:18:11 vps postfix/smtpd[22912]: disconnect from unknown[193.32.162.71]
Oct 26 12:18:12 vps postfix/smtpd[16992]: connect from unknown[212.132.96.229]
Oct 26 12:18:15 vps postfix/smtpd[16992]: warning: unknown[212.132.96.229]: SASL LOGIN authentication failed: UGFzc3dvcmQ6
Oct 26 12:18:15 vps postfix/smtpd[16992]: disconnect from unknown[212.132.96.229]
Oct 26 12:18:18 vps postfix/smtpd[32505]: connect from unknown[213.209.157.167]
Oct 26 12:18:21 vps postfix/smtpd[32505]: warning: unknown[213.209.157.167]: SASL LOGIN authentication failed: UGFzc3dvcmQ6
Oct 26 12:18:21 vps postfix/smtpd[32505]: disconnect from unknown[213.209.157.167]
Oct 26 12:18:29 vps postfix/smtpd[16992]: connect from unknown[121.189.226.81]
Oct 26 12:18:31 vps postfix/smtpd[22912]: warning: hostname b4-stop.shop does not resolve to address 78.135.110.226: Name or service not known
Oct 26 12:18:31 vps postfix/smtpd[22912]: connect from unknown[78.135.110.226]
Oct 26 12:18:32 vps postfix/smtpd[22912]: Anonymous TLS connection established from unknown[78.135.110.226]: TLSv1.2 with cipher ECDHE-RSA-AES256-GCM-SHA384 (256/256 bits)
Oct 26 12:18:33 vps postfix/smtpd[22912]: NOQUEUE: reject: RCPT from unknown[78.135.110.226]: 454 4.7.1 Service unavailable; Client host [78.135.110.226] blocked using bl.spamcop.net; Blocked - see https://www.spamcop.net/bl.shtml?78.135.110.226; from= to= proto=ESMTP helo=
Oct 26 12:18:33 vps postfix/smtpd[22912]: disconnect from unknown[78.135.110.226]
Oct 26 12:18:35 vps postfix/smtpd[16992]: warning: unknown[121.189.226.81]: SASL LOGIN authentication failed: UGFzc3dvcmQ6
Oct 26 12:18:36 vps postfix/smtpd[16992]: lost connection after AUTH from unknown[121.189.226.81]
Oct 26 12:18:36 vps postfix/smtpd[16992]: disconnect from unknown[121.189.226.81]
Oct 26 12:18:39 vps postfix/smtpd[32505]: connect from unknown[213.209.157.167]
Oct 26 12:18:41 vps postfix/smtpd[32505]: warning: unknown[213.209.157.167]: SASL LOGIN authentication failed: UGFzc3dvcmQ6
Oct 26 12:18:41 vps postfix/smtpd[32505]: disconnect from unknown[213.209.157.167]
Oct 26 12:19:14 vps postfix/smtpd[22912]: connect from unknown[213.209.157.167]
Oct 26 12:19:16 vps postfix/smtpd[22912]: warning: unknown[213.209.157.167]: SASL LOGIN authentication failed: UGFzc3dvcmQ6
Oct 26 12:19:16 vps postfix/smtpd[22912]: disconnect from unknown[213.209.157.167]
Oct 26 12:19:31 vps postfix/smtpd[16992]: connect from unknown[212.132.96.229]
Oct 26 12:19:34 vps postfix/smtpd[16992]: warning: unknown[212.132.96.229]: SASL LOGIN authentication failed: UGFzc3dvcmQ6
Oct 26 12:19:34 vps postfix/smtpd[16992]: disconnect from unknown[212.132.96.229]
Oct 26 12:19:34 vps postfix/smtpd[32505]: connect from unknown[213.209.157.167]
Oct 26 12:19:37 vps postfix/smtpd[32505]: warning: unknown[213.209.157.167]: SASL LOGIN authentication failed: UGFzc3dvcmQ6
Oct 26 12:19:37 vps postfix/smtpd[32505]: disconnect from unknown[213.209.157.167]
Oct 26 12:19:52 vps postfix/anvil[16309]: statistics: max connection rate 3/60s for (smtp:213.209.157.167) at
Oct 26 12:09:54
Oct 26 12:19:52 vps postfix/anvil[16309]: statistics: max connection count 1 for (smtp:213.209.157.167) at
Oct 26 12:09:54
Oct 26 12:19:52 vps postfix/anvil[16309]: statistics: max cache size 5 at
Oct 26 12:15:00
Oct 26 12:19:54 vps postfix/smtpd[22912]: connect from unknown[213.209.157.167]
Oct 26 12:19:56 vps postfix/smtpd[22912]: warning: unknown[213.209.157.167]: SASL LOGIN authentication failed: UGFzc3dvcmQ6
Oct 26 12:19:56 vps postfix/smtpd[22912]: disconnect from unknown[213.209.157.167]
Oct 26 12:20:11 vps postfix/smtpd[32505]: connect from unknown[213.209.157.167]
Oct 26 12:20:14 vps postfix/smtpd[32505]: warning: unknown[213.209.157.167]: SASL LOGIN authentication failed: UGFzc3dvcmQ6
Oct 26 12:20:14 vps postfix/smtpd[32505]: disconnect from unknown[213.209.157.167]
Oct 26 12:20:25 vps postfix/qmgr[22181]: 2239520E827: from=, size=1429, nrcpt=2 (queue active)
Oct 26 12:20:27 vps postfix/smtp[8072]: 2239520E827: host gmail-smtp-in.l.google.com[64.233.170.27] said: 550-5.7.26 Your email has been blocked because the sender is unauthenticated. 550-5.7.26 Gmail requires all senders to authenticate with either SPF or DKIM. 550-5.7.26 550-5.7.26 Authentication results: 550-5.7.26 DKIM = did not pass 550-5.7.26 SPF [vps.vcrowd.in] with ip: [103.120.179.240] = did not pass 550-5.7.26 550-5.7.26 For instructions on setting up authentication, go to 550 5.7.26 https://support.google.com/mail/answer/81126#authentication 41be03b00d2f7-b71f72051c5si1783663a12.1339 - gsmtp (in reply to end of DATA command)
Oct 26 12:20:29 vps postfix/smtp[8072]: 2239520E827: to=, relay=alt1.gmail-smtp-in.l.google.com[192.178.163.27]:25, delay=562, delays=557/0.05/3.5/0.71, dsn=4.7.26, status=SOFTBOUNCE (host alt1.gmail-smtp-in.l.google.com[192.178.163.27] said: 550-5.7.26 Your email has been blocked because the sender is unauthenticated. 550-5.7.26 Gmail requires all senders to authenticate with either SPF or DKIM. 550-5.7.26 550-5.7.26 Authentication results: 550-5.7.26 DKIM = did not pass 550-5.7.26 SPF [vps.vcrowd.in] with ip: [103.120.179.240] = did not pass 550-5.7.26 550-5.7.26 For instructions on setting up authentication, go to 550 5.7.26 https://support.google.com/mail/answer/81126#authentication d2e1a72fcca58-7a41552177bsi2097662b3a.61 - gsmtp (in reply to end of DATA command))
Oct 26 12:20:29 vps postfix/smtp[8072]: 2239520E827: to=, relay=alt1.gmail-smtp-in.l.google.com[192.178.163.27]:25, delay=562, delays=557/0.05/3.5/0.71, dsn=4.7.26, status=SOFTBOUNCE (host alt1.gmail-smtp-in.l.google.com[192.178.163.27] said: 550-5.7.26 Your email has been blocked because the sender is unauthenticated. 550-5.7.26 Gmail requires all senders to authenticate with either SPF or DKIM. 550-5.7.26 550-5.7.26 Authentication results: 550-5.7.26 DKIM = did not pass 550-5.7.26 SPF [vps.vcrowd.in] with ip: [103.120.179.240] = did not pass 550-5.7.26 550-5.7.26 For instructions on setting up authentication, go to 550 5.7.26 https://support.google.com/mail/answer/81126#authentication d2e1a72fcca58-7a41552177bsi2097662b3a.61 - gsmtp (in reply to end of DATA command))
Oct 26 12:20:51 vps postfix/smtpd[16992]: connect from unknown[212.132.96.229]
Oct 26 12:20:54 vps postfix/smtpd[16992]: warning: unknown[212.132.96.229]: SASL LOGIN authentication failed: UGFzc3dvcmQ6
Oct 26 12:20:54 vps postfix/smtpd[16992]: disconnect from unknown[212.132.96.229]
Oct 26 12:21:42 vps postfix/smtpd[32505]: connect from unknown[45.148.10.89]
Oct 26 12:21:46 vps postfix/smtpd[10644]: connect from unknown[213.209.157.167]
Oct 26 12:21:47 vps postfix/smtpd[32505]: warning: unknown[45.148.10.89]: SASL LOGIN authentication failed: UGFzc3dvcmQ6
Oct 26 12:21:47 vps postfix/smtpd[10670]: connect from unknown[213.209.157.252]
Oct 26 12:21:47 vps postfix/smtpd[32505]: disconnect from unknown[45.148.10.89]
Oct 26 12:21:49 vps postfix/smtpd[10644]: warning: unknown[213.209.157.167]: SASL LOGIN authentication failed: UGFzc3dvcmQ6
Oct 26 12:21:49 vps postfix/smtpd[10644]: disconnect from unknown[213.209.157.167]
Oct 26 12:21:50 vps postfix/smtpd[10670]: warning: unknown[213.209.157.252]: SASL LOGIN authentication failed: UGFzc3dvcmQ6
Oct 26 12:21:50 vps postfix/smtpd[10670]: disconnect from unknown[213.209.157.252]
Oct 26 12:21:56 vps postfix/smtpd[32505]: connect from said.intellivisionmedia.info[96.31.94.53]
Oct 26 12:21:57 vps postfix/smtpd[32505]: Anonymous TLS connection established from said.intellivisionmedia.info[96.31.94.53]: TLSv1.2 with cipher ADH-AES256-GCM-SHA384 (256/256 bits)
Oct 26 12:21:58 vps postfix/smtpd[32505]: NOQUEUE: reject: RCPT from said.intellivisionmedia.info[96.31.94.53]: 450 4.1.1 : Recipient address rejected: User unknown in virtual mailbox table; from= to= proto=ESMTP helo=
Oct 26 12:21:58 vps postfix/smtpd[32505]: disconnect from said.intellivisionmedia.info[96.31.94.53]
Oct 26 12:22:04 vps postfix/smtpd[16992]: connect from scan.cypex.ai[3.137.73.221]
Oct 26 12:22:04 vps postfix/smtpd[16992]: warning: non-SMTP command from scan.cypex.ai[3.137.73.221]: GET / HTTP/1.1
Oct 26 12:22:04 vps postfix/smtpd[16992]: disconnect from scan.cypex.ai[3.137.73.221]
Oct 26 12:22:06 vps postfix/smtpd[16992]: connect from scan.cypex.ai[3.137.73.221]
Oct 26 12:22:06 vps postfix/smtpd[16992]: lost connection after CONNECT from scan.cypex.ai[3.137.73.221]
Oct 26 12:22:06 vps postfix/smtpd[16992]: disconnect from scan.cypex.ai[3.137.73.221]
Oct 26 12:22:10 vps postfix/smtpd[16992]: connect from unknown[212.132.96.229]
Oct 26 12:22:13 vps postfix/smtpd[16992]: warning: unknown[212.132.96.229]: SASL LOGIN authentication failed: UGFzc3dvcmQ6
Oct 26 12:22:13 vps postfix/smtpd[16992]: disconnect from unknown[212.132.96.229]
Oct 26 12:22:23 vps postfix/smtpd[10644]: connect from unknown[213.209.157.167]
Oct 26 12:22:25 vps postfix/smtpd[10644]: warning: unknown[213.209.157.167]: SASL LOGIN authentication failed: UGFzc3dvcmQ6
Oct 26 12:22:25 vps postfix/smtpd[10644]: disconnect from unknown[213.209.157.167]
Oct 26 12:22:38 vps postfix/smtpd[10670]: connect from unknown[213.209.157.167]
Oct 26 12:22:40 vps postfix/smtpd[10670]: warning: unknown[213.209.157.167]: SASL LOGIN authentication failed: UGFzc3dvcmQ6
Oct 26 12:22:40 vps postfix/smtpd[10670]: disconnect from unknown[213.209.157.167]
Oct 26 12:22:54 vps postfix/smtpd[10644]: connect from unknown[213.209.157.167]
Oct 26 12:22:57 vps postfix/smtpd[10644]: warning: unknown[213.209.157.167]: SASL LOGIN authentication failed: UGFzc3dvcmQ6
Oct 26 12:22:57 vps postfix/smtpd[10644]: disconnect from unknown[213.209.157.167]
Oct 26 12:23:23 vps postfix/smtpd[10670]: connect from unknown[213.209.157.167]
Oct 26 12:23:26 vps postfix/smtpd[10670]: warning: unknown[213.209.157.167]: SASL LOGIN authentication failed: VXNlcm5hbWU6
Oct 26 12:23:26 vps postfix/smtpd[10670]: disconnect from unknown[213.209.157.167]
Oct 26 12:23:28 vps postfix/smtpd[16992]: connect from unknown[212.132.96.229]
Oct 26 12:23:31 vps postfix/smtpd[16992]: warning: unknown[212.132.96.229]: SASL LOGIN authentication failed: UGFzc3dvcmQ6
Oct 26 12:23:31 vps postfix/smtpd[16992]: disconnect from unknown[212.132.96.229]
Oct 26 12:23:43 vps postfix/smtpd[10644]: connect from unknown[62.60.131.124]
Oct 26 12:23:46 vps postfix/smtpd[10644]: warning: unknown[62.60.131.124]: SASL LOGIN authentication failed: UGFzc3dvcmQ6
Oct 26 12:23:46 vps postfix/smtpd[10644]: disconnect from unknown[62.60.131.124]
Oct 26 12:24:01 vps postfix/smtpd[10670]: connect from unknown[62.60.131.17]
Oct 26 12:24:02 vps postfix/smtpd[10644]: connect from unknown[62.60.131.17]
Oct 26 12:24:02 vps postfix/smtpd[15032]: connect from unknown[213.209.157.167]
Oct 26 12:24:03 vps postfix/smtpd[10670]: warning: unknown[62.60.131.17]: SASL LOGIN authentication failed: UGFzc3dvcmQ6
Oct 26 12:24:03 vps postfix/smtpd[10670]: disconnect from unknown[62.60.131.17]
Oct 26 12:24:04 vps postfix/smtpd[15032]: warning: unknown[213.209.157.167]: SASL LOGIN authentication failed: UGFzc3dvcmQ6
Oct 26 12:24:04 vps postfix/smtpd[15032]: disconnect from unknown[213.209.157.167]
Oct 26 12:24:09 vps postfix/smtpd[10644]: warning: unknown[62.60.131.17]: SASL LOGIN authentication failed: UGFzc3dvcmQ6
Oct 26 12:24:09 vps postfix/smtpd[10644]: disconnect from unknown[62.60.131.17]
Oct 26 12:24:23 vps postfix/smtpd[16992]: connect from scan.cypex.ai[3.137.73.221]
Oct 26 12:24:23 vps postfix/smtpd[16992]: warning: non-SMTP command from scan.cypex.ai[3.137.73.221]: GET / HTTP/1.1
Oct 26 12:24:23 vps postfix/smtpd[16992]: disconnect from scan.cypex.ai[3.137.73.221]
Oct 26 12:24:47 vps postfix/smtpd[10670]: connect from unknown[45.148.10.97]
Oct 26 12:24:49 vps postfix/smtpd[16992]: connect from unknown[212.132.96.229]
Oct 26 12:24:50 vps postfix/smtpd[10670]: warning: unknown[45.148.10.97]: SASL LOGIN authentication failed: UGFzc3dvcmQ6
Oct 26 12:24:50 vps postfix/smtpd[10670]: disconnect from unknown[45.148.10.97]
Oct 26 12:24:51 vps postfix/smtpd[16992]: warning: unknown[212.132.96.229]: SASL LOGIN authentication failed: UGFzc3dvcmQ6
Oct 26 12:24:51 vps postfix/smtpd[16992]: disconnect from unknown[212.132.96.229]
Oct 26 12:24:52 vps postfix/smtpd[15032]: connect from unknown[45.148.10.98]
Oct 26 12:24:54 vps postfix/smtpd[15032]: warning: unknown[45.148.10.98]: SASL LOGIN authentication failed: UGFzc3dvcmQ6
Oct 26 12:24:54 vps postfix/smtpd[15032]: disconnect from unknown[45.148.10.98]
Oct 26 12:25:00 vps postfix/smtpd[10644]: connect from unknown[45.148.10.64]
Oct 26 12:25:02 vps postfix/smtpd[10644]: warning: unknown[45.148.10.64]: SASL LOGIN authentication failed: UGFzc3dvcmQ6
Oct 26 12:25:02 vps postfix/smtpd[10644]: disconnect from unknown[45.148.10.64]
Oct 26 12:25:09 vps postfix/smtpd[15032]: connect from unknown[213.209.157.167]
Oct 26 12:25:12 vps postfix/smtpd[15032]: warning: unknown[213.209.157.167]: SASL LOGIN authentication failed: UGFzc3dvcmQ6
Oct 26 12:25:12 vps postfix/smtpd[15032]: disconnect from unknown[213.209.157.167]
Oct 26 12:25:25 vps postfix/qmgr[22181]: CC1DF161940: from=, size=491, nrcpt=2 (queue active)
Oct 26 12:25:27 vps postfix/smtp[18910]: CC1DF161940: host gmail-smtp-in.l.google.com[64.233.170.26] said: 550-5.7.26 Your email has been blocked because the sender is unauthenticated. 550-5.7.26 Gmail requires all senders to authenticate with either SPF or DKIM. 550-5.7.26 550-5.7.26 Authentication results: 550-5.7.26 DKIM = did not pass 550-5.7.26 SPF [vps.vcrowd.in] with ip: [103.120.179.240] = did not pass 550-5.7.26 550-5.7.26 For instructions on setting up authentication, go to 550 5.7.26 https://support.google.com/mail/answer/81126#authentication d2e1a72fcca58-7a42b4dd5d3si119732b3a.242 - gsmtp (in reply to end of DATA command)
Oct 26 12:25:29 vps postfix/smtp[18910]: CC1DF161940: to=, relay=alt1.gmail-smtp-in.l.google.com[192.178.163.26]:25, delay=1191, delays=1187/0.05/3.6/0.73, dsn=4.7.26, status=SOFTBOUNCE (host alt1.gmail-smtp-in.l.google.com[192.178.163.26] said: 550-5.7.26 Your email has been blocked because the sender is unauthenticated. 550-5.7.26 Gmail requires all senders to authenticate with either SPF or DKIM. 550-5.7.26 550-5.7.26 Authentication results: 550-5.7.26 DKIM = did not pass 550-5.7.26 SPF [vps.vcrowd.in] with ip: [103.120.179.240] = did not pass 550-5.7.26 550-5.7.26 For instructions on setting up authentication, go to 550 5.7.26 https://support.google.com/mail/answer/81126#authentication d2e1a72fcca58-7a415634ffbsi2046029b3a.589 - gsmtp (in reply to end of DATA command))
Oct 26 12:25:29 vps postfix/smtp[18910]: CC1DF161940: to=, relay=alt1.gmail-smtp-in.l.google.com[192.178.163.26]:25, delay=1191, delays=1187/0.05/3.6/0.73, dsn=4.7.26, status=SOFTBOUNCE (host alt1.gmail-smtp-in.l.google.com[192.178.163.26] said: 550-5.7.26 Your email has been blocked because the sender is unauthenticated. 550-5.7.26 Gmail requires all senders to authenticate with either SPF or DKIM. 550-5.7.26 550-5.7.26 Authentication results: 550-5.7.26 DKIM = did not pass 550-5.7.26 SPF [vps.vcrowd.in] with ip: [103.120.179.240] = did not pass 550-5.7.26 550-5.7.26 For instructions on setting up authentication, go to 550 5.7.26 https://support.google.com/mail/answer/81126#authentication d2e1a72fcca58-7a415634ffbsi2046029b3a.589 - gsmtp (in reply to end of DATA command))
Oct 26 12:25:29 vps postfix/qmgr[22181]: CC1DF161940: from=, status=expired, returned to sender
Oct 26 12:25:29 vps postfix/cleanup[19053]: EEFB716898B: message-id=<20251026065529.EEFB716898B@vps.vcrowd.in>
Oct 26 12:25:29 vps postfix/bounce[19052]: CC1DF161940: sender non-delivery notification: EEFB716898B
Oct 26 12:25:29 vps postfix/qmgr[22181]: EEFB716898B: from=<>, size=4783, nrcpt=1 (queue active)
Oct 26 12:25:29 vps postfix/qmgr[22181]: CC1DF161940: removed
Oct 26 12:25:30 vps postfix/local[19054]: EEFB716898B: to=, relay=local, delay=0.04, delays=0.02/0.02/0/0.01, dsn=2.0.0, status=sent (delivered to mailbox)
Oct 26 12:25:30 vps postfix/qmgr[22181]: EEFB716898B: removed
Oct 26 12:25:35 vps postfix/smtpd[10644]: connect from unknown[77.90.185.87]
Oct 26 12:25:38 vps postfix/smtpd[10644]: warning: unknown[77.90.185.87]: SASL LOGIN authentication failed: UGFzc3dvcmQ6
Oct 26 12:25:38 vps postfix/smtpd[10644]: disconnect from unknown[77.90.185.87]
Oct 26 12:25:52 vps postfix/smtpd[15032]: connect from unknown[196.251.92.15]
Oct 26 12:25:55 vps postfix/smtpd[15032]: warning: unknown[196.251.92.15]: SASL LOGIN authentication failed: UGFzc3dvcmQ6
Oct 26 12:25:55 vps postfix/smtpd[15032]: lost connection after AUTH from unknown[196.251.92.15]
Oct 26 12:25:55 vps postfix/smtpd[15032]: disconnect from unknown[196.251.92.15]
Oct 26 12:26:08 vps postfix/smtpd[16992]: connect from unknown[212.132.96.229]
Oct 26 12:26:11 vps postfix/smtpd[16992]: warning: unknown[212.132.96.229]: SASL LOGIN authentication failed: UGFzc3dvcmQ6
Oct 26 12:26:11 vps postfix/smtpd[16992]: disconnect from unknown[212.132.96.229]
Oct 26 12:26:15 vps postfix/smtpd[10644]: connect from unknown[213.209.157.225]
Oct 26 12:26:18 vps postfix/smtpd[10644]: warning: unknown[213.209.157.225]: SASL LOGIN authentication failed: UGFzc3dvcmQ6
Oct 26 12:26:18 vps postfix/smtpd[16992]: connect from scan.cypex.ai[3.137.73.221]
Oct 26 12:26:18 vps postfix/smtpd[10644]: disconnect from unknown[213.209.157.225]
Oct 26 12:26:18 vps postfix/smtpd[16992]: lost connection after UNKNOWN from scan.cypex.ai[3.137.73.221]
Oct 26 12:26:18 vps postfix/smtpd[16992]: disconnect from scan.cypex.ai[3.137.73.221]
Oct 26 12:26:24 vps postfix/smtps/smtpd[20940]: connect from unknown[218.17.217.141]
Oct 26 12:26:27 vps postfix/smtpd[10670]: connect from unknown[77.90.185.87]
Oct 26 12:26:28 vps postfix/smtps/smtpd[21071]: connect from scan.cypex.ai[3.134.148.59]
Oct 26 12:26:28 vps postfix/smtps/smtpd[21071]: SSL_accept error from scan.cypex.ai[3.134.148.59]: -1
Oct 26 12:26:28 vps postfix/smtps/smtpd[21071]: warning: TLS library problem: 21071:error:1407609C:SSL routines:SSL23_GET_CLIENT_HELLO:http request:s23_srvr.c:394:
Oct 26 12:26:28 vps postfix/smtps/smtpd[21071]: lost connection after CONNECT from scan.cypex.ai[3.134.148.59]
Oct 26 12:26:28 vps postfix/smtps/smtpd[21071]: disconnect from scan.cypex.ai[3.134.148.59]
Oct 26 12:26:28 vps postfix/smtps/smtpd[20940]: Anonymous TLS connection established from unknown[218.17.217.141]: TLSv1.2 with cipher ECDHE-RSA-AES256-GCM-SHA384 (256/256 bits)
Oct 26 12:26:30 vps postfix/smtpd[10670]: warning: unknown[77.90.185.87]: SASL LOGIN authentication failed: UGFzc3dvcmQ6
Oct 26 12:26:30 vps postfix/smtpd[10670]: disconnect from unknown[77.90.185.87]
Oct 26 12:26:39 vps postfix/smtps/smtpd[20940]: warning: unknown[218.17.217.141]: SASL LOGIN authentication failed: UGFzc3dvcmQ6
Oct 26 12:26:41 vps postfix/smtps/smtpd[20940]: lost connection after AUTH from unknown[218.17.217.141]
Oct 26 12:26:41 vps postfix/smtps/smtpd[20940]: disconnect from unknown[218.17.217.141]
Oct 26 12:26:43 vps postfix/smtps/smtpd[21071]: connect from unknown[60.172.53.82]
Oct 26 12:26:46 vps postfix/smtps/smtpd[21071]: Anonymous TLS connection established from unknown[60.172.53.82]: TLSv1.2 with cipher ECDHE-RSA-AES256-GCM-SHA384 (256/256 bits)
Oct 26 12:26:54 vps postfix/smtps/smtpd[21071]: warning: unknown[60.172.53.82]: SASL LOGIN authentication failed: UGFzc3dvcmQ6
Oct 26 12:26:55 vps postfix/smtps/smtpd[21071]: lost connection after AUTH from unknown[60.172.53.82]
Oct 26 12:26:55 vps postfix/smtps/smtpd[21071]: disconnect from unknown[60.172.53.82]
Oct 26 12:26:56 vps postfix/smtpd[10644]: connect from unknown[213.209.157.167]
Oct 26 12:26:58 vps postfix/smtpd[10644]: warning: unknown[213.209.157.167]: SASL LOGIN authentication failed: UGFzc3dvcmQ6
Oct 26 12:26:58 vps postfix/smtpd[10644]: disconnect from unknown[213.209.157.167]
Oct 26 12:27:17 vps postfix/smtps/smtpd[20940]: connect from scan.cypex.ai[3.134.148.59]
Oct 26 12:27:26 vps postfix/smtpd[16992]: connect from scan.cypex.ai[3.137.73.221]
Oct 26 12:27:26 vps postfix/smtpd[16992]: lost connection after CONNECT from scan.cypex.ai[3.137.73.221]
Oct 26 12:27:26 vps postfix/smtpd[16992]: disconnect from scan.cypex.ai[3.137.73.221]
Oct 26 12:27:27 vps postfix/smtps/smtpd[20940]: SSL_accept error from scan.cypex.ai[3.134.148.59]: lost connection
Oct 26 12:27:27 vps postfix/smtps/smtpd[20940]: lost connection after CONNECT from scan.cypex.ai[3.134.148.59]
Oct 26 12:27:27 vps postfix/smtps/smtpd[20940]: disconnect from scan.cypex.ai[3.134.148.59]
Oct 26 12:27:28 vps postfix/smtpd[15032]: warning: hostname jeffectionship.com does not resolve to address 185.169.4.121: Name or service not known
Oct 26 12:27:28 vps postfix/smtpd[15032]: connect from unknown[185.169.4.121]
Oct 26 12:27:28 vps postfix/smtpd[16992]: connect from unknown[212.132.96.229]
Oct 26 12:27:31 vps postfix/smtpd[16992]: warning: unknown[212.132.96.229]: SASL LOGIN authentication failed: UGFzc3dvcmQ6
Oct 26 12:27:31 vps postfix/smtpd[15032]: warning: unknown[185.169.4.121]: SASL LOGIN authentication failed: UGFzc3dvcmQ6
Oct 26 12:27:31 vps postfix/smtpd[15032]: disconnect from unknown[185.169.4.121]
Oct 26 12:27:31 vps postfix/smtpd[16992]: disconnect from unknown[212.132.96.229]
Oct 26 12:27:31 vps postfix/smtps/smtpd[21071]: connect from scan.cypex.ai[3.134.148.59]
Oct 26 12:27:31 vps postfix/smtps/smtpd[21071]: SSL_accept error from scan.cypex.ai[3.134.148.59]: -1
Oct 26 12:27:31 vps postfix/smtps/smtpd[21071]: warning: TLS library problem: 21071:error:1407609C:SSL routines:SSL23_GET_CLIENT_HELLO:http request:s23_srvr.c:394:
Oct 26 12:27:31 vps postfix/smtps/smtpd[21071]: lost connection after CONNECT from scan.cypex.ai[3.134.148.59]
Oct 26 12:27:31 vps postfix/smtps/smtpd[21071]: disconnect from scan.cypex.ai[3.134.148.59]
Oct 26 12:27:50 vps postfix/smtpd[10670]: connect from unknown[213.209.157.167]
Oct 26 12:27:53 vps postfix/smtpd[10670]: warning: unknown[213.209.157.167]: SASL LOGIN authentication failed: UGFzc3dvcmQ6
Oct 26 12:27:53 vps postfix/smtpd[10670]: disconnect from unknown[213.209.157.167]
Oct 26 12:28:02 vps postfix/smtpd[16992]: connect from scan.cypex.ai[3.137.73.221]
Oct 26 12:28:02 vps postfix/smtpd[16992]: lost connection after UNKNOWN from scan.cypex.ai[3.137.73.221]
Oct 26 12:28:02 vps postfix/smtpd[16992]: disconnect from scan.cypex.ai[3.137.73.221]
Oct 26 12:28:03 vps postfix/smtpd[10644]: connect from unknown[45.148.10.119]
Oct 26 12:28:05 vps postfix/smtpd[10644]: warning: unknown[45.148.10.119]: SASL LOGIN authentication failed: UGFzc3dvcmQ6
Oct 26 12:28:05 vps postfix/smtpd[10644]: disconnect from unknown[45.148.10.119]
Oct 26 12:28:08 vps postfix/smtpd[15032]: connect from unknown[45.148.10.87]
Oct 26 12:28:10 vps postfix/smtpd[15032]: warning: unknown[45.148.10.87]: SASL LOGIN authentication failed: UGFzc3dvcmQ6
Oct 26 12:28:10 vps postfix/smtpd[15032]: disconnect from unknown[45.148.10.87]
Oct 26 12:28:34 vps postfix/smtpd[10670]: connect from unknown[45.148.10.118]
Oct 26 12:28:34 vps postfix/smtpd[10644]: warning: hostname b4-stop.shop does not resolve to address 78.135.110.226: Name or service not known
Oct 26 12:28:34 vps postfix/smtpd[10644]: connect from unknown[78.135.110.226]
Oct 26 12:28:35 vps postfix/smtpd[10644]: Anonymous TLS connection established from unknown[78.135.110.226]: TLSv1.2 with cipher ECDHE-RSA-AES256-GCM-SHA384 (256/256 bits)
Oct 26 12:28:35 vps postfix/smtpd[10644]: NOQUEUE: reject: RCPT from unknown[78.135.110.226]: 454 4.7.1 Service unavailable; Client host [78.135.110.226] blocked using bl.spamcop.net; Blocked - see https://www.spamcop.net/bl.shtml?78.135.110.226; from= to= proto=ESMTP helo=
Oct 26 12:28:36 vps postfix/smtpd[10644]: disconnect from unknown[78.135.110.226]
Oct 26 12:28:36 vps postfix/smtpd[10670]: warning: unknown[45.148.10.118]: SASL LOGIN authentication failed: UGFzc3dvcmQ6
Oct 26 12:28:36 vps postfix/smtpd[10670]: disconnect from unknown[45.148.10.118]
Oct 26 12:28:49 vps postfix/smtpd[16992]: connect from unknown[212.132.96.229]
Oct 26 12:28:52 vps postfix/smtpd[16992]: warning: unknown[212.132.96.229]: SASL LOGIN authentication failed: UGFzc3dvcmQ6
Oct 26 12:28:52 vps postfix/smtpd[16992]: disconnect from unknown[212.132.96.229]
Oct 26 12:28:58 vps postfix/smtps/smtpd[20940]: connect from scan.cypex.ai[3.134.148.59]
Oct 26 12:28:59 vps postfix/smtps/smtpd[20940]: Anonymous TLS connection established from scan.cypex.ai[3.134.148.59]: TLSv1.2 with cipher ECDHE-RSA-AES128-GCM-SHA256 (128/128 bits)
Oct 26 12:28:59 vps postfix/smtps/smtpd[20940]: warning: non-SMTP command from scan.cypex.ai[3.134.148.59]: GET / HTTP/1.1
Oct 26 12:28:59 vps postfix/smtps/smtpd[20940]: disconnect from scan.cypex.ai[3.134.148.59]
Oct 26 12:29:09 vps postfix/smtpd[15032]: connect from unknown[193.32.162.71]
Oct 26 12:29:11 vps postfix/smtpd[15032]: warning: unknown[193.32.162.71]: SASL LOGIN authentication failed: UGFzc3dvcmQ6
Oct 26 12:29:11 vps postfix/smtpd[15032]: lost connection after AUTH from unknown[193.32.162.71]
Oct 26 12:29:11 vps postfix/smtpd[15032]: disconnect from unknown[193.32.162.71]
Oct 26 12:29:13 vps postfix/smtpd[10644]: connect from unknown[45.148.10.124]
Oct 26 12:29:16 vps postfix/smtpd[10644]: warning: unknown[45.148.10.124]: SASL LOGIN authentication failed: UGFzc3dvcmQ6
Oct 26 12:29:16 vps postfix/smtpd[10644]: disconnect from unknown[45.148.10.124]
Oct 26 12:29:16 vps postfix/smtpd[10670]: connect from mail-vk1-f197.google.com[209.85.221.197]
Oct 26 12:29:18 vps postfix/smtpd[10670]: Anonymous TLS connection established from mail-vk1-f197.google.com[209.85.221.197]: TLSv1.2 with cipher ECDHE-RSA-AES128-GCM-SHA256 (128/128 bits)
Oct 26 12:29:18 vps postfix/smtpd[10670]: NOQUEUE: reject: RCPT from mail-vk1-f197.google.com[209.85.221.197]: 450 4.1.1 : Recipient address rejected: User unknown in virtual mailbox table; from=<3LEj7aAwJBPcaqxmkdhfg246flZhk.bnlhmenxhrgfknaZk.bnl@maestro.bounces.google.com> to= proto=ESMTP helo=
Oct 26 12:29:19 vps postfix/smtpd[10670]: disconnect from mail-vk1-f197.google.com[209.85.221.197]
Oct 26 12:29:23 vps postfix/smtpd[15032]: connect from unknown[213.209.157.167]
Oct 26 12:29:26 vps postfix/smtpd[15032]: warning: unknown[213.209.157.167]: SASL LOGIN authentication failed: UGFzc3dvcmQ6
Oct 26 12:29:26 vps postfix/smtpd[15032]: disconnect from unknown[213.209.157.167]
Oct 26 12:29:41 vps postfix/smtpd[16992]: connect from scan.cypex.ai[3.137.73.221]
Oct 26 12:29:41 vps postfix/smtpd[16992]: lost connection after UNKNOWN from scan.cypex.ai[3.137.73.221]
Oct 26 12:29:41 vps postfix/smtpd[16992]: disconnect from scan.cypex.ai[3.137.73.221]
Oct 26 12:29:52 vps postfix/anvil[16309]: statistics: max connection rate 4/60s for (smtp:213.209.157.167) at
Oct 26 12:20:11
Oct 26 12:29:52 vps postfix/anvil[16309]: statistics: max connection count 2 for (smtp:62.60.131.17) at
Oct 26 12:24:02
Oct 26 12:29:52 vps postfix/anvil[16309]: statistics: max cache size 8 at
Oct 26 12:29:23
Oct 26 12:29:57 vps postfix/smtpd[10644]: connect from unknown[77.90.185.87]
Oct 26 12:30:00 vps postfix/smtpd[10644]: warning: unknown[77.90.185.87]: SASL LOGIN authentication failed: UGFzc3dvcmQ6
Oct 26 12:30:00 vps postfix/smtpd[10644]: disconnect from unknown[77.90.185.87]
Oct 26 12:30:02 vps postfix/smtpd[15032]: connect from mail-westus3azolkn19012045.outbound.protection.outlook.com[52.103.23.45]
Oct 26 12:30:04 vps postfix/smtpd[15032]: Anonymous TLS connection established from mail-westus3azolkn19012045.outbound.protection.outlook.com[52.103.23.45]: TLSv1.2 with cipher ECDHE-RSA-AES256-GCM-SHA384 (256/256 bits)
Oct 26 12:30:04 vps postfix/smtpd[15032]: NOQUEUE: reject: RCPT from mail-westus3azolkn19012045.outbound.protection.outlook.com[52.103.23.45]: 450 4.1.1 : Recipient address rejected: User unknown in virtual mailbox table; from= to= proto=ESMTP helo=
Oct 26 12:30:05 vps postfix/smtpd[15032]: disconnect from mail-westus3azolkn19012045.outbound.protection.outlook.com[52.103.23.45]
Oct 26 12:30:06 vps postfix/smtpd[16992]: connect from unknown[212.132.96.229]
Oct 26 12:30:09 vps postfix/smtpd[16992]: warning: unknown[212.132.96.229]: SASL LOGIN authentication failed: UGFzc3dvcmQ6
Oct 26 12:30:09 vps postfix/smtpd[16992]: disconnect from unknown[212.132.96.229]
Oct 26 12:30:16 vps postfix/smtpd[10644]: connect from unknown[213.209.157.167]
Oct 26 12:30:18 vps postfix/smtpd[10644]: warning: unknown[213.209.157.167]: SASL LOGIN authentication failed: UGFzc3dvcmQ6
Oct 26 12:30:18 vps postfix/smtpd[10644]: disconnect from unknown[213.209.157.167]
Oct 26 12:30:25 vps postfix/qmgr[22181]: 2239520E827: from=, size=1429, nrcpt=2 (queue active)
Oct 26 12:30:26 vps postfix/smtp[29951]: 2239520E827: host gmail-smtp-in.l.google.com[64.233.170.26] said: 550-5.7.26 Your email has been blocked because the sender is unauthenticated. 550-5.7.26 Gmail requires all senders to authenticate with either SPF or DKIM. 550-5.7.26 550-5.7.26 Authentication results: 550-5.7.26 DKIM = did not pass 550-5.7.26 SPF [vps.vcrowd.in] with ip: [103.120.179.240] = did not pass 550-5.7.26 550-5.7.26 For instructions on setting up authentication, go to 550 5.7.26 https://support.google.com/mail/answer/81126#authentication d2e1a72fcca58-7a415522d38si2037664b3a.46 - gsmtp (in reply to end of DATA command)
Oct 26 12:30:28 vps postfix/smtpd[15032]: connect from unknown[45.148.10.120]
Oct 26 12:30:28 vps postfix/smtpd[10670]: connect from unknown[213.209.157.167]
Oct 26 12:30:29 vps postfix/smtp[29951]: 2239520E827: to=, relay=alt1.gmail-smtp-in.l.google.com[192.178.163.27]:25, delay=1161, delays=1157/0.02/3.5/0.65, dsn=4.7.26, status=SOFTBOUNCE (host alt1.gmail-smtp-in.l.google.com[192.178.163.27] said: 550-5.7.26 Your email has been blocked because the sender is unauthenticated. 550-5.7.26 Gmail requires all senders to authenticate with either SPF or DKIM. 550-5.7.26 550-5.7.26 Authentication results: 550-5.7.26 DKIM = did not pass 550-5.7.26 SPF [vps.vcrowd.in] with ip: [103.120.179.240] = did not pass 550-5.7.26 550-5.7.26 For instructions on setting up authentication, go to 550 5.7.26 https://support.google.com/mail/answer/81126#authentication d9443c01a7336-2949aaeef79si21557195ad.411 - gsmtp (in reply to end of DATA command))
Oct 26 12:30:29 vps postfix/smtp[29951]: 2239520E827: to=, relay=alt1.gmail-smtp-in.l.google.com[192.178.163.27]:25, delay=1161, delays=1157/0.02/3.5/0.65, dsn=4.7.26, status=SOFTBOUNCE (host alt1.gmail-smtp-in.l.google.com[192.178.163.27] said: 550-5.7.26 Your email has been blocked because the sender is unauthenticated. 550-5.7.26 Gmail requires all senders to authenticate with either SPF or DKIM. 550-5.7.26 550-5.7.26 Authentication results: 550-5.7.26 DKIM = did not pass 550-5.7.26 SPF [vps.vcrowd.in] with ip: [103.120.179.240] = did not pass 550-5.7.26 550-5.7.26 For instructions on setting up authentication, go to 550 5.7.26 https://support.google.com/mail/answer/81126#authentication d9443c01a7336-2949aaeef79si21557195ad.411 - gsmtp (in reply to end of DATA command))
Oct 26 12:30:29 vps postfix/qmgr[22181]: 2239520E827: from=, status=expired, returned to sender
Oct 26 12:30:29 vps postfix/cleanup[30083]: 4DDD520ED4C: message-id=<20251026070029.4DDD520ED4C@vps.vcrowd.in>
Oct 26 12:30:29 vps postfix/bounce[30082]: 2239520E827: sender non-delivery notification: 4DDD520ED4C
Oct 26 12:30:29 vps postfix/qmgr[22181]: 4DDD520ED4C: from=<>, size=5744, nrcpt=1 (queue active)
Oct 26 12:30:29 vps postfix/qmgr[22181]: 2239520E827: removed
Oct 26 12:30:29 vps postfix/local[30085]: 4DDD520ED4C: to=, relay=local, delay=0.06, delays=0.03/0.01/0/0.02, dsn=2.0.0, status=sent (delivered to mailbox)
Oct 26 12:30:29 vps postfix/qmgr[22181]: 4DDD520ED4C: removed
Oct 26 12:30:30 vps postfix/smtpd[15032]: warning: unknown[45.148.10.120]: SASL LOGIN authentication failed: UGFzc3dvcmQ6
Oct 26 12:30:30 vps postfix/smtpd[15032]: disconnect from unknown[45.148.10.120]
Oct 26 12:30:31 vps postfix/smtpd[10644]: connect from unknown[45.148.10.122]
Oct 26 12:30:33 vps postfix/smtpd[10644]: warning: unknown[45.148.10.122]: SASL LOGIN authentication failed: UGFzc3dvcmQ6
Oct 26 12:30:33 vps postfix/smtpd[10644]: disconnect from unknown[45.148.10.122]
Oct 26 12:30:35 vps postfix/smtpd[10670]: warning: unknown[213.209.157.167]: SASL LOGIN authentication failed: UGFzc3dvcmQ6
Oct 26 12:30:35 vps postfix/smtpd[10670]: disconnect from unknown[213.209.157.167]
Oct 26 12:30:48 vps postfix/smtpd[15032]: connect from unknown[45.148.10.37]
Oct 26 12:30:50 vps postfix/smtpd[15032]: warning: unknown[45.148.10.37]: SASL LOGIN authentication failed: UGFzc3dvcmQ6
Oct 26 12:30:50 vps postfix/smtpd[15032]: disconnect from unknown[45.148.10.37]
Oct 26 12:31:08 vps postfix/smtpd[10644]: connect from unknown[213.209.157.167]
Oct 26 12:31:11 vps postfix/smtpd[10644]: warning: unknown[213.209.157.167]: SASL LOGIN authentication failed: UGFzc3dvcmQ6
Oct 26 12:31:11 vps postfix/smtpd[10644]: disconnect from unknown[213.209.157.167]
Oct 26 12:31:24 vps postfix/smtpd[16992]: connect from unknown[212.132.96.229]
Oct 26 12:31:27 vps postfix/smtpd[16992]: warning: unknown[212.132.96.229]: SASL LOGIN authentication failed: UGFzc3dvcmQ6
Oct 26 12:31:27 vps postfix/smtpd[16992]: disconnect from unknown[212.132.96.229]
Oct 26 12:31:34 vps postfix/smtps/smtpd[32209]: connect from scan.cypex.ai[3.134.148.59]
Oct 26 12:31:38 vps postfix/smtpd[15032]: connect from unknown[213.209.157.167]
Oct 26 12:31:40 vps postfix/smtpd[10670]: connect from unknown[45.148.10.30]
Oct 26 12:31:40 vps postfix/smtpd[15032]: warning: unknown[213.209.157.167]: SASL LOGIN authentication failed: UGFzc3dvcmQ6
Oct 26 12:31:40 vps postfix/smtpd[15032]: disconnect from unknown[213.209.157.167]
Oct 26 12:31:42 vps postfix/smtpd[10670]: warning: unknown[45.148.10.30]: SASL LOGIN authentication failed: UGFzc3dvcmQ6
Oct 26 12:31:42 vps postfix/smtpd[10670]: disconnect from unknown[45.148.10.30]
Oct 26 12:31:44 vps postfix/smtps/smtpd[32209]: SSL_accept error from scan.cypex.ai[3.134.148.59]: lost connection
Oct 26 12:31:44 vps postfix/smtps/smtpd[32209]: lost connection after CONNECT from scan.cypex.ai[3.134.148.59]
Oct 26 12:31:44 vps postfix/smtps/smtpd[32209]: disconnect from scan.cypex.ai[3.134.148.59]
Oct 26 12:31:50 vps postfix/smtps/smtpd[32209]: connect from unknown[176.125.228.5]
Oct 26 12:31:51 vps postfix/smtps/smtpd[32209]: Anonymous TLS connection established from unknown[176.125.228.5]: TLSv1.2 with cipher ECDHE-RSA-AES256-GCM-SHA384 (256/256 bits)
Oct 26 12:31:53 vps postfix/smtps/smtpd[32209]: warning: unknown[176.125.228.5]: SASL LOGIN authentication failed: UGFzc3dvcmQ6
Oct 26 12:31:53 vps postfix/smtps/smtpd[32209]: disconnect from unknown[176.125.228.5]
Oct 26 12:32:03 vps postfix/smtpd[10644]: connect from unknown[45.148.10.36]
Oct 26 12:32:05 vps postfix/smtpd[10644]: warning: unknown[45.148.10.36]: SASL LOGIN authentication failed: UGFzc3dvcmQ6
Oct 26 12:32:05 vps postfix/smtpd[10644]: disconnect from unknown[45.148.10.36]
Oct 26 12:32:07 vps postfix/smtpd[10670]: connect from unknown[45.148.10.25]
