Oct 26 07:51:16 vps postfix/smtpd[25814]: warning: unknown[62.60.131.17]: SASL LOGIN authentication failed: UGFzc3dvcmQ6
Oct 26 07:51:16 vps postfix/smtpd[25814]: disconnect from unknown[62.60.131.17]
Oct 26 07:51:32 vps postfix/pickup[11410]: 6586020E814: uid=1106 from=
Oct 26 07:51:32 vps postfix/cleanup[28322]: 6586020E814: message-id=<20251026022132.6586020E814@vps.vcrowd.in>
Oct 26 07:51:32 vps opendkim[5590]: 6586020E814: DKIM-Signature field added (s=default, d=single2mingle.com)
Oct 26 07:51:32 vps postfix/qmgr[22181]: 6586020E814: from=, size=2819, nrcpt=3 (queue active)
Oct 26 07:51:32 vps postfix/pipe[1411]: 6586020E814: to=, relay=dovecot, delay=0.32, delays=0.13/0.04/0/0.16, dsn=4.1.1, status=SOFTBOUNCE (user unknown. Command output: doveconf: Warning: /etc/dovecot/dovecot.conf line 8: Global setting ssl_cert won't change the setting inside an earlier filter at /etc/dovecot/domains/24mtcthalaimaisangam.org.conf line 2 (if this is intentional, avoid this warning by moving the global setting before /etc/dovecot/domains/24mtcthalaimaisangam.org.conf line 2) doveconf: Warning: /etc/dovecot/dovecot.conf line 9: Global setting ssl_key won't change the setting inside an earlier filter at /etc/dovecot/domains/24mtcthalaimaisangam.org.conf line 3 (if this is intentional, avoid this warning by moving the global setting before /etc/dovecot/domains/24mtcthalaimaisangam.org.conf line 3) doveconf: Warning: /etc/dovecot/dovecot.conf line 10: Global setting ssl_ca won't change the setting inside an earlier filter at /etc/dovecot/domains/24mtcthalaimaisangam.org.conf line 4 (if this is intentional, avoid this warning by moving the global setting before /etc/dovecot/domains/24mtcthalaimaisangam.org.conf line 4) )
Oct 26 07:51:32 vps postfix/pipe[1410]: 6586020E814: to=, relay=dovecot, delay=0.33, delays=0.13/0.02/0/0.18, dsn=2.0.0, status=sent (delivered via dovecot service)
Oct 26 07:51:35 vps postfix/smtp[31939]: 6586020E814: host gmail-smtp-in.l.google.com[64.233.170.26] said: 550-5.7.26 Your email has been blocked because the sender is unauthenticated. 550-5.7.26 Gmail requires all senders to authenticate with either SPF or DKIM. 550-5.7.26 550-5.7.26 Authentication results: 550-5.7.26 DKIM = did not pass 550-5.7.26 SPF [vps.vcrowd.in] with ip: [103.120.179.240] = did not pass 550-5.7.26 550-5.7.26 For instructions on setting up authentication, go to 550 5.7.26 https://support.google.com/mail/answer/81126#authentication d2e1a72fcca58-7a415653c39si1866873b3a.727 - gsmtp (in reply to end of DATA command)
Oct 26 07:51:36 vps postfix/smtpd[28163]: connect from unknown[213.209.157.167]
Oct 26 07:51:38 vps postfix/smtp[31939]: 6586020E814: to=, relay=alt1.gmail-smtp-in.l.google.com[192.178.163.26]:25, delay=5.8, delays=0.13/0.01/4.5/1.2, dsn=4.7.26, status=SOFTBOUNCE (host alt1.gmail-smtp-in.l.google.com[192.178.163.26] said: 550-5.7.26 Your email has been blocked because the sender is unauthenticated. 550-5.7.26 Gmail requires all senders to authenticate with either SPF or DKIM. 550-5.7.26 550-5.7.26 Authentication results: 550-5.7.26 DKIM = did not pass 550-5.7.26 SPF [vps.vcrowd.in] with ip: [103.120.179.240] = did not pass 550-5.7.26 550-5.7.26 For instructions on setting up authentication, go to 550 5.7.26 https://support.google.com/mail/answer/81126#authentication 41be03b00d2f7-b71f81599a2si1632097a12.1554 - gsmtp (in reply to end of DATA command))
Oct 26 07:51:39 vps postfix/smtpd[28163]: warning: unknown[213.209.157.167]: SASL LOGIN authentication failed: UGFzc3dvcmQ6
Oct 26 07:51:39 vps postfix/smtpd[28163]: disconnect from unknown[213.209.157.167]
Oct 26 07:51:51 vps postfix/smtpd[23685]: connect from unknown[212.132.96.229]
Oct 26 07:51:53 vps postfix/smtpd[23685]: warning: unknown[212.132.96.229]: SASL LOGIN authentication failed: UGFzc3dvcmQ6
Oct 26 07:51:53 vps postfix/smtpd[25814]: connect from unknown[196.251.92.15]
Oct 26 07:51:53 vps postfix/smtpd[23685]: disconnect from unknown[212.132.96.229]
Oct 26 07:51:54 vps postfix/smtpd[28163]: connect from unknown[213.209.157.167]
Oct 26 07:51:55 vps postfix/smtpd[25814]: warning: unknown[196.251.92.15]: SASL LOGIN authentication failed: UGFzc3dvcmQ6
Oct 26 07:51:55 vps postfix/smtpd[25814]: lost connection after AUTH from unknown[196.251.92.15]
Oct 26 07:51:55 vps postfix/smtpd[25814]: disconnect from unknown[196.251.92.15]
Oct 26 07:51:56 vps postfix/smtpd[28163]: warning: unknown[213.209.157.167]: SASL LOGIN authentication failed: UGFzc3dvcmQ6
Oct 26 07:51:56 vps postfix/smtpd[28163]: disconnect from unknown[213.209.157.167]
Oct 26 07:52:12 vps postfix/smtpd[25814]: connect from unknown[213.209.157.167]
Oct 26 07:52:15 vps postfix/smtpd[25814]: warning: unknown[213.209.157.167]: SASL LOGIN authentication failed: UGFzc3dvcmQ6
Oct 26 07:52:15 vps postfix/smtpd[25814]: disconnect from unknown[213.209.157.167]
Oct 26 07:52:22 vps postfix/smtpd[28163]: connect from unknown[213.209.157.167]
Oct 26 07:52:24 vps postfix/pickup[11410]: BDA0220ED67: uid=1026 from=
Oct 26 07:52:24 vps postfix/cleanup[28322]: BDA0220ED67: message-id=<20251026022224.BDA0220ED67@vps.vcrowd.in>
Oct 26 07:52:24 vps opendkim[5590]: BDA0220ED67: DKIM-Signature field added (s=default, d=zeinhts.com)
Oct 26 07:52:24 vps postfix/qmgr[22181]: BDA0220ED67: from=, size=1111, nrcpt=1 (queue active)
Oct 26 07:52:25 vps postfix/pipe[1411]: BDA0220ED67: to=, relay=dovecot, delay=0.26, delays=0.07/0.01/0/0.18, dsn=4.1.1, status=SOFTBOUNCE (user unknown. Command output: doveconf: Warning: /etc/dovecot/dovecot.conf line 8: Global setting ssl_cert won't change the setting inside an earlier filter at /etc/dovecot/domains/24mtcthalaimaisangam.org.conf line 2 (if this is intentional, avoid this warning by moving the global setting before /etc/dovecot/domains/24mtcthalaimaisangam.org.conf line 2) doveconf: Warning: /etc/dovecot/dovecot.conf line 9: Global setting ssl_key won't change the setting inside an earlier filter at /etc/dovecot/domains/24mtcthalaimaisangam.org.conf line 3 (if this is intentional, avoid this warning by moving the global setting before /etc/dovecot/domains/24mtcthalaimaisangam.org.conf line 3) doveconf: Warning: /etc/dovecot/dovecot.conf line 10: Global setting ssl_ca won't change the setting inside an earlier filter at /etc/dovecot/domains/24mtcthalaimaisangam.org.conf line 4 (if this is intentional, avoid this warning by moving the global setting before /etc/dovecot/domains/24mtcthalaimaisangam.org.conf line 4) )
Oct 26 07:52:28 vps postfix/smtpd[28163]: warning: unknown[213.209.157.167]: SASL LOGIN authentication failed: UGFzc3dvcmQ6
Oct 26 07:52:28 vps postfix/smtpd[28163]: disconnect from unknown[213.209.157.167]
Oct 26 07:52:57 vps postfix/smtpd[25814]: connect from unknown[213.209.157.167]
Oct 26 07:52:59 vps postfix/smtpd[25814]: warning: unknown[213.209.157.167]: SASL LOGIN authentication failed: UGFzc3dvcmQ6
Oct 26 07:52:59 vps postfix/smtpd[25814]: disconnect from unknown[213.209.157.167]
Oct 26 07:53:06 vps postfix/smtpd[28163]: connect from unknown[213.209.157.167]
Oct 26 07:53:10 vps postfix/smtpd[23685]: connect from unknown[212.132.96.229]
Oct 26 07:53:13 vps postfix/smtpd[28163]: warning: unknown[213.209.157.167]: SASL LOGIN authentication failed: UGFzc3dvcmQ6
Oct 26 07:53:13 vps postfix/smtpd[23685]: warning: unknown[212.132.96.229]: SASL LOGIN authentication failed: UGFzc3dvcmQ6
Oct 26 07:53:13 vps postfix/smtpd[23685]: disconnect from unknown[212.132.96.229]
Oct 26 07:53:13 vps postfix/smtpd[28163]: disconnect from unknown[213.209.157.167]
Oct 26 07:53:41 vps postfix/smtpd[25814]: connect from unknown[218.75.77.202]
Oct 26 07:53:43 vps postfix/smtpd[25814]: Anonymous TLS connection established from unknown[218.75.77.202]: TLSv1.2 with cipher ECDHE-RSA-AES256-SHA384 (256/256 bits)
Oct 26 07:53:45 vps postfix/smtpd[25814]: NOQUEUE: reject: RCPT from unknown[218.75.77.202]: 454 4.7.1 Service unavailable; Client host [218.75.77.202] blocked using bl.spamcop.net; Blocked - see https://www.spamcop.net/bl.shtml?218.75.77.202; from= to= proto=ESMTP helo=
Oct 26 07:53:46 vps postfix/smtpd[25814]: disconnect from unknown[218.75.77.202]
Oct 26 07:54:32 vps postfix/smtpd[23685]: connect from unknown[212.132.96.229]
Oct 26 07:54:34 vps postfix/smtpd[23685]: warning: unknown[212.132.96.229]: SASL LOGIN authentication failed: UGFzc3dvcmQ6
Oct 26 07:54:34 vps postfix/smtpd[23685]: disconnect from unknown[212.132.96.229]
Oct 26 07:54:46 vps postfix/smtpd[28163]: connect from unknown[213.209.157.167]
Oct 26 07:54:49 vps postfix/smtpd[28163]: warning: unknown[213.209.157.167]: SASL LOGIN authentication failed: UGFzc3dvcmQ6
Oct 26 07:54:49 vps postfix/smtpd[28163]: disconnect from unknown[213.209.157.167]
Oct 26 07:55:03 vps postfix/smtpd[25814]: connect from unknown[213.209.157.167]
Oct 26 07:55:06 vps postfix/smtpd[25814]: warning: unknown[213.209.157.167]: SASL LOGIN authentication failed: UGFzc3dvcmQ6
Oct 26 07:55:06 vps postfix/smtpd[25814]: disconnect from unknown[213.209.157.167]
Oct 26 07:55:22 vps postfix/smtpd[28163]: connect from unknown[77.90.185.87]
Oct 26 07:55:25 vps postfix/smtpd[28163]: warning: unknown[77.90.185.87]: SASL LOGIN authentication failed: UGFzc3dvcmQ6
Oct 26 07:55:25 vps postfix/qmgr[22181]: 89A8F70F29: from=, size=502, nrcpt=1 (queue active)
Oct 26 07:55:25 vps postfix/smtpd[28163]: disconnect from unknown[77.90.185.87]
Oct 26 07:55:25 vps postfix/pipe[8968]: 89A8F70F29: to=, relay=dovecot, delay=383, delays=383/0.02/0/0.14, dsn=4.1.1, status=SOFTBOUNCE (user unknown. Command output: doveconf: Warning: /etc/dovecot/dovecot.conf line 8: Global setting ssl_cert won't change the setting inside an earlier filter at /etc/dovecot/domains/24mtcthalaimaisangam.org.conf line 2 (if this is intentional, avoid this warning by moving the global setting before /etc/dovecot/domains/24mtcthalaimaisangam.org.conf line 2) doveconf: Warning: /etc/dovecot/dovecot.conf line 9: Global setting ssl_key won't change the setting inside an earlier filter at /etc/dovecot/domains/24mtcthalaimaisangam.org.conf line 3 (if this is intentional, avoid this warning by moving the global setting before /etc/dovecot/domains/24mtcthalaimaisangam.org.conf line 3) doveconf: Warning: /etc/dovecot/dovecot.conf line 10: Global setting ssl_ca won't change the setting inside an earlier filter at /etc/dovecot/domains/24mtcthalaimaisangam.org.conf line 4 (if this is intentional, avoid this warning by moving the global setting before /etc/dovecot/domains/24mtcthalaimaisangam.org.conf line 4) )
Oct 26 07:55:25 vps postfix/smtps/smtpd[8979]: connect from unknown[181.214.218.47]
Oct 26 07:55:25 vps postfix/smtps/smtpd[8979]: Anonymous TLS connection established from unknown[181.214.218.47]: TLSv1.2 with cipher ECDHE-RSA-AES256-GCM-SHA384 (256/256 bits)
Oct 26 07:55:28 vps postfix/smtps/smtpd[8979]: warning: unknown[181.214.218.47]: SASL LOGIN authentication failed: UGFzc3dvcmQ6
Oct 26 07:55:28 vps postfix/smtps/smtpd[8979]: disconnect from unknown[181.214.218.47]
Oct 26 07:55:47 vps postfix/smtpd[25814]: connect from unknown[213.209.157.167]
Oct 26 07:55:49 vps postfix/smtpd[25814]: warning: unknown[213.209.157.167]: SASL LOGIN authentication failed: UGFzc3dvcmQ6
Oct 26 07:55:49 vps postfix/smtpd[25814]: disconnect from unknown[213.209.157.167]
Oct 26 07:55:49 vps postfix/smtpd[23685]: connect from unknown[212.132.96.229]
Oct 26 07:55:52 vps postfix/smtpd[23685]: warning: unknown[212.132.96.229]: SASL LOGIN authentication failed: UGFzc3dvcmQ6
Oct 26 07:55:52 vps postfix/smtpd[23685]: disconnect from unknown[212.132.96.229]
Oct 26 07:56:07 vps postfix/smtpd[28163]: connect from unknown[62.60.131.17]
Oct 26 07:56:09 vps postfix/smtpd[28163]: warning: unknown[62.60.131.17]: SASL LOGIN authentication failed: UGFzc3dvcmQ6
Oct 26 07:56:09 vps postfix/smtpd[28163]: disconnect from unknown[62.60.131.17]
Oct 26 07:56:15 vps postfix/smtpd[25814]: connect from unknown[213.209.157.167]
Oct 26 07:56:17 vps postfix/smtpd[25814]: warning: unknown[213.209.157.167]: SASL LOGIN authentication failed: UGFzc3dvcmQ6
Oct 26 07:56:17 vps postfix/smtpd[25814]: disconnect from unknown[213.209.157.167]
Oct 26 07:56:24 vps postfix/smtpd[28163]: connect from unknown[213.209.157.167]
Oct 26 07:56:31 vps postfix/smtpd[28163]: warning: unknown[213.209.157.167]: SASL LOGIN authentication failed: UGFzc3dvcmQ6
Oct 26 07:56:31 vps postfix/smtpd[28163]: disconnect from unknown[213.209.157.167]
Oct 26 07:57:01 vps postfix/smtpd[25814]: connect from unknown[213.209.157.167]
Oct 26 07:57:03 vps postfix/smtpd[25814]: warning: unknown[213.209.157.167]: SASL LOGIN authentication failed: UGFzc3dvcmQ6
Oct 26 07:57:03 vps postfix/smtpd[25814]: disconnect from unknown[213.209.157.167]
Oct 26 07:57:07 vps postfix/smtpd[23685]: connect from unknown[212.132.96.229]
Oct 26 07:57:10 vps postfix/smtpd[23685]: warning: unknown[212.132.96.229]: SASL LOGIN authentication failed: UGFzc3dvcmQ6
Oct 26 07:57:10 vps postfix/smtpd[23685]: disconnect from unknown[212.132.96.229]
Oct 26 07:57:46 vps postfix/smtpd[28163]: connect from unknown[62.60.131.17]
Oct 26 07:57:46 vps postfix/smtpd[25814]: connect from unknown[213.209.157.167]
Oct 26 07:57:49 vps postfix/smtpd[28163]: warning: unknown[62.60.131.17]: SASL LOGIN authentication failed: UGFzc3dvcmQ6
Oct 26 07:57:49 vps postfix/smtpd[25814]: warning: unknown[213.209.157.167]: SASL LOGIN authentication failed: UGFzc3dvcmQ6
Oct 26 07:57:49 vps postfix/smtpd[28163]: disconnect from unknown[62.60.131.17]
Oct 26 07:57:49 vps postfix/smtpd[25814]: disconnect from unknown[213.209.157.167]
Oct 26 07:57:51 vps postfix/smtpd[28163]: connect from unknown[62.60.131.17]
Oct 26 07:57:57 vps postfix/smtpd[28163]: warning: unknown[62.60.131.17]: SASL LOGIN authentication failed: UGFzc3dvcmQ6
Oct 26 07:57:57 vps postfix/smtpd[28163]: disconnect from unknown[62.60.131.17]
Oct 26 07:58:05 vps postfix/smtpd[25814]: connect from unknown[213.209.157.167]
Oct 26 07:58:08 vps postfix/smtpd[25814]: warning: unknown[213.209.157.167]: SASL LOGIN authentication failed: UGFzc3dvcmQ6
Oct 26 07:58:08 vps postfix/smtpd[25814]: disconnect from unknown[213.209.157.167]
Oct 26 07:58:24 vps postfix/smtpd[23685]: connect from unknown[212.132.96.229]
Oct 26 07:58:27 vps postfix/smtpd[23685]: warning: unknown[212.132.96.229]: SASL LOGIN authentication failed: UGFzc3dvcmQ6
Oct 26 07:58:27 vps postfix/smtpd[23685]: disconnect from unknown[212.132.96.229]
Oct 26 07:58:32 vps postfix/smtpd[28163]: connect from unknown[213.209.157.167]
Oct 26 07:58:34 vps postfix/smtpd[28163]: warning: unknown[213.209.157.167]: SASL LOGIN authentication failed: UGFzc3dvcmQ6
Oct 26 07:58:34 vps postfix/smtpd[28163]: disconnect from unknown[213.209.157.167]
Oct 26 07:59:04 vps postfix/smtpd[25814]: connect from unknown[103.134.27.194]
Oct 26 07:59:09 vps postfix/smtpd[25814]: warning: unknown[103.134.27.194]: SASL LOGIN authentication failed: UGFzc3dvcmQ6
Oct 26 07:59:10 vps postfix/smtpd[25814]: lost connection after AUTH from unknown[103.134.27.194]
Oct 26 07:59:10 vps postfix/smtpd[25814]: disconnect from unknown[103.134.27.194]
Oct 26 07:59:16 vps postfix/smtpd[28163]: connect from unknown[213.209.157.167]
Oct 26 07:59:18 vps postfix/smtpd[28163]: warning: unknown[213.209.157.167]: SASL LOGIN authentication failed: UGFzc3dvcmQ6
Oct 26 07:59:18 vps postfix/smtpd[28163]: disconnect from unknown[213.209.157.167]
Oct 26 07:59:42 vps postfix/smtpd[23685]: connect from unknown[212.132.96.229]
Oct 26 07:59:44 vps postfix/smtpd[23685]: warning: unknown[212.132.96.229]: SASL LOGIN authentication failed: UGFzc3dvcmQ6
Oct 26 07:59:44 vps postfix/smtpd[23685]: disconnect from unknown[212.132.96.229]
Oct 26 07:59:52 vps postfix/anvil[16309]: statistics: max connection rate 3/60s for (smtp:213.209.157.167) at
Oct 26 07:50:03
Oct 26 07:59:52 vps postfix/anvil[16309]: statistics: max connection count 1 for (smtp:213.209.157.167) at
Oct 26 07:50:03
Oct 26 07:59:52 vps postfix/anvil[16309]: statistics: max cache size 5 at
Oct 26 07:51:53
Oct 26 08:00:04 vps postfix/smtpd[25814]: connect from unknown[213.209.157.252]
Oct 26 08:00:06 vps postfix/smtpd[25814]: warning: unknown[213.209.157.252]: SASL LOGIN authentication failed: UGFzc3dvcmQ6
Oct 26 08:00:06 vps postfix/smtpd[25814]: disconnect from unknown[213.209.157.252]
Oct 26 08:00:11 vps postfix/smtpd[28163]: connect from unknown[213.209.157.167]
Oct 26 08:00:14 vps postfix/smtpd[28163]: warning: unknown[213.209.157.167]: SASL LOGIN authentication failed: UGFzc3dvcmQ6
Oct 26 08:00:14 vps postfix/smtpd[28163]: disconnect from unknown[213.209.157.167]
Oct 26 08:00:25 vps postfix/qmgr[22181]: 6586020E814: from=, size=2819, nrcpt=3 (queue active)
Oct 26 08:00:25 vps postfix/qmgr[22181]: BDA0220ED67: from=, size=1111, nrcpt=1 (queue active)
Oct 26 08:00:25 vps postfix/pipe[18529]: 6586020E814: to=, relay=dovecot, delay=533, delays=533/0.08/0/0.2, dsn=4.1.1, status=SOFTBOUNCE (user unknown. Command output: doveconf: Warning: /etc/dovecot/dovecot.conf line 8: Global setting ssl_cert won't change the setting inside an earlier filter at /etc/dovecot/domains/24mtcthalaimaisangam.org.conf line 2 (if this is intentional, avoid this warning by moving the global setting before /etc/dovecot/domains/24mtcthalaimaisangam.org.conf line 2) doveconf: Warning: /etc/dovecot/dovecot.conf line 9: Global setting ssl_key won't change the setting inside an earlier filter at /etc/dovecot/domains/24mtcthalaimaisangam.org.conf line 3 (if this is intentional, avoid this warning by moving the global setting before /etc/dovecot/domains/24mtcthalaimaisangam.org.conf line 3) doveconf: Warning: /etc/dovecot/dovecot.conf line 10: Global setting ssl_ca won't change the setting inside an earlier filter at /etc/dovecot/domains/24mtcthalaimaisangam.org.conf line 4 (if this is intentional, avoid this warning by moving the global setting before /etc/dovecot/domains/24mtcthalaimaisangam.org.conf line 4) )
Oct 26 08:00:25 vps postfix/pipe[18532]: BDA0220ED67: to=, relay=dovecot, delay=481, delays=481/0.04/0/0.19, dsn=4.1.1, status=SOFTBOUNCE (user unknown. Command output: doveconf: Warning: /etc/dovecot/dovecot.conf line 8: Global setting ssl_cert won't change the setting inside an earlier filter at /etc/dovecot/domains/24mtcthalaimaisangam.org.conf line 2 (if this is intentional, avoid this warning by moving the global setting before /etc/dovecot/domains/24mtcthalaimaisangam.org.conf line 2) doveconf: Warning: /etc/dovecot/dovecot.conf line 9: Global setting ssl_key won't change the setting inside an earlier filter at /etc/dovecot/domains/24mtcthalaimaisangam.org.conf line 3 (if this is intentional, avoid this warning by moving the global setting before /etc/dovecot/domains/24mtcthalaimaisangam.org.conf line 3) doveconf: Warning: /etc/dovecot/dovecot.conf line 10: Global setting ssl_ca won't change the setting inside an earlier filter at /etc/dovecot/domains/24mtcthalaimaisangam.org.conf line 4 (if this is intentional, avoid this warning by moving the global setting before /etc/dovecot/domains/24mtcthalaimaisangam.org.conf line 4) )
Oct 26 08:00:27 vps postfix/smtp[18528]: 6586020E814: host gmail-smtp-in.l.google.com[64.233.170.27] said: 550-5.7.26 Your email has been blocked because the sender is unauthenticated. 550-5.7.26 Gmail requires all senders to authenticate with either SPF or DKIM. 550-5.7.26 550-5.7.26 Authentication results: 550-5.7.26 DKIM = did not pass 550-5.7.26 SPF [vps.vcrowd.in] with ip: [103.120.179.240] = did not pass 550-5.7.26 550-5.7.26 For instructions on setting up authentication, go to 550 5.7.26 https://support.google.com/mail/answer/81126#authentication d2e1a72fcca58-7a415676e4dsi1917222b3a.797 - gsmtp (in reply to end of DATA command)
Oct 26 08:00:29 vps postfix/smtp[18528]: 6586020E814: to=, relay=alt1.gmail-smtp-in.l.google.com[192.178.163.27]:25, delay=537, delays=533/0.08/3.5/0.68, dsn=4.7.26, status=SOFTBOUNCE (host alt1.gmail-smtp-in.l.google.com[192.178.163.27] said: 550-5.7.26 Your email has been blocked because the sender is unauthenticated. 550-5.7.26 Gmail requires all senders to authenticate with either SPF or DKIM. 550-5.7.26 550-5.7.26 Authentication results: 550-5.7.26 DKIM = did not pass 550-5.7.26 SPF [vps.vcrowd.in] with ip: [103.120.179.240] = did not pass 550-5.7.26 550-5.7.26 For instructions on setting up authentication, go to 550 5.7.26 https://support.google.com/mail/answer/81126#authentication d2e1a72fcca58-7a415691ab2si1754630b3a.931 - gsmtp (in reply to end of DATA command))
Oct 26 08:00:30 vps postfix/smtps/smtpd[18661]: connect from 221.211.203.35.bc.googleusercontent.com[35.203.211.221]
Oct 26 08:00:49 vps postfix/smtpd[25814]: connect from unknown[213.209.157.167]
Oct 26 08:00:51 vps postfix/smtpd[25814]: warning: unknown[213.209.157.167]: SASL LOGIN authentication failed: UGFzc3dvcmQ6
Oct 26 08:00:51 vps postfix/smtpd[25814]: disconnect from unknown[213.209.157.167]
Oct 26 08:00:59 vps postfix/smtpd[23685]: connect from unknown[212.132.96.229]
Oct 26 08:01:02 vps postfix/smtpd[23685]: warning: unknown[212.132.96.229]: SASL LOGIN authentication failed: UGFzc3dvcmQ6
Oct 26 08:01:02 vps postfix/smtpd[23685]: disconnect from unknown[212.132.96.229]
Oct 26 08:01:15 vps postfix/smtps/smtpd[18661]: SSL_accept error from 221.211.203.35.bc.googleusercontent.com[35.203.211.221]: Connection reset by peer
Oct 26 08:01:15 vps postfix/smtps/smtpd[18661]: lost connection after CONNECT from 221.211.203.35.bc.googleusercontent.com[35.203.211.221]
Oct 26 08:01:15 vps postfix/smtps/smtpd[18661]: disconnect from 221.211.203.35.bc.googleusercontent.com[35.203.211.221]
Oct 26 08:01:27 vps postfix/smtpd[28163]: connect from unknown[213.209.157.167]
Oct 26 08:01:29 vps postfix/smtpd[28163]: warning: unknown[213.209.157.167]: SASL LOGIN authentication failed: UGFzc3dvcmQ6
Oct 26 08:01:29 vps postfix/smtpd[28163]: disconnect from unknown[213.209.157.167]
Oct 26 08:01:34 vps postfix/smtps/smtpd[18661]: connect from 221.211.203.35.bc.googleusercontent.com[35.203.211.221]
Oct 26 08:01:36 vps postfix/smtpd[25814]: connect from unknown[213.209.157.167]
Oct 26 08:01:40 vps postfix/smtps/smtpd[18661]: SSL_accept error from 221.211.203.35.bc.googleusercontent.com[35.203.211.221]: Connection reset by peer
Oct 26 08:01:40 vps postfix/smtps/smtpd[18661]: lost connection after CONNECT from 221.211.203.35.bc.googleusercontent.com[35.203.211.221]
Oct 26 08:01:40 vps postfix/smtps/smtpd[18661]: disconnect from 221.211.203.35.bc.googleusercontent.com[35.203.211.221]
Oct 26 08:01:41 vps postfix/smtps/smtpd[18661]: connect from 221.211.203.35.bc.googleusercontent.com[35.203.211.221]
Oct 26 08:01:43 vps postfix/smtpd[25814]: warning: unknown[213.209.157.167]: SASL LOGIN authentication failed: UGFzc3dvcmQ6
Oct 26 08:01:43 vps postfix/smtpd[25814]: disconnect from unknown[213.209.157.167]
Oct 26 08:01:47 vps postfix/smtps/smtpd[18661]: Anonymous TLS connection established from 221.211.203.35.bc.googleusercontent.com[35.203.211.221]: TLSv1.2 with cipher ECDHE-RSA-AES256-GCM-SHA384 (256/256 bits)
Oct 26 08:01:52 vps postfix/smtps/smtpd[18661]: lost connection after UNKNOWN from 221.211.203.35.bc.googleusercontent.com[35.203.211.221]
Oct 26 08:01:52 vps postfix/smtps/smtpd[18661]: disconnect from 221.211.203.35.bc.googleusercontent.com[35.203.211.221]
Oct 26 08:01:56 vps postfix/smtpd[28163]: connect from unknown[213.209.157.167]
Oct 26 08:01:58 vps postfix/smtpd[28163]: warning: unknown[213.209.157.167]: SASL LOGIN authentication failed: UGFzc3dvcmQ6
Oct 26 08:01:58 vps postfix/smtpd[28163]: disconnect from unknown[213.209.157.167]
Oct 26 08:01:59 vps postfix/smtpd[25814]: connect from unknown[193.32.162.71]
Oct 26 08:02:01 vps postfix/smtpd[25814]: warning: unknown[193.32.162.71]: SASL LOGIN authentication failed: UGFzc3dvcmQ6
Oct 26 08:02:01 vps postfix/smtpd[25814]: lost connection after AUTH from unknown[193.32.162.71]
Oct 26 08:02:01 vps postfix/smtpd[25814]: disconnect from unknown[193.32.162.71]
Oct 26 08:02:05 vps postfix/smtpd[28163]: connect from unknown[213.209.157.167]
Oct 26 08:02:12 vps postfix/smtpd[28163]: warning: unknown[213.209.157.167]: SASL LOGIN authentication failed: UGFzc3dvcmQ6
Oct 26 08:02:12 vps postfix/smtpd[28163]: disconnect from unknown[213.209.157.167]
Oct 26 08:02:18 vps postfix/smtpd[23685]: connect from unknown[212.132.96.229]
Oct 26 08:02:21 vps postfix/smtpd[23685]: warning: unknown[212.132.96.229]: SASL LOGIN authentication failed: UGFzc3dvcmQ6
Oct 26 08:02:21 vps postfix/smtpd[23685]: disconnect from unknown[212.132.96.229]
Oct 26 08:02:23 vps postfix/smtps/smtpd[18661]: connect from unknown[205.210.31.252]
Oct 26 08:02:23 vps postfix/smtps/smtpd[18661]: SSL_accept error from unknown[205.210.31.252]: -1
Oct 26 08:02:23 vps postfix/smtps/smtpd[18661]: warning: TLS library problem: 18661:error:1407609C:SSL routines:SSL23_GET_CLIENT_HELLO:http request:s23_srvr.c:394:
Oct 26 08:02:23 vps postfix/smtps/smtpd[18661]: lost connection after CONNECT from unknown[205.210.31.252]
Oct 26 08:02:23 vps postfix/smtps/smtpd[18661]: disconnect from unknown[205.210.31.252]
Oct 26 08:03:33 vps postfix/smtpd[25814]: connect from unknown[196.251.92.15]
Oct 26 08:03:36 vps postfix/smtpd[25814]: warning: unknown[196.251.92.15]: SASL LOGIN authentication failed: UGFzc3dvcmQ6
Oct 26 08:03:36 vps postfix/smtpd[25814]: lost connection after AUTH from unknown[196.251.92.15]
Oct 26 08:03:36 vps postfix/smtpd[25814]: disconnect from unknown[196.251.92.15]
Oct 26 08:03:36 vps postfix/smtpd[23685]: connect from unknown[212.132.96.229]
Oct 26 08:03:39 vps postfix/smtpd[23685]: warning: unknown[212.132.96.229]: SASL LOGIN authentication failed: UGFzc3dvcmQ6
Oct 26 08:03:39 vps postfix/smtpd[23685]: disconnect from unknown[212.132.96.229]
Oct 26 08:04:36 vps postfix/smtpd[25814]: connect from unknown[213.209.157.167]
Oct 26 08:04:39 vps postfix/smtpd[25814]: warning: unknown[213.209.157.167]: SASL LOGIN authentication failed: UGFzc3dvcmQ6
Oct 26 08:04:39 vps postfix/smtpd[25814]: disconnect from unknown[213.209.157.167]
Oct 26 08:04:54 vps postfix/smtpd[23685]: connect from unknown[212.132.96.229]
Oct 26 08:04:57 vps postfix/smtpd[23685]: warning: unknown[212.132.96.229]: SASL LOGIN authentication failed: UGFzc3dvcmQ6
Oct 26 08:04:57 vps postfix/smtpd[23685]: disconnect from unknown[212.132.96.229]
Oct 26 08:05:16 vps postfix/smtpd[23685]: connect from unknown[200.202.250.46]
Oct 26 08:05:22 vps postfix/smtpd[23685]: warning: unknown[200.202.250.46]: SASL LOGIN authentication failed: UGFzc3dvcmQ6
Oct 26 08:05:22 vps postfix/smtpd[23685]: lost connection after AUTH from unknown[200.202.250.46]
Oct 26 08:05:22 vps postfix/smtpd[23685]: disconnect from unknown[200.202.250.46]
Oct 26 08:05:25 vps postfix/qmgr[22181]: 89A8F70F29: from=, size=502, nrcpt=1 (queue active)
Oct 26 08:05:25 vps postfix/pipe[28415]: 89A8F70F29: to=, relay=dovecot, delay=983, delays=983/0.05/0/0.21, dsn=4.1.1, status=SOFTBOUNCE (user unknown. Command output: doveconf: Warning: /etc/dovecot/dovecot.conf line 8: Global setting ssl_cert won't change the setting inside an earlier filter at /etc/dovecot/domains/24mtcthalaimaisangam.org.conf line 2 (if this is intentional, avoid this warning by moving the global setting before /etc/dovecot/domains/24mtcthalaimaisangam.org.conf line 2) doveconf: Warning: /etc/dovecot/dovecot.conf line 9: Global setting ssl_key won't change the setting inside an earlier filter at /etc/dovecot/domains/24mtcthalaimaisangam.org.conf line 3 (if this is intentional, avoid this warning by moving the global setting before /etc/dovecot/domains/24mtcthalaimaisangam.org.conf line 3) doveconf: Warning: /etc/dovecot/dovecot.conf line 10: Global setting ssl_ca won't change the setting inside an earlier filter at /etc/dovecot/domains/24mtcthalaimaisangam.org.conf line 4 (if this is intentional, avoid this warning by moving the global setting before /etc/dovecot/domains/24mtcthalaimaisangam.org.conf line 4) )
Oct 26 08:05:25 vps postfix/qmgr[22181]: 89A8F70F29: from=, status=expired, returned to sender
Oct 26 08:05:25 vps postfix/cleanup[28427]: EA61E702E9: message-id=<20251026023525.EA61E702E9@vps.vcrowd.in>
Oct 26 08:05:25 vps postfix/qmgr[22181]: EA61E702E9: from=<>, size=4674, nrcpt=1 (queue active)
Oct 26 08:05:25 vps postfix/bounce[28426]: 89A8F70F29: sender non-delivery notification: EA61E702E9
Oct 26 08:05:25 vps postfix/qmgr[22181]: 89A8F70F29: removed
Oct 26 08:05:26 vps postfix/local[28430]: EA61E702E9: to=, relay=local, delay=0.07, delays=0.03/0.02/0/0.02, dsn=2.0.0, status=sent (delivered to mailbox)
Oct 26 08:05:26 vps postfix/qmgr[22181]: EA61E702E9: removed
Oct 26 08:06:06 vps postfix/smtpd[25814]: connect from unknown[77.90.185.87]
Oct 26 08:06:09 vps postfix/smtpd[25814]: warning: unknown[77.90.185.87]: SASL LOGIN authentication failed: UGFzc3dvcmQ6
Oct 26 08:06:09 vps postfix/smtpd[25814]: disconnect from unknown[77.90.185.87]
Oct 26 08:06:14 vps postfix/smtpd[23685]: connect from unknown[212.132.96.229]
Oct 26 08:06:17 vps postfix/smtpd[23685]: warning: unknown[212.132.96.229]: SASL LOGIN authentication failed: UGFzc3dvcmQ6
Oct 26 08:06:17 vps postfix/smtpd[23685]: disconnect from unknown[212.132.96.229]
Oct 26 08:06:22 vps postfix/smtpd[25814]: connect from unknown[213.209.157.167]
Oct 26 08:06:25 vps postfix/smtpd[25814]: warning: unknown[213.209.157.167]: SASL LOGIN authentication failed: UGFzc3dvcmQ6
Oct 26 08:06:25 vps postfix/smtpd[25814]: disconnect from unknown[213.209.157.167]
Oct 26 08:06:30 vps postfix/smtpd[25814]: connect from unknown[unknown]
Oct 26 08:06:30 vps postfix/smtpd[25814]: lost connection after CONNECT from unknown[unknown]
Oct 26 08:06:30 vps postfix/smtpd[25814]: disconnect from unknown[unknown]
Oct 26 08:06:35 vps postfix/smtpd[25814]: connect from unknown[213.209.157.167]
Oct 26 08:06:35 vps postfix/smtps/smtpd[30508]: connect from unknown[121.73.169.91]
Oct 26 08:06:37 vps postfix/smtpd[30540]: connect from unknown[77.90.185.87]
Oct 26 08:06:38 vps postfix/smtps/smtpd[30508]: Anonymous TLS connection established from unknown[121.73.169.91]: TLSv1.2 with cipher ECDHE-RSA-AES256-GCM-SHA384 (256/256 bits)
Oct 26 08:06:39 vps postfix/smtpd[30540]: warning: unknown[77.90.185.87]: SASL LOGIN authentication failed: UGFzc3dvcmQ6
Oct 26 08:06:39 vps postfix/smtpd[30540]: disconnect from unknown[77.90.185.87]
Oct 26 08:06:42 vps postfix/smtpd[25814]: warning: unknown[213.209.157.167]: SASL LOGIN authentication failed: UGFzc3dvcmQ6
Oct 26 08:06:42 vps postfix/smtpd[25814]: disconnect from unknown[213.209.157.167]
Oct 26 08:06:47 vps postfix/smtps/smtpd[30508]: warning: unknown[121.73.169.91]: SASL LOGIN authentication failed: UGFzc3dvcmQ6
Oct 26 08:06:48 vps postfix/smtps/smtpd[30508]: lost connection after AUTH from unknown[121.73.169.91]
Oct 26 08:06:48 vps postfix/smtps/smtpd[30508]: disconnect from unknown[121.73.169.91]
Oct 26 08:07:14 vps postfix/smtpd[30540]: connect from mail-qt1-f198.google.com[209.85.160.198]
Oct 26 08:07:15 vps postfix/smtpd[30540]: Anonymous TLS connection established from mail-qt1-f198.google.com[209.85.160.198]: TLSv1.2 with cipher ECDHE-RSA-AES128-GCM-SHA256 (128/128 bits)
Oct 26 08:07:16 vps postfix/smtpd[30540]: NOQUEUE: reject: RCPT from mail-qt1-f198.google.com[209.85.160.198]: 450 4.1.1 : Recipient address rejected: User unknown in virtual mailbox table; from= to= proto=ESMTP helo=
Oct 26 08:07:16 vps postfix/smtpd[30540]: disconnect from mail-qt1-f198.google.com[209.85.160.198]
Oct 26 08:07:21 vps postfix/smtpd[25814]: connect from unknown[62.60.131.124]
Oct 26 08:07:24 vps postfix/smtpd[25814]: warning: unknown[62.60.131.124]: SASL LOGIN authentication failed: UGFzc3dvcmQ6
Oct 26 08:07:24 vps postfix/smtpd[25814]: disconnect from unknown[62.60.131.124]
Oct 26 08:07:32 vps postfix/smtpd[23685]: connect from unknown[212.132.96.229]
Oct 26 08:07:35 vps postfix/smtpd[23685]: warning: unknown[212.132.96.229]: SASL LOGIN authentication failed: UGFzc3dvcmQ6
Oct 26 08:07:35 vps postfix/smtpd[23685]: disconnect from unknown[212.132.96.229]
Oct 26 08:07:45 vps postfix/smtpd[30540]: connect from unknown[213.209.157.167]
Oct 26 08:07:47 vps postfix/smtpd[30540]: warning: unknown[213.209.157.167]: SASL LOGIN authentication failed: UGFzc3dvcmQ6
Oct 26 08:07:47 vps postfix/smtpd[30540]: disconnect from unknown[213.209.157.167]
Oct 26 08:07:59 vps postfix/smtpd[25814]: connect from unknown[213.209.157.167]
Oct 26 08:08:06 vps postfix/smtpd[25814]: warning: unknown[213.209.157.167]: SASL LOGIN authentication failed: UGFzc3dvcmQ6
Oct 26 08:08:06 vps postfix/smtpd[25814]: disconnect from unknown[213.209.157.167]
Oct 26 08:08:15 vps postfix/smtpd[30540]: connect from unknown[213.209.157.167]
Oct 26 08:08:25 vps postfix/smtpd[30540]: warning: unknown[213.209.157.167]: SASL LOGIN authentication failed: UGFzc3dvcmQ6
Oct 26 08:08:25 vps postfix/smtpd[30540]: disconnect from unknown[213.209.157.167]
Oct 26 08:08:33 vps postfix/smtps/smtpd[1499]: connect from 221.211.203.35.bc.googleusercontent.com[35.203.211.221]
Oct 26 08:08:33 vps postfix/smtps/smtpd[1499]: Anonymous TLS connection established from 221.211.203.35.bc.googleusercontent.com[35.203.211.221]: TLSv1.2 with cipher ECDHE-RSA-AES128-GCM-SHA256 (128/128 bits)
Oct 26 08:08:34 vps postfix/smtps/smtpd[1499]: lost connection after EHLO from 221.211.203.35.bc.googleusercontent.com[35.203.211.221]
Oct 26 08:08:34 vps postfix/smtps/smtpd[1499]: disconnect from 221.211.203.35.bc.googleusercontent.com[35.203.211.221]
Oct 26 08:08:39 vps postfix/smtpd[25814]: connect from unknown[213.209.157.225]
Oct 26 08:08:41 vps postfix/smtpd[25814]: warning: unknown[213.209.157.225]: SASL LOGIN authentication failed: UGFzc3dvcmQ6
Oct 26 08:08:41 vps postfix/smtpd[25814]: disconnect from unknown[213.209.157.225]
Oct 26 08:08:50 vps postfix/smtpd[23685]: connect from unknown[212.132.96.229]
Oct 26 08:08:53 vps postfix/smtpd[23685]: warning: unknown[212.132.96.229]: SASL LOGIN authentication failed: UGFzc3dvcmQ6
Oct 26 08:08:53 vps postfix/smtpd[23685]: disconnect from unknown[212.132.96.229]
Oct 26 08:08:58 vps postfix/smtpd[30540]: connect from unknown[213.209.157.167]
Oct 26 08:09:00 vps postfix/smtpd[30540]: warning: unknown[213.209.157.167]: SASL LOGIN authentication failed: UGFzc3dvcmQ6
Oct 26 08:09:00 vps postfix/smtpd[30540]: disconnect from unknown[213.209.157.167]
Oct 26 08:09:02 vps postfix/smtpd[25814]: connect from unknown[218.75.77.202]
Oct 26 08:09:04 vps postfix/smtpd[25814]: Anonymous TLS connection established from unknown[218.75.77.202]: TLSv1.2 with cipher ECDHE-RSA-AES256-SHA384 (256/256 bits)
Oct 26 08:09:04 vps postfix/smtpd[25814]: NOQUEUE: reject: RCPT from unknown[218.75.77.202]: 454 4.7.1 Service unavailable; Client host [218.75.77.202] blocked using bl.spamcop.net; Blocked - see https://www.spamcop.net/bl.shtml?218.75.77.202; from= to= proto=ESMTP helo=
Oct 26 08:09:05 vps postfix/smtpd[25814]: disconnect from unknown[218.75.77.202]
Oct 26 08:09:11 vps postfix/smtpd[30540]: connect from unknown[77.90.185.87]
Oct 26 08:09:13 vps postfix/smtpd[25814]: connect from unknown[213.209.157.167]
Oct 26 08:09:14 vps postfix/smtpd[30540]: warning: unknown[77.90.185.87]: SASL LOGIN authentication failed: UGFzc3dvcmQ6
Oct 26 08:09:14 vps postfix/smtpd[30540]: disconnect from unknown[77.90.185.87]
Oct 26 08:09:15 vps postfix/smtpd[25814]: warning: unknown[213.209.157.167]: SASL LOGIN authentication failed: UGFzc3dvcmQ6
Oct 26 08:09:15 vps postfix/smtpd[25814]: disconnect from unknown[213.209.157.167]
Oct 26 08:09:27 vps postfix/smtpd[30540]: connect from unknown[213.209.157.167]
Oct 26 08:09:33 vps postfix/smtpd[30540]: warning: unknown[213.209.157.167]: SASL LOGIN authentication failed: UGFzc3dvcmQ6
Oct 26 08:09:33 vps postfix/smtpd[30540]: disconnect from unknown[213.209.157.167]
Oct 26 08:09:52 vps postfix/anvil[16309]: statistics: max connection rate 3/60s for (smtp:213.209.157.167) at
Oct 26 08:01:36
Oct 26 08:09:52 vps postfix/anvil[16309]: statistics: max connection count 1 for (smtp:213.209.157.252) at
Oct 26 08:00:04
Oct 26 08:09:52 vps postfix/anvil[16309]: statistics: max cache size 6 at
Oct 26 08:07:14
Oct 26 08:09:57 vps postfix/smtpd[25814]: connect from hert.innovixsolution.info[96.31.94.59]
Oct 26 08:09:58 vps postfix/smtpd[25814]: Anonymous TLS connection established from hert.innovixsolution.info[96.31.94.59]: TLSv1.2 with cipher ADH-AES256-GCM-SHA384 (256/256 bits)
Oct 26 08:10:00 vps postfix/smtpd[25814]: NOQUEUE: reject: RCPT from hert.innovixsolution.info[96.31.94.59]: 450 4.1.1 : Recipient address rejected: User unknown in virtual mailbox table; from= to= proto=ESMTP helo=
Oct 26 08:10:00 vps postfix/smtpd[25814]: disconnect from hert.innovixsolution.info[96.31.94.59]
Oct 26 08:10:06 vps postfix/smtpd[23685]: connect from unknown[212.132.96.229]
Oct 26 08:10:07 vps postfix/smtpd[30540]: connect from unknown[213.209.157.167]
Oct 26 08:10:09 vps postfix/smtpd[30540]: warning: unknown[213.209.157.167]: SASL LOGIN authentication failed: UGFzc3dvcmQ6
Oct 26 08:10:09 vps postfix/smtpd[23685]: warning: unknown[212.132.96.229]: SASL LOGIN authentication failed: UGFzc3dvcmQ6
Oct 26 08:10:09 vps postfix/smtpd[30540]: disconnect from unknown[213.209.157.167]
Oct 26 08:10:09 vps postfix/smtpd[23685]: disconnect from unknown[212.132.96.229]
Oct 26 08:10:25 vps postfix/qmgr[22181]: 6586020E814: from=, size=2819, nrcpt=3 (queue active)
Oct 26 08:10:25 vps postfix/qmgr[22181]: BDA0220ED67: from=, size=1111, nrcpt=1 (queue active)
Oct 26 08:10:25 vps postfix/pipe[5844]: 6586020E814: to=, relay=dovecot, delay=1133, delays=1133/0.03/0/0.17, dsn=4.1.1, status=SOFTBOUNCE (user unknown. Command output: doveconf: Warning: /etc/dovecot/dovecot.conf line 8: Global setting ssl_cert won't change the setting inside an earlier filter at /etc/dovecot/domains/24mtcthalaimaisangam.org.conf line 2 (if this is intentional, avoid this warning by moving the global setting before /etc/dovecot/domains/24mtcthalaimaisangam.org.conf line 2) doveconf: Warning: /etc/dovecot/dovecot.conf line 9: Global setting ssl_key won't change the setting inside an earlier filter at /etc/dovecot/domains/24mtcthalaimaisangam.org.conf line 3 (if this is intentional, avoid this warning by moving the global setting before /etc/dovecot/domains/24mtcthalaimaisangam.org.conf line 3) doveconf: Warning: /etc/dovecot/dovecot.conf line 10: Global setting ssl_ca won't change the setting inside an earlier filter at /etc/dovecot/domains/24mtcthalaimaisangam.org.conf line 4 (if this is intentional, avoid this warning by moving the global setting before /etc/dovecot/domains/24mtcthalaimaisangam.org.conf line 4) )
Oct 26 08:10:25 vps postfix/pipe[5847]: BDA0220ED67: to=, relay=dovecot, delay=1081, delays=1080/0.03/0/0.21, dsn=4.1.1, status=SOFTBOUNCE (user unknown. Command output: doveconf: Warning: /etc/dovecot/dovecot.conf line 8: Global setting ssl_cert won't change the setting inside an earlier filter at /etc/dovecot/domains/24mtcthalaimaisangam.org.conf line 2 (if this is intentional, avoid this warning by moving the global setting before /etc/dovecot/domains/24mtcthalaimaisangam.org.conf line 2) doveconf: Warning: /etc/dovecot/dovecot.conf line 9: Global setting ssl_key won't change the setting inside an earlier filter at /etc/dovecot/domains/24mtcthalaimaisangam.org.conf line 3 (if this is intentional, avoid this warning by moving the global setting before /etc/dovecot/domains/24mtcthalaimaisangam.org.conf line 3) doveconf: Warning: /etc/dovecot/dovecot.conf line 10: Global setting ssl_ca won't change the setting inside an earlier filter at /etc/dovecot/domains/24mtcthalaimaisangam.org.conf line 4 (if this is intentional, avoid this warning by moving the global setting before /etc/dovecot/domains/24mtcthalaimaisangam.org.conf line 4) )
Oct 26 08:10:25 vps postfix/qmgr[22181]: BDA0220ED67: from=, status=expired, returned to sender
Oct 26 08:10:25 vps postfix/cleanup[5859]: 5FC353718A6: message-id=<20251026024025.5FC353718A6@vps.vcrowd.in>
Oct 26 08:10:25 vps postfix/bounce[5857]: BDA0220ED67: sender non-delivery notification: 5FC353718A6
Oct 26 08:10:25 vps postfix/qmgr[22181]: BDA0220ED67: removed
Oct 26 08:10:25 vps postfix/qmgr[22181]: 5FC353718A6: from=<>, size=5255, nrcpt=1 (queue active)
Oct 26 08:10:25 vps postfix/local[5861]: 5FC353718A6: to=, relay=local, delay=0.04, delays=0.02/0.02/0/0, dsn=2.0.0, status=sent (delivered to mailbox)
Oct 26 08:10:25 vps postfix/qmgr[22181]: 5FC353718A6: removed
Oct 26 08:10:27 vps postfix/smtp[5846]: 6586020E814: host gmail-smtp-in.l.google.com[64.233.170.27] said: 550-5.7.26 Your email has been blocked because the sender is unauthenticated. 550-5.7.26 Gmail requires all senders to authenticate with either SPF or DKIM. 550-5.7.26 550-5.7.26 Authentication results: 550-5.7.26 DKIM = did not pass 550-5.7.26 SPF [vps.vcrowd.in] with ip: [103.120.179.240] = did not pass 550-5.7.26 550-5.7.26 For instructions on setting up authentication, go to 550 5.7.26 https://support.google.com/mail/answer/81126#authentication d9443c01a7336-2949ab0785csi17940445ad.572 - gsmtp (in reply to end of DATA command)
Oct 26 08:10:28 vps postfix/smtpd[23685]: connect from unknown[123.58.215.72]
Oct 26 08:10:30 vps postfix/smtp[5846]: 6586020E814: to=, relay=alt1.gmail-smtp-in.l.google.com[192.178.163.26]:25, delay=1138, delays=1133/0.04/4.2/0.92, dsn=4.7.26, status=SOFTBOUNCE (host alt1.gmail-smtp-in.l.google.com[192.178.163.26] said: 550-5.7.26 Your email has been blocked because the sender is unauthenticated. 550-5.7.26 Gmail requires all senders to authenticate with either SPF or DKIM. 550-5.7.26 550-5.7.26 Authentication results: 550-5.7.26 DKIM = did not pass 550-5.7.26 SPF [vps.vcrowd.in] with ip: [103.120.179.240] = did not pass 550-5.7.26 550-5.7.26 For instructions on setting up authentication, go to 550 5.7.26 https://support.google.com/mail/answer/81126#authentication 41be03b00d2f7-b71f246d158si1679997a12.902 - gsmtp (in reply to end of DATA command))
Oct 26 08:10:30 vps postfix/qmgr[22181]: 6586020E814: from=, status=expired, returned to sender
Oct 26 08:10:30 vps postfix/cleanup[5859]: 41F2D20ED67: message-id=<20251026024030.41F2D20ED67@vps.vcrowd.in>
Oct 26 08:10:30 vps postfix/bounce[5857]: 6586020E814: sender non-delivery notification: 41F2D20ED67
Oct 26 08:10:30 vps postfix/qmgr[22181]: 41F2D20ED67: from=<>, size=8373, nrcpt=1 (queue active)
Oct 26 08:10:30 vps postfix/qmgr[22181]: 6586020E814: removed
Oct 26 08:10:30 vps postfix/local[5861]: 41F2D20ED67: to=, relay=local, delay=0.01, delays=0/0/0/0, dsn=2.0.0, status=sent (delivered to mailbox)
Oct 26 08:10:30 vps postfix/qmgr[22181]: 41F2D20ED67: removed
Oct 26 08:10:31 vps postfix/smtpd[23685]: warning: unknown[123.58.215.72]: SASL LOGIN authentication failed: UGFzc3dvcmQ6
Oct 26 08:10:31 vps postfix/smtpd[23685]: disconnect from unknown[123.58.215.72]
Oct 26 08:10:33 vps postfix/smtpd[25814]: connect from unknown[213.209.157.167]
Oct 26 08:10:36 vps postfix/smtpd[25814]: warning: unknown[213.209.157.167]: SASL LOGIN authentication failed: UGFzc3dvcmQ6
Oct 26 08:10:36 vps postfix/smtpd[25814]: disconnect from unknown[213.209.157.167]
Oct 26 08:11:02 vps postfix/smtpd[30540]: connect from unknown[213.209.157.167]
Oct 26 08:11:04 vps postfix/smtpd[30540]: warning: unknown[213.209.157.167]: SASL LOGIN authentication failed: UGFzc3dvcmQ6
Oct 26 08:11:04 vps postfix/smtpd[30540]: disconnect from unknown[213.209.157.167]
Oct 26 08:11:20 vps postfix/smtpd[25814]: connect from unknown[61.133.10.204]
Oct 26 08:11:25 vps postfix/smtpd[25814]: warning: unknown[61.133.10.204]: SASL LOGIN authentication failed: UGFzc3dvcmQ6
Oct 26 08:11:25 vps postfix/smtpd[23685]: connect from unknown[212.132.96.229]
Oct 26 08:11:25 vps postfix/smtpd[25814]: lost connection after AUTH from unknown[61.133.10.204]
Oct 26 08:11:25 vps postfix/smtpd[25814]: disconnect from unknown[61.133.10.204]
Oct 26 08:11:28 vps postfix/smtpd[23685]: warning: unknown[212.132.96.229]: SASL LOGIN authentication failed: UGFzc3dvcmQ6
Oct 26 08:11:28 vps postfix/smtpd[23685]: disconnect from unknown[212.132.96.229]
Oct 26 08:11:45 vps postfix/smtpd[30540]: connect from unknown[213.209.157.167]
Oct 26 08:11:48 vps postfix/smtpd[30540]: warning: unknown[213.209.157.167]: SASL LOGIN authentication failed: UGFzc3dvcmQ6
Oct 26 08:11:48 vps postfix/smtpd[30540]: disconnect from unknown[213.209.157.167]
Oct 26 08:12:00 vps postfix/smtpd[25814]: connect from unknown[213.209.157.167]
Oct 26 08:12:06 vps postfix/smtpd[25814]: warning: unknown[213.209.157.167]: SASL LOGIN authentication failed: UGFzc3dvcmQ6
Oct 26 08:12:06 vps postfix/smtpd[25814]: disconnect from unknown[213.209.157.167]
Oct 26 08:12:23 vps postfix/smtps/smtpd[9154]: connect from unknown[216.24.213.23]
Oct 26 08:12:23 vps postfix/smtps/smtpd[9154]: Anonymous TLS connection established from unknown[216.24.213.23]: TLSv1.2 with cipher ECDHE-RSA-AES256-GCM-SHA384 (256/256 bits)
Oct 26 08:12:26 vps postfix/smtps/smtpd[9154]: warning: unknown[216.24.213.23]: SASL LOGIN authentication failed: UGFzc3dvcmQ6
Oct 26 08:12:26 vps postfix/smtps/smtpd[9154]: disconnect from unknown[216.24.213.23]
Oct 26 08:12:43 vps postfix/smtpd[9675]: connect from unknown[212.132.96.229]
Oct 26 08:12:43 vps postfix/smtpd[23685]: warning: hostname 31-154-69-224.orange.net.il does not resolve to address 2.55.69.224: Name or service not known
Oct 26 08:12:43 vps postfix/smtpd[23685]: connect from unknown[2.55.69.224]
Oct 26 08:12:43 vps postfix/smtpd[30540]: connect from unknown[213.209.157.167]
Oct 26 08:12:45 vps postfix/smtpd[9675]: warning: unknown[212.132.96.229]: SASL LOGIN authentication failed: UGFzc3dvcmQ6
Oct 26 08:12:45 vps postfix/smtpd[9675]: disconnect from unknown[212.132.96.229]
Oct 26 08:12:46 vps postfix/smtpd[30540]: warning: unknown[213.209.157.167]: SASL LOGIN authentication failed: UGFzc3dvcmQ6
Oct 26 08:12:46 vps postfix/smtpd[30540]: disconnect from unknown[213.209.157.167]
Oct 26 08:12:55 vps postfix/smtpd[23685]: warning: unknown[2.55.69.224]: SASL LOGIN authentication failed: UGFzc3dvcmQ6
Oct 26 08:12:56 vps postfix/smtpd[23685]: lost connection after AUTH from unknown[2.55.69.224]
Oct 26 08:12:56 vps postfix/smtpd[23685]: disconnect from unknown[2.55.69.224]
Oct 26 08:12:57 vps postfix/smtpd[25814]: connect from unknown[213.209.157.167]
Oct 26 08:12:59 vps postfix/smtpd[30540]: connect from unknown[77.90.185.87]
Oct 26 08:13:02 vps postfix/smtpd[30540]: warning: unknown[77.90.185.87]: SASL LOGIN authentication failed: UGFzc3dvcmQ6
Oct 26 08:13:02 vps postfix/smtpd[30540]: disconnect from unknown[77.90.185.87]
Oct 26 08:13:04 vps postfix/smtpd[25814]: warning: unknown[213.209.157.167]: SASL LOGIN authentication failed: UGFzc3dvcmQ6
Oct 26 08:13:04 vps postfix/smtpd[25814]: disconnect from unknown[213.209.157.167]
Oct 26 08:13:08 vps postfix/smtpd[30540]: connect from unknown[193.32.162.71]
Oct 26 08:13:11 vps postfix/smtpd[30540]: warning: unknown[193.32.162.71]: SASL LOGIN authentication failed: UGFzc3dvcmQ6
Oct 26 08:13:11 vps postfix/smtpd[30540]: lost connection after AUTH from unknown[193.32.162.71]
Oct 26 08:13:11 vps postfix/smtpd[30540]: disconnect from unknown[193.32.162.71]
Oct 26 08:13:28 vps postfix/smtpd[25814]: connect from unknown[213.209.157.167]
Oct 26 08:13:30 vps postfix/smtpd[25814]: warning: unknown[213.209.157.167]: SASL LOGIN authentication failed: UGFzc3dvcmQ6
Oct 26 08:13:30 vps postfix/smtpd[25814]: disconnect from unknown[213.209.157.167]
Oct 26 08:13:58 vps postfix/smtpd[30540]: connect from unknown[213.209.157.167]
Oct 26 08:14:00 vps postfix/smtpd[30540]: warning: unknown[213.209.157.167]: SASL LOGIN authentication failed: UGFzc3dvcmQ6
Oct 26 08:14:00 vps postfix/smtpd[30540]: disconnect from unknown[213.209.157.167]
Oct 26 08:14:02 vps postfix/smtpd[9675]: connect from unknown[212.132.96.229]
Oct 26 08:14:04 vps postfix/smtpd[9675]: warning: unknown[212.132.96.229]: SASL LOGIN authentication failed: UGFzc3dvcmQ6
Oct 26 08:14:04 vps postfix/smtpd[9675]: disconnect from unknown[212.132.96.229]
Oct 26 08:14:38 vps postfix/smtpd[25814]: connect from unknown[213.209.157.167]
Oct 26 08:14:41 vps postfix/smtpd[25814]: warning: unknown[213.209.157.167]: SASL LOGIN authentication failed: UGFzc3dvcmQ6
Oct 26 08:14:41 vps postfix/smtpd[25814]: disconnect from unknown[213.209.157.167]
Oct 26 08:15:08 vps postfix/smtpd[30540]: connect from unknown[213.209.157.167]
Oct 26 08:15:11 vps postfix/smtpd[30540]: warning: unknown[213.209.157.167]: SASL LOGIN authentication failed: UGFzc3dvcmQ6
Oct 26 08:15:11 vps postfix/smtpd[30540]: disconnect from unknown[213.209.157.167]
Oct 26 08:15:17 vps postfix/smtpd[25814]: connect from unknown[196.251.92.15]
Oct 26 08:15:20 vps postfix/smtpd[25814]: warning: unknown[196.251.92.15]: SASL LOGIN authentication failed: UGFzc3dvcmQ6
Oct 26 08:15:20 vps postfix/smtpd[25814]: lost connection after AUTH from unknown[196.251.92.15]
Oct 26 08:15:20 vps postfix/smtpd[25814]: disconnect from unknown[196.251.92.15]
Oct 26 08:15:21 vps postfix/smtpd[9675]: connect from unknown[212.132.96.229]
Oct 26 08:15:24 vps postfix/smtpd[9675]: warning: unknown[212.132.96.229]: SASL LOGIN authentication failed: UGFzc3dvcmQ6
Oct 26 08:15:24 vps postfix/smtpd[9675]: disconnect from unknown[212.132.96.229]
Oct 26 08:15:24 vps postfix/smtpd[30540]: connect from unknown[213.209.157.167]
Oct 26 08:15:26 vps postfix/smtpd[30540]: warning: unknown[213.209.157.167]: SASL LOGIN authentication failed: UGFzc3dvcmQ6
Oct 26 08:15:26 vps postfix/smtpd[30540]: disconnect from unknown[213.209.157.167]
Oct 26 08:15:40 vps postfix/smtpd[25814]: connect from unknown[213.209.157.167]
Oct 26 08:15:42 vps postfix/smtpd[25814]: warning: unknown[213.209.157.167]: SASL LOGIN authentication failed: UGFzc3dvcmQ6
Oct 26 08:15:42 vps postfix/smtpd[25814]: disconnect from unknown[213.209.157.167]
Oct 26 08:16:25 vps postfix/smtpd[30540]: connect from unknown[213.209.157.167]
Oct 26 08:16:27 vps postfix/smtpd[30540]: warning: unknown[213.209.157.167]: SASL LOGIN authentication failed: UGFzc3dvcmQ6
