Oct 26 13:57:08 vps postfix/smtpd[2406]: connect from unknown[212.132.96.229]
Oct 26 13:57:10 vps postfix/smtpd[2406]: warning: unknown[212.132.96.229]: SASL LOGIN authentication failed: UGFzc3dvcmQ6
Oct 26 13:57:10 vps postfix/smtpd[2406]: disconnect from unknown[212.132.96.229]
Oct 26 13:57:35 vps postfix/smtpd[20150]: connect from unknown[45.148.10.119]
Oct 26 13:57:35 vps postfix/smtpd[3632]: connect from unknown[45.148.10.87]
Oct 26 13:57:37 vps postfix/smtpd[20150]: warning: unknown[45.148.10.119]: SASL LOGIN authentication failed: UGFzc3dvcmQ6
Oct 26 13:57:37 vps postfix/smtpd[20150]: disconnect from unknown[45.148.10.119]
Oct 26 13:57:38 vps postfix/smtpd[3632]: warning: unknown[45.148.10.87]: SASL LOGIN authentication failed: UGFzc3dvcmQ6
Oct 26 13:57:38 vps postfix/smtpd[3632]: disconnect from unknown[45.148.10.87]
Oct 26 13:58:08 vps postfix/smtpd[20150]: connect from unknown[213.209.157.167]
Oct 26 13:58:11 vps postfix/smtpd[20150]: warning: unknown[213.209.157.167]: SASL LOGIN authentication failed: UGFzc3dvcmQ6
Oct 26 13:58:11 vps postfix/smtpd[20150]: disconnect from unknown[213.209.157.167]
Oct 26 13:58:23 vps postfix/smtpd[3632]: connect from unknown[45.148.10.118]
Oct 26 13:58:26 vps postfix/smtpd[3632]: warning: unknown[45.148.10.118]: SASL LOGIN authentication failed: UGFzc3dvcmQ6
Oct 26 13:58:26 vps postfix/smtpd[3632]: disconnect from unknown[45.148.10.118]
Oct 26 13:58:28 vps postfix/smtpd[2406]: connect from unknown[212.132.96.229]
Oct 26 13:58:31 vps postfix/smtpd[2406]: warning: unknown[212.132.96.229]: SASL LOGIN authentication failed: UGFzc3dvcmQ6
Oct 26 13:58:31 vps postfix/smtpd[2406]: disconnect from unknown[212.132.96.229]
Oct 26 13:58:40 vps postfix/smtpd[20150]: connect from unknown[213.209.157.167]
Oct 26 13:58:42 vps postfix/smtpd[20150]: warning: unknown[213.209.157.167]: SASL LOGIN authentication failed: UGFzc3dvcmQ6
Oct 26 13:58:42 vps postfix/smtpd[20150]: disconnect from unknown[213.209.157.167]
Oct 26 13:58:53 vps postfix/smtpd[3632]: connect from unknown[213.209.157.167]
Oct 26 13:58:59 vps postfix/pickup[28263]: D5E511ACD97: uid=1062 from=
Oct 26 13:58:59 vps postfix/cleanup[12279]: D5E511ACD97: message-id=<20251026082859.D5E511ACD97@vps.vcrowd.in>
Oct 26 13:58:59 vps opendkim[5590]: D5E511ACD97: no signing table match for '"info@gvkennel"@gmail.com'
Oct 26 13:58:59 vps opendkim[5590]: D5E511ACD97: no signature data
Oct 26 13:58:59 vps postfix/qmgr[22181]: D5E511ACD97: from=, size=929, nrcpt=1 (queue active)
Oct 26 13:59:00 vps postfix/smtpd[3632]: warning: unknown[213.209.157.167]: SASL LOGIN authentication failed: UGFzc3dvcmQ6
Oct 26 13:59:00 vps postfix/smtpd[3632]: disconnect from unknown[213.209.157.167]
Oct 26 13:59:02 vps postfix/smtp[12289]: D5E511ACD97: host gmail-smtp-in.l.google.com[64.233.170.27] said: 550-5.7.26 Your email has been blocked because the sender is unauthenticated. 550-5.7.26 Gmail requires all senders to authenticate with either SPF or DKIM. 550-5.7.26 550-5.7.26 Authentication results: 550-5.7.26 DKIM = did not pass 550-5.7.26 SPF [vps.vcrowd.in] with ip: [103.120.179.240] = did not pass 550-5.7.26 550-5.7.26 For instructions on setting up authentication, go to 550 5.7.26 https://support.google.com/mail/answer/81126#authentication d2e1a72fcca58-7a4155f8815si2104634b3a.307 - gsmtp (in reply to end of DATA command)
Oct 26 13:59:04 vps postfix/smtp[12289]: D5E511ACD97: to=, relay=alt1.gmail-smtp-in.l.google.com[192.178.163.27]:25, delay=4.8, delays=0.06/0.03/4/0.73, dsn=4.7.26, status=SOFTBOUNCE (host alt1.gmail-smtp-in.l.google.com[192.178.163.27] said: 550-5.7.26 Your email has been blocked because the sender is unauthenticated. 550-5.7.26 Gmail requires all senders to authenticate with either SPF or DKIM. 550-5.7.26 550-5.7.26 Authentication results: 550-5.7.26 DKIM = did not pass 550-5.7.26 SPF [vps.vcrowd.in] with ip: [103.120.179.240] = did not pass 550-5.7.26 550-5.7.26 For instructions on setting up authentication, go to 550 5.7.26 https://support.google.com/mail/answer/81126#authentication d9443c01a7336-2949aaee590si21757695ad.346 - gsmtp (in reply to end of DATA command))
Oct 26 13:59:10 vps postfix/smtpd[20150]: warning: hostname b4-stop.shop does not resolve to address 78.135.110.226: Name or service not known
Oct 26 13:59:10 vps postfix/smtpd[20150]: connect from unknown[78.135.110.226]
Oct 26 13:59:11 vps postfix/smtpd[20150]: Anonymous TLS connection established from unknown[78.135.110.226]: TLSv1.2 with cipher ECDHE-RSA-AES256-GCM-SHA384 (256/256 bits)
Oct 26 13:59:11 vps postfix/smtpd[20150]: NOQUEUE: reject: RCPT from unknown[78.135.110.226]: 454 4.7.1 Service unavailable; Client host [78.135.110.226] blocked using dnsbl-1.uceprotect.net; IP 78.135.110.226 is UCEPROTECT-Level 1 listed. See http://www.uceprotect.net/rblcheck.php?ipr=78.135.110.226; from= to= proto=ESMTP helo=
Oct 26 13:59:11 vps postfix/smtpd[20150]: disconnect from unknown[78.135.110.226]
Oct 26 13:59:23 vps postfix/smtpd[3632]: connect from unknown[45.148.10.124]
Oct 26 13:59:25 vps postfix/smtpd[3632]: warning: unknown[45.148.10.124]: SASL LOGIN authentication failed: UGFzc3dvcmQ6
Oct 26 13:59:25 vps postfix/smtpd[3632]: disconnect from unknown[45.148.10.124]
Oct 26 13:59:39 vps postfix/smtpd[20150]: connect from unknown[213.209.157.167]
Oct 26 13:59:41 vps postfix/smtpd[20150]: warning: unknown[213.209.157.167]: SASL LOGIN authentication failed: UGFzc3dvcmQ6
Oct 26 13:59:41 vps postfix/smtpd[20150]: disconnect from unknown[213.209.157.167]
Oct 26 13:59:48 vps postfix/smtpd[2406]: connect from unknown[212.132.96.229]
Oct 26 13:59:51 vps postfix/smtpd[2406]: warning: unknown[212.132.96.229]: SASL LOGIN authentication failed: UGFzc3dvcmQ6
Oct 26 13:59:51 vps postfix/smtpd[2406]: disconnect from unknown[212.132.96.229]
Oct 26 13:59:52 vps postfix/anvil[16309]: statistics: max connection rate 3/60s for (smtp:213.209.157.167) at
Oct 26 13:58:53
Oct 26 13:59:52 vps postfix/anvil[16309]: statistics: max connection count 1 for (smtp:213.209.157.167) at
Oct 26 13:50:05
Oct 26 13:59:52 vps postfix/anvil[16309]: statistics: max cache size 6 at
Oct 26 13:54:10
Oct 26 13:59:58 vps postfix/smtpd[3632]: connect from unknown[45.148.10.37]
Oct 26 14:00:01 vps postfix/smtpd[3632]: warning: unknown[45.148.10.37]: SASL LOGIN authentication failed: UGFzc3dvcmQ6
Oct 26 14:00:01 vps postfix/smtpd[3632]: disconnect from unknown[45.148.10.37]
Oct 26 14:00:25 vps postfix/smtpd[20150]: connect from unknown[213.209.157.167]
Oct 26 14:00:27 vps postfix/smtpd[20150]: warning: unknown[213.209.157.167]: SASL LOGIN authentication failed: UGFzc3dvcmQ6
Oct 26 14:00:27 vps postfix/smtpd[20150]: disconnect from unknown[213.209.157.167]
Oct 26 14:00:33 vps postfix/smtpd[3632]: connect from unknown[45.148.10.120]
Oct 26 14:00:36 vps postfix/smtpd[3632]: warning: unknown[45.148.10.120]: SASL LOGIN authentication failed: UGFzc3dvcmQ6
Oct 26 14:00:36 vps postfix/smtpd[3632]: disconnect from unknown[45.148.10.120]
Oct 26 14:00:37 vps postfix/smtpd[20150]: connect from unknown[45.148.10.122]
Oct 26 14:00:40 vps postfix/smtpd[20150]: warning: unknown[45.148.10.122]: SASL LOGIN authentication failed: UGFzc3dvcmQ6
Oct 26 14:00:40 vps postfix/smtpd[20150]: disconnect from unknown[45.148.10.122]
Oct 26 14:00:55 vps postfix/smtpd[3632]: connect from unknown[196.251.92.15]
Oct 26 14:00:56 vps postfix/smtpd[20150]: connect from unknown[213.209.157.167]
Oct 26 14:00:57 vps postfix/smtpd[3632]: warning: unknown[196.251.92.15]: SASL LOGIN authentication failed: UGFzc3dvcmQ6
Oct 26 14:00:57 vps postfix/smtpd[3632]: lost connection after AUTH from unknown[196.251.92.15]
Oct 26 14:00:57 vps postfix/smtpd[3632]: disconnect from unknown[196.251.92.15]
Oct 26 14:00:59 vps postfix/smtpd[20150]: warning: unknown[213.209.157.167]: SASL LOGIN authentication failed: UGFzc3dvcmQ6
Oct 26 14:00:59 vps postfix/smtpd[20150]: disconnect from unknown[213.209.157.167]
Oct 26 14:01:07 vps postfix/smtpd[2406]: connect from unknown[212.132.96.229]
Oct 26 14:01:10 vps postfix/smtpd[2406]: warning: unknown[212.132.96.229]: SASL LOGIN authentication failed: UGFzc3dvcmQ6
Oct 26 14:01:10 vps postfix/smtpd[2406]: disconnect from unknown[212.132.96.229]
Oct 26 14:01:13 vps postfix/smtpd[3632]: connect from unknown[45.148.10.30]
Oct 26 14:01:15 vps postfix/smtpd[3632]: warning: unknown[45.148.10.30]: SASL LOGIN authentication failed: UGFzc3dvcmQ6
Oct 26 14:01:15 vps postfix/smtpd[3632]: disconnect from unknown[45.148.10.30]
Oct 26 14:01:21 vps postfix/smtpd[20150]: connect from unknown[45.148.10.36]
Oct 26 14:01:24 vps postfix/smtpd[20150]: warning: unknown[45.148.10.36]: SASL LOGIN authentication failed: UGFzc3dvcmQ6
Oct 26 14:01:24 vps postfix/smtpd[20150]: disconnect from unknown[45.148.10.36]
Oct 26 14:01:36 vps postfix/smtpd[3632]: connect from unknown[45.148.10.25]
Oct 26 14:01:39 vps postfix/smtpd[3632]: warning: unknown[45.148.10.25]: SASL LOGIN authentication failed: UGFzc3dvcmQ6
Oct 26 14:01:39 vps postfix/smtpd[3632]: disconnect from unknown[45.148.10.25]
Oct 26 14:02:30 vps postfix/smtpd[2406]: connect from unknown[212.132.96.229]
Oct 26 14:02:32 vps postfix/smtpd[2406]: warning: unknown[212.132.96.229]: SASL LOGIN authentication failed: UGFzc3dvcmQ6
Oct 26 14:02:32 vps postfix/smtpd[2406]: disconnect from unknown[212.132.96.229]
Oct 26 14:02:50 vps postfix/smtpd[20150]: connect from unknown[45.148.10.29]
Oct 26 14:02:52 vps postfix/smtpd[20150]: warning: unknown[45.148.10.29]: SASL LOGIN authentication failed: UGFzc3dvcmQ6
Oct 26 14:02:52 vps postfix/smtpd[20150]: disconnect from unknown[45.148.10.29]
Oct 26 14:03:03 vps postfix/pickup[28263]: 4740C16898B: uid=1062 from=
Oct 26 14:03:03 vps postfix/cleanup[18836]: 4740C16898B: message-id=<20251026083303.4740C16898B@vps.vcrowd.in>
Oct 26 14:03:03 vps opendkim[5590]: 4740C16898B: no signing table match for '"info@gvkennel"@gmail.com'
Oct 26 14:03:03 vps opendkim[5590]: 4740C16898B: no signature data
Oct 26 14:03:03 vps postfix/qmgr[22181]: 4740C16898B: from=, size=918, nrcpt=1 (queue active)
Oct 26 14:03:05 vps postfix/smtp[18843]: 4740C16898B: host gmail-smtp-in.l.google.com[64.233.170.27] said: 550-5.7.26 Your email has been blocked because the sender is unauthenticated. 550-5.7.26 Gmail requires all senders to authenticate with either SPF or DKIM. 550-5.7.26 550-5.7.26 Authentication results: 550-5.7.26 DKIM = did not pass 550-5.7.26 SPF [vps.vcrowd.in] with ip: [103.120.179.240] = did not pass 550-5.7.26 550-5.7.26 For instructions on setting up authentication, go to 550 5.7.26 https://support.google.com/mail/answer/81126#authentication d2e1a72fcca58-7a415640618si2138666b3a.693 - gsmtp (in reply to end of DATA command)
Oct 26 14:03:05 vps postfix/smtpd[3632]: connect from unknown[77.90.185.87]
Oct 26 14:03:07 vps postfix/smtpd[20150]: connect from unknown[45.148.10.39]
Oct 26 14:03:08 vps postfix/smtp[18843]: 4740C16898B: to=, relay=alt1.gmail-smtp-in.l.google.com[192.178.163.26]:25, delay=5, delays=0.06/0.03/3.9/1, dsn=4.7.26, status=SOFTBOUNCE (host alt1.gmail-smtp-in.l.google.com[192.178.163.26] said: 550-5.7.26 Your email has been blocked because the sender is unauthenticated. 550-5.7.26 Gmail requires all senders to authenticate with either SPF or DKIM. 550-5.7.26 550-5.7.26 Authentication results: 550-5.7.26 DKIM = did not pass 550-5.7.26 SPF [vps.vcrowd.in] with ip: [103.120.179.240] = did not pass 550-5.7.26 550-5.7.26 For instructions on setting up authentication, go to 550 5.7.26 https://support.google.com/mail/answer/81126#authentication 41be03b00d2f7-b71f506d893si1900785a12.1062 - gsmtp (in reply to end of DATA command))
Oct 26 14:03:08 vps postfix/smtpd[3632]: warning: unknown[77.90.185.87]: SASL LOGIN authentication failed: UGFzc3dvcmQ6
Oct 26 14:03:08 vps postfix/smtpd[3632]: disconnect from unknown[77.90.185.87]
Oct 26 14:03:10 vps postfix/smtpd[20150]: warning: unknown[45.148.10.39]: SASL LOGIN authentication failed: UGFzc3dvcmQ6
Oct 26 14:03:10 vps postfix/smtpd[20150]: disconnect from unknown[45.148.10.39]
Oct 26 14:03:35 vps postfix/smtpd[3632]: connect from unknown[213.209.157.167]
Oct 26 14:03:35 vps postfix/smtpd[2406]: connect from unknown[123.58.215.72]
Oct 26 14:03:38 vps postfix/smtpd[2406]: warning: unknown[123.58.215.72]: SASL LOGIN authentication failed: UGFzc3dvcmQ6
Oct 26 14:03:38 vps postfix/smtpd[3632]: warning: unknown[213.209.157.167]: SASL LOGIN authentication failed: UGFzc3dvcmQ6
Oct 26 14:03:38 vps postfix/smtpd[3632]: disconnect from unknown[213.209.157.167]
Oct 26 14:03:38 vps postfix/smtpd[2406]: disconnect from unknown[123.58.215.72]
Oct 26 14:03:47 vps postfix/smtpd[20150]: connect from unknown[213.209.157.167]
Oct 26 14:03:51 vps postfix/smtpd[2406]: connect from unknown[212.132.96.229]
Oct 26 14:03:54 vps postfix/smtpd[20150]: warning: unknown[213.209.157.167]: SASL LOGIN authentication failed: UGFzc3dvcmQ6
Oct 26 14:03:54 vps postfix/smtpd[2406]: warning: unknown[212.132.96.229]: SASL LOGIN authentication failed: UGFzc3dvcmQ6
Oct 26 14:03:54 vps postfix/smtpd[20150]: disconnect from unknown[213.209.157.167]
Oct 26 14:03:54 vps postfix/smtpd[2406]: disconnect from unknown[212.132.96.229]
Oct 26 14:04:11 vps postfix/smtpd[3632]: connect from unknown[213.209.157.167]
Oct 26 14:04:13 vps postfix/smtpd[3632]: warning: unknown[213.209.157.167]: SASL LOGIN authentication failed: UGFzc3dvcmQ6
Oct 26 14:04:13 vps postfix/smtpd[3632]: disconnect from unknown[213.209.157.167]
Oct 26 14:04:15 vps postfix/smtpd[20150]: connect from unknown[213.209.157.252]
Oct 26 14:04:18 vps postfix/smtpd[20150]: warning: unknown[213.209.157.252]: SASL LOGIN authentication failed: UGFzc3dvcmQ6
Oct 26 14:04:18 vps postfix/smtpd[20150]: disconnect from unknown[213.209.157.252]
Oct 26 14:04:29 vps postfix/smtpd[3632]: connect from unknown[77.90.185.220]
Oct 26 14:04:31 vps postfix/smtpd[3632]: warning: unknown[77.90.185.220]: SASL LOGIN authentication failed: UGFzc3dvcmQ6
Oct 26 14:04:31 vps postfix/smtpd[3632]: disconnect from unknown[77.90.185.220]
Oct 26 14:04:46 vps postfix/smtpd[20150]: connect from unknown[77.90.185.220]
Oct 26 14:04:46 vps postfix/smtpd[3632]: connect from unknown[213.209.157.167]
Oct 26 14:04:48 vps postfix/smtpd[20150]: warning: unknown[77.90.185.220]: SASL LOGIN authentication failed: UGFzc3dvcmQ6
Oct 26 14:04:48 vps postfix/smtpd[20150]: disconnect from unknown[77.90.185.220]
Oct 26 14:04:49 vps postfix/smtpd[3632]: warning: unknown[213.209.157.167]: SASL LOGIN authentication failed: UGFzc3dvcmQ6
Oct 26 14:04:49 vps postfix/smtpd[3632]: disconnect from unknown[213.209.157.167]
Oct 26 14:05:06 vps postfix/smtpd[20150]: connect from unknown[77.90.185.220]
Oct 26 14:05:09 vps postfix/smtpd[20150]: warning: unknown[77.90.185.220]: SASL LOGIN authentication failed: UGFzc3dvcmQ6
Oct 26 14:05:09 vps postfix/smtpd[20150]: disconnect from unknown[77.90.185.220]
Oct 26 14:05:11 vps postfix/smtpd[2406]: connect from unknown[212.132.96.229]
Oct 26 14:05:13 vps postfix/smtpd[2406]: warning: unknown[212.132.96.229]: SASL LOGIN authentication failed: UGFzc3dvcmQ6
Oct 26 14:05:13 vps postfix/smtpd[2406]: disconnect from unknown[212.132.96.229]
Oct 26 14:05:25 vps postfix/qmgr[22181]: D5E511ACD97: from=, size=929, nrcpt=1 (queue active)
Oct 26 14:05:26 vps postfix/smtpd[3632]: connect from unknown[77.90.185.220]
Oct 26 14:05:27 vps postfix/smtp[23154]: D5E511ACD97: host gmail-smtp-in.l.google.com[64.233.170.26] said: 550-5.7.26 Your email has been blocked because the sender is unauthenticated. 550-5.7.26 Gmail requires all senders to authenticate with either SPF or DKIM. 550-5.7.26 550-5.7.26 Authentication results: 550-5.7.26 DKIM = did not pass 550-5.7.26 SPF [vps.vcrowd.in] with ip: [103.120.179.240] = did not pass 550-5.7.26 550-5.7.26 For instructions on setting up authentication, go to 550 5.7.26 https://support.google.com/mail/answer/81126#authentication d2e1a72fcca58-7a4155216f1si2115119b3a.10 - gsmtp (in reply to end of DATA command)
Oct 26 14:05:29 vps postfix/smtpd[3632]: warning: unknown[77.90.185.220]: SASL LOGIN authentication failed: UGFzc3dvcmQ6
Oct 26 14:05:29 vps postfix/smtpd[3632]: disconnect from unknown[77.90.185.220]
Oct 26 14:05:29 vps postfix/smtp[23154]: D5E511ACD97: to=, relay=alt1.gmail-smtp-in.l.google.com[192.178.163.26]:25, delay=390, delays=385/0.06/3.6/0.82, dsn=4.7.26, status=SOFTBOUNCE (host alt1.gmail-smtp-in.l.google.com[192.178.163.26] said: 550-5.7.26 Your email has been blocked because the sender is unauthenticated. 550-5.7.26 Gmail requires all senders to authenticate with either SPF or DKIM. 550-5.7.26 550-5.7.26 Authentication results: 550-5.7.26 DKIM = did not pass 550-5.7.26 SPF [vps.vcrowd.in] with ip: [103.120.179.240] = did not pass 550-5.7.26 550-5.7.26 For instructions on setting up authentication, go to 550 5.7.26 https://support.google.com/mail/answer/81126#authentication d9443c01a7336-2949ab060b8si20768155ad.525 - gsmtp (in reply to end of DATA command))
Oct 26 14:05:34 vps postfix/pickup[28263]: 75ACB161940: uid=1062 from=
Oct 26 14:05:34 vps postfix/cleanup[23369]: 75ACB161940: message-id=<20251026083534.75ACB161940@vps.vcrowd.in>
Oct 26 14:05:34 vps opendkim[5590]: 75ACB161940: no signing table match for '"info@gvkennel"@gmail.com'
Oct 26 14:05:34 vps opendkim[5590]: 75ACB161940: no signature data
Oct 26 14:05:34 vps postfix/qmgr[22181]: 75ACB161940: from=, size=929, nrcpt=1 (queue active)
Oct 26 14:05:36 vps postfix/pickup[28263]: 4E55F37234F: uid=1062 from=
Oct 26 14:05:36 vps postfix/cleanup[23369]: 4E55F37234F: message-id=<20251026083536.4E55F37234F@vps.vcrowd.in>
Oct 26 14:05:36 vps opendkim[5590]: 4E55F37234F: no signing table match for '"info@gvkennel"@gmail.com'
Oct 26 14:05:36 vps opendkim[5590]: 4E55F37234F: no signature data
Oct 26 14:05:36 vps postfix/qmgr[22181]: 4E55F37234F: from=, size=962, nrcpt=1 (queue active)
Oct 26 14:05:36 vps postfix/smtp[23154]: 75ACB161940: host gmail-smtp-in.l.google.com[64.233.170.27] said: 550-5.7.26 Your email has been blocked because the sender is unauthenticated. 550-5.7.26 Gmail requires all senders to authenticate with either SPF or DKIM. 550-5.7.26 550-5.7.26 Authentication results: 550-5.7.26 DKIM = did not pass 550-5.7.26 SPF [vps.vcrowd.in] with ip: [103.120.179.240] = did not pass 550-5.7.26 550-5.7.26 For instructions on setting up authentication, go to 550 5.7.26 https://support.google.com/mail/answer/81126#authentication 41be03b00d2f7-b71d5a0a08bsi1946002a12.305 - gsmtp (in reply to end of DATA command)
Oct 26 14:05:38 vps postfix/smtp[23428]: 4E55F37234F: host gmail-smtp-in.l.google.com[64.233.170.27] said: 550-5.7.26 Your email has been blocked because the sender is unauthenticated. 550-5.7.26 Gmail requires all senders to authenticate with either SPF or DKIM. 550-5.7.26 550-5.7.26 Authentication results: 550-5.7.26 DKIM = did not pass 550-5.7.26 SPF [vps.vcrowd.in] with ip: [103.120.179.240] = did not pass 550-5.7.26 550-5.7.26 For instructions on setting up authentication, go to 550 5.7.26 https://support.google.com/mail/answer/81126#authentication d9443c01a7336-2949ab05d5asi20828575ad.526 - gsmtp (in reply to end of DATA command)
Oct 26 14:05:38 vps postfix/smtp[23154]: 75ACB161940: to=, relay=alt1.gmail-smtp-in.l.google.com[192.178.163.26]:25, delay=4.5, delays=0.05/0/3.6/0.82, dsn=4.7.26, status=SOFTBOUNCE (host alt1.gmail-smtp-in.l.google.com[192.178.163.26] said: 550-5.7.26 Your email has been blocked because the sender is unauthenticated. 550-5.7.26 Gmail requires all senders to authenticate with either SPF or DKIM. 550-5.7.26 550-5.7.26 Authentication results: 550-5.7.26 DKIM = did not pass 550-5.7.26 SPF [vps.vcrowd.in] with ip: [103.120.179.240] = did not pass 550-5.7.26 550-5.7.26 For instructions on setting up authentication, go to 550 5.7.26 https://support.google.com/mail/answer/81126#authentication d2e1a72fcca58-7a41567992dsi2155473b3a.831 - gsmtp (in reply to end of DATA command))
Oct 26 14:05:40 vps postfix/smtp[23428]: 4E55F37234F: to=, relay=alt1.gmail-smtp-in.l.google.com[192.178.163.26]:25, delay=4.3, delays=0.02/0.02/3.5/0.72, dsn=4.7.26, status=SOFTBOUNCE (host alt1.gmail-smtp-in.l.google.com[192.178.163.26] said: 550-5.7.26 Your email has been blocked because the sender is unauthenticated. 550-5.7.26 Gmail requires all senders to authenticate with either SPF or DKIM. 550-5.7.26 550-5.7.26 Authentication results: 550-5.7.26 DKIM = did not pass 550-5.7.26 SPF [vps.vcrowd.in] with ip: [103.120.179.240] = did not pass 550-5.7.26 550-5.7.26 For instructions on setting up authentication, go to 550 5.7.26 https://support.google.com/mail/answer/81126#authentication 41be03b00d2f7-b71f60bb724si1953910a12.1265 - gsmtp (in reply to end of DATA command))
Oct 26 14:06:12 vps postfix/smtpd[20150]: connect from unknown[213.209.157.167]
Oct 26 14:06:15 vps postfix/smtpd[20150]: warning: unknown[213.209.157.167]: SASL LOGIN authentication failed: UGFzc3dvcmQ6
Oct 26 14:06:15 vps postfix/smtpd[20150]: disconnect from unknown[213.209.157.167]
Oct 26 14:06:31 vps postfix/smtpd[2406]: connect from unknown[212.132.96.229]
Oct 26 14:06:34 vps postfix/smtpd[2406]: warning: unknown[212.132.96.229]: SASL LOGIN authentication failed: UGFzc3dvcmQ6
Oct 26 14:06:34 vps postfix/smtpd[2406]: disconnect from unknown[212.132.96.229]
Oct 26 14:06:39 vps postfix/smtpd[3632]: connect from unknown[213.209.157.167]
Oct 26 14:06:42 vps postfix/smtpd[3632]: warning: unknown[213.209.157.167]: SASL LOGIN authentication failed: UGFzc3dvcmQ6
Oct 26 14:06:42 vps postfix/smtpd[3632]: disconnect from unknown[213.209.157.167]
Oct 26 14:07:32 vps postfix/smtpd[20150]: connect from unknown[45.148.10.31]
Oct 26 14:07:34 vps postfix/smtpd[20150]: warning: unknown[45.148.10.31]: SASL LOGIN authentication failed: UGFzc3dvcmQ6
Oct 26 14:07:34 vps postfix/smtpd[20150]: disconnect from unknown[45.148.10.31]
Oct 26 14:07:34 vps postfix/smtpd[3632]: connect from unknown[45.148.10.26]
Oct 26 14:07:37 vps postfix/smtpd[3632]: warning: unknown[45.148.10.26]: SASL LOGIN authentication failed: UGFzc3dvcmQ6
Oct 26 14:07:37 vps postfix/smtpd[3632]: disconnect from unknown[45.148.10.26]
Oct 26 14:07:50 vps postfix/smtpd[2406]: connect from unknown[212.132.96.229]
Oct 26 14:07:53 vps postfix/smtpd[2406]: warning: unknown[212.132.96.229]: SASL LOGIN authentication failed: UGFzc3dvcmQ6
Oct 26 14:07:53 vps postfix/smtpd[2406]: disconnect from unknown[212.132.96.229]
Oct 26 14:09:02 vps postfix/smtps/smtpd[27996]: connect from unknown[176.125.228.32]
Oct 26 14:09:02 vps postfix/smtps/smtpd[27996]: Anonymous TLS connection established from unknown[176.125.228.32]: TLSv1.2 with cipher ECDHE-RSA-AES256-GCM-SHA384 (256/256 bits)
Oct 26 14:09:05 vps postfix/smtps/smtpd[27996]: warning: unknown[176.125.228.32]: SASL LOGIN authentication failed: UGFzc3dvcmQ6
Oct 26 14:09:05 vps postfix/smtps/smtpd[27996]: disconnect from unknown[176.125.228.32]
Oct 26 14:09:10 vps postfix/smtpd[2406]: connect from unknown[212.132.96.229]
Oct 26 14:09:12 vps postfix/smtpd[2406]: warning: unknown[212.132.96.229]: SASL LOGIN authentication failed: UGFzc3dvcmQ6
Oct 26 14:09:12 vps postfix/smtpd[2406]: disconnect from unknown[212.132.96.229]
Oct 26 14:09:17 vps postfix/smtpd[28328]: warning: hostname b4-stop.shop does not resolve to address 78.135.110.226: Name or service not known
Oct 26 14:09:17 vps postfix/smtpd[28328]: connect from unknown[78.135.110.226]
Oct 26 14:09:18 vps postfix/smtpd[28328]: Anonymous TLS connection established from unknown[78.135.110.226]: TLSv1.2 with cipher ECDHE-RSA-AES256-GCM-SHA384 (256/256 bits)
Oct 26 14:09:19 vps postfix/smtpd[28328]: NOQUEUE: reject: RCPT from unknown[78.135.110.226]: 454 4.7.1 Service unavailable; Client host [78.135.110.226] blocked using dnsbl-1.uceprotect.net; IP 78.135.110.226 is UCEPROTECT-Level 1 listed. See http://www.uceprotect.net/rblcheck.php?ipr=78.135.110.226; from= to= proto=ESMTP helo=
Oct 26 14:09:20 vps postfix/smtpd[28328]: disconnect from unknown[78.135.110.226]
Oct 26 14:09:52 vps postfix/anvil[16309]: statistics: max connection rate 4/60s for (smtp:77.90.185.220) at
Oct 26 14:05:26
Oct 26 14:09:52 vps postfix/anvil[16309]: statistics: max connection count 1 for (smtp:45.148.10.37) at
Oct 26 13:59:58
Oct 26 14:09:52 vps postfix/anvil[16309]: statistics: max cache size 7 at
Oct 26 14:01:21
Oct 26 14:10:20 vps postfix/pickup[28263]: CACDA20ED4C: uid=1092 from=
Oct 26 14:10:20 vps postfix/cleanup[30799]: CACDA20ED4C: message-id=<20251026084020.CACDA20ED4C@vps.vcrowd.in>
Oct 26 14:10:20 vps opendkim[5590]: CACDA20ED4C: no signing table match for 'ofelia.gourgaud@gmail.com'
Oct 26 14:10:20 vps opendkim[5590]: CACDA20ED4C: no signature data
Oct 26 14:10:20 vps postfix/qmgr[22181]: CACDA20ED4C: from=, size=7383, nrcpt=1 (queue active)
Oct 26 14:10:20 vps postfix/smtp[30805]: CACDA20ED4C: to=, relay=none, delay=0.06, delays=0.03/0.02/0.02/0, dsn=4.4.4, status=SOFTBOUNCE (Host or domain name not found. Name service error for name=adiworld.in type=A: Host not found)
Oct 26 14:10:25 vps postfix/qmgr[22181]: 4740C16898B: from=, size=918, nrcpt=1 (queue active)
Oct 26 14:10:28 vps postfix/smtp[30805]: 4740C16898B: host gmail-smtp-in.l.google.com[64.233.170.26] said: 550-5.7.26 Your email has been blocked because the sender is unauthenticated. 550-5.7.26 Gmail requires all senders to authenticate with either SPF or DKIM. 550-5.7.26 550-5.7.26 Authentication results: 550-5.7.26 DKIM = did not pass 550-5.7.26 SPF [vps.vcrowd.in] with ip: [103.120.179.240] = did not pass 550-5.7.26 550-5.7.26 For instructions on setting up authentication, go to 550 5.7.26 https://support.google.com/mail/answer/81126#authentication d9443c01a7336-2949aadaf8dsi21342125ad.319 - gsmtp (in reply to end of DATA command)
Oct 26 14:10:28 vps postfix/smtpd[28328]: connect from unknown[213.209.157.167]
Oct 26 14:10:29 vps postfix/smtpd[2406]: connect from unknown[212.132.96.229]
Oct 26 14:10:30 vps postfix/smtp[30805]: 4740C16898B: to=, relay=alt1.gmail-smtp-in.l.google.com[192.178.163.27]:25, delay=447, delays=443/0/3.8/0.76, dsn=4.7.26, status=SOFTBOUNCE (host alt1.gmail-smtp-in.l.google.com[192.178.163.27] said: 550-5.7.26 Your email has been blocked because the sender is unauthenticated. 550-5.7.26 Gmail requires all senders to authenticate with either SPF or DKIM. 550-5.7.26 550-5.7.26 Authentication results: 550-5.7.26 DKIM = did not pass 550-5.7.26 SPF [vps.vcrowd.in] with ip: [103.120.179.240] = did not pass 550-5.7.26 550-5.7.26 For instructions on setting up authentication, go to 550 5.7.26 https://support.google.com/mail/answer/81126#authentication 98e67ed59e1d1-33fee1c70f8si2047138a91.18 - gsmtp (in reply to end of DATA command))
Oct 26 14:10:31 vps postfix/smtpd[28328]: warning: unknown[213.209.157.167]: SASL LOGIN authentication failed: UGFzc3dvcmQ6
Oct 26 14:10:31 vps postfix/smtpd[28328]: disconnect from unknown[213.209.157.167]
Oct 26 14:10:32 vps postfix/smtpd[2406]: warning: unknown[212.132.96.229]: SASL LOGIN authentication failed: UGFzc3dvcmQ6
Oct 26 14:10:32 vps postfix/smtpd[2406]: disconnect from unknown[212.132.96.229]
Oct 26 14:11:00 vps postfix/smtpd[28328]: connect from unknown[62.60.131.124]
Oct 26 14:11:03 vps postfix/smtpd[28328]: warning: unknown[62.60.131.124]: SASL LOGIN authentication failed: UGFzc3dvcmQ6
Oct 26 14:11:03 vps postfix/smtpd[28328]: disconnect from unknown[62.60.131.124]
Oct 26 14:11:46 vps postfix/smtpd[2406]: connect from unknown[212.132.96.229]
Oct 26 14:11:49 vps postfix/smtpd[2406]: warning: unknown[212.132.96.229]: SASL LOGIN authentication failed: UGFzc3dvcmQ6
Oct 26 14:11:49 vps postfix/smtpd[2406]: disconnect from unknown[212.132.96.229]
Oct 26 14:13:07 vps postfix/smtpd[2406]: connect from unknown[212.132.96.229]
Oct 26 14:13:07 vps postfix/smtpd[1811]: connect from unknown[213.209.157.225]
Oct 26 14:13:09 vps postfix/smtpd[1811]: warning: unknown[213.209.157.225]: SASL LOGIN authentication failed: UGFzc3dvcmQ6
Oct 26 14:13:09 vps postfix/smtpd[2406]: warning: unknown[212.132.96.229]: SASL LOGIN authentication failed: UGFzc3dvcmQ6
Oct 26 14:13:09 vps postfix/smtpd[1811]: disconnect from unknown[213.209.157.225]
Oct 26 14:13:09 vps postfix/smtpd[2406]: disconnect from unknown[212.132.96.229]
Oct 26 14:13:11 vps postfix/smtpd[1811]: connect from unknown[196.251.92.15]
Oct 26 14:13:14 vps postfix/smtpd[1811]: warning: unknown[196.251.92.15]: SASL LOGIN authentication failed: UGFzc3dvcmQ6
Oct 26 14:13:14 vps postfix/smtpd[1811]: lost connection after AUTH from unknown[196.251.92.15]
Oct 26 14:13:14 vps postfix/smtpd[1811]: disconnect from unknown[196.251.92.15]
Oct 26 14:13:43 vps postfix/smtpd[1811]: connect from unknown[213.209.157.167]
Oct 26 14:13:45 vps postfix/smtpd[1811]: warning: unknown[213.209.157.167]: SASL LOGIN authentication failed: UGFzc3dvcmQ6
Oct 26 14:13:45 vps postfix/smtpd[1811]: disconnect from unknown[213.209.157.167]
Oct 26 14:13:57 vps postfix/smtpd[1811]: connect from unknown[213.209.157.167]
Oct 26 14:14:03 vps postfix/smtpd[1811]: warning: unknown[213.209.157.167]: SASL LOGIN authentication failed: UGFzc3dvcmQ6
Oct 26 14:14:03 vps postfix/smtpd[1811]: disconnect from unknown[213.209.157.167]
Oct 26 14:14:27 vps postfix/smtpd[2406]: connect from unknown[212.132.96.229]
Oct 26 14:14:30 vps postfix/smtpd[2406]: warning: unknown[212.132.96.229]: SASL LOGIN authentication failed: UGFzc3dvcmQ6
Oct 26 14:14:30 vps postfix/smtpd[2406]: disconnect from unknown[212.132.96.229]
Oct 26 14:14:45 vps postfix/smtpd[1811]: connect from unknown[77.90.185.87]
Oct 26 14:14:48 vps postfix/smtpd[1811]: warning: unknown[77.90.185.87]: SASL LOGIN authentication failed: UGFzc3dvcmQ6
Oct 26 14:14:48 vps postfix/smtpd[1811]: disconnect from unknown[77.90.185.87]
Oct 26 14:15:17 vps postfix/smtpd[1811]: connect from unknown[213.209.157.167]
Oct 26 14:15:20 vps postfix/smtpd[1811]: warning: unknown[213.209.157.167]: SASL LOGIN authentication failed: UGFzc3dvcmQ6
Oct 26 14:15:20 vps postfix/smtpd[1811]: disconnect from unknown[213.209.157.167]
Oct 26 14:15:25 vps postfix/qmgr[22181]: CACDA20ED4C: from=, size=7383, nrcpt=1 (queue active)
Oct 26 14:15:25 vps postfix/qmgr[22181]: D5E511ACD97: from=, size=929, nrcpt=1 (queue active)
Oct 26 14:15:25 vps postfix/qmgr[22181]: 4E55F37234F: from=, size=962, nrcpt=1 (queue active)
Oct 26 14:15:25 vps postfix/qmgr[22181]: 75ACB161940: from=, size=929, nrcpt=1 (queue active)
Oct 26 14:15:26 vps postfix/smtp[5666]: CACDA20ED4C: to=, relay=none, delay=305, delays=304/0.05/1/0, dsn=4.4.4, status=SOFTBOUNCE (Host or domain name not found. Name service error for name=adiworld.in type=A: Host not found)
Oct 26 14:15:27 vps postfix/smtp[5668]: D5E511ACD97: host gmail-smtp-in.l.google.com[64.233.170.26] said: 550-5.7.26 Your email has been blocked because the sender is unauthenticated. 550-5.7.26 Gmail requires all senders to authenticate with either SPF or DKIM. 550-5.7.26 550-5.7.26 Authentication results: 550-5.7.26 DKIM = did not pass 550-5.7.26 SPF [vps.vcrowd.in] with ip: [103.120.179.240] = did not pass 550-5.7.26 550-5.7.26 For instructions on setting up authentication, go to 550 5.7.26 https://support.google.com/mail/answer/81126#authentication d2e1a72fcca58-7a415618e7asi2088797b3a.440 - gsmtp (in reply to end of DATA command)
Oct 26 14:15:27 vps postfix/smtp[5670]: 75ACB161940: host gmail-smtp-in.l.google.com[64.233.170.27] said: 550-5.7.26 Your email has been blocked because the sender is unauthenticated. 550-5.7.26 Gmail requires all senders to authenticate with either SPF or DKIM. 550-5.7.26 550-5.7.26 Authentication results: 550-5.7.26 DKIM = did not pass 550-5.7.26 SPF [vps.vcrowd.in] with ip: [103.120.179.240] = did not pass 550-5.7.26 550-5.7.26 For instructions on setting up authentication, go to 550 5.7.26 https://support.google.com/mail/answer/81126#authentication d2e1a72fcca58-7a41563e4a1si2075266b3a.641 - gsmtp (in reply to end of DATA command)
Oct 26 14:15:27 vps postfix/smtp[5669]: 4E55F37234F: host gmail-smtp-in.l.google.com[64.233.170.26] said: 550-5.7.26 Your email has been blocked because the sender is unauthenticated. 550-5.7.26 Gmail requires all senders to authenticate with either SPF or DKIM. 550-5.7.26 550-5.7.26 Authentication results: 550-5.7.26 DKIM = did not pass 550-5.7.26 SPF [vps.vcrowd.in] with ip: [103.120.179.240] = did not pass 550-5.7.26 550-5.7.26 For instructions on setting up authentication, go to 550 5.7.26 https://support.google.com/mail/answer/81126#authentication 41be03b00d2f7-b71f2749c50si1993276a12.914 - gsmtp (in reply to end of DATA command)
Oct 26 14:15:29 vps postfix/smtp[5668]: D5E511ACD97: to=, relay=alt1.gmail-smtp-in.l.google.com[192.178.163.26]:25, delay=990, delays=985/0.03/3.5/0.78, dsn=4.7.26, status=SOFTBOUNCE (host alt1.gmail-smtp-in.l.google.com[192.178.163.26] said: 550-5.7.26 Your email has been blocked because the sender is unauthenticated. 550-5.7.26 Gmail requires all senders to authenticate with either SPF or DKIM. 550-5.7.26 550-5.7.26 Authentication results: 550-5.7.26 DKIM = did not pass 550-5.7.26 SPF [vps.vcrowd.in] with ip: [103.120.179.240] = did not pass 550-5.7.26 550-5.7.26 For instructions on setting up authentication, go to 550 5.7.26 https://support.google.com/mail/answer/81126#authentication d9443c01a7336-2949aaf10f6si21921695ad.468 - gsmtp (in reply to end of DATA command))
Oct 26 14:15:29 vps postfix/qmgr[22181]: D5E511ACD97: from=, status=expired, returned to sender
Oct 26 14:15:29 vps postfix/cleanup[5756]: 9180D20EA87: message-id=<20251026084529.9180D20EA87@vps.vcrowd.in>
Oct 26 14:15:29 vps postfix/qmgr[22181]: 9180D20EA87: from=<>, size=3857, nrcpt=1 (queue active)
Oct 26 14:15:29 vps postfix/bounce[5693]: D5E511ACD97: sender non-delivery notification: 9180D20EA87
Oct 26 14:15:29 vps postfix/qmgr[22181]: D5E511ACD97: removed
Oct 26 14:15:29 vps postfix/local[5758]: 9180D20EA87: to=, relay=local, delay=0.04, delays=0.02/0.02/0/0, dsn=2.0.0, status=sent (delivered to mailbox)
Oct 26 14:15:29 vps postfix/qmgr[22181]: 9180D20EA87: removed
Oct 26 14:15:29 vps postfix/smtp[5669]: 4E55F37234F: to=, relay=alt1.gmail-smtp-in.l.google.com[192.178.163.27]:25, delay=593, delays=589/0.05/3.7/0.73, dsn=4.7.26, status=SOFTBOUNCE (host alt1.gmail-smtp-in.l.google.com[192.178.163.27] said: 550-5.7.26 Your email has been blocked because the sender is unauthenticated. 550-5.7.26 Gmail requires all senders to authenticate with either SPF or DKIM. 550-5.7.26 550-5.7.26 Authentication results: 550-5.7.26 DKIM = did not pass 550-5.7.26 SPF [vps.vcrowd.in] with ip: [103.120.179.240] = did not pass 550-5.7.26 550-5.7.26 For instructions on setting up authentication, go to 550 5.7.26 https://support.google.com/mail/answer/81126#authentication d9443c01a7336-2949ab25cc0si20920865ad.754 - gsmtp (in reply to end of DATA command))
Oct 26 14:15:29 vps postfix/smtp[5670]: 75ACB161940: to=, relay=alt1.gmail-smtp-in.l.google.com[192.178.163.26]:25, delay=595, delays=591/0.06/3.6/0.81, dsn=4.7.26, status=SOFTBOUNCE (host alt1.gmail-smtp-in.l.google.com[192.178.163.26] said: 550-5.7.26 Your email has been blocked because the sender is unauthenticated. 550-5.7.26 Gmail requires all senders to authenticate with either SPF or DKIM. 550-5.7.26 550-5.7.26 Authentication results: 550-5.7.26 DKIM = did not pass 550-5.7.26 SPF [vps.vcrowd.in] with ip: [103.120.179.240] = did not pass 550-5.7.26 550-5.7.26 For instructions on setting up authentication, go to 550 5.7.26 https://support.google.com/mail/answer/81126#authentication 41be03b00d2f7-b71eb473e8fsi1845944a12.602 - gsmtp (in reply to end of DATA command))
Oct 26 14:15:46 vps postfix/smtpd[2406]: connect from unknown[212.132.96.229]
Oct 26 14:15:49 vps postfix/smtpd[2406]: warning: unknown[212.132.96.229]: SASL LOGIN authentication failed: UGFzc3dvcmQ6
Oct 26 14:15:49 vps postfix/smtpd[2406]: disconnect from unknown[212.132.96.229]
Oct 26 14:15:52 vps postfix/smtpd[1811]: connect from unknown[185.181.8.153]
Oct 26 14:15:53 vps postfix/smtpd[1811]: Anonymous TLS connection established from unknown[185.181.8.153]: TLSv1.2 with cipher ECDHE-RSA-AES256-GCM-SHA384 (256/256 bits)
Oct 26 14:15:54 vps postfix/smtpd[1811]: NOQUEUE: reject: RCPT from unknown[185.181.8.153]: 454 4.7.1 Service unavailable; Client host [185.181.8.153] blocked using bl.spamcop.net; Blocked - see https://www.spamcop.net/bl.shtml?185.181.8.153; from= to= proto=ESMTP helo=
Oct 26 14:15:54 vps postfix/smtpd[1811]: disconnect from unknown[185.181.8.153]
Oct 26 14:15:55 vps postfix/smtpd[1811]: connect from unknown[213.209.157.167]
Oct 26 14:15:57 vps postfix/smtpd[1811]: warning: unknown[213.209.157.167]: SASL LOGIN authentication failed: UGFzc3dvcmQ6
Oct 26 14:15:57 vps postfix/smtpd[1811]: disconnect from unknown[213.209.157.167]
Oct 26 14:16:58 vps postfix/smtpd[1811]: warning: hostname nsg-corporate-142.60.186.122.airtel.in does not resolve to address 122.186.60.142: Name or service not known
Oct 26 14:16:58 vps postfix/smtpd[1811]: connect from unknown[122.186.60.142]
Oct 26 14:17:03 vps postfix/smtpd[1811]: warning: unknown[122.186.60.142]: SASL LOGIN authentication failed: UGFzc3dvcmQ6
Oct 26 14:17:04 vps postfix/smtpd[1811]: lost connection after AUTH from unknown[122.186.60.142]
Oct 26 14:17:04 vps postfix/smtpd[1811]: disconnect from unknown[122.186.60.142]
Oct 26 14:17:05 vps postfix/smtpd[2406]: connect from unknown[212.132.96.229]
Oct 26 14:17:08 vps postfix/smtpd[2406]: warning: unknown[212.132.96.229]: SASL LOGIN authentication failed: UGFzc3dvcmQ6
Oct 26 14:17:08 vps postfix/smtpd[2406]: disconnect from unknown[212.132.96.229]
Oct 26 14:17:16 vps postfix/smtps/smtpd[7939]: connect from unknown[121.131.220.142]
Oct 26 14:17:17 vps postfix/smtpd[1811]: connect from unknown[213.209.157.167]
Oct 26 14:17:18 vps postfix/smtps/smtpd[7939]: Anonymous TLS connection established from unknown[121.131.220.142]: TLSv1.2 with cipher ECDHE-RSA-AES256-GCM-SHA384 (256/256 bits)
Oct 26 14:17:20 vps postfix/smtpd[1811]: warning: unknown[213.209.157.167]: SASL LOGIN authentication failed: UGFzc3dvcmQ6
Oct 26 14:17:20 vps postfix/smtpd[1811]: disconnect from unknown[213.209.157.167]
Oct 26 14:17:27 vps postfix/smtps/smtpd[7939]: warning: unknown[121.131.220.142]: SASL LOGIN authentication failed: UGFzc3dvcmQ6
Oct 26 14:17:28 vps postfix/smtps/smtpd[7939]: lost connection after AUTH from unknown[121.131.220.142]
Oct 26 14:17:28 vps postfix/smtps/smtpd[7939]: disconnect from unknown[121.131.220.142]
Oct 26 14:18:25 vps postfix/smtpd[2406]: connect from unknown[212.132.96.229]
Oct 26 14:18:28 vps postfix/smtpd[2406]: warning: unknown[212.132.96.229]: SASL LOGIN authentication failed: UGFzc3dvcmQ6
Oct 26 14:18:28 vps postfix/smtpd[2406]: disconnect from unknown[212.132.96.229]
Oct 26 14:19:20 vps postfix/smtpd[10514]: warning: hostname b4-stop.shop does not resolve to address 78.135.110.226: Name or service not known
Oct 26 14:19:20 vps postfix/smtpd[10514]: connect from unknown[78.135.110.226]
Oct 26 14:19:21 vps postfix/smtpd[10514]: Anonymous TLS connection established from unknown[78.135.110.226]: TLSv1.2 with cipher ECDHE-RSA-AES256-GCM-SHA384 (256/256 bits)
Oct 26 14:19:23 vps postfix/smtpd[10514]: NOQUEUE: reject: RCPT from unknown[78.135.110.226]: 454 4.7.1 Service unavailable; Client host [78.135.110.226] blocked using dnsbl-1.uceprotect.net; IP 78.135.110.226 is UCEPROTECT-Level 1 listed. See http://www.uceprotect.net/rblcheck.php?ipr=78.135.110.226; from= to= proto=ESMTP helo=
Oct 26 14:19:23 vps postfix/smtpd[10514]: disconnect from unknown[78.135.110.226]
Oct 26 14:19:26 vps postfix/smtpd[10514]: connect from unknown[45.148.10.86]
Oct 26 14:19:31 vps postfix/smtpd[10514]: warning: unknown[45.148.10.86]: SASL LOGIN authentication failed: UGFzc3dvcmQ6
Oct 26 14:19:32 vps postfix/smtpd[10514]: disconnect from unknown[45.148.10.86]
Oct 26 14:19:43 vps postfix/smtpd[2406]: connect from unknown[212.132.96.229]
Oct 26 14:19:46 vps postfix/smtpd[2406]: warning: unknown[212.132.96.229]: SASL LOGIN authentication failed: UGFzc3dvcmQ6
Oct 26 14:19:46 vps postfix/smtpd[2406]: disconnect from unknown[212.132.96.229]
Oct 26 14:19:52 vps postfix/anvil[16309]: statistics: max connection rate 2/60s for (smtp:213.209.157.167) at
Oct 26 14:13:57
Oct 26 14:19:52 vps postfix/anvil[16309]: statistics: max connection count 1 for (smtp:213.209.157.167) at
Oct 26 14:10:28
Oct 26 14:19:52 vps postfix/anvil[16309]: statistics: max cache size 4 at
Oct 26 14:13:43
Oct 26 14:20:14 vps postfix/smtpd[10514]: connect from unknown[213.209.157.167]
Oct 26 14:20:17 vps postfix/smtpd[10514]: warning: unknown[213.209.157.167]: SASL LOGIN authentication failed: UGFzc3dvcmQ6
Oct 26 14:20:17 vps postfix/smtpd[10514]: disconnect from unknown[213.209.157.167]
Oct 26 14:20:25 vps postfix/qmgr[22181]: 4740C16898B: from=, size=918, nrcpt=1 (queue active)
Oct 26 14:20:27 vps postfix/smtp[12983]: 4740C16898B: host gmail-smtp-in.l.google.com[64.233.170.27] said: 550-5.7.26 Your email has been blocked because the sender is unauthenticated. 550-5.7.26 Gmail requires all senders to authenticate with either SPF or DKIM. 550-5.7.26 550-5.7.26 Authentication results: 550-5.7.26 DKIM = did not pass 550-5.7.26 SPF [vps.vcrowd.in] with ip: [103.120.179.240] = did not pass 550-5.7.26 550-5.7.26 For instructions on setting up authentication, go to 550 5.7.26 https://support.google.com/mail/answer/81126#authentication d9443c01a7336-2949ab25ab6si21848975ad.737 - gsmtp (in reply to end of DATA command)
Oct 26 14:20:29 vps postfix/smtp[12983]: 4740C16898B: to=, relay=alt1.gmail-smtp-in.l.google.com[192.178.163.26]:25, delay=1046, delays=1042/0.02/3.5/0.78, dsn=4.7.26, status=SOFTBOUNCE (host alt1.gmail-smtp-in.l.google.com[192.178.163.26] said: 550-5.7.26 Your email has been blocked because the sender is unauthenticated. 550-5.7.26 Gmail requires all senders to authenticate with either SPF or DKIM. 550-5.7.26 550-5.7.26 Authentication results: 550-5.7.26 DKIM = did not pass 550-5.7.26 SPF [vps.vcrowd.in] with ip: [103.120.179.240] = did not pass 550-5.7.26 550-5.7.26 For instructions on setting up authentication, go to 550 5.7.26 https://support.google.com/mail/answer/81126#authentication d9443c01a7336-2949ab05dbdsi20883655ad.551 - gsmtp (in reply to end of DATA command))
Oct 26 14:20:29 vps postfix/qmgr[22181]: 4740C16898B: from=, status=expired, returned to sender
Oct 26 14:20:29 vps postfix/cleanup[13069]: B07033718A6: message-id=<20251026085029.B07033718A6@vps.vcrowd.in>
Oct 26 14:20:29 vps postfix/qmgr[22181]: B07033718A6: from=<>, size=3846, nrcpt=1 (queue active)
Oct 26 14:20:29 vps postfix/bounce[13068]: 4740C16898B: sender non-delivery notification: B07033718A6
Oct 26 14:20:29 vps postfix/qmgr[22181]: 4740C16898B: removed
Oct 26 14:20:29 vps postfix/local[13070]: B07033718A6: to=, relay=local, delay=0.04, delays=0.02/0.02/0/0, dsn=2.0.0, status=sent (delivered to mailbox)
Oct 26 14:20:29 vps postfix/qmgr[22181]: B07033718A6: removed
Oct 26 14:20:55 vps postfix/smtpd[10514]: connect from unknown[213.209.157.167]
Oct 26 14:20:57 vps postfix/smtpd[10514]: warning: unknown[213.209.157.167]: SASL LOGIN authentication failed: UGFzc3dvcmQ6
Oct 26 14:20:57 vps postfix/smtpd[10514]: disconnect from unknown[213.209.157.167]
Oct 26 14:21:02 vps postfix/smtpd[2406]: connect from unknown[212.132.96.229]
Oct 26 14:21:05 vps postfix/smtpd[2406]: warning: unknown[212.132.96.229]: SASL LOGIN authentication failed: UGFzc3dvcmQ6
Oct 26 14:21:05 vps postfix/smtpd[2406]: disconnect from unknown[212.132.96.229]
Oct 26 14:21:10 vps postfix/smtpd[10514]: connect from unknown[77.90.185.87]
Oct 26 14:21:13 vps postfix/smtpd[10514]: warning: unknown[77.90.185.87]: SASL LOGIN authentication failed: UGFzc3dvcmQ6
Oct 26 14:21:13 vps postfix/smtpd[10514]: disconnect from unknown[77.90.185.87]
Oct 26 14:21:31 vps postfix/smtpd[10514]: connect from unknown[77.90.185.220]
Oct 26 14:21:34 vps postfix/smtpd[10514]: warning: unknown[77.90.185.220]: SASL LOGIN authentication failed: UGFzc3dvcmQ6
Oct 26 14:21:34 vps postfix/smtpd[10514]: disconnect from unknown[77.90.185.220]
Oct 26 14:22:08 vps postfix/smtpd[10514]: connect from unknown[77.90.185.87]
Oct 26 14:22:11 vps postfix/smtpd[10514]: warning: unknown[77.90.185.87]: SASL LOGIN authentication failed: UGFzc3dvcmQ6
Oct 26 14:22:11 vps postfix/smtpd[10514]: disconnect from unknown[77.90.185.87]
Oct 26 14:22:19 vps postfix/smtpd[2406]: connect from unknown[212.132.96.229]
Oct 26 14:22:21 vps postfix/smtpd[10514]: connect from unknown[45.148.10.34]
Oct 26 14:22:22 vps postfix/smtpd[2406]: warning: unknown[212.132.96.229]: SASL LOGIN authentication failed: UGFzc3dvcmQ6
Oct 26 14:22:22 vps postfix/smtpd[2406]: disconnect from unknown[212.132.96.229]
Oct 26 14:22:24 vps postfix/smtpd[10514]: warning: unknown[45.148.10.34]: SASL LOGIN authentication failed: UGFzc3dvcmQ6
Oct 26 14:22:24 vps postfix/smtpd[10514]: disconnect from unknown[45.148.10.34]
Oct 26 14:22:29 vps postfix/smtpd[10514]: connect from unknown[45.148.10.35]
Oct 26 14:22:30 vps postfix/smtpd[15697]: connect from unknown[1.212.225.99]
Oct 26 14:22:31 vps postfix/smtpd[10514]: warning: unknown[45.148.10.35]: SASL LOGIN authentication failed: UGFzc3dvcmQ6
Oct 26 14:22:31 vps postfix/smtpd[10514]: disconnect from unknown[45.148.10.35]
Oct 26 14:22:41 vps postfix/smtpd[15697]: Anonymous TLS connection established from unknown[1.212.225.99]: TLSv1.2 with cipher ECDHE-RSA-AES256-GCM-SHA384 (256/256 bits)
Oct 26 14:22:45 vps postfix/smtpd[15697]: NOQUEUE: reject: RCPT from unknown[1.212.225.99]: 454 4.7.1 : Relay access denied; from= to= proto=ESMTP helo=
Oct 26 14:22:48 vps postfix/smtpd[15697]: disconnect from unknown[1.212.225.99]
Oct 26 14:22:48 vps postfix/smtpd[10514]: connect from unknown[1.212.225.99]
Oct 26 14:22:59 vps postfix/smtpd[10514]: Anonymous TLS connection established from unknown[1.212.225.99]: TLSv1.2 with cipher ECDHE-RSA-AES256-GCM-SHA384 (256/256 bits)
Oct 26 14:23:04 vps postfix/smtpd[10514]: NOQUEUE: reject: RCPT from unknown[1.212.225.99]: 454 4.7.1 : Relay access denied; from= to= proto=ESMTP helo=<5JPXFJ0>
Oct 26 14:23:07 vps postfix/smtpd[10514]: disconnect from unknown[1.212.225.99]
Oct 26 14:23:39 vps postfix/smtpd[2406]: connect from unknown[212.132.96.229]
Oct 26 14:23:42 vps postfix/smtpd[2406]: warning: unknown[212.132.96.229]: SASL LOGIN authentication failed: UGFzc3dvcmQ6
Oct 26 14:23:42 vps postfix/smtpd[2406]: disconnect from unknown[212.132.96.229]
Oct 26 14:24:01 vps postfix/smtpd[15697]: connect from unknown[213.209.157.167]
Oct 26 14:24:03 vps postfix/smtpd[15697]: warning: unknown[213.209.157.167]: SASL LOGIN authentication failed: UGFzc3dvcmQ6
Oct 26 14:24:03 vps postfix/smtpd[15697]: disconnect from unknown[213.209.157.167]
Oct 26 14:24:15 vps postfix/smtpd[10514]: connect from unknown[213.209.157.167]
Oct 26 14:24:15 vps postfix/smtpd[2406]: connect from unknown[103.237.86.173]
Oct 26 14:24:15 vps postfix/smtpd[2406]: Anonymous TLS connection established from unknown[103.237.86.173]: TLSv1.2 with cipher ECDHE-RSA-AES256-GCM-SHA384 (256/256 bits)
Oct 26 14:24:18 vps postfix/smtpd[2406]: warning: unknown[103.237.86.173]: SASL LOGIN authentication failed: UGFzc3dvcmQ6
Oct 26 14:24:18 vps postfix/smtpd[2406]: lost connection after AUTH from unknown[103.237.86.173]
Oct 26 14:24:18 vps postfix/smtpd[2406]: disconnect from unknown[103.237.86.173]
Oct 26 14:24:21 vps postfix/smtpd[10514]: warning: unknown[213.209.157.167]: SASL LOGIN authentication failed: UGFzc3dvcmQ6
Oct 26 14:24:21 vps postfix/smtpd[10514]: disconnect from unknown[213.209.157.167]
Oct 26 14:24:26 vps postfix/smtpd[2406]: connect from unknown[103.237.86.173]
Oct 26 14:24:27 vps postfix/smtpd[2406]: Anonymous TLS connection established from unknown[103.237.86.173]: TLSv1.2 with cipher ECDHE-RSA-AES256-GCM-SHA384 (256/256 bits)
Oct 26 14:24:28 vps postfix/smtpd[15697]: connect from unknown[213.209.157.167]
Oct 26 14:24:28 vps postfix/smtpd[15697]: connect from unknown[213.209.157.167]
Oct 26 14:24:33 vps postfix/smtpd[2406]: warning: unknown[103.237.86.173]: SASL LOGIN authentication failed: UGFzc3dvcmQ6
Oct 26 14:24:33 vps postfix/smtpd[2406]: lost connection after AUTH from unknown[103.237.86.173]
Oct 26 14:24:33 vps postfix/smtpd[2406]: disconnect from unknown[103.237.86.173]
Oct 26 14:24:39 vps postfix/smtpd[15697]: warning: unknown[213.209.157.167]: SASL LOGIN authentication failed: UGFzc3dvcmQ6
Oct 26 14:24:39 vps postfix/smtpd[15697]: disconnect from unknown[213.209.157.167]
Oct 26 14:24:39 vps postfix/smtpd[10514]: connect from unknown[213.209.157.252]
Oct 26 14:24:41 vps postfix/smtpd[2406]: connect from unknown[103.237.86.173]
Oct 26 14:24:42 vps postfix/smtpd[10514]: warning: unknown[213.209.157.252]: SASL LOGIN authentication failed: UGFzc3dvcmQ6
Oct 26 14:24:42 vps postfix/smtpd[2406]: Anonymous TLS connection established from unknown[103.237.86.173]: TLSv1.2 with cipher ECDHE-RSA-AES256-GCM-SHA384 (256/256 bits)
Oct 26 14:24:42 vps postfix/smtpd[10514]: disconnect from unknown[213.209.157.252]
Oct 26 14:24:52 vps postfix/smtpd[2406]: warning: unknown[103.237.86.173]: SASL LOGIN authentication failed: UGFzc3dvcmQ6
Oct 26 14:24:52 vps postfix/smtpd[2406]: lost connection after AUTH from unknown[103.237.86.173]
Oct 26 14:24:52 vps postfix/smtpd[2406]: disconnect from unknown[103.237.86.173]
Oct 26 14:24:59 vps postfix/smtpd[2406]: connect from unknown[103.237.86.173]
Oct 26 14:25:00 vps postfix/smtpd[2406]: Anonymous TLS connection established from unknown[103.237.86.173]: TLSv1.2 with cipher ECDHE-RSA-AES256-GCM-SHA384 (256/256 bits)
Oct 26 14:25:01 vps postfix/smtpd[18789]: connect from unknown[212.132.96.229]
Oct 26 14:25:04 vps postfix/smtpd[18789]: warning: unknown[212.132.96.229]: SASL LOGIN authentication failed: UGFzc3dvcmQ6
Oct 26 14:25:04 vps postfix/smtpd[18789]: disconnect from unknown[212.132.96.229]
Oct 26 14:25:10 vps postfix/smtpd[2406]: warning: unknown[103.237.86.173]: SASL LOGIN authentication failed: Connection lost to authentication server
Oct 26 14:25:10 vps postfix/smtpd[2406]: lost connection after AUTH from unknown[103.237.86.173]
