Oct 26 07:28:28 vps postfix/smtpd[17853]: warning: hostname b4-stop.shop does not resolve to address 78.135.110.226: Name or service not known
Oct 26 07:28:28 vps postfix/smtpd[17853]: connect from unknown[78.135.110.226]
Oct 26 07:28:28 vps postfix/smtpd[17853]: Anonymous TLS connection established from unknown[78.135.110.226]: TLSv1.2 with cipher ECDHE-RSA-AES256-GCM-SHA384 (256/256 bits)
Oct 26 07:28:29 vps postfix/smtpd[17853]: NOQUEUE: reject: RCPT from unknown[78.135.110.226]: 454 4.7.1 Service unavailable; Client host [78.135.110.226] blocked using bl.spamcop.net; Blocked - see https://www.spamcop.net/bl.shtml?78.135.110.226; from= to= proto=ESMTP helo=
Oct 26 07:28:30 vps postfix/smtpd[17853]: disconnect from unknown[78.135.110.226]
Oct 26 07:28:36 vps postfix/smtpd[26483]: connect from unknown[45.148.10.122]
Oct 26 07:28:38 vps postfix/smtpd[1707]: connect from unknown[193.32.162.71]
Oct 26 07:28:39 vps postfix/smtpd[26483]: warning: unknown[45.148.10.122]: SASL LOGIN authentication failed: UGFzc3dvcmQ6
Oct 26 07:28:39 vps postfix/smtpd[26483]: disconnect from unknown[45.148.10.122]
Oct 26 07:28:40 vps postfix/smtpd[1707]: warning: unknown[193.32.162.71]: SASL LOGIN authentication failed: UGFzc3dvcmQ6
Oct 26 07:28:40 vps postfix/smtpd[1707]: lost connection after AUTH from unknown[193.32.162.71]
Oct 26 07:28:40 vps postfix/smtpd[1707]: disconnect from unknown[193.32.162.71]
Oct 26 07:28:43 vps postfix/smtpd[17853]: connect from unknown[213.209.157.167]
Oct 26 07:28:45 vps postfix/smtpd[17853]: warning: unknown[213.209.157.167]: SASL LOGIN authentication failed: UGFzc3dvcmQ6
Oct 26 07:28:45 vps postfix/smtpd[17853]: disconnect from unknown[213.209.157.167]
Oct 26 07:29:03 vps postfix/smtpd[26483]: connect from unknown[213.209.157.167]
Oct 26 07:29:05 vps postfix/smtpd[26483]: warning: unknown[213.209.157.167]: SASL LOGIN authentication failed: UGFzc3dvcmQ6
Oct 26 07:29:05 vps postfix/smtpd[26483]: disconnect from unknown[213.209.157.167]
Oct 26 07:29:21 vps postfix/smtpd[17853]: connect from unknown[45.148.10.119]
Oct 26 07:29:21 vps postfix/smtpd[1707]: connect from unknown[213.209.157.167]
Oct 26 07:29:23 vps postfix/smtpd[17853]: warning: unknown[45.148.10.119]: SASL LOGIN authentication failed: UGFzc3dvcmQ6
Oct 26 07:29:23 vps postfix/smtpd[17853]: disconnect from unknown[45.148.10.119]
Oct 26 07:29:23 vps postfix/smtpd[26483]: connect from unknown[62.60.131.124]
Oct 26 07:29:24 vps postfix/smtpd[1707]: warning: unknown[213.209.157.167]: SASL LOGIN authentication failed: UGFzc3dvcmQ6
Oct 26 07:29:24 vps postfix/smtpd[1707]: disconnect from unknown[213.209.157.167]
Oct 26 07:29:26 vps postfix/smtpd[26483]: warning: unknown[62.60.131.124]: SASL LOGIN authentication failed: UGFzc3dvcmQ6
Oct 26 07:29:26 vps postfix/smtpd[26483]: disconnect from unknown[62.60.131.124]
Oct 26 07:29:29 vps postfix/smtpd[23685]: connect from unknown[212.132.96.229]
Oct 26 07:29:33 vps postfix/smtpd[23685]: warning: unknown[212.132.96.229]: SASL LOGIN authentication failed: UGFzc3dvcmQ6
Oct 26 07:29:33 vps postfix/smtpd[23685]: disconnect from unknown[212.132.96.229]
Oct 26 07:29:41 vps postfix/smtpd[17853]: connect from unknown[213.209.157.167]
Oct 26 07:29:44 vps postfix/smtpd[17853]: warning: unknown[213.209.157.167]: SASL LOGIN authentication failed: UGFzc3dvcmQ6
Oct 26 07:29:44 vps postfix/smtpd[17853]: disconnect from unknown[213.209.157.167]
Oct 26 07:29:52 vps postfix/anvil[16309]: statistics: max connection rate 6/60s for (submission:103.237.86.173) at
Oct 26 07:21:51
Oct 26 07:29:52 vps postfix/anvil[16309]: statistics: max connection count 1 for (smtp:213.209.157.252) at
Oct 26 07:19:57
Oct 26 07:29:52 vps postfix/anvil[16309]: statistics: max cache size 12 at
Oct 26 07:28:28
Oct 26 07:29:52 vps postfix/smtpd[1707]: connect from unknown[62.60.131.17]
Oct 26 07:29:55 vps postfix/smtpd[1707]: warning: unknown[62.60.131.17]: SASL LOGIN authentication failed: UGFzc3dvcmQ6
Oct 26 07:29:55 vps postfix/smtpd[1707]: disconnect from unknown[62.60.131.17]
Oct 26 07:29:59 vps postfix/smtpd[17853]: connect from unknown[213.209.157.167]
Oct 26 07:30:01 vps postfix/smtpd[17853]: warning: unknown[213.209.157.167]: SASL LOGIN authentication failed: UGFzc3dvcmQ6
Oct 26 07:30:01 vps postfix/smtpd[17853]: disconnect from unknown[213.209.157.167]
Oct 26 07:30:05 vps postfix/smtps/smtpd[23304]: connect from unknown[116.113.253.178]
Oct 26 07:30:07 vps postfix/smtps/smtpd[23304]: Anonymous TLS connection established from unknown[116.113.253.178]: TLSv1.2 with cipher ECDHE-RSA-AES256-GCM-SHA384 (256/256 bits)
Oct 26 07:30:15 vps postfix/smtps/smtpd[23304]: warning: unknown[116.113.253.178]: SASL LOGIN authentication failed: UGFzc3dvcmQ6
Oct 26 07:30:15 vps postfix/smtpd[26483]: connect from unknown[213.209.157.167]
Oct 26 07:30:15 vps postfix/smtps/smtpd[23304]: lost connection after AUTH from unknown[116.113.253.178]
Oct 26 07:30:15 vps postfix/smtps/smtpd[23304]: disconnect from unknown[116.113.253.178]
Oct 26 07:30:18 vps postfix/smtpd[26483]: warning: unknown[213.209.157.167]: SASL LOGIN authentication failed: UGFzc3dvcmQ6
Oct 26 07:30:18 vps postfix/smtpd[26483]: disconnect from unknown[213.209.157.167]
Oct 26 07:30:22 vps postfix/smtpd[17853]: connect from unknown[62.60.131.17]
Oct 26 07:30:25 vps postfix/smtpd[17853]: warning: unknown[62.60.131.17]: SASL LOGIN authentication failed: UGFzc3dvcmQ6
Oct 26 07:30:25 vps postfix/smtpd[17853]: disconnect from unknown[62.60.131.17]
Oct 26 07:30:48 vps postfix/smtpd[26483]: connect from sender1-o5.mgovcloud.in[169.148.143.5]
Oct 26 07:30:48 vps postfix/smtpd[26483]: Anonymous TLS connection established from sender1-o5.mgovcloud.in[169.148.143.5]: TLSv1.2 with cipher ECDHE-RSA-AES256-GCM-SHA384 (256/256 bits)
Oct 26 07:30:48 vps postfix/smtpd[23685]: connect from unknown[212.132.96.229]
Oct 26 07:30:49 vps postfix/smtpd[26483]: NOQUEUE: reject: RCPT from sender1-o5.mgovcloud.in[169.148.143.5]: 450 4.1.1 : Recipient address rejected: User unknown in virtual mailbox table; from= to= proto=ESMTP helo=
Oct 26 07:30:49 vps postfix/smtpd[26483]: disconnect from sender1-o5.mgovcloud.in[169.148.143.5]
Oct 26 07:30:51 vps postfix/smtpd[23685]: warning: unknown[212.132.96.229]: SASL LOGIN authentication failed: UGFzc3dvcmQ6
Oct 26 07:30:51 vps postfix/smtpd[23685]: disconnect from unknown[212.132.96.229]
Oct 26 07:30:52 vps postfix/smtpd[23685]: connect from unknown[123.58.215.72]
Oct 26 07:30:53 vps postfix/smtpd[1707]: connect from unknown[213.209.157.167]
Oct 26 07:30:55 vps postfix/smtpd[23685]: warning: unknown[123.58.215.72]: SASL LOGIN authentication failed: UGFzc3dvcmQ6
Oct 26 07:30:55 vps postfix/smtpd[1707]: warning: unknown[213.209.157.167]: SASL LOGIN authentication failed: UGFzc3dvcmQ6
Oct 26 07:30:55 vps postfix/smtpd[1707]: disconnect from unknown[213.209.157.167]
Oct 26 07:30:55 vps postfix/smtpd[23685]: disconnect from unknown[123.58.215.72]
Oct 26 07:31:06 vps postfix/smtpd[26483]: connect from unknown[45.148.10.30]
Oct 26 07:31:09 vps postfix/smtpd[26483]: warning: unknown[45.148.10.30]: SASL LOGIN authentication failed: UGFzc3dvcmQ6
Oct 26 07:31:09 vps postfix/smtpd[26483]: disconnect from unknown[45.148.10.30]
Oct 26 07:31:17 vps postfix/smtpd[17853]: connect from unknown[45.148.10.37]
Oct 26 07:31:20 vps postfix/smtpd[17853]: warning: unknown[45.148.10.37]: SASL LOGIN authentication failed: UGFzc3dvcmQ6
Oct 26 07:31:20 vps postfix/smtpd[17853]: disconnect from unknown[45.148.10.37]
Oct 26 07:31:29 vps postfix/smtpd[26483]: connect from unknown[213.209.157.167]
Oct 26 07:31:32 vps postfix/smtpd[26483]: warning: unknown[213.209.157.167]: SASL LOGIN authentication failed: UGFzc3dvcmQ6
Oct 26 07:31:32 vps postfix/smtpd[26483]: disconnect from unknown[213.209.157.167]
Oct 26 07:31:48 vps postfix/smtpd[1707]: connect from unknown[213.209.157.167]
Oct 26 07:31:49 vps postfix/smtpd[17853]: connect from unknown[45.148.10.25]
Oct 26 07:31:50 vps postfix/smtpd[1707]: warning: unknown[213.209.157.167]: SASL LOGIN authentication failed: UGFzc3dvcmQ6
Oct 26 07:31:50 vps postfix/smtpd[1707]: disconnect from unknown[213.209.157.167]
Oct 26 07:31:51 vps postfix/smtpd[17853]: warning: unknown[45.148.10.25]: SASL LOGIN authentication failed: UGFzc3dvcmQ6
Oct 26 07:31:51 vps postfix/smtpd[17853]: disconnect from unknown[45.148.10.25]
Oct 26 07:31:56 vps postfix/smtpd[26483]: connect from unknown[45.148.10.36]
Oct 26 07:31:59 vps postfix/smtpd[26483]: warning: unknown[45.148.10.36]: SASL LOGIN authentication failed: UGFzc3dvcmQ6
Oct 26 07:31:59 vps postfix/smtpd[26483]: disconnect from unknown[45.148.10.36]
Oct 26 07:32:07 vps postfix/smtpd[23685]: connect from unknown[212.132.96.229]
Oct 26 07:32:09 vps postfix/smtpd[17853]: connect from unknown[213.209.157.167]
Oct 26 07:32:10 vps postfix/smtpd[23685]: warning: unknown[212.132.96.229]: SASL LOGIN authentication failed: UGFzc3dvcmQ6
Oct 26 07:32:10 vps postfix/smtpd[23685]: disconnect from unknown[212.132.96.229]
Oct 26 07:32:12 vps postfix/smtpd[17853]: warning: unknown[213.209.157.167]: SASL LOGIN authentication failed: UGFzc3dvcmQ6
Oct 26 07:32:12 vps postfix/smtpd[17853]: disconnect from unknown[213.209.157.167]
Oct 26 07:32:25 vps postfix/smtpd[26483]: connect from slo.relativeity.info[96.31.94.155]
Oct 26 07:32:26 vps postfix/smtpd[26483]: Anonymous TLS connection established from slo.relativeity.info[96.31.94.155]: TLSv1.2 with cipher ADH-AES256-GCM-SHA384 (256/256 bits)
Oct 26 07:32:26 vps postfix/smtpd[26483]: NOQUEUE: reject: RCPT from slo.relativeity.info[96.31.94.155]: 454 4.7.1 Service unavailable; Client host [96.31.94.155] blocked using zen.spamhaus.org; from= to= proto=ESMTP helo=
Oct 26 07:32:27 vps postfix/smtpd[26483]: disconnect from slo.relativeity.info[96.31.94.155]
Oct 26 07:32:29 vps postfix/smtpd[17853]: connect from unknown[45.148.10.39]
Oct 26 07:32:32 vps postfix/smtpd[17853]: warning: unknown[45.148.10.39]: SASL LOGIN authentication failed: UGFzc3dvcmQ6
Oct 26 07:32:32 vps postfix/smtpd[17853]: disconnect from unknown[45.148.10.39]
Oct 26 07:32:56 vps postfix/smtpd[26483]: connect from unknown[213.209.157.167]
Oct 26 07:32:59 vps postfix/smtpd[26483]: warning: unknown[213.209.157.167]: SASL LOGIN authentication failed: UGFzc3dvcmQ6
Oct 26 07:32:59 vps postfix/smtpd[26483]: disconnect from unknown[213.209.157.167]
Oct 26 07:33:02 vps postfix/smtpd[1707]: connect from unknown[45.148.10.29]
Oct 26 07:33:04 vps postfix/smtpd[1707]: warning: unknown[45.148.10.29]: SASL LOGIN authentication failed: UGFzc3dvcmQ6
Oct 26 07:33:04 vps postfix/smtpd[1707]: disconnect from unknown[45.148.10.29]
Oct 26 07:33:06 vps postfix/smtpd[23685]: connect from unknown[173.244.49.20]
Oct 26 07:33:07 vps postfix/smtps/smtpd[28963]: connect from unknown[146.70.10.7]
Oct 26 07:33:08 vps postfix/smtpd[23685]: Anonymous TLS connection established from unknown[173.244.49.20]: TLSv1.2 with cipher ECDHE-RSA-AES128-GCM-SHA256 (128/128 bits)
Oct 26 07:33:09 vps postfix/smtpd[23685]: lost connection after EHLO from unknown[173.244.49.20]
Oct 26 07:33:09 vps postfix/smtpd[23685]: disconnect from unknown[173.244.49.20]
Oct 26 07:33:09 vps postfix/smtps/smtpd[29030]: connect from unknown[185.253.160.148]
Oct 26 07:33:10 vps postfix/smtps/smtpd[29030]: Anonymous TLS connection established from unknown[185.253.160.148]: TLSv1.2 with cipher ECDHE-RSA-AES128-GCM-SHA256 (128/128 bits)
Oct 26 07:33:10 vps postfix/smtps/smtpd[29030]: lost connection after CONNECT from unknown[185.253.160.148]
Oct 26 07:33:10 vps postfix/smtps/smtpd[29030]: disconnect from unknown[185.253.160.148]
Oct 26 07:33:10 vps postfix/smtps/smtpd[28963]: SSL_accept error from unknown[146.70.10.7]: lost connection
Oct 26 07:33:10 vps postfix/smtps/smtpd[28963]: lost connection after CONNECT from unknown[146.70.10.7]
Oct 26 07:33:10 vps postfix/smtps/smtpd[28963]: disconnect from unknown[146.70.10.7]
Oct 26 07:33:17 vps postfix/smtpd[23685]: connect from unknown[146.70.11.10]
Oct 26 07:33:21 vps postfix/smtpd[23685]: Anonymous TLS connection established from unknown[146.70.11.10]: TLSv1.2 with cipher ECDHE-RSA-AES128-GCM-SHA256 (128/128 bits)
Oct 26 07:33:22 vps postfix/smtpd[23685]: lost connection after EHLO from unknown[146.70.11.10]
Oct 26 07:33:22 vps postfix/smtpd[23685]: disconnect from unknown[146.70.11.10]
Oct 26 07:33:24 vps postfix/smtpd[26483]: connect from unknown[213.209.157.167]
Oct 26 07:33:27 vps postfix/smtpd[23685]: connect from unknown[212.132.96.229]
Oct 26 07:33:27 vps postfix/smtpd[26483]: warning: unknown[213.209.157.167]: SASL LOGIN authentication failed: UGFzc3dvcmQ6
Oct 26 07:33:27 vps postfix/smtpd[26483]: disconnect from unknown[213.209.157.167]
Oct 26 07:33:29 vps postfix/smtpd[23685]: warning: unknown[212.132.96.229]: SASL LOGIN authentication failed: UGFzc3dvcmQ6
Oct 26 07:33:29 vps postfix/smtpd[23685]: disconnect from unknown[212.132.96.229]
Oct 26 07:33:51 vps postfix/smtpd[1707]: connect from unknown[213.209.157.167]
Oct 26 07:33:54 vps postfix/smtpd[1707]: warning: unknown[213.209.157.167]: SASL LOGIN authentication failed: UGFzc3dvcmQ6
Oct 26 07:33:54 vps postfix/smtpd[1707]: disconnect from unknown[213.209.157.167]
Oct 26 07:34:12 vps postfix/smtpd[1707]: connect from unknown[213.209.157.167]
Oct 26 07:34:14 vps postfix/smtpd[1707]: warning: unknown[213.209.157.167]: SASL LOGIN authentication failed: UGFzc3dvcmQ6
Oct 26 07:34:14 vps postfix/smtpd[1707]: disconnect from unknown[213.209.157.167]
Oct 26 07:34:42 vps postfix/pickup[11410]: 442A020E814: uid=1062 from=
Oct 26 07:34:42 vps postfix/cleanup[31642]: 442A020E814: message-id=<20251026020442.442A020E814@vps.vcrowd.in>
Oct 26 07:34:42 vps opendkim[5590]: 442A020E814: no signing table match for '"info@gvkennel"@gmail.com'
Oct 26 07:34:42 vps opendkim[5590]: 442A020E814: no signature data
Oct 26 07:34:42 vps postfix/qmgr[22181]: 442A020E814: from=, size=929, nrcpt=1 (queue active)
Oct 26 07:34:43 vps postfix/pickup[11410]: 7533B21582C: uid=1062 from=
Oct 26 07:34:43 vps postfix/cleanup[31642]: 7533B21582C: message-id=<20251026020443.7533B21582C@vps.vcrowd.in>
Oct 26 07:34:43 vps opendkim[5590]: 7533B21582C: no signing table match for '"info@gvkennel"@gmail.com'
Oct 26 07:34:43 vps opendkim[5590]: 7533B21582C: no signature data
Oct 26 07:34:43 vps postfix/qmgr[22181]: 7533B21582C: from=, size=1516, nrcpt=1 (queue active)
Oct 26 07:34:45 vps postfix/smtp[31648]: 442A020E814: host gmail-smtp-in.l.google.com[64.233.170.26] said: 550-5.7.26 Your email has been blocked because the sender is unauthenticated. 550-5.7.26 Gmail requires all senders to authenticate with either SPF or DKIM. 550-5.7.26 550-5.7.26 Authentication results: 550-5.7.26 DKIM = did not pass 550-5.7.26 SPF [vps.vcrowd.in] with ip: [103.120.179.240] = did not pass 550-5.7.26 550-5.7.26 For instructions on setting up authentication, go to 550 5.7.26 https://support.google.com/mail/answer/81126#authentication 41be03b00d2f7-b71f34b0ff8si1654000a12.991 - gsmtp (in reply to end of DATA command)
Oct 26 07:34:45 vps postfix/smtp[31697]: 7533B21582C: host gmail-smtp-in.l.google.com[64.233.170.27] said: 550-5.7.26 Your email has been blocked because the sender is unauthenticated. 550-5.7.26 Gmail requires all senders to authenticate with either SPF or DKIM. 550-5.7.26 550-5.7.26 Authentication results: 550-5.7.26 DKIM = did not pass 550-5.7.26 SPF [vps.vcrowd.in] with ip: [103.120.179.240] = did not pass 550-5.7.26 550-5.7.26 For instructions on setting up authentication, go to 550 5.7.26 https://support.google.com/mail/answer/81126#authentication 41be03b00d2f7-b71f77c9f24si1519596a12.1483 - gsmtp (in reply to end of DATA command)
Oct 26 07:34:47 vps postfix/smtpd[23685]: connect from unknown[212.132.96.229]
Oct 26 07:34:48 vps postfix/smtp[31697]: 7533B21582C: to=, relay=alt1.gmail-smtp-in.l.google.com[192.178.163.26]:25, delay=4.5, delays=0.01/0.02/3.7/0.86, dsn=4.7.26, status=SOFTBOUNCE (host alt1.gmail-smtp-in.l.google.com[192.178.163.26] said: 550-5.7.26 Your email has been blocked because the sender is unauthenticated. 550-5.7.26 Gmail requires all senders to authenticate with either SPF or DKIM. 550-5.7.26 550-5.7.26 Authentication results: 550-5.7.26 DKIM = did not pass 550-5.7.26 SPF [vps.vcrowd.in] with ip: [103.120.179.240] = did not pass 550-5.7.26 550-5.7.26 For instructions on setting up authentication, go to 550 5.7.26 https://support.google.com/mail/answer/81126#authentication d9443c01a7336-2949a7cf62bsi17998435ad.131 - gsmtp (in reply to end of DATA command))
Oct 26 07:34:48 vps postfix/smtp[31648]: 442A020E814: to=, relay=alt1.gmail-smtp-in.l.google.com[192.178.163.27]:25, delay=6, delays=0.05/0.03/5.1/0.82, dsn=4.7.26, status=SOFTBOUNCE (host alt1.gmail-smtp-in.l.google.com[192.178.163.27] said: 550-5.7.26 Your email has been blocked because the sender is unauthenticated. 550-5.7.26 Gmail requires all senders to authenticate with either SPF or DKIM. 550-5.7.26 550-5.7.26 Authentication results: 550-5.7.26 DKIM = did not pass 550-5.7.26 SPF [vps.vcrowd.in] with ip: [103.120.179.240] = did not pass 550-5.7.26 550-5.7.26 For instructions on setting up authentication, go to 550 5.7.26 https://support.google.com/mail/answer/81126#authentication d2e1a72fcca58-7a41561d68csi1749241b3a.494 - gsmtp (in reply to end of DATA command))
Oct 26 07:34:49 vps postfix/smtpd[26483]: connect from unknown[45.148.10.31]
Oct 26 07:34:50 vps postfix/smtpd[23685]: warning: unknown[212.132.96.229]: SASL LOGIN authentication failed: UGFzc3dvcmQ6
Oct 26 07:34:50 vps postfix/smtpd[23685]: disconnect from unknown[212.132.96.229]
Oct 26 07:34:51 vps postfix/smtpd[1707]: connect from unknown[213.209.157.167]
Oct 26 07:34:52 vps postfix/smtpd[26483]: warning: unknown[45.148.10.31]: SASL LOGIN authentication failed: UGFzc3dvcmQ6
Oct 26 07:34:52 vps postfix/smtpd[26483]: disconnect from unknown[45.148.10.31]
Oct 26 07:34:53 vps postfix/smtpd[26483]: connect from unknown[45.148.10.26]
Oct 26 07:34:54 vps postfix/smtpd[1707]: warning: unknown[213.209.157.167]: SASL LOGIN authentication failed: UGFzc3dvcmQ6
Oct 26 07:34:54 vps postfix/smtpd[1707]: disconnect from unknown[213.209.157.167]
Oct 26 07:34:56 vps postfix/smtpd[26483]: warning: unknown[45.148.10.26]: SASL LOGIN authentication failed: UGFzc3dvcmQ6
Oct 26 07:34:56 vps postfix/smtpd[26483]: disconnect from unknown[45.148.10.26]
Oct 26 07:34:58 vps postfix/smtpd[1707]: connect from unknown[218.75.77.202]
Oct 26 07:35:01 vps postfix/smtpd[26483]: connect from unknown[213.209.157.167]
Oct 26 07:35:01 vps postfix/smtpd[1707]: Anonymous TLS connection established from unknown[218.75.77.202]: TLSv1.2 with cipher ECDHE-RSA-AES256-SHA384 (256/256 bits)
Oct 26 07:35:02 vps postfix/smtpd[1707]: NOQUEUE: reject: RCPT from unknown[218.75.77.202]: 454 4.7.1 Service unavailable; Client host [218.75.77.202] blocked using bl.spamcop.net; Blocked - see https://www.spamcop.net/bl.shtml?218.75.77.202; from= to= proto=ESMTP helo=
Oct 26 07:35:03 vps postfix/smtpd[1707]: disconnect from unknown[218.75.77.202]
Oct 26 07:35:08 vps postfix/smtpd[26483]: warning: unknown[213.209.157.167]: SASL LOGIN authentication failed: UGFzc3dvcmQ6
Oct 26 07:35:08 vps postfix/smtpd[26483]: disconnect from unknown[213.209.157.167]
Oct 26 07:35:11 vps postfix/smtpd[1707]: connect from unknown[213.209.157.167]
Oct 26 07:35:21 vps postfix/smtpd[1707]: warning: unknown[213.209.157.167]: SASL LOGIN authentication failed: UGFzc3dvcmQ6
Oct 26 07:35:21 vps postfix/smtpd[1707]: disconnect from unknown[213.209.157.167]
Oct 26 07:35:51 vps postfix/smtpd[26483]: connect from unknown[213.209.157.167]
Oct 26 07:35:53 vps postfix/smtpd[26483]: warning: unknown[213.209.157.167]: SASL LOGIN authentication failed: UGFzc3dvcmQ6
Oct 26 07:35:53 vps postfix/smtpd[26483]: disconnect from unknown[213.209.157.167]
Oct 26 07:35:54 vps postfix/smtps/smtpd[2515]: connect from unknown[158.173.21.107]
Oct 26 07:35:54 vps postfix/smtps/smtpd[2515]: Anonymous TLS connection established from unknown[158.173.21.107]: TLSv1.2 with cipher ECDHE-RSA-AES256-GCM-SHA384 (256/256 bits)
Oct 26 07:35:57 vps postfix/smtps/smtpd[2515]: warning: unknown[158.173.21.107]: SASL LOGIN authentication failed: UGFzc3dvcmQ6
Oct 26 07:35:57 vps postfix/smtps/smtpd[2515]: disconnect from unknown[158.173.21.107]
Oct 26 07:36:06 vps postfix/smtpd[23685]: connect from unknown[212.132.96.229]
Oct 26 07:36:09 vps postfix/smtpd[23685]: warning: unknown[212.132.96.229]: SASL LOGIN authentication failed: UGFzc3dvcmQ6
Oct 26 07:36:09 vps postfix/smtpd[23685]: disconnect from unknown[212.132.96.229]
Oct 26 07:36:39 vps postfix/smtps/smtpd[2515]: warning: hostname hostglobal.plus does not resolve to address 78.153.140.207
Oct 26 07:36:39 vps postfix/smtps/smtpd[2515]: connect from unknown[78.153.140.207]
Oct 26 07:36:39 vps postfix/smtps/smtpd[2515]: Anonymous TLS connection established from unknown[78.153.140.207]: TLSv1.2 with cipher ECDHE-RSA-AES256-GCM-SHA384 (256/256 bits)
Oct 26 07:36:39 vps postfix/smtps/smtpd[3711]: warning: hostname hostglobal.plus does not resolve to address 78.153.140.207
Oct 26 07:36:39 vps postfix/smtps/smtpd[3711]: connect from unknown[78.153.140.207]
Oct 26 07:36:41 vps postfix/smtps/smtpd[3711]: Anonymous TLS connection established from unknown[78.153.140.207]: TLSv1.2 with cipher ECDHE-RSA-AES256-GCM-SHA384 (256/256 bits)
Oct 26 07:36:42 vps postfix/smtps/smtpd[3711]: lost connection after CONNECT from unknown[78.153.140.207]
Oct 26 07:36:42 vps postfix/smtps/smtpd[3711]: disconnect from unknown[78.153.140.207]
Oct 26 07:36:42 vps postfix/smtps/smtpd[2515]: lost connection after CONNECT from unknown[78.153.140.207]
Oct 26 07:36:42 vps postfix/smtps/smtpd[2515]: disconnect from unknown[78.153.140.207]
Oct 26 07:37:12 vps postfix/smtpd[26483]: connect from unknown[77.90.185.87]
Oct 26 07:37:14 vps postfix/smtpd[26483]: warning: unknown[77.90.185.87]: SASL LOGIN authentication failed: UGFzc3dvcmQ6
Oct 26 07:37:14 vps postfix/smtpd[26483]: disconnect from unknown[77.90.185.87]
Oct 26 07:37:25 vps postfix/smtpd[23685]: connect from unknown[212.132.96.229]
Oct 26 07:37:28 vps postfix/smtpd[23685]: warning: unknown[212.132.96.229]: SASL LOGIN authentication failed: UGFzc3dvcmQ6
Oct 26 07:37:28 vps postfix/smtpd[23685]: disconnect from unknown[212.132.96.229]
Oct 26 07:37:45 vps postfix/smtpd[26483]: connect from unknown[77.90.185.87]
Oct 26 07:37:47 vps postfix/smtpd[26483]: warning: unknown[77.90.185.87]: SASL LOGIN authentication failed: UGFzc3dvcmQ6
Oct 26 07:37:47 vps postfix/smtpd[26483]: disconnect from unknown[77.90.185.87]
Oct 26 07:37:47 vps postfix/smtpd[26483]: connect from unknown[213.209.157.167]
Oct 26 07:37:50 vps postfix/smtpd[26483]: warning: unknown[213.209.157.167]: SASL LOGIN authentication failed: UGFzc3dvcmQ6
Oct 26 07:37:50 vps postfix/smtpd[26483]: disconnect from unknown[213.209.157.167]
Oct 26 07:38:16 vps postfix/smtpd[26483]: connect from unknown[213.209.157.167]
Oct 26 07:38:18 vps postfix/smtpd[26483]: warning: unknown[213.209.157.167]: SASL LOGIN authentication failed: UGFzc3dvcmQ6
Oct 26 07:38:18 vps postfix/smtpd[26483]: disconnect from unknown[213.209.157.167]
Oct 26 07:38:29 vps postfix/smtpd[26483]: warning: hostname b4-stop.shop does not resolve to address 78.135.110.226: Name or service not known
Oct 26 07:38:29 vps postfix/smtpd[26483]: connect from unknown[78.135.110.226]
Oct 26 07:38:30 vps postfix/smtpd[26483]: Anonymous TLS connection established from unknown[78.135.110.226]: TLSv1.2 with cipher ECDHE-RSA-AES256-GCM-SHA384 (256/256 bits)
Oct 26 07:38:31 vps postfix/smtpd[26483]: NOQUEUE: reject: RCPT from unknown[78.135.110.226]: 454 4.7.1 Service unavailable; Client host [78.135.110.226] blocked using bl.spamcop.net; Blocked - see https://www.spamcop.net/bl.shtml?78.135.110.226; from= to= proto=ESMTP helo=
Oct 26 07:38:31 vps postfix/smtpd[26483]: disconnect from unknown[78.135.110.226]
Oct 26 07:38:45 vps postfix/smtpd[26483]: connect from unknown[213.209.157.167]
Oct 26 07:38:45 vps postfix/smtpd[23685]: connect from unknown[212.132.96.229]
Oct 26 07:38:47 vps postfix/smtpd[23685]: warning: unknown[212.132.96.229]: SASL LOGIN authentication failed: UGFzc3dvcmQ6
Oct 26 07:38:47 vps postfix/smtpd[26483]: warning: unknown[213.209.157.167]: SASL LOGIN authentication failed: UGFzc3dvcmQ6
Oct 26 07:38:47 vps postfix/smtpd[26483]: disconnect from unknown[213.209.157.167]
Oct 26 07:38:47 vps postfix/smtpd[23685]: disconnect from unknown[212.132.96.229]
Oct 26 07:38:54 vps postfix/smtpd[26483]: connect from unknown[213.209.157.167]
Oct 26 07:39:00 vps postfix/smtpd[26483]: warning: unknown[213.209.157.167]: SASL LOGIN authentication failed: UGFzc3dvcmQ6
Oct 26 07:39:00 vps postfix/smtpd[26483]: disconnect from unknown[213.209.157.167]
Oct 26 07:39:21 vps postfix/smtpd[26483]: connect from unknown[213.209.157.167]
Oct 26 07:39:23 vps postfix/smtpd[26483]: warning: unknown[213.209.157.167]: SASL LOGIN authentication failed: UGFzc3dvcmQ6
Oct 26 07:39:23 vps postfix/smtpd[26483]: disconnect from unknown[213.209.157.167]
Oct 26 07:39:29 vps postfix/smtpd[26483]: connect from unknown[213.209.157.167]
Oct 26 07:39:36 vps postfix/smtpd[26483]: warning: unknown[213.209.157.167]: SASL LOGIN authentication failed: UGFzc3dvcmQ6
Oct 26 07:39:36 vps postfix/smtpd[26483]: disconnect from unknown[213.209.157.167]
Oct 26 07:39:38 vps postfix/smtpd[23685]: connect from unknown[218.156.93.202]
Oct 26 07:39:44 vps postfix/smtpd[23685]: warning: unknown[218.156.93.202]: SASL LOGIN authentication failed: UGFzc3dvcmQ6
Oct 26 07:39:44 vps postfix/smtpd[23685]: lost connection after AUTH from unknown[218.156.93.202]
Oct 26 07:39:44 vps postfix/smtpd[23685]: disconnect from unknown[218.156.93.202]
Oct 26 07:39:48 vps postfix/smtpd[26483]: connect from unknown[193.32.162.71]
Oct 26 07:39:51 vps postfix/smtpd[26483]: warning: unknown[193.32.162.71]: SASL LOGIN authentication failed: UGFzc3dvcmQ6
Oct 26 07:39:51 vps postfix/smtpd[26483]: lost connection after AUTH from unknown[193.32.162.71]
Oct 26 07:39:51 vps postfix/smtpd[26483]: disconnect from unknown[193.32.162.71]
Oct 26 07:39:52 vps postfix/anvil[16309]: statistics: max connection rate 4/60s for (smtp:213.209.157.167) at
Oct 26 07:35:51
Oct 26 07:39:52 vps postfix/anvil[16309]: statistics: max connection count 2 for (465:78.153.140.207) at
Oct 26 07:36:41
Oct 26 07:39:52 vps postfix/anvil[16309]: statistics: max cache size 7 at
Oct 26 07:31:06
Oct 26 07:39:57 vps postfix/smtpd[26483]: connect from unknown[213.209.157.167]
Oct 26 07:39:59 vps postfix/smtpd[26483]: warning: unknown[213.209.157.167]: SASL LOGIN authentication failed: UGFzc3dvcmQ6
Oct 26 07:39:59 vps postfix/smtpd[26483]: disconnect from unknown[213.209.157.167]
Oct 26 07:40:03 vps postfix/smtpd[26483]: connect from unknown[213.209.157.252]
Oct 26 07:40:03 vps postfix/smtpd[23685]: connect from unknown[212.132.96.229]
Oct 26 07:40:05 vps postfix/smtpd[26483]: warning: unknown[213.209.157.252]: SASL LOGIN authentication failed: UGFzc3dvcmQ6
Oct 26 07:40:05 vps postfix/smtpd[26483]: disconnect from unknown[213.209.157.252]
Oct 26 07:40:06 vps postfix/smtpd[23685]: warning: unknown[212.132.96.229]: SASL LOGIN authentication failed: UGFzc3dvcmQ6
Oct 26 07:40:06 vps postfix/smtpd[23685]: disconnect from unknown[212.132.96.229]
Oct 26 07:40:10 vps postfix/smtpd[26483]: connect from unknown[196.251.92.15]
Oct 26 07:40:11 vps postfix/smtpd[11299]: connect from unknown[77.90.185.87]
Oct 26 07:40:13 vps postfix/smtpd[11299]: warning: unknown[77.90.185.87]: SASL LOGIN authentication failed: UGFzc3dvcmQ6
Oct 26 07:40:13 vps postfix/smtpd[26483]: warning: unknown[196.251.92.15]: SASL LOGIN authentication failed: UGFzc3dvcmQ6
Oct 26 07:40:13 vps postfix/smtpd[26483]: lost connection after AUTH from unknown[196.251.92.15]
Oct 26 07:40:13 vps postfix/smtpd[26483]: disconnect from unknown[196.251.92.15]
Oct 26 07:40:13 vps postfix/smtpd[11299]: disconnect from unknown[77.90.185.87]
Oct 26 07:40:25 vps postfix/qmgr[22181]: 442A020E814: from=, size=929, nrcpt=1 (queue active)
Oct 26 07:40:25 vps postfix/qmgr[22181]: 7533B21582C: from=, size=1516, nrcpt=1 (queue active)
Oct 26 07:40:27 vps postfix/smtp[11932]: 7533B21582C: host gmail-smtp-in.l.google.com[64.233.170.26] said: 550-5.7.26 Your email has been blocked because the sender is unauthenticated. 550-5.7.26 Gmail requires all senders to authenticate with either SPF or DKIM. 550-5.7.26 550-5.7.26 Authentication results: 550-5.7.26 DKIM = did not pass 550-5.7.26 SPF [vps.vcrowd.in] with ip: [103.120.179.240] = did not pass 550-5.7.26 550-5.7.26 For instructions on setting up authentication, go to 550 5.7.26 https://support.google.com/mail/answer/81126#authentication d9443c01a7336-2949ab05f17si17804855ad.536 - gsmtp (in reply to end of DATA command)
Oct 26 07:40:27 vps postfix/smtp[11931]: 442A020E814: host gmail-smtp-in.l.google.com[64.233.170.26] said: 550-5.7.26 Your email has been blocked because the sender is unauthenticated. 550-5.7.26 Gmail requires all senders to authenticate with either SPF or DKIM. 550-5.7.26 550-5.7.26 Authentication results: 550-5.7.26 DKIM = did not pass 550-5.7.26 SPF [vps.vcrowd.in] with ip: [103.120.179.240] = did not pass 550-5.7.26 550-5.7.26 For instructions on setting up authentication, go to 550 5.7.26 https://support.google.com/mail/answer/81126#authentication 41be03b00d2f7-b71f7b9a947si1554845a12.1501 - gsmtp (in reply to end of DATA command)
Oct 26 07:40:29 vps postfix/smtp[11932]: 7533B21582C: to=, relay=alt1.gmail-smtp-in.l.google.com[192.178.163.26]:25, delay=346, delays=342/0.04/3.6/0.79, dsn=4.7.26, status=SOFTBOUNCE (host alt1.gmail-smtp-in.l.google.com[192.178.163.26] said: 550-5.7.26 Your email has been blocked because the sender is unauthenticated. 550-5.7.26 Gmail requires all senders to authenticate with either SPF or DKIM. 550-5.7.26 550-5.7.26 Authentication results: 550-5.7.26 DKIM = did not pass 550-5.7.26 SPF [vps.vcrowd.in] with ip: [103.120.179.240] = did not pass 550-5.7.26 550-5.7.26 For instructions on setting up authentication, go to 550 5.7.26 https://support.google.com/mail/answer/81126#authentication 41be03b00d2f7-b71eafa6b05si1678971a12.432 - gsmtp (in reply to end of DATA command))
Oct 26 07:40:29 vps postfix/smtp[11931]: 442A020E814: to=, relay=alt1.gmail-smtp-in.l.google.com[192.178.163.26]:25, delay=347, delays=343/0.04/3.6/0.81, dsn=4.7.26, status=SOFTBOUNCE (host alt1.gmail-smtp-in.l.google.com[192.178.163.26] said: 550-5.7.26 Your email has been blocked because the sender is unauthenticated. 550-5.7.26 Gmail requires all senders to authenticate with either SPF or DKIM. 550-5.7.26 550-5.7.26 Authentication results: 550-5.7.26 DKIM = did not pass 550-5.7.26 SPF [vps.vcrowd.in] with ip: [103.120.179.240] = did not pass 550-5.7.26 550-5.7.26 For instructions on setting up authentication, go to 550 5.7.26 https://support.google.com/mail/answer/81126#authentication d2e1a72fcca58-7a4155f85dbsi1838700b3a.349 - gsmtp (in reply to end of DATA command))
Oct 26 07:40:35 vps postfix/smtpd[26483]: connect from unknown[213.209.157.167]
Oct 26 07:40:37 vps postfix/smtpd[26483]: warning: unknown[213.209.157.167]: SASL LOGIN authentication failed: UGFzc3dvcmQ6
Oct 26 07:40:37 vps postfix/smtpd[26483]: disconnect from unknown[213.209.157.167]
Oct 26 07:40:44 vps postfix/smtpd[11299]: connect from unknown[213.209.157.167]
Oct 26 07:40:50 vps postfix/smtpd[11299]: warning: unknown[213.209.157.167]: SASL LOGIN authentication failed: UGFzc3dvcmQ6
Oct 26 07:40:50 vps postfix/smtpd[11299]: disconnect from unknown[213.209.157.167]
Oct 26 07:40:54 vps postfix/smtpd[26483]: connect from unknown[213.209.157.167]
Oct 26 07:41:04 vps postfix/smtpd[26483]: warning: unknown[213.209.157.167]: SASL LOGIN authentication failed: UGFzc3dvcmQ6
Oct 26 07:41:04 vps postfix/smtpd[26483]: disconnect from unknown[213.209.157.167]
Oct 26 07:41:19 vps postfix/smtpd[11299]: connect from mail-ua1-f72.google.com[209.85.222.72]
Oct 26 07:41:20 vps postfix/smtpd[11299]: Anonymous TLS connection established from mail-ua1-f72.google.com[209.85.222.72]: TLSv1.2 with cipher ECDHE-RSA-AES128-GCM-SHA256 (128/128 bits)
Oct 26 07:41:21 vps postfix/smtpd[11299]: NOQUEUE: reject: RCPT from mail-ua1-f72.google.com[209.85.222.72]: 450 4.1.1 : Recipient address rejected: User unknown in virtual mailbox table; from=<3LEj7aAwJBPcaqxmkdhfg246flZhk.bnlhmenxhrgfknaZk.bnl@maestro.bounces.google.com> to= proto=ESMTP helo=
Oct 26 07:41:21 vps postfix/smtpd[11299]: disconnect from mail-ua1-f72.google.com[209.85.222.72]
Oct 26 07:41:22 vps postfix/smtpd[23685]: connect from unknown[212.132.96.229]
Oct 26 07:41:25 vps postfix/smtpd[23685]: warning: unknown[212.132.96.229]: SASL LOGIN authentication failed: UGFzc3dvcmQ6
Oct 26 07:41:25 vps postfix/smtpd[23685]: disconnect from unknown[212.132.96.229]
Oct 26 07:41:32 vps postfix/smtpd[26483]: connect from unknown[213.209.157.167]
Oct 26 07:41:34 vps postfix/smtpd[26483]: warning: unknown[213.209.157.167]: SASL LOGIN authentication failed: VXNlcm5hbWU6
Oct 26 07:41:34 vps postfix/smtpd[26483]: disconnect from unknown[213.209.157.167]
Oct 26 07:42:11 vps postfix/smtpd[11299]: connect from unknown[213.209.157.167]
Oct 26 07:42:13 vps postfix/smtpd[11299]: warning: unknown[213.209.157.167]: SASL LOGIN authentication failed: UGFzc3dvcmQ6
Oct 26 07:42:13 vps postfix/smtpd[11299]: disconnect from unknown[213.209.157.167]
Oct 26 07:42:19 vps postfix/smtpd[26483]: connect from unknown[213.209.157.167]
Oct 26 07:42:26 vps postfix/smtpd[26483]: warning: unknown[213.209.157.167]: SASL LOGIN authentication failed: UGFzc3dvcmQ6
Oct 26 07:42:26 vps postfix/smtpd[26483]: disconnect from unknown[213.209.157.167]
Oct 26 07:42:39 vps postfix/smtpd[23685]: connect from unknown[212.132.96.229]
Oct 26 07:42:42 vps postfix/smtpd[23685]: warning: unknown[212.132.96.229]: SASL LOGIN authentication failed: UGFzc3dvcmQ6
Oct 26 07:42:42 vps postfix/smtpd[23685]: disconnect from unknown[212.132.96.229]
Oct 26 07:43:17 vps postfix/smtpd[11299]: warning: hostname adsl.viettel.vn does not resolve to address 115.77.111.2
Oct 26 07:43:17 vps postfix/smtpd[11299]: connect from unknown[115.77.111.2]
Oct 26 07:43:18 vps postfix/smtpd[26483]: connect from unknown[213.209.157.167]
Oct 26 07:43:21 vps postfix/smtpd[26483]: warning: unknown[213.209.157.167]: SASL LOGIN authentication failed: UGFzc3dvcmQ6
Oct 26 07:43:21 vps postfix/smtpd[26483]: disconnect from unknown[213.209.157.167]
Oct 26 07:43:26 vps postfix/smtpd[26483]: connect from unknown[220.189.233.98]
Oct 26 07:43:32 vps postfix/smtpd[26483]: warning: unknown[220.189.233.98]: SASL LOGIN authentication failed: UGFzc3dvcmQ6
Oct 26 07:43:32 vps postfix/smtpd[26483]: lost connection after AUTH from unknown[220.189.233.98]
Oct 26 07:43:32 vps postfix/smtpd[26483]: disconnect from unknown[220.189.233.98]
Oct 26 07:43:36 vps postfix/smtpd[11299]: lost connection after CONNECT from unknown[115.77.111.2]
Oct 26 07:43:36 vps postfix/smtpd[11299]: disconnect from unknown[115.77.111.2]
Oct 26 07:43:47 vps postfix/smtpd[26483]: connect from unknown[77.90.185.87]
Oct 26 07:43:50 vps postfix/smtpd[26483]: warning: unknown[77.90.185.87]: SASL LOGIN authentication failed: UGFzc3dvcmQ6
Oct 26 07:43:50 vps postfix/smtpd[26483]: disconnect from unknown[77.90.185.87]
Oct 26 07:43:57 vps postfix/smtpd[23685]: connect from unknown[212.132.96.229]
Oct 26 07:44:00 vps postfix/smtpd[23685]: warning: unknown[212.132.96.229]: SASL LOGIN authentication failed: UGFzc3dvcmQ6
Oct 26 07:44:00 vps postfix/smtpd[23685]: disconnect from unknown[212.132.96.229]
Oct 26 07:45:15 vps postfix/smtpd[23685]: connect from unknown[212.132.96.229]
Oct 26 07:45:18 vps postfix/smtpd[23685]: warning: unknown[212.132.96.229]: SASL LOGIN authentication failed: UGFzc3dvcmQ6
Oct 26 07:45:18 vps postfix/smtpd[23685]: disconnect from unknown[212.132.96.229]
Oct 26 07:45:24 vps postfix/smtpd[26483]: connect from unknown[213.209.157.167]
Oct 26 07:45:26 vps postfix/smtpd[26483]: warning: unknown[213.209.157.167]: SASL LOGIN authentication failed: UGFzc3dvcmQ6
Oct 26 07:45:26 vps postfix/smtpd[26483]: disconnect from unknown[213.209.157.167]
Oct 26 07:45:53 vps postfix/smtpd[26483]: connect from unknown[213.209.157.167]
Oct 26 07:45:55 vps postfix/smtpd[26483]: warning: unknown[213.209.157.167]: SASL LOGIN authentication failed: UGFzc3dvcmQ6
Oct 26 07:45:55 vps postfix/smtpd[26483]: disconnect from unknown[213.209.157.167]
Oct 26 07:46:11 vps postfix/smtpd[26483]: connect from unknown[213.209.157.167]
Oct 26 07:46:14 vps postfix/smtpd[26483]: warning: unknown[213.209.157.167]: SASL LOGIN authentication failed: UGFzc3dvcmQ6
Oct 26 07:46:14 vps postfix/smtpd[26483]: disconnect from unknown[213.209.157.167]
Oct 26 07:46:32 vps postfix/smtpd[26483]: connect from unknown[213.209.157.225]
Oct 26 07:46:34 vps postfix/smtpd[26483]: warning: unknown[213.209.157.225]: SASL LOGIN authentication failed: UGFzc3dvcmQ6
Oct 26 07:46:34 vps postfix/smtpd[26483]: disconnect from unknown[213.209.157.225]
Oct 26 07:46:34 vps postfix/smtpd[23685]: connect from unknown[212.132.96.229]
Oct 26 07:46:37 vps postfix/smtpd[23685]: warning: unknown[212.132.96.229]: SASL LOGIN authentication failed: UGFzc3dvcmQ6
Oct 26 07:46:37 vps postfix/smtpd[23685]: disconnect from unknown[212.132.96.229]
Oct 26 07:46:58 vps postfix/smtpd[26483]: connect from unknown[213.209.157.167]
Oct 26 07:47:00 vps postfix/smtpd[26483]: warning: unknown[213.209.157.167]: SASL LOGIN authentication failed: UGFzc3dvcmQ6
Oct 26 07:47:00 vps postfix/smtpd[26483]: disconnect from unknown[213.209.157.167]
Oct 26 07:47:08 vps postfix/smtpd[26483]: connect from unknown[213.209.157.167]
Oct 26 07:47:14 vps postfix/smtpd[26483]: warning: unknown[213.209.157.167]: SASL LOGIN authentication failed: UGFzc3dvcmQ6
Oct 26 07:47:14 vps postfix/smtpd[26483]: disconnect from unknown[213.209.157.167]
Oct 26 07:47:25 vps postfix/smtpd[26483]: connect from unknown[213.209.157.167]
Oct 26 07:47:34 vps postfix/smtpd[25814]: connect from unknown[213.209.157.167]
Oct 26 07:47:36 vps postfix/smtpd[26483]: warning: unknown[213.209.157.167]: SASL LOGIN authentication failed: UGFzc3dvcmQ6
Oct 26 07:47:36 vps postfix/smtpd[26483]: disconnect from unknown[213.209.157.167]
Oct 26 07:47:44 vps postfix/smtpd[25814]: warning: unknown[213.209.157.167]: SASL LOGIN authentication failed: Connection lost to authentication server
Oct 26 07:47:45 vps postfix/smtpd[25814]: disconnect from unknown[213.209.157.167]
Oct 26 07:47:53 vps postfix/smtpd[23685]: connect from unknown[212.132.96.229]
Oct 26 07:47:56 vps postfix/smtpd[23685]: warning: unknown[212.132.96.229]: SASL LOGIN authentication failed: UGFzc3dvcmQ6
Oct 26 07:47:56 vps postfix/smtpd[23685]: disconnect from unknown[212.132.96.229]
Oct 26 07:48:12 vps postfix/smtpd[26483]: connect from unknown[213.209.157.167]
Oct 26 07:48:13 vps postfix/smtpd[25814]: connect from unknown[62.60.131.124]
Oct 26 07:48:14 vps postfix/smtpd[26483]: warning: unknown[213.209.157.167]: SASL LOGIN authentication failed: UGFzc3dvcmQ6
Oct 26 07:48:14 vps postfix/smtpd[26483]: disconnect from unknown[213.209.157.167]
Oct 26 07:48:16 vps postfix/smtpd[25814]: warning: unknown[62.60.131.124]: SASL LOGIN authentication failed: UGFzc3dvcmQ6
Oct 26 07:48:16 vps postfix/smtpd[25814]: disconnect from unknown[62.60.131.124]
Oct 26 07:48:23 vps postfix/smtpd[26483]: connect from unknown[213.209.157.167]
Oct 26 07:48:29 vps postfix/smtpd[26483]: warning: unknown[213.209.157.167]: SASL LOGIN authentication failed: UGFzc3dvcmQ6
Oct 26 07:48:29 vps postfix/smtpd[26483]: disconnect from unknown[213.209.157.167]
Oct 26 07:48:32 vps postfix/smtpd[25814]: warning: hostname b4-stop.shop does not resolve to address 78.135.110.226: Name or service not known
Oct 26 07:48:32 vps postfix/smtpd[25814]: connect from unknown[78.135.110.226]
Oct 26 07:48:32 vps postfix/smtpd[25814]: Anonymous TLS connection established from unknown[78.135.110.226]: TLSv1.2 with cipher ECDHE-RSA-AES256-GCM-SHA384 (256/256 bits)
Oct 26 07:48:33 vps postfix/smtpd[25814]: NOQUEUE: reject: RCPT from unknown[78.135.110.226]: 454 4.7.1 Service unavailable; Client host [78.135.110.226] blocked using bl.spamcop.net; Blocked - see https://www.spamcop.net/bl.shtml?78.135.110.226; from= to= proto=ESMTP helo=
Oct 26 07:48:33 vps postfix/smtpd[25814]: disconnect from unknown[78.135.110.226]
Oct 26 07:48:39 vps postfix/smtpd[26483]: connect from unknown[213.209.157.167]
Oct 26 07:48:48 vps postfix/smtpd[25814]: connect from unknown[213.209.157.167]
Oct 26 07:48:49 vps postfix/smtpd[26483]: warning: unknown[213.209.157.167]: SASL LOGIN authentication failed: UGFzc3dvcmQ6
Oct 26 07:48:49 vps postfix/smtpd[26483]: disconnect from unknown[213.209.157.167]
Oct 26 07:48:58 vps postfix/smtpd[28163]: connect from unknown[213.209.157.167]
Oct 26 07:48:58 vps postfix/smtpd[25814]: warning: unknown[213.209.157.167]: SASL LOGIN authentication failed: Connection lost to authentication server
Oct 26 07:48:58 vps postfix/smtpd[25814]: disconnect from unknown[213.209.157.167]
Oct 26 07:49:02 vps postfix/pickup[11410]: 89A8F70F29: uid=1061 from=
Oct 26 07:49:02 vps postfix/cleanup[28322]: 89A8F70F29: message-id=<20251026021902.89A8F70F29@vps.vcrowd.in>
Oct 26 07:49:02 vps opendkim[5590]: 89A8F70F29: DKIM-Signature field added (s=default, d=laracorporate.com)
Oct 26 07:49:02 vps postfix/qmgr[22181]: 89A8F70F29: from=, size=502, nrcpt=1 (queue active)
Oct 26 07:49:02 vps postfix/pipe[28326]: 89A8F70F29: to=, relay=dovecot, delay=0.3, delays=0.09/0.02/0/0.19, dsn=4.1.1, status=SOFTBOUNCE (user unknown. Command output: doveconf: Warning: /etc/dovecot/dovecot.conf line 8: Global setting ssl_cert won't change the setting inside an earlier filter at /etc/dovecot/domains/24mtcthalaimaisangam.org.conf line 2 (if this is intentional, avoid this warning by moving the global setting before /etc/dovecot/domains/24mtcthalaimaisangam.org.conf line 2) doveconf: Warning: /etc/dovecot/dovecot.conf line 9: Global setting ssl_key won't change the setting inside an earlier filter at /etc/dovecot/domains/24mtcthalaimaisangam.org.conf line 3 (if this is intentional, avoid this warning by moving the global setting before /etc/dovecot/domains/24mtcthalaimaisangam.org.conf line 3) doveconf: Warning: /etc/dovecot/dovecot.conf line 10: Global setting ssl_ca won't change the setting inside an earlier filter at /etc/dovecot/domains/24mtcthalaimaisangam.org.conf line 4 (if this is intentional, avoid this warning by moving the global setting before /etc/dovecot/domains/24mtcthalaimaisangam.org.conf line 4) )
Oct 26 07:49:08 vps postfix/smtpd[28163]: warning: unknown[213.209.157.167]: SASL LOGIN authentication failed: Connection lost to authentication server
Oct 26 07:49:08 vps postfix/smtpd[28163]: disconnect from unknown[213.209.157.167]
Oct 26 07:49:12 vps postfix/smtpd[23685]: connect from unknown[212.132.96.229]
Oct 26 07:49:15 vps postfix/smtpd[23685]: warning: unknown[212.132.96.229]: SASL LOGIN authentication failed: UGFzc3dvcmQ6
Oct 26 07:49:15 vps postfix/smtpd[23685]: disconnect from unknown[212.132.96.229]
Oct 26 07:49:26 vps postfix/smtpd[25814]: connect from unknown[213.209.157.167]
Oct 26 07:49:29 vps postfix/smtpd[25814]: warning: unknown[213.209.157.167]: SASL LOGIN authentication failed: UGFzc3dvcmQ6
Oct 26 07:49:29 vps postfix/smtpd[25814]: disconnect from unknown[213.209.157.167]
Oct 26 07:49:45 vps postfix/smtpd[28163]: connect from unknown[213.209.157.167]
Oct 26 07:49:47 vps postfix/smtpd[28163]: warning: unknown[213.209.157.167]: SASL LOGIN authentication failed: UGFzc3dvcmQ6
Oct 26 07:49:47 vps postfix/smtpd[28163]: disconnect from unknown[213.209.157.167]
Oct 26 07:49:52 vps postfix/anvil[16309]: statistics: max connection rate 5/60s for (smtp:213.209.157.167) at
Oct 26 07:48:58
Oct 26 07:49:52 vps postfix/anvil[16309]: statistics: max connection count 2 for (smtp:213.209.157.167) at
Oct 26 07:47:34
Oct 26 07:49:52 vps postfix/anvil[16309]: statistics: max cache size 7 at
Oct 26 07:40:11
Oct 26 07:50:03 vps postfix/smtpd[25814]: connect from unknown[213.209.157.167]
Oct 26 07:50:05 vps postfix/smtpd[25814]: warning: unknown[213.209.157.167]: SASL LOGIN authentication failed: UGFzc3dvcmQ6
Oct 26 07:50:05 vps postfix/smtpd[25814]: disconnect from unknown[213.209.157.167]
Oct 26 07:50:25 vps postfix/qmgr[22181]: 442A020E814: from=, size=929, nrcpt=1 (queue active)
Oct 26 07:50:25 vps postfix/qmgr[22181]: 7533B21582C: from=, size=1516, nrcpt=1 (queue active)
Oct 26 07:50:27 vps postfix/smtp[31939]: 7533B21582C: host gmail-smtp-in.l.google.com[64.233.170.26] said: 550-5.7.26 Your email has been blocked because the sender is unauthenticated. 550-5.7.26 Gmail requires all senders to authenticate with either SPF or DKIM. 550-5.7.26 550-5.7.26 Authentication results: 550-5.7.26 DKIM = did not pass 550-5.7.26 SPF [vps.vcrowd.in] with ip: [103.120.179.240] = did not pass 550-5.7.26 550-5.7.26 For instructions on setting up authentication, go to 550 5.7.26 https://support.google.com/mail/answer/81126#authentication d2e1a72fcca58-7a4155f85fcsi1781713b3a.341 - gsmtp (in reply to end of DATA command)
Oct 26 07:50:27 vps postfix/smtp[31937]: 442A020E814: host gmail-smtp-in.l.google.com[64.233.170.26] said: 550-5.7.26 Your email has been blocked because the sender is unauthenticated. 550-5.7.26 Gmail requires all senders to authenticate with either SPF or DKIM. 550-5.7.26 550-5.7.26 Authentication results: 550-5.7.26 DKIM = did not pass 550-5.7.26 SPF [vps.vcrowd.in] with ip: [103.120.179.240] = did not pass 550-5.7.26 550-5.7.26 For instructions on setting up authentication, go to 550 5.7.26 https://support.google.com/mail/answer/81126#authentication 41be03b00d2f7-b71f31d4074si1598714a12.984 - gsmtp (in reply to end of DATA command)
Oct 26 07:50:29 vps postfix/smtp[31939]: 7533B21582C: to=, relay=alt1.gmail-smtp-in.l.google.com[192.178.163.26]:25, delay=946, delays=942/0.04/3.6/0.77, dsn=4.7.26, status=SOFTBOUNCE (host alt1.gmail-smtp-in.l.google.com[192.178.163.26] said: 550-5.7.26 Your email has been blocked because the sender is unauthenticated. 550-5.7.26 Gmail requires all senders to authenticate with either SPF or DKIM. 550-5.7.26 550-5.7.26 Authentication results: 550-5.7.26 DKIM = did not pass 550-5.7.26 SPF [vps.vcrowd.in] with ip: [103.120.179.240] = did not pass 550-5.7.26 550-5.7.26 For instructions on setting up authentication, go to 550 5.7.26 https://support.google.com/mail/answer/81126#authentication 98e67ed59e1d1-33fee1c7eb0si1733741a91.28 - gsmtp (in reply to end of DATA command))
Oct 26 07:50:29 vps postfix/qmgr[22181]: 7533B21582C: from=, status=expired, returned to sender
Oct 26 07:50:29 vps postfix/cleanup[28322]: B105320ED67: message-id=<20251026022029.B105320ED67@vps.vcrowd.in>
Oct 26 07:50:29 vps postfix/bounce[28335]: 7533B21582C: sender non-delivery notification: B105320ED67
Oct 26 07:50:29 vps postfix/qmgr[22181]: B105320ED67: from=<>, size=4442, nrcpt=1 (queue active)
Oct 26 07:50:29 vps postfix/smtp[31937]: 442A020E814: to=, relay=alt1.gmail-smtp-in.l.google.com[192.178.163.27]:25, delay=947, delays=943/0.03/3.6/0.78, dsn=4.7.26, status=SOFTBOUNCE (host alt1.gmail-smtp-in.l.google.com[192.178.163.27] said: 550-5.7.26 Your email has been blocked because the sender is unauthenticated. 550-5.7.26 Gmail requires all senders to authenticate with either SPF or DKIM. 550-5.7.26 550-5.7.26 Authentication results: 550-5.7.26 DKIM = did not pass 550-5.7.26 SPF [vps.vcrowd.in] with ip: [103.120.179.240] = did not pass 550-5.7.26 550-5.7.26 For instructions on setting up authentication, go to 550 5.7.26 https://support.google.com/mail/answer/81126#authentication d9443c01a7336-2949aaee387si19779255ad.338 - gsmtp (in reply to end of DATA command))
Oct 26 07:50:29 vps postfix/qmgr[22181]: 7533B21582C: removed
Oct 26 07:50:29 vps postfix/qmgr[22181]: 442A020E814: from=, status=expired, returned to sender
Oct 26 07:50:29 vps postfix/cleanup[28322]: B71AF21582C: message-id=<20251026022029.B71AF21582C@vps.vcrowd.in>
Oct 26 07:50:29 vps postfix/bounce[28335]: 442A020E814: sender non-delivery notification: B71AF21582C
Oct 26 07:50:29 vps postfix/qmgr[22181]: B71AF21582C: from=<>, size=3857, nrcpt=1 (queue active)
Oct 26 07:50:29 vps postfix/qmgr[22181]: 442A020E814: removed
Oct 26 07:50:29 vps postfix/local[32054]: B105320ED67: to=, relay=local, delay=0.05, delays=0.02/0.02/0/0.02, dsn=2.0.0, status=sent (delivered to mailbox)
Oct 26 07:50:29 vps postfix/qmgr[22181]: B105320ED67: removed
Oct 26 07:50:30 vps postfix/smtpd[23685]: connect from unknown[212.132.96.229]
Oct 26 07:50:31 vps postfix/local[32055]: B71AF21582C: to=, relay=local, delay=1.3, delays=0.01/0.02/0/1.2, dsn=2.0.0, status=sent (delivered to mailbox)
Oct 26 07:50:31 vps postfix/qmgr[22181]: B71AF21582C: removed
Oct 26 07:50:33 vps postfix/smtpd[23685]: warning: unknown[212.132.96.229]: SASL LOGIN authentication failed: UGFzc3dvcmQ6
Oct 26 07:50:33 vps postfix/smtpd[23685]: disconnect from unknown[212.132.96.229]
Oct 26 07:50:47 vps postfix/smtpd[28163]: connect from unknown[213.209.157.167]
Oct 26 07:50:50 vps postfix/smtpd[28163]: warning: unknown[213.209.157.167]: SASL LOGIN authentication failed: UGFzc3dvcmQ6
Oct 26 07:50:50 vps postfix/smtpd[28163]: disconnect from unknown[213.209.157.167]
Oct 26 07:50:57 vps postfix/smtpd[25814]: connect from unknown[193.32.162.71]
Oct 26 07:50:57 vps postfix/smtpd[28163]: connect from unknown[213.209.157.167]
Oct 26 07:51:00 vps postfix/smtpd[25814]: warning: unknown[193.32.162.71]: SASL LOGIN authentication failed: UGFzc3dvcmQ6
Oct 26 07:51:00 vps postfix/smtpd[25814]: lost connection after AUTH from unknown[193.32.162.71]
Oct 26 07:51:00 vps postfix/smtpd[25814]: disconnect from unknown[193.32.162.71]
Oct 26 07:51:04 vps postfix/smtpd[28163]: warning: unknown[213.209.157.167]: SASL LOGIN authentication failed: UGFzc3dvcmQ6
Oct 26 07:51:04 vps postfix/smtpd[28163]: disconnect from unknown[213.209.157.167]
Oct 26 07:51:14 vps postfix/smtpd[25814]: connect from unknown[62.60.131.17]
