Oct 26 16:50:14 vps postfix/smtp[23569]: CF5F520ED4C: to=, relay=alt1.gmail-smtp-in.l.google.com[192.178.163.26]:25, delay=4.2, delays=0.06/0/3.5/0.63, dsn=4.7.26, status=SOFTBOUNCE (host alt1.gmail-smtp-in.l.google.com[192.178.163.26] said: 550-5.7.26 Your email has been blocked because the sender is unauthenticated. 550-5.7.26 Gmail requires all senders to authenticate with either SPF or DKIM. 550-5.7.26 550-5.7.26 Authentication results: 550-5.7.26 DKIM = did not pass 550-5.7.26 SPF [vps.vcrowd.in] with ip: [103.120.179.240] = did not pass 550-5.7.26 550-5.7.26 For instructions on setting up authentication, go to 550 5.7.26 https://support.google.com/mail/answer/81126#authentication d9443c01a7336-2949ab05d39si22129475ad.516 - gsmtp (in reply to end of DATA command))
Oct 26 16:50:26 vps postfix/smtpd[20102]: connect from unknown[212.132.96.229]
Oct 26 16:50:26 vps postfix/smtpd[20051]: connect from unknown[45.148.10.64]
Oct 26 16:50:28 vps postfix/smtpd[20102]: warning: unknown[212.132.96.229]: SASL LOGIN authentication failed: UGFzc3dvcmQ6
Oct 26 16:50:28 vps postfix/smtpd[20051]: warning: unknown[45.148.10.64]: SASL LOGIN authentication failed: UGFzc3dvcmQ6
Oct 26 16:50:28 vps postfix/smtpd[20102]: disconnect from unknown[212.132.96.229]
Oct 26 16:50:28 vps postfix/smtpd[20051]: disconnect from unknown[45.148.10.64]
Oct 26 16:51:21 vps postfix/smtpd[10883]: connect from unknown[213.209.157.167]
Oct 26 16:51:24 vps postfix/smtpd[10883]: warning: unknown[213.209.157.167]: SASL LOGIN authentication failed: UGFzc3dvcmQ6
Oct 26 16:51:24 vps postfix/smtpd[10883]: disconnect from unknown[213.209.157.167]
Oct 26 16:51:43 vps postfix/pickup[9823]: 14A3D3718C6: uid=1062 from=
Oct 26 16:51:43 vps postfix/cleanup[23561]: 14A3D3718C6: message-id=<20251026112143.14A3D3718C6@vps.vcrowd.in>
Oct 26 16:51:43 vps opendkim[5590]: 14A3D3718C6: no signing table match for '"info@gvkennel"@gmail.com'
Oct 26 16:51:43 vps opendkim[5590]: 14A3D3718C6: no signature data
Oct 26 16:51:43 vps postfix/qmgr[22181]: 14A3D3718C6: from=, size=918, nrcpt=1 (queue active)
Oct 26 16:51:45 vps postfix/smtpd[20102]: connect from unknown[212.132.96.229]
Oct 26 16:51:45 vps postfix/smtp[23569]: 14A3D3718C6: host gmail-smtp-in.l.google.com[64.233.170.27] said: 550-5.7.26 Your email has been blocked because the sender is unauthenticated. 550-5.7.26 Gmail requires all senders to authenticate with either SPF or DKIM. 550-5.7.26 550-5.7.26 Authentication results: 550-5.7.26 DKIM = did not pass 550-5.7.26 SPF [vps.vcrowd.in] with ip: [103.120.179.240] = did not pass 550-5.7.26 550-5.7.26 For instructions on setting up authentication, go to 550 5.7.26 https://support.google.com/mail/answer/81126#authentication 41be03b00d2f7-b71f7017b87si1977020a12.1374 - gsmtp (in reply to end of DATA command)
Oct 26 16:51:47 vps postfix/smtpd[20102]: warning: unknown[212.132.96.229]: SASL LOGIN authentication failed: UGFzc3dvcmQ6
Oct 26 16:51:47 vps postfix/smtpd[20102]: disconnect from unknown[212.132.96.229]
Oct 26 16:51:47 vps postfix/smtp[23569]: 14A3D3718C6: to=, relay=alt1.gmail-smtp-in.l.google.com[192.178.163.26]:25, delay=4.6, delays=0.02/0.01/3.8/0.78, dsn=4.7.26, status=SOFTBOUNCE (host alt1.gmail-smtp-in.l.google.com[192.178.163.26] said: 550-5.7.26 Your email has been blocked because the sender is unauthenticated. 550-5.7.26 Gmail requires all senders to authenticate with either SPF or DKIM. 550-5.7.26 550-5.7.26 Authentication results: 550-5.7.26 DKIM = did not pass 550-5.7.26 SPF [vps.vcrowd.in] with ip: [103.120.179.240] = did not pass 550-5.7.26 550-5.7.26 For instructions on setting up authentication, go to 550 5.7.26 https://support.google.com/mail/answer/81126#authentication 41be03b00d2f7-b71f77c9631si2162580a12.1463 - gsmtp (in reply to end of DATA command))
Oct 26 16:51:48 vps postfix/smtpd[20051]: connect from unknown[77.90.185.87]
Oct 26 16:51:50 vps postfix/smtpd[20051]: warning: unknown[77.90.185.87]: SASL LOGIN authentication failed: UGFzc3dvcmQ6
Oct 26 16:51:50 vps postfix/smtpd[20051]: disconnect from unknown[77.90.185.87]
Oct 26 16:52:13 vps postfix/smtpd[10883]: connect from unknown[213.209.157.167]
Oct 26 16:52:14 vps postfix/smtps/smtpd[27171]: connect from unknown[191.96.227.153]
Oct 26 16:52:14 vps postfix/smtps/smtpd[27171]: Anonymous TLS connection established from unknown[191.96.227.153]: TLSv1.2 with cipher ECDHE-RSA-AES256-GCM-SHA384 (256/256 bits)
Oct 26 16:52:16 vps postfix/smtpd[10883]: warning: unknown[213.209.157.167]: SASL LOGIN authentication failed: UGFzc3dvcmQ6
Oct 26 16:52:16 vps postfix/smtpd[10883]: disconnect from unknown[213.209.157.167]
Oct 26 16:52:18 vps postfix/smtps/smtpd[27171]: warning: unknown[191.96.227.153]: SASL LOGIN authentication failed: UGFzc3dvcmQ6
Oct 26 16:52:18 vps postfix/smtps/smtpd[27171]: disconnect from unknown[191.96.227.153]
Oct 26 16:52:51 vps postfix/pickup[9823]: 4EABB372344: uid=1040 from=
Oct 26 16:52:51 vps postfix/cleanup[23561]: 4EABB372344: message-id=<20251026112251.4EABB372344@vps.vcrowd.in>
Oct 26 16:52:51 vps opendkim[5590]: 4EABB372344: DKIM-Signature field added (s=default, d=vinnmugilacademy.com)
Oct 26 16:52:51 vps postfix/qmgr[22181]: 4EABB372344: from=, size=1804, nrcpt=2 (queue active)
Oct 26 16:52:51 vps postfix/pipe[27802]: 4EABB372344: to=, relay=dovecot, delay=0.22, delays=0.06/0.02/0/0.15, dsn=4.1.1, status=SOFTBOUNCE (user unknown. Command output: doveconf: Warning: /etc/dovecot/dovecot.conf line 8: Global setting ssl_cert won't change the setting inside an earlier filter at /etc/dovecot/domains/24mtcthalaimaisangam.org.conf line 2 (if this is intentional, avoid this warning by moving the global setting before /etc/dovecot/domains/24mtcthalaimaisangam.org.conf line 2) doveconf: Warning: /etc/dovecot/dovecot.conf line 9: Global setting ssl_key won't change the setting inside an earlier filter at /etc/dovecot/domains/24mtcthalaimaisangam.org.conf line 3 (if this is intentional, avoid this warning by moving the global setting before /etc/dovecot/domains/24mtcthalaimaisangam.org.conf line 3) doveconf: Warning: /etc/dovecot/dovecot.conf line 10: Global setting ssl_ca won't change the setting inside an earlier filter at /etc/dovecot/domains/24mtcthalaimaisangam.org.conf line 4 (if this is intentional, avoid this warning by moving the global setting before /etc/dovecot/domains/24mtcthalaimaisangam.org.conf line 4) )
Oct 26 16:52:54 vps postfix/smtp[23569]: 4EABB372344: host gmail-smtp-in.l.google.com[64.233.170.27] said: 550-5.7.26 Your email has been blocked because the sender is unauthenticated. 550-5.7.26 Gmail requires all senders to authenticate with either SPF or DKIM. 550-5.7.26 550-5.7.26 Authentication results: 550-5.7.26 DKIM = did not pass 550-5.7.26 SPF [vps.vcrowd.in] with ip: [103.120.179.240] = did not pass 550-5.7.26 550-5.7.26 For instructions on setting up authentication, go to 550 5.7.26 https://support.google.com/mail/answer/81126#authentication 41be03b00d2f7-b71d57279d5si2065247a12.143 - gsmtp (in reply to end of DATA command)
Oct 26 16:52:56 vps postfix/smtp[23569]: 4EABB372344: to=, relay=alt1.gmail-smtp-in.l.google.com[192.178.163.26]:25, delay=5.4, delays=0.06/0.01/4.7/0.65, dsn=4.7.26, status=SOFTBOUNCE (host alt1.gmail-smtp-in.l.google.com[192.178.163.26] said: 550-5.7.26 Your email has been blocked because the sender is unauthenticated. 550-5.7.26 Gmail requires all senders to authenticate with either SPF or DKIM. 550-5.7.26 550-5.7.26 Authentication results: 550-5.7.26 DKIM = did not pass 550-5.7.26 SPF [vps.vcrowd.in] with ip: [103.120.179.240] = did not pass 550-5.7.26 550-5.7.26 For instructions on setting up authentication, go to 550 5.7.26 https://support.google.com/mail/answer/81126#authentication 41be03b00d2f7-b71f8dcbbe8si2035245a12.1629 - gsmtp (in reply to end of DATA command))
Oct 26 16:53:04 vps postfix/smtpd[20102]: connect from unknown[212.132.96.229]
Oct 26 16:53:06 vps postfix/smtpd[20102]: warning: unknown[212.132.96.229]: SASL LOGIN authentication failed: UGFzc3dvcmQ6
Oct 26 16:53:06 vps postfix/smtpd[20102]: disconnect from unknown[212.132.96.229]
Oct 26 16:53:51 vps postfix/smtpd[10883]: connect from unknown[213.209.157.167]
Oct 26 16:53:54 vps postfix/smtpd[10883]: warning: unknown[213.209.157.167]: SASL LOGIN authentication failed: UGFzc3dvcmQ6
Oct 26 16:53:54 vps postfix/smtpd[10883]: disconnect from unknown[213.209.157.167]
Oct 26 16:53:54 vps postfix/smtpd[28852]: connect from unknown[45.148.10.119]
Oct 26 16:53:57 vps postfix/smtpd[28852]: warning: unknown[45.148.10.119]: SASL LOGIN authentication failed: UGFzc3dvcmQ6
Oct 26 16:53:57 vps postfix/smtpd[28852]: disconnect from unknown[45.148.10.119]
Oct 26 16:53:59 vps postfix/smtpd[10883]: connect from unknown[45.148.10.87]
Oct 26 16:54:01 vps postfix/smtpd[10883]: warning: unknown[45.148.10.87]: SASL LOGIN authentication failed: UGFzc3dvcmQ6
Oct 26 16:54:01 vps postfix/smtpd[10883]: disconnect from unknown[45.148.10.87]
Oct 26 16:54:23 vps postfix/smtpd[20102]: connect from unknown[212.132.96.229]
Oct 26 16:54:26 vps postfix/smtpd[20102]: warning: unknown[212.132.96.229]: SASL LOGIN authentication failed: UGFzc3dvcmQ6
Oct 26 16:54:26 vps postfix/smtpd[20102]: disconnect from unknown[212.132.96.229]
Oct 26 16:54:38 vps postfix/smtpd[28852]: connect from unknown[77.90.185.220]
Oct 26 16:54:41 vps postfix/smtpd[28852]: warning: unknown[77.90.185.220]: SASL LOGIN authentication failed: UGFzc3dvcmQ6
Oct 26 16:54:41 vps postfix/smtpd[28852]: disconnect from unknown[77.90.185.220]
Oct 26 16:55:07 vps postfix/smtpd[10883]: connect from unknown[45.148.10.118]
Oct 26 16:55:10 vps postfix/smtpd[10883]: warning: unknown[45.148.10.118]: SASL LOGIN authentication failed: UGFzc3dvcmQ6
Oct 26 16:55:10 vps postfix/smtpd[10883]: disconnect from unknown[45.148.10.118]
Oct 26 16:55:12 vps postfix/smtpd[20102]: connect from unknown[45.82.78.100]
Oct 26 16:55:12 vps postfix/smtpd[31233]: connect from unknown[45.82.78.100]
Oct 26 16:55:13 vps postfix/smtpd[31233]: lost connection after CONNECT from unknown[45.82.78.100]
Oct 26 16:55:13 vps postfix/smtpd[31233]: disconnect from unknown[45.82.78.100]
Oct 26 16:55:13 vps postfix/smtpd[20102]: lost connection after UNKNOWN from unknown[45.82.78.100]
Oct 26 16:55:13 vps postfix/smtpd[20102]: disconnect from unknown[45.82.78.100]
Oct 26 16:55:16 vps postfix/smtpd[28852]: connect from unknown[213.209.157.167]
Oct 26 16:55:18 vps postfix/smtpd[28852]: warning: unknown[213.209.157.167]: SASL LOGIN authentication failed: UGFzc3dvcmQ6
Oct 26 16:55:18 vps postfix/smtpd[28852]: disconnect from unknown[213.209.157.167]
Oct 26 16:55:25 vps postfix/qmgr[22181]: C6243161940: from=, size=989, nrcpt=2 (queue active)
Oct 26 16:55:25 vps postfix/qmgr[22181]: CF5F520ED4C: from=, size=479, nrcpt=1 (queue active)
Oct 26 16:55:26 vps postfix/smtpd[10883]: connect from unknown[213.209.157.167]
Oct 26 16:55:27 vps postfix/smtp[31514]: C6243161940: host gmail-smtp-in.l.google.com[64.233.170.27] said: 550-5.7.26 Your email has been blocked because the sender is unauthenticated. 550-5.7.26 Gmail requires all senders to authenticate with either SPF or DKIM. 550-5.7.26 550-5.7.26 Authentication results: 550-5.7.26 DKIM = did not pass 550-5.7.26 SPF [vps.vcrowd.in] with ip: [103.120.179.240] = did not pass 550-5.7.26 550-5.7.26 For instructions on setting up authentication, go to 550 5.7.26 https://support.google.com/mail/answer/81126#authentication 41be03b00d2f7-b71f274b010si1996961a12.918 - gsmtp (in reply to end of DATA command)
Oct 26 16:55:27 vps postfix/smtp[31515]: CF5F520ED4C: host gmail-smtp-in.l.google.com[64.233.170.27] said: 550-5.7.26 Your email has been blocked because the sender is unauthenticated. 550-5.7.26 Gmail requires all senders to authenticate with either SPF or DKIM. 550-5.7.26 550-5.7.26 Authentication results: 550-5.7.26 DKIM = did not pass 550-5.7.26 SPF [vps.vcrowd.in] with ip: [103.120.179.240] = did not pass 550-5.7.26 550-5.7.26 For instructions on setting up authentication, go to 550 5.7.26 https://support.google.com/mail/answer/81126#authentication d9443c01a7336-2949ab2424dsi23253935ad.686 - gsmtp (in reply to end of DATA command)
Oct 26 16:55:29 vps postfix/smtp[31514]: C6243161940: to=, relay=alt1.gmail-smtp-in.l.google.com[192.178.163.26]:25, delay=341, delays=337/0.04/3.3/0.67, dsn=4.7.26, status=SOFTBOUNCE (host alt1.gmail-smtp-in.l.google.com[192.178.163.26] said: 550-5.7.26 Your email has been blocked because the sender is unauthenticated. 550-5.7.26 Gmail requires all senders to authenticate with either SPF or DKIM. 550-5.7.26 550-5.7.26 Authentication results: 550-5.7.26 DKIM = did not pass 550-5.7.26 SPF [vps.vcrowd.in] with ip: [103.120.179.240] = did not pass 550-5.7.26 550-5.7.26 For instructions on setting up authentication, go to 550 5.7.26 https://support.google.com/mail/answer/81126#authentication 41be03b00d2f7-b71f1fa55d1si2059251a12.801 - gsmtp (in reply to end of DATA command))
Oct 26 16:55:29 vps postfix/smtp[31514]: C6243161940: to=, relay=alt1.gmail-smtp-in.l.google.com[192.178.163.26]:25, delay=341, delays=337/0.04/3.3/0.67, dsn=4.7.26, status=SOFTBOUNCE (host alt1.gmail-smtp-in.l.google.com[192.178.163.26] said: 550-5.7.26 Your email has been blocked because the sender is unauthenticated. 550-5.7.26 Gmail requires all senders to authenticate with either SPF or DKIM. 550-5.7.26 550-5.7.26 Authentication results: 550-5.7.26 DKIM = did not pass 550-5.7.26 SPF [vps.vcrowd.in] with ip: [103.120.179.240] = did not pass 550-5.7.26 550-5.7.26 For instructions on setting up authentication, go to 550 5.7.26 https://support.google.com/mail/answer/81126#authentication 41be03b00d2f7-b71f1fa55d1si2059251a12.801 - gsmtp (in reply to end of DATA command))
Oct 26 16:55:29 vps postfix/smtp[31515]: CF5F520ED4C: to=, relay=alt1.gmail-smtp-in.l.google.com[192.178.163.26]:25, delay=320, delays=316/0.04/3.4/0.65, dsn=4.7.26, status=SOFTBOUNCE (host alt1.gmail-smtp-in.l.google.com[192.178.163.26] said: 550-5.7.26 Your email has been blocked because the sender is unauthenticated. 550-5.7.26 Gmail requires all senders to authenticate with either SPF or DKIM. 550-5.7.26 550-5.7.26 Authentication results: 550-5.7.26 DKIM = did not pass 550-5.7.26 SPF [vps.vcrowd.in] with ip: [103.120.179.240] = did not pass 550-5.7.26 550-5.7.26 For instructions on setting up authentication, go to 550 5.7.26 https://support.google.com/mail/answer/81126#authentication 41be03b00d2f7-b71f5722fd0si1923212a12.1195 - gsmtp (in reply to end of DATA command))
Oct 26 16:55:32 vps postfix/smtpd[10883]: warning: unknown[213.209.157.167]: SASL LOGIN authentication failed: UGFzc3dvcmQ6
Oct 26 16:55:32 vps postfix/smtpd[10883]: disconnect from unknown[213.209.157.167]
Oct 26 16:55:40 vps postfix/smtpd[28852]: connect from unknown[27.13.152.189]
Oct 26 16:55:44 vps postfix/smtpd[31233]: connect from unknown[212.132.96.229]
Oct 26 16:55:45 vps postfix/smtpd[28852]: warning: unknown[27.13.152.189]: SASL LOGIN authentication failed: UGFzc3dvcmQ6
Oct 26 16:55:45 vps postfix/smtpd[28852]: lost connection after AUTH from unknown[27.13.152.189]
Oct 26 16:55:45 vps postfix/smtpd[28852]: disconnect from unknown[27.13.152.189]
Oct 26 16:55:47 vps postfix/smtpd[10883]: connect from unknown[45.148.10.37]
Oct 26 16:55:47 vps postfix/smtpd[31233]: warning: unknown[212.132.96.229]: SASL LOGIN authentication failed: UGFzc3dvcmQ6
Oct 26 16:55:47 vps postfix/smtpd[31233]: disconnect from unknown[212.132.96.229]
Oct 26 16:55:49 vps postfix/smtpd[10883]: warning: unknown[45.148.10.37]: SASL LOGIN authentication failed: UGFzc3dvcmQ6
Oct 26 16:55:49 vps postfix/smtpd[10883]: disconnect from unknown[45.148.10.37]
Oct 26 16:55:53 vps postfix/smtpd[28852]: connect from unknown[62.60.131.124]
Oct 26 16:55:55 vps postfix/smtpd[28852]: warning: unknown[62.60.131.124]: SASL LOGIN authentication failed: UGFzc3dvcmQ6
Oct 26 16:55:55 vps postfix/smtpd[28852]: disconnect from unknown[62.60.131.124]
Oct 26 16:56:59 vps postfix/smtpd[10883]: connect from unknown[45.148.10.124]
Oct 26 16:57:00 vps postfix/smtpd[28852]: connect from unknown[77.90.185.87]
Oct 26 16:57:02 vps postfix/smtpd[10883]: warning: unknown[45.148.10.124]: SASL LOGIN authentication failed: UGFzc3dvcmQ6
Oct 26 16:57:02 vps postfix/smtpd[10883]: disconnect from unknown[45.148.10.124]
Oct 26 16:57:02 vps postfix/smtpd[10883]: connect from unknown[213.209.157.167]
Oct 26 16:57:03 vps postfix/smtpd[28852]: warning: unknown[77.90.185.87]: SASL LOGIN authentication failed: UGFzc3dvcmQ6
Oct 26 16:57:03 vps postfix/smtpd[28852]: disconnect from unknown[77.90.185.87]
Oct 26 16:57:04 vps postfix/smtpd[31233]: connect from unknown[212.132.96.229]
Oct 26 16:57:05 vps postfix/smtpd[10883]: warning: unknown[213.209.157.167]: SASL LOGIN authentication failed: UGFzc3dvcmQ6
Oct 26 16:57:05 vps postfix/smtpd[10883]: disconnect from unknown[213.209.157.167]
Oct 26 16:57:07 vps postfix/smtpd[31233]: warning: unknown[212.132.96.229]: SASL LOGIN authentication failed: UGFzc3dvcmQ6
Oct 26 16:57:07 vps postfix/smtpd[31233]: disconnect from unknown[212.132.96.229]
Oct 26 16:57:20 vps postfix/smtpd[28852]: connect from unknown[213.209.157.167]
Oct 26 16:57:22 vps postfix/smtpd[28852]: warning: unknown[213.209.157.167]: SASL LOGIN authentication failed: UGFzc3dvcmQ6
Oct 26 16:57:22 vps postfix/smtpd[28852]: disconnect from unknown[213.209.157.167]
Oct 26 16:57:31 vps postfix/smtpd[10883]: connect from unknown[77.90.185.220]
Oct 26 16:57:34 vps postfix/smtpd[10883]: warning: unknown[77.90.185.220]: SASL LOGIN authentication failed: UGFzc3dvcmQ6
Oct 26 16:57:34 vps postfix/smtpd[10883]: disconnect from unknown[77.90.185.220]
Oct 26 16:57:51 vps postfix/smtpd[28852]: connect from unknown[45.148.10.36]
Oct 26 16:57:54 vps postfix/smtpd[28852]: warning: unknown[45.148.10.36]: SASL LOGIN authentication failed: UGFzc3dvcmQ6
Oct 26 16:57:54 vps postfix/smtpd[28852]: disconnect from unknown[45.148.10.36]
Oct 26 16:57:57 vps postfix/smtpd[10883]: connect from unknown[213.209.157.167]
Oct 26 16:58:00 vps postfix/smtpd[10883]: warning: unknown[213.209.157.167]: SASL LOGIN authentication failed: UGFzc3dvcmQ6
Oct 26 16:58:00 vps postfix/smtpd[10883]: disconnect from unknown[213.209.157.167]
Oct 26 16:58:10 vps postfix/smtpd[28852]: connect from unknown[45.148.10.30]
Oct 26 16:58:12 vps postfix/smtpd[28852]: warning: unknown[45.148.10.30]: SASL LOGIN authentication failed: UGFzc3dvcmQ6
Oct 26 16:58:12 vps postfix/smtpd[28852]: disconnect from unknown[45.148.10.30]
Oct 26 16:58:14 vps postfix/smtpd[10883]: connect from unknown[45.148.10.122]
Oct 26 16:58:16 vps postfix/smtpd[10883]: warning: unknown[45.148.10.122]: SASL LOGIN authentication failed: UGFzc3dvcmQ6
Oct 26 16:58:16 vps postfix/smtpd[10883]: disconnect from unknown[45.148.10.122]
Oct 26 16:58:19 vps postfix/smtpd[28852]: connect from unknown[45.148.10.120]
Oct 26 16:58:21 vps postfix/smtpd[28852]: warning: unknown[45.148.10.120]: SASL LOGIN authentication failed: UGFzc3dvcmQ6
Oct 26 16:58:21 vps postfix/smtpd[28852]: disconnect from unknown[45.148.10.120]
Oct 26 16:58:23 vps postfix/smtpd[31233]: connect from unknown[212.132.96.229]
Oct 26 16:58:26 vps postfix/smtpd[31233]: warning: unknown[212.132.96.229]: SASL LOGIN authentication failed: UGFzc3dvcmQ6
Oct 26 16:58:26 vps postfix/smtpd[31233]: disconnect from unknown[212.132.96.229]
Oct 26 16:58:26 vps postfix/smtpd[10883]: connect from unknown[45.148.10.25]
Oct 26 16:58:28 vps postfix/smtpd[10883]: warning: unknown[45.148.10.25]: SASL LOGIN authentication failed: UGFzc3dvcmQ6
Oct 26 16:58:28 vps postfix/smtpd[10883]: disconnect from unknown[45.148.10.25]
Oct 26 16:59:05 vps postfix/smtpd[28852]: connect from unknown[213.209.157.167]
Oct 26 16:59:07 vps postfix/smtpd[28852]: warning: unknown[213.209.157.167]: SASL LOGIN authentication failed: UGFzc3dvcmQ6
Oct 26 16:59:07 vps postfix/smtpd[28852]: disconnect from unknown[213.209.157.167]
Oct 26 16:59:08 vps postfix/smtpd[10883]: connect from unknown[45.148.10.29]
Oct 26 16:59:10 vps postfix/smtpd[10883]: warning: unknown[45.148.10.29]: SASL LOGIN authentication failed: UGFzc3dvcmQ6
Oct 26 16:59:10 vps postfix/smtpd[10883]: disconnect from unknown[45.148.10.29]
Oct 26 16:59:20 vps postfix/smtpd[31233]: connect from unknown[180.71.9.31]
Oct 26 16:59:26 vps postfix/smtpd[31233]: warning: unknown[180.71.9.31]: SASL LOGIN authentication failed: UGFzc3dvcmQ6
Oct 26 16:59:26 vps postfix/smtpd[31233]: lost connection after AUTH from unknown[180.71.9.31]
Oct 26 16:59:26 vps postfix/smtpd[31233]: disconnect from unknown[180.71.9.31]
Oct 26 16:59:30 vps postfix/smtpd[28852]: connect from unknown[45.148.10.39]
Oct 26 16:59:33 vps postfix/smtpd[28852]: warning: unknown[45.148.10.39]: SASL LOGIN authentication failed: UGFzc3dvcmQ6
Oct 26 16:59:33 vps postfix/smtpd[28852]: disconnect from unknown[45.148.10.39]
Oct 26 16:59:42 vps postfix/smtpd[31233]: connect from unknown[212.132.96.229]
Oct 26 16:59:43 vps postfix/smtpd[10883]: connect from unknown[213.209.157.167]
Oct 26 16:59:45 vps postfix/smtpd[31233]: warning: unknown[212.132.96.229]: SASL LOGIN authentication failed: UGFzc3dvcmQ6
Oct 26 16:59:45 vps postfix/smtpd[10883]: warning: unknown[213.209.157.167]: SASL LOGIN authentication failed: UGFzc3dvcmQ6
Oct 26 16:59:45 vps postfix/smtpd[10883]: disconnect from unknown[213.209.157.167]
Oct 26 16:59:45 vps postfix/smtpd[31233]: disconnect from unknown[212.132.96.229]
Oct 26 16:59:48 vps postfix/smtpd[28852]: connect from unknown[77.90.185.220]
Oct 26 16:59:50 vps postfix/smtpd[28852]: warning: unknown[77.90.185.220]: SASL LOGIN authentication failed: UGFzc3dvcmQ6
Oct 26 16:59:50 vps postfix/smtpd[28852]: disconnect from unknown[77.90.185.220]
Oct 26 16:59:52 vps postfix/anvil[16309]: statistics: max connection rate 3/60s for (smtp:213.209.157.167) at
Oct 26 16:57:57
Oct 26 16:59:52 vps postfix/anvil[16309]: statistics: max connection count 2 for (submission:45.82.78.100) at
Oct 26 16:55:12
Oct 26 16:59:52 vps postfix/anvil[16309]: statistics: max cache size 8 at
Oct 26 16:58:26
Oct 26 16:59:54 vps postfix/smtpd[31233]: connect from unknown[196.251.85.136]
Oct 26 16:59:54 vps postfix/smtpd[31233]: lost connection after CONNECT from unknown[196.251.85.136]
Oct 26 16:59:54 vps postfix/smtpd[31233]: disconnect from unknown[196.251.85.136]
Oct 26 17:00:04 vps postfix/smtpd[10883]: connect from unknown[77.90.185.220]
Oct 26 17:00:07 vps postfix/smtpd[10883]: warning: unknown[77.90.185.220]: SASL LOGIN authentication failed: UGFzc3dvcmQ6
Oct 26 17:00:07 vps postfix/smtpd[10883]: disconnect from unknown[77.90.185.220]
Oct 26 17:00:25 vps postfix/qmgr[22181]: 14A3D3718C6: from=, size=918, nrcpt=1 (queue active)
Oct 26 17:00:25 vps postfix/qmgr[22181]: 4EABB372344: from=, size=1804, nrcpt=2 (queue active)
Oct 26 17:00:25 vps postfix/pipe[5731]: 4EABB372344: to=, relay=dovecot, delay=454, delays=454/0.02/0/0.19, dsn=4.1.1, status=SOFTBOUNCE (user unknown. Command output: doveconf: Warning: /etc/dovecot/dovecot.conf line 8: Global setting ssl_cert won't change the setting inside an earlier filter at /etc/dovecot/domains/24mtcthalaimaisangam.org.conf line 2 (if this is intentional, avoid this warning by moving the global setting before /etc/dovecot/domains/24mtcthalaimaisangam.org.conf line 2) doveconf: Warning: /etc/dovecot/dovecot.conf line 9: Global setting ssl_key won't change the setting inside an earlier filter at /etc/dovecot/domains/24mtcthalaimaisangam.org.conf line 3 (if this is intentional, avoid this warning by moving the global setting before /etc/dovecot/domains/24mtcthalaimaisangam.org.conf line 3) doveconf: Warning: /etc/dovecot/dovecot.conf line 10: Global setting ssl_ca won't change the setting inside an earlier filter at /etc/dovecot/domains/24mtcthalaimaisangam.org.conf line 4 (if this is intentional, avoid this warning by moving the global setting before /etc/dovecot/domains/24mtcthalaimaisangam.org.conf line 4) )
Oct 26 17:00:27 vps postfix/smtp[5730]: 14A3D3718C6: host gmail-smtp-in.l.google.com[64.233.170.27] said: 550-5.7.26 Your email has been blocked because the sender is unauthenticated. 550-5.7.26 Gmail requires all senders to authenticate with either SPF or DKIM. 550-5.7.26 550-5.7.26 Authentication results: 550-5.7.26 DKIM = did not pass 550-5.7.26 SPF [vps.vcrowd.in] with ip: [103.120.179.240] = did not pass 550-5.7.26 550-5.7.26 For instructions on setting up authentication, go to 550 5.7.26 https://support.google.com/mail/answer/81126#authentication d9443c01a7336-2949aaf12d7si23318445ad.462 - gsmtp (in reply to end of DATA command)
Oct 26 17:00:28 vps postfix/smtp[5733]: 4EABB372344: host gmail-smtp-in.l.google.com[64.233.170.27] said: 550-5.7.26 Your email has been blocked because the sender is unauthenticated. 550-5.7.26 Gmail requires all senders to authenticate with either SPF or DKIM. 550-5.7.26 550-5.7.26 Authentication results: 550-5.7.26 DKIM = did not pass 550-5.7.26 SPF [vps.vcrowd.in] with ip: [103.120.179.240] = did not pass 550-5.7.26 550-5.7.26 For instructions on setting up authentication, go to 550 5.7.26 https://support.google.com/mail/answer/81126#authentication d2e1a72fcca58-7a415634e5asi2215082b3a.573 - gsmtp (in reply to end of DATA command)
Oct 26 17:00:29 vps postfix/smtp[5730]: 14A3D3718C6: to=, relay=alt1.gmail-smtp-in.l.google.com[192.178.163.26]:25, delay=526, delays=522/0.06/3.5/0.76, dsn=4.7.26, status=SOFTBOUNCE (host alt1.gmail-smtp-in.l.google.com[192.178.163.26] said: 550-5.7.26 Your email has been blocked because the sender is unauthenticated. 550-5.7.26 Gmail requires all senders to authenticate with either SPF or DKIM. 550-5.7.26 550-5.7.26 Authentication results: 550-5.7.26 DKIM = did not pass 550-5.7.26 SPF [vps.vcrowd.in] with ip: [103.120.179.240] = did not pass 550-5.7.26 550-5.7.26 For instructions on setting up authentication, go to 550 5.7.26 https://support.google.com/mail/answer/81126#authentication d9443c01a7336-2949ab05cf8si23440975ad.509 - gsmtp (in reply to end of DATA command))
Oct 26 17:00:30 vps postfix/smtp[5733]: 4EABB372344: to=, relay=alt1.gmail-smtp-in.l.google.com[192.178.163.27]:25, delay=460, delays=454/0.04/5/0.61, dsn=4.7.26, status=SOFTBOUNCE (host alt1.gmail-smtp-in.l.google.com[192.178.163.27] said: 550-5.7.26 Your email has been blocked because the sender is unauthenticated. 550-5.7.26 Gmail requires all senders to authenticate with either SPF or DKIM. 550-5.7.26 550-5.7.26 Authentication results: 550-5.7.26 DKIM = did not pass 550-5.7.26 SPF [vps.vcrowd.in] with ip: [103.120.179.240] = did not pass 550-5.7.26 550-5.7.26 For instructions on setting up authentication, go to 550 5.7.26 https://support.google.com/mail/answer/81126#authentication 41be03b00d2f7-b71d5729259si2027884a12.310 - gsmtp (in reply to end of DATA command))
Oct 26 17:00:50 vps postfix/smtpd[28852]: connect from unknown[213.209.157.167]
Oct 26 17:00:53 vps postfix/smtpd[28852]: warning: unknown[213.209.157.167]: SASL LOGIN authentication failed: UGFzc3dvcmQ6
Oct 26 17:00:53 vps postfix/smtpd[28852]: disconnect from unknown[213.209.157.167]
Oct 26 17:01:02 vps postfix/smtpd[31233]: connect from unknown[212.132.96.229]
Oct 26 17:01:05 vps postfix/smtpd[31233]: warning: unknown[212.132.96.229]: SASL LOGIN authentication failed: UGFzc3dvcmQ6
Oct 26 17:01:05 vps postfix/smtpd[31233]: disconnect from unknown[212.132.96.229]
Oct 26 17:01:28 vps postfix/smtpd[10883]: connect from unknown[45.148.10.86]
Oct 26 17:01:33 vps postfix/smtpd[10883]: warning: unknown[45.148.10.86]: SASL LOGIN authentication failed: UGFzc3dvcmQ6
Oct 26 17:01:33 vps postfix/smtpd[10883]: disconnect from unknown[45.148.10.86]
Oct 26 17:01:44 vps postfix/smtpd[28852]: connect from unknown[213.209.157.167]
Oct 26 17:01:47 vps postfix/smtpd[28852]: warning: unknown[213.209.157.167]: SASL LOGIN authentication failed: UGFzc3dvcmQ6
Oct 26 17:01:47 vps postfix/smtpd[28852]: disconnect from unknown[213.209.157.167]
Oct 26 17:02:24 vps postfix/smtpd[31233]: connect from unknown[212.132.96.229]
Oct 26 17:02:27 vps postfix/smtpd[31233]: warning: unknown[212.132.96.229]: SASL LOGIN authentication failed: UGFzc3dvcmQ6
Oct 26 17:02:27 vps postfix/smtpd[31233]: disconnect from unknown[212.132.96.229]
Oct 26 17:03:43 vps postfix/smtpd[31233]: connect from unknown[212.132.96.229]
Oct 26 17:03:46 vps postfix/smtpd[31233]: warning: unknown[212.132.96.229]: SASL LOGIN authentication failed: UGFzc3dvcmQ6
Oct 26 17:03:46 vps postfix/smtpd[31233]: disconnect from unknown[212.132.96.229]
Oct 26 17:04:24 vps postfix/smtpd[9937]: connect from unknown[213.209.157.225]
Oct 26 17:04:27 vps postfix/smtpd[9937]: warning: unknown[213.209.157.225]: SASL LOGIN authentication failed: UGFzc3dvcmQ6
Oct 26 17:04:27 vps postfix/smtpd[9937]: disconnect from unknown[213.209.157.225]
Oct 26 17:04:37 vps postfix/smtpd[9937]: connect from unknown[213.209.157.167]
Oct 26 17:04:39 vps postfix/smtpd[9937]: warning: unknown[213.209.157.167]: SASL LOGIN authentication failed: UGFzc3dvcmQ6
Oct 26 17:04:39 vps postfix/smtpd[9937]: disconnect from unknown[213.209.157.167]
Oct 26 17:04:47 vps postfix/smtpd[9937]: connect from unknown[213.209.157.167]
Oct 26 17:04:54 vps postfix/smtpd[9937]: warning: unknown[213.209.157.167]: SASL LOGIN authentication failed: UGFzc3dvcmQ6
Oct 26 17:04:54 vps postfix/smtpd[9937]: disconnect from unknown[213.209.157.167]
Oct 26 17:05:02 vps postfix/smtpd[31233]: connect from unknown[212.132.96.229]
Oct 26 17:05:05 vps postfix/smtpd[31233]: warning: unknown[212.132.96.229]: SASL LOGIN authentication failed: UGFzc3dvcmQ6
Oct 26 17:05:05 vps postfix/smtpd[31233]: disconnect from unknown[212.132.96.229]
Oct 26 17:05:23 vps postfix/smtpd[9937]: connect from unknown[213.209.157.167]
Oct 26 17:05:25 vps postfix/qmgr[22181]: C6243161940: from=, size=989, nrcpt=2 (queue active)
Oct 26 17:05:25 vps postfix/qmgr[22181]: CF5F520ED4C: from=, size=479, nrcpt=1 (queue active)
Oct 26 17:05:25 vps postfix/smtpd[9937]: warning: unknown[213.209.157.167]: SASL LOGIN authentication failed: UGFzc3dvcmQ6
Oct 26 17:05:25 vps postfix/smtpd[9937]: disconnect from unknown[213.209.157.167]
Oct 26 17:05:27 vps postfix/smtp[11987]: C6243161940: host gmail-smtp-in.l.google.com[64.233.170.27] said: 550-5.7.26 Your email has been blocked because the sender is unauthenticated. 550-5.7.26 Gmail requires all senders to authenticate with either SPF or DKIM. 550-5.7.26 550-5.7.26 Authentication results: 550-5.7.26 DKIM = did not pass 550-5.7.26 SPF [vps.vcrowd.in] with ip: [103.120.179.240] = did not pass 550-5.7.26 550-5.7.26 For instructions on setting up authentication, go to 550 5.7.26 https://support.google.com/mail/answer/81126#authentication 41be03b00d2f7-b71d581e8c2si2126275a12.127 - gsmtp (in reply to end of DATA command)
Oct 26 17:05:27 vps postfix/smtp[11988]: CF5F520ED4C: host gmail-smtp-in.l.google.com[64.233.170.27] said: 550-5.7.26 Your email has been blocked because the sender is unauthenticated. 550-5.7.26 Gmail requires all senders to authenticate with either SPF or DKIM. 550-5.7.26 550-5.7.26 Authentication results: 550-5.7.26 DKIM = did not pass 550-5.7.26 SPF [vps.vcrowd.in] with ip: [103.120.179.240] = did not pass 550-5.7.26 550-5.7.26 For instructions on setting up authentication, go to 550 5.7.26 https://support.google.com/mail/answer/81126#authentication 41be03b00d2f7-b71f919fecasi1924388a12.1644 - gsmtp (in reply to end of DATA command)
Oct 26 17:05:29 vps postfix/smtp[11988]: CF5F520ED4C: to=, relay=alt1.gmail-smtp-in.l.google.com[192.178.163.26]:25, delay=920, delays=915/0.04/3.4/0.63, dsn=4.7.26, status=SOFTBOUNCE (host alt1.gmail-smtp-in.l.google.com[192.178.163.26] said: 550-5.7.26 Your email has been blocked because the sender is unauthenticated. 550-5.7.26 Gmail requires all senders to authenticate with either SPF or DKIM. 550-5.7.26 550-5.7.26 Authentication results: 550-5.7.26 DKIM = did not pass 550-5.7.26 SPF [vps.vcrowd.in] with ip: [103.120.179.240] = did not pass 550-5.7.26 550-5.7.26 For instructions on setting up authentication, go to 550 5.7.26 https://support.google.com/mail/answer/81126#authentication 41be03b00d2f7-b733a64220esi1868117a12.1454 - gsmtp (in reply to end of DATA command))
Oct 26 17:05:29 vps postfix/qmgr[22181]: CF5F520ED4C: from=, status=expired, returned to sender
Oct 26 17:05:29 vps postfix/cleanup[12054]: 65B6A16898B: message-id=<20251026113529.65B6A16898B@vps.vcrowd.in>
Oct 26 17:05:29 vps postfix/bounce[12053]: CF5F520ED4C: sender non-delivery notification: 65B6A16898B
Oct 26 17:05:29 vps postfix/qmgr[22181]: 65B6A16898B: from=<>, size=3773, nrcpt=1 (queue active)
Oct 26 17:05:29 vps postfix/qmgr[22181]: CF5F520ED4C: removed
Oct 26 17:05:29 vps postfix/smtp[11987]: C6243161940: to=, relay=alt1.gmail-smtp-in.l.google.com[192.178.163.26]:25, delay=941, delays=936/0.04/3.4/0.7, dsn=4.7.26, status=SOFTBOUNCE (host alt1.gmail-smtp-in.l.google.com[192.178.163.26] said: 550-5.7.26 Your email has been blocked because the sender is unauthenticated. 550-5.7.26 Gmail requires all senders to authenticate with either SPF or DKIM. 550-5.7.26 550-5.7.26 Authentication results: 550-5.7.26 DKIM = did not pass 550-5.7.26 SPF [vps.vcrowd.in] with ip: [103.120.179.240] = did not pass 550-5.7.26 550-5.7.26 For instructions on setting up authentication, go to 550 5.7.26 https://support.google.com/mail/answer/81126#authentication 41be03b00d2f7-b71f7d84524si2033263a12.1533 - gsmtp (in reply to end of DATA command))
Oct 26 17:05:29 vps postfix/smtp[11987]: C6243161940: to=, relay=alt1.gmail-smtp-in.l.google.com[192.178.163.26]:25, delay=941, delays=936/0.04/3.4/0.7, dsn=4.7.26, status=SOFTBOUNCE (host alt1.gmail-smtp-in.l.google.com[192.178.163.26] said: 550-5.7.26 Your email has been blocked because the sender is unauthenticated. 550-5.7.26 Gmail requires all senders to authenticate with either SPF or DKIM. 550-5.7.26 550-5.7.26 Authentication results: 550-5.7.26 DKIM = did not pass 550-5.7.26 SPF [vps.vcrowd.in] with ip: [103.120.179.240] = did not pass 550-5.7.26 550-5.7.26 For instructions on setting up authentication, go to 550 5.7.26 https://support.google.com/mail/answer/81126#authentication 41be03b00d2f7-b71f7d84524si2033263a12.1533 - gsmtp (in reply to end of DATA command))
Oct 26 17:05:29 vps postfix/qmgr[22181]: C6243161940: from=, status=expired, returned to sender
Oct 26 17:05:29 vps postfix/cleanup[12054]: 6A53C20ED4C: message-id=<20251026113529.6A53C20ED4C@vps.vcrowd.in>
Oct 26 17:05:29 vps postfix/bounce[12056]: C6243161940: sender non-delivery notification: 6A53C20ED4C
Oct 26 17:05:29 vps postfix/qmgr[22181]: 6A53C20ED4C: from=<>, size=5668, nrcpt=1 (queue active)
Oct 26 17:05:29 vps postfix/qmgr[22181]: C6243161940: removed
Oct 26 17:05:29 vps postfix/local[12057]: 65B6A16898B: to=, relay=local, delay=0.04, delays=0.02/0.02/0/0.01, dsn=2.0.0, status=sent (delivered to mailbox)
Oct 26 17:05:29 vps postfix/qmgr[22181]: 65B6A16898B: removed
Oct 26 17:05:29 vps postfix/local[12057]: 6A53C20ED4C: to=, relay=local, delay=0.01, delays=0.01/0/0/0.01, dsn=2.0.0, status=sent (delivered to mailbox)
Oct 26 17:05:29 vps postfix/qmgr[22181]: 6A53C20ED4C: removed
Oct 26 17:05:41 vps postfix/pickup[9823]: 18528161940: uid=1052 from=
Oct 26 17:05:41 vps postfix/cleanup[12054]: 18528161940: message-id=<20251026113541.18528161940@vps.vcrowd.in>
Oct 26 17:05:41 vps opendkim[5590]: 18528161940: DKIM-Signature field added (s=default, d=crackersadaikki.com)
Oct 26 17:05:41 vps postfix/qmgr[22181]: 18528161940: from=, size=877, nrcpt=2 (queue active)
Oct 26 17:05:42 vps postfix/smtpd[9937]: connect from unknown[45.148.10.26]
Oct 26 17:05:43 vps postfix/pickup[9823]: F1CD216898B: uid=1052 from=
Oct 26 17:05:43 vps postfix/cleanup[12054]: F1CD216898B: message-id=<20251026113543.F1CD216898B@vps.vcrowd.in>
Oct 26 17:05:43 vps opendkim[5590]: F1CD216898B: DKIM-Signature field added (s=default, d=crackersadaikki.com)
Oct 26 17:05:44 vps postfix/qmgr[22181]: F1CD216898B: from=, size=1116, nrcpt=2 (queue active)
Oct 26 17:05:44 vps postfix/smtp[11987]: 18528161940: to=, relay=mta7.am0.yahoodns.net[98.136.96.76]:25, delay=3.4, delays=0.06/0.01/2.4/0.94, dsn=2.0.0, status=sent (250 ok dirdel)
Oct 26 17:05:45 vps postfix/smtpd[9937]: warning: unknown[45.148.10.26]: SASL LOGIN authentication failed: UGFzc3dvcmQ6
Oct 26 17:05:45 vps postfix/smtpd[9937]: disconnect from unknown[45.148.10.26]
Oct 26 17:05:45 vps postfix/smtpd[12314]: connect from unknown[45.148.10.31]
Oct 26 17:05:45 vps postfix/smtp[12292]: F1CD216898B: host gmail-smtp-in.l.google.com[64.233.170.26] said: 550-5.7.26 Your email has been blocked because the sender is unauthenticated. 550-5.7.26 Gmail requires all senders to authenticate with either SPF or DKIM. 550-5.7.26 550-5.7.26 Authentication results: 550-5.7.26 DKIM = did not pass 550-5.7.26 SPF [vps.vcrowd.in] with ip: [103.120.179.240] = did not pass 550-5.7.26 550-5.7.26 For instructions on setting up authentication, go to 550 5.7.26 https://support.google.com/mail/answer/81126#authentication 41be03b00d2f7-b71f31d3d65si2036548a12.972 - gsmtp (in reply to end of DATA command)
Oct 26 17:05:47 vps postfix/smtpd[12314]: warning: unknown[45.148.10.31]: SASL LOGIN authentication failed: UGFzc3dvcmQ6
Oct 26 17:05:47 vps postfix/smtpd[12314]: disconnect from unknown[45.148.10.31]
Oct 26 17:05:48 vps postfix/smtp[12292]: F1CD216898B: to=, relay=alt1.gmail-smtp-in.l.google.com[192.178.163.26]:25, delay=4.3, delays=0.05/0.04/3.5/0.73, dsn=4.7.26, status=SOFTBOUNCE (host alt1.gmail-smtp-in.l.google.com[192.178.163.26] said: 550-5.7.26 Your email has been blocked because the sender is unauthenticated. 550-5.7.26 Gmail requires all senders to authenticate with either SPF or DKIM. 550-5.7.26 550-5.7.26 Authentication results: 550-5.7.26 DKIM = did not pass 550-5.7.26 SPF [vps.vcrowd.in] with ip: [103.120.179.240] = did not pass 550-5.7.26 550-5.7.26 For instructions on setting up authentication, go to 550 5.7.26 https://support.google.com/mail/answer/81126#authentication 41be03b00d2f7-b71f5afe917si2050330a12.1224 - gsmtp (in reply to end of DATA command))
Oct 26 17:05:50 vps postfix/smtpd[31233]: connect from courageous.monitoring.internet-measurement.com[87.236.176.204]
Oct 26 17:05:56 vps postfix/smtpd[31233]: Anonymous TLS connection established from courageous.monitoring.internet-measurement.com[87.236.176.204]: TLSv1.2 with cipher ECDHE-RSA-AES128-GCM-SHA256 (128/128 bits)
Oct 26 17:05:57 vps postfix/smtpd[31233]: disconnect from courageous.monitoring.internet-measurement.com[87.236.176.204]
Oct 26 17:06:06 vps postfix/smtpd[9937]: connect from unknown[196.251.92.11]
Oct 26 17:06:09 vps postfix/smtpd[9937]: warning: unknown[196.251.92.11]: SASL LOGIN authentication failed: UGFzc3dvcmQ6
Oct 26 17:06:09 vps postfix/smtpd[9937]: disconnect from unknown[196.251.92.11]
Oct 26 17:06:11 vps postfix/smtp[11988]: connect to crackersadaikki.com[76.223.67.189]:25: Connection timed out
Oct 26 17:06:14 vps postfix/smtp[12291]: connect to crackersadaikki.com[13.248.213.45]:25: Connection timed out
Oct 26 17:06:20 vps postfix/smtpd[31233]: connect from unknown[212.132.96.229]
Oct 26 17:06:22 vps postfix/smtpd[31233]: warning: unknown[212.132.96.229]: SASL LOGIN authentication failed: UGFzc3dvcmQ6
Oct 26 17:06:22 vps postfix/smtpd[31233]: disconnect from unknown[212.132.96.229]
Oct 26 17:06:35 vps postfix/pickup[9823]: D45D620ED4C: uid=1062 from=
Oct 26 17:06:35 vps postfix/cleanup[12054]: D45D620ED4C: message-id=<20251026113635.D45D620ED4C@vps.vcrowd.in>
Oct 26 17:06:35 vps opendkim[5590]: D45D620ED4C: no signing table match for '"info@gvkennel"@gmail.com'
Oct 26 17:06:35 vps opendkim[5590]: D45D620ED4C: no signature data
Oct 26 17:06:35 vps postfix/qmgr[22181]: D45D620ED4C: from=, size=929, nrcpt=1 (queue active)
Oct 26 17:06:37 vps postfix/smtp[11987]: D45D620ED4C: host gmail-smtp-in.l.google.com[64.233.170.26] said: 550-5.7.26 Your email has been blocked because the sender is unauthenticated. 550-5.7.26 Gmail requires all senders to authenticate with either SPF or DKIM. 550-5.7.26 550-5.7.26 Authentication results: 550-5.7.26 DKIM = did not pass 550-5.7.26 SPF [vps.vcrowd.in] with ip: [103.120.179.240] = did not pass 550-5.7.26 550-5.7.26 For instructions on setting up authentication, go to 550 5.7.26 https://support.google.com/mail/answer/81126#authentication 41be03b00d2f7-b71f5162bdasi1989096a12.1094 - gsmtp (in reply to end of DATA command)
Oct 26 17:06:40 vps postfix/smtp[11987]: D45D620ED4C: to=, relay=alt1.gmail-smtp-in.l.google.com[192.178.163.27]:25, delay=4.3, delays=0.03/0/3.5/0.78, dsn=4.7.26, status=SOFTBOUNCE (host alt1.gmail-smtp-in.l.google.com[192.178.163.27] said: 550-5.7.26 Your email has been blocked because the sender is unauthenticated. 550-5.7.26 Gmail requires all senders to authenticate with either SPF or DKIM. 550-5.7.26 550-5.7.26 Authentication results: 550-5.7.26 DKIM = did not pass 550-5.7.26 SPF [vps.vcrowd.in] with ip: [103.120.179.240] = did not pass 550-5.7.26 550-5.7.26 For instructions on setting up authentication, go to 550 5.7.26 https://support.google.com/mail/answer/81126#authentication 41be03b00d2f7-b71f77c9a37si2008374a12.1462 - gsmtp (in reply to end of DATA command))
Oct 26 17:06:41 vps postfix/smtp[11988]: connect to crackersadaikki.com[13.248.213.45]:25: Connection timed out
Oct 26 17:06:41 vps postfix/smtp[11988]: 18528161940: to=, relay=none, delay=60, delays=0.06/0/60/0, dsn=4.4.1, status=deferred (connect to crackersadaikki.com[13.248.213.45]:25: Connection timed out)
Oct 26 17:06:44 vps postfix/smtp[12291]: connect to crackersadaikki.com[76.223.67.189]:25: Connection timed out
Oct 26 17:06:44 vps postfix/smtp[12291]: F1CD216898B: to=, relay=none, delay=60, delays=0.05/0.02/60/0, dsn=4.4.1, status=deferred (connect to crackersadaikki.com[76.223.67.189]:25: Connection timed out)
Oct 26 17:06:46 vps postfix/smtpd[12314]: connect from unknown[213.209.157.167]
Oct 26 17:06:48 vps postfix/smtpd[12314]: warning: unknown[213.209.157.167]: SASL LOGIN authentication failed: UGFzc3dvcmQ6
Oct 26 17:06:48 vps postfix/smtpd[12314]: disconnect from unknown[213.209.157.167]
Oct 26 17:07:00 vps postfix/smtpd[9937]: connect from unknown[196.251.92.11]
Oct 26 17:07:01 vps postfix/smtps/smtpd[13499]: connect from unknown[217.138.162.6]
Oct 26 17:07:01 vps postfix/smtps/smtpd[13499]: Anonymous TLS connection established from unknown[217.138.162.6]: TLSv1.2 with cipher ECDHE-RSA-AES256-GCM-SHA384 (256/256 bits)
Oct 26 17:07:02 vps postfix/smtpd[9937]: warning: unknown[196.251.92.11]: SASL LOGIN authentication failed: UGFzc3dvcmQ6
Oct 26 17:07:02 vps postfix/smtpd[9937]: disconnect from unknown[196.251.92.11]
Oct 26 17:07:05 vps postfix/smtps/smtpd[13499]: warning: unknown[217.138.162.6]: SASL LOGIN authentication failed: UGFzc3dvcmQ6
Oct 26 17:07:05 vps postfix/smtps/smtpd[13499]: disconnect from unknown[217.138.162.6]
Oct 26 17:07:39 vps postfix/smtpd[31233]: connect from unknown[212.132.96.229]
Oct 26 17:07:42 vps postfix/smtpd[31233]: warning: unknown[212.132.96.229]: SASL LOGIN authentication failed: UGFzc3dvcmQ6
Oct 26 17:07:42 vps postfix/smtpd[31233]: disconnect from unknown[212.132.96.229]
Oct 26 17:08:16 vps postfix/smtpd[12314]: connect from unknown[213.209.157.252]
Oct 26 17:08:19 vps postfix/smtpd[12314]: warning: unknown[213.209.157.252]: SASL LOGIN authentication failed: UGFzc3dvcmQ6
Oct 26 17:08:19 vps postfix/smtpd[12314]: disconnect from unknown[213.209.157.252]
Oct 26 17:08:19 vps postfix/smtpd[9937]: connect from unknown[45.148.10.35]
Oct 26 17:08:22 vps postfix/smtpd[9937]: warning: unknown[45.148.10.35]: SASL LOGIN authentication failed: UGFzc3dvcmQ6
Oct 26 17:08:22 vps postfix/smtpd[9937]: disconnect from unknown[45.148.10.35]
Oct 26 17:08:32 vps postfix/smtpd[12314]: connect from unknown[45.148.10.34]
Oct 26 17:08:35 vps postfix/smtpd[12314]: warning: unknown[45.148.10.34]: SASL LOGIN authentication failed: UGFzc3dvcmQ6
Oct 26 17:08:35 vps postfix/smtpd[12314]: disconnect from unknown[45.148.10.34]
Oct 26 17:08:57 vps postfix/smtpd[31233]: connect from unknown[212.132.96.229]
Oct 26 17:08:58 vps postfix/smtpd[9937]: connect from unknown[213.209.157.167]
Oct 26 17:09:00 vps postfix/smtpd[31233]: warning: unknown[212.132.96.229]: SASL LOGIN authentication failed: UGFzc3dvcmQ6
Oct 26 17:09:00 vps postfix/smtpd[31233]: disconnect from unknown[212.132.96.229]
Oct 26 17:09:01 vps postfix/smtpd[9937]: warning: unknown[213.209.157.167]: SASL LOGIN authentication failed: UGFzc3dvcmQ6
Oct 26 17:09:01 vps postfix/smtpd[9937]: disconnect from unknown[213.209.157.167]
Oct 26 17:09:10 vps postfix/smtpd[12314]: connect from unknown[213.209.157.167]
Oct 26 17:09:17 vps postfix/smtpd[12314]: warning: unknown[213.209.157.167]: SASL LOGIN authentication failed: UGFzc3dvcmQ6
Oct 26 17:09:17 vps postfix/smtpd[12314]: disconnect from unknown[213.209.157.167]
Oct 26 17:09:21 vps postfix/smtpd[9937]: connect from unknown[213.209.157.167]
Oct 26 17:09:32 vps postfix/smtpd[9937]: warning: unknown[213.209.157.167]: SASL LOGIN authentication failed: UGFzc3dvcmQ6
Oct 26 17:09:32 vps postfix/smtpd[9937]: disconnect from unknown[213.209.157.167]
Oct 26 17:09:52 vps postfix/anvil[16309]: statistics: max connection rate 3/60s for (smtp:213.209.157.167) at
Oct 26 17:05:23
Oct 26 17:09:52 vps postfix/anvil[16309]: statistics: max connection count 1 for (submission:196.251.85.136) at
Oct 26 16:59:54
Oct 26 17:09:52 vps postfix/anvil[16309]: statistics: max cache size 7 at
Oct 26 16:59:54
Oct 26 17:10:16 vps postfix/smtpd[31233]: connect from unknown[212.132.96.229]
Oct 26 17:10:18 vps postfix/smtpd[31233]: warning: unknown[212.132.96.229]: SASL LOGIN authentication failed: UGFzc3dvcmQ6
Oct 26 17:10:18 vps postfix/smtpd[31233]: disconnect from unknown[212.132.96.229]
Oct 26 17:10:25 vps postfix/qmgr[22181]: 14A3D3718C6: from=, size=918, nrcpt=1 (queue active)
Oct 26 17:10:25 vps postfix/qmgr[22181]: 4EABB372344: from=, size=1804, nrcpt=2 (queue active)
Oct 26 17:10:25 vps postfix/pipe[17042]: 4EABB372344: to=, relay=dovecot, delay=1054, delays=1054/0.03/0/0.16, dsn=4.1.1, status=SOFTBOUNCE (user unknown. Command output: doveconf: Warning: /etc/dovecot/dovecot.conf line 8: Global setting ssl_cert won't change the setting inside an earlier filter at /etc/dovecot/domains/24mtcthalaimaisangam.org.conf line 2 (if this is intentional, avoid this warning by moving the global setting before /etc/dovecot/domains/24mtcthalaimaisangam.org.conf line 2) doveconf: Warning: /etc/dovecot/dovecot.conf line 9: Global setting ssl_key won't change the setting inside an earlier filter at /etc/dovecot/domains/24mtcthalaimaisangam.org.conf line 3 (if this is intentional, avoid this warning by moving the global setting before /etc/dovecot/domains/24mtcthalaimaisangam.org.conf line 3) doveconf: Warning: /etc/dovecot/dovecot.conf line 10: Global setting ssl_ca won't change the setting inside an earlier filter at /etc/dovecot/domains/24mtcthalaimaisangam.org.conf line 4 (if this is intentional, avoid this warning by moving the global setting before /etc/dovecot/domains/24mtcthalaimaisangam.org.conf line 4) )
Oct 26 17:10:27 vps postfix/smtp[17043]: 4EABB372344: host gmail-smtp-in.l.google.com[64.233.170.27] said: 550-5.7.26 Your email has been blocked because the sender is unauthenticated. 550-5.7.26 Gmail requires all senders to authenticate with either SPF or DKIM. 550-5.7.26 550-5.7.26 Authentication results: 550-5.7.26 DKIM = did not pass 550-5.7.26 SPF [vps.vcrowd.in] with ip: [103.120.179.240] = did not pass 550-5.7.26 550-5.7.26 For instructions on setting up authentication, go to 550 5.7.26 https://support.google.com/mail/answer/81126#authentication 41be03b00d2f7-b71f274b0b1si2003729a12.904 - gsmtp (in reply to end of DATA command)
Oct 26 17:10:27 vps postfix/smtp[17041]: 14A3D3718C6: host gmail-smtp-in.l.google.com[64.233.170.27] said: 550-5.7.26 Your email has been blocked because the sender is unauthenticated. 550-5.7.26 Gmail requires all senders to authenticate with either SPF or DKIM. 550-5.7.26 550-5.7.26 Authentication results: 550-5.7.26 DKIM = did not pass 550-5.7.26 SPF [vps.vcrowd.in] with ip: [103.120.179.240] = did not pass 550-5.7.26 550-5.7.26 For instructions on setting up authentication, go to 550 5.7.26 https://support.google.com/mail/answer/81126#authentication 41be03b00d2f7-b71d581dfd5si2085686a12.158 - gsmtp (in reply to end of DATA command)
Oct 26 17:10:29 vps postfix/smtp[17043]: 4EABB372344: to=, relay=alt1.gmail-smtp-in.l.google.com[192.178.163.26]:25, delay=1058, delays=1054/0.04/3.4/0.7, dsn=4.7.26, status=SOFTBOUNCE (host alt1.gmail-smtp-in.l.google.com[192.178.163.26] said: 550-5.7.26 Your email has been blocked because the sender is unauthenticated. 550-5.7.26 Gmail requires all senders to authenticate with either SPF or DKIM. 550-5.7.26 550-5.7.26 Authentication results: 550-5.7.26 DKIM = did not pass 550-5.7.26 SPF [vps.vcrowd.in] with ip: [103.120.179.240] = did not pass 550-5.7.26 550-5.7.26 For instructions on setting up authentication, go to 550 5.7.26 https://support.google.com/mail/answer/81126#authentication d2e1a72fcca58-7a4156351bfsi2228086b3a.591 - gsmtp (in reply to end of DATA command))
Oct 26 17:10:29 vps postfix/qmgr[22181]: 4EABB372344: from=, status=expired, returned to sender
Oct 26 17:10:29 vps postfix/cleanup[17086]: 943803718C5: message-id=<20251026114029.943803718C5@vps.vcrowd.in>
Oct 26 17:10:29 vps postfix/bounce[17047]: 4EABB372344: sender non-delivery notification: 943803718C5
Oct 26 17:10:29 vps postfix/qmgr[22181]: 943803718C5: from=<>, size=7376, nrcpt=1 (queue active)
Oct 26 17:10:29 vps postfix/qmgr[22181]: 4EABB372344: removed
Oct 26 17:10:29 vps postfix/local[17087]: 943803718C5: to=, relay=local, delay=0.04, delays=0.02/0.02/0/0, dsn=2.0.0, status=sent (delivered to mailbox)
Oct 26 17:10:29 vps postfix/qmgr[22181]: 943803718C5: removed
