Oct 26 14:25:10 vps postfix/smtpd[2406]: disconnect from unknown[103.237.86.173]
Oct 26 14:25:19 vps postfix/smtpd[18789]: connect from unknown[103.237.86.173]
Oct 26 14:25:19 vps postfix/smtpd[18789]: Anonymous TLS connection established from unknown[103.237.86.173]: TLSv1.2 with cipher ECDHE-RSA-AES256-GCM-SHA384 (256/256 bits)
Oct 26 14:25:21 vps postfix/smtpd[18789]: warning: unknown[103.237.86.173]: SASL LOGIN authentication failed: UGFzc3dvcmQ6
Oct 26 14:25:21 vps postfix/smtpd[18789]: lost connection after AUTH from unknown[103.237.86.173]
Oct 26 14:25:21 vps postfix/smtpd[18789]: disconnect from unknown[103.237.86.173]
Oct 26 14:25:25 vps postfix/qmgr[22181]: CACDA20ED4C: from=, size=7383, nrcpt=1 (queue active)
Oct 26 14:25:25 vps postfix/smtpd[15697]: connect from unknown[213.209.157.167]
Oct 26 14:25:25 vps postfix/qmgr[22181]: 4E55F37234F: from=, size=962, nrcpt=1 (queue active)
Oct 26 14:25:25 vps postfix/qmgr[22181]: 75ACB161940: from=, size=929, nrcpt=1 (queue active)
Oct 26 14:25:26 vps postfix/smtp[20282]: CACDA20ED4C: to=, relay=none, delay=905, delays=904/0.04/1/0, dsn=4.4.4, status=SOFTBOUNCE (Host or domain name not found. Name service error for name=adiworld.in type=A: Host not found)
Oct 26 14:25:26 vps postfix/qmgr[22181]: CACDA20ED4C: from=, status=expired, returned to sender
Oct 26 14:25:26 vps postfix/cleanup[20302]: 4878B3718BF: message-id=<20251026085526.4878B3718BF@vps.vcrowd.in>
Oct 26 14:25:26 vps postfix/bounce[20301]: CACDA20ED4C: sender non-delivery notification: 4878B3718BF
Oct 26 14:25:26 vps postfix/qmgr[22181]: 4878B3718BF: from=<>, size=9249, nrcpt=1 (queue active)
Oct 26 14:25:26 vps postfix/qmgr[22181]: CACDA20ED4C: removed
Oct 26 14:25:26 vps postfix/local[20303]: 4878B3718BF: to=, relay=local, delay=0.05, delays=0.02/0.02/0/0, dsn=2.0.0, status=sent (delivered to mailbox)
Oct 26 14:25:26 vps postfix/qmgr[22181]: 4878B3718BF: removed
Oct 26 14:25:27 vps postfix/smtp[20284]: 75ACB161940: host gmail-smtp-in.l.google.com[64.233.170.27] said: 550-5.7.26 Your email has been blocked because the sender is unauthenticated. 550-5.7.26 Gmail requires all senders to authenticate with either SPF or DKIM. 550-5.7.26 550-5.7.26 Authentication results: 550-5.7.26 DKIM = did not pass 550-5.7.26 SPF [vps.vcrowd.in] with ip: [103.120.179.240] = did not pass 550-5.7.26 550-5.7.26 For instructions on setting up authentication, go to 550 5.7.26 https://support.google.com/mail/answer/81126#authentication 41be03b00d2f7-b71eafa6defsi1945866a12.537 - gsmtp (in reply to end of DATA command)
Oct 26 14:25:27 vps postfix/smtpd[15697]: warning: unknown[213.209.157.167]: SASL LOGIN authentication failed: UGFzc3dvcmQ6
Oct 26 14:25:27 vps postfix/smtp[20283]: 4E55F37234F: host gmail-smtp-in.l.google.com[64.233.170.26] said: 550-5.7.26 Your email has been blocked because the sender is unauthenticated. 550-5.7.26 Gmail requires all senders to authenticate with either SPF or DKIM. 550-5.7.26 550-5.7.26 Authentication results: 550-5.7.26 DKIM = did not pass 550-5.7.26 SPF [vps.vcrowd.in] with ip: [103.120.179.240] = did not pass 550-5.7.26 550-5.7.26 For instructions on setting up authentication, go to 550 5.7.26 https://support.google.com/mail/answer/81126#authentication 41be03b00d2f7-b71eb0a2095si1829927a12.446 - gsmtp (in reply to end of DATA command)
Oct 26 14:25:27 vps postfix/smtpd[15697]: disconnect from unknown[213.209.157.167]
Oct 26 14:25:29 vps postfix/smtpd[2406]: connect from unknown[103.237.86.173]
Oct 26 14:25:29 vps postfix/smtpd[2406]: Anonymous TLS connection established from unknown[103.237.86.173]: TLSv1.2 with cipher ECDHE-RSA-AES256-GCM-SHA384 (256/256 bits)
Oct 26 14:25:29 vps postfix/smtp[20284]: 75ACB161940: to=, relay=alt1.gmail-smtp-in.l.google.com[192.178.163.26]:25, delay=1195, delays=1191/0.05/3.5/0.77, dsn=4.7.26, status=SOFTBOUNCE (host alt1.gmail-smtp-in.l.google.com[192.178.163.26] said: 550-5.7.26 Your email has been blocked because the sender is unauthenticated. 550-5.7.26 Gmail requires all senders to authenticate with either SPF or DKIM. 550-5.7.26 550-5.7.26 Authentication results: 550-5.7.26 DKIM = did not pass 550-5.7.26 SPF [vps.vcrowd.in] with ip: [103.120.179.240] = did not pass 550-5.7.26 550-5.7.26 For instructions on setting up authentication, go to 550 5.7.26 https://support.google.com/mail/answer/81126#authentication 41be03b00d2f7-b71f5ce85edsi1855796a12.1258 - gsmtp (in reply to end of DATA command))
Oct 26 14:25:29 vps postfix/qmgr[22181]: 75ACB161940: from=, status=expired, returned to sender
Oct 26 14:25:29 vps postfix/cleanup[20302]: 88A2120ED4C: message-id=<20251026085529.88A2120ED4C@vps.vcrowd.in>
Oct 26 14:25:29 vps postfix/bounce[20301]: 75ACB161940: sender non-delivery notification: 88A2120ED4C
Oct 26 14:25:29 vps postfix/qmgr[22181]: 88A2120ED4C: from=<>, size=3859, nrcpt=1 (queue active)
Oct 26 14:25:29 vps postfix/qmgr[22181]: 75ACB161940: removed
Oct 26 14:25:29 vps postfix/local[20303]: 88A2120ED4C: to=, relay=local, delay=0.01, delays=0.01/0/0/0, dsn=2.0.0, status=sent (delivered to mailbox)
Oct 26 14:25:29 vps postfix/qmgr[22181]: 88A2120ED4C: removed
Oct 26 14:25:29 vps postfix/smtp[20283]: 4E55F37234F: to=, relay=alt1.gmail-smtp-in.l.google.com[192.178.163.27]:25, delay=1193, delays=1189/0.04/3.6/0.76, dsn=4.7.26, status=SOFTBOUNCE (host alt1.gmail-smtp-in.l.google.com[192.178.163.27] said: 550-5.7.26 Your email has been blocked because the sender is unauthenticated. 550-5.7.26 Gmail requires all senders to authenticate with either SPF or DKIM. 550-5.7.26 550-5.7.26 Authentication results: 550-5.7.26 DKIM = did not pass 550-5.7.26 SPF [vps.vcrowd.in] with ip: [103.120.179.240] = did not pass 550-5.7.26 550-5.7.26 For instructions on setting up authentication, go to 550 5.7.26 https://support.google.com/mail/answer/81126#authentication d2e1a72fcca58-7a4156928c1si2206008b3a.942 - gsmtp (in reply to end of DATA command))
Oct 26 14:25:29 vps postfix/qmgr[22181]: 4E55F37234F: from=, status=expired, returned to sender
Oct 26 14:25:29 vps postfix/cleanup[20302]: A2A09161940: message-id=<20251026085529.A2A09161940@vps.vcrowd.in>
Oct 26 14:25:29 vps postfix/bounce[20301]: 4E55F37234F: sender non-delivery notification: A2A09161940
Oct 26 14:25:29 vps postfix/qmgr[22181]: A2A09161940: from=<>, size=3890, nrcpt=1 (queue active)
Oct 26 14:25:29 vps postfix/qmgr[22181]: 4E55F37234F: removed
Oct 26 14:25:29 vps postfix/local[20303]: A2A09161940: to=, relay=local, delay=0.02, delays=0.01/0/0/0, dsn=2.0.0, status=sent (delivered to mailbox)
Oct 26 14:25:29 vps postfix/qmgr[22181]: A2A09161940: removed
Oct 26 14:25:35 vps postfix/smtpd[2406]: warning: unknown[103.237.86.173]: SASL LOGIN authentication failed: UGFzc3dvcmQ6
Oct 26 14:25:35 vps postfix/smtpd[2406]: lost connection after AUTH from unknown[103.237.86.173]
Oct 26 14:25:35 vps postfix/smtpd[2406]: disconnect from unknown[103.237.86.173]
Oct 26 14:25:38 vps postfix/smtpd[10514]: connect from unknown[196.251.92.15]
Oct 26 14:25:38 vps postfix/smtpd[15697]: connect from unknown[213.209.157.167]
Oct 26 14:25:40 vps postfix/smtpd[10514]: warning: unknown[196.251.92.15]: SASL LOGIN authentication failed: UGFzc3dvcmQ6
Oct 26 14:25:40 vps postfix/smtpd[10514]: lost connection after AUTH from unknown[196.251.92.15]
Oct 26 14:25:40 vps postfix/smtpd[10514]: disconnect from unknown[196.251.92.15]
Oct 26 14:25:42 vps postfix/smtpd[18789]: connect from unknown[103.237.86.173]
Oct 26 14:25:43 vps postfix/smtpd[18789]: Anonymous TLS connection established from unknown[103.237.86.173]: TLSv1.2 with cipher ECDHE-RSA-AES256-GCM-SHA384 (256/256 bits)
Oct 26 14:25:44 vps postfix/smtpd[15697]: warning: unknown[213.209.157.167]: SASL LOGIN authentication failed: UGFzc3dvcmQ6
Oct 26 14:25:44 vps postfix/smtpd[15697]: disconnect from unknown[213.209.157.167]
Oct 26 14:25:53 vps postfix/smtpd[18789]: warning: unknown[103.237.86.173]: SASL LOGIN authentication failed: UGFzc3dvcmQ6
Oct 26 14:25:53 vps postfix/smtpd[18789]: lost connection after AUTH from unknown[103.237.86.173]
Oct 26 14:25:53 vps postfix/smtpd[18789]: disconnect from unknown[103.237.86.173]
Oct 26 14:26:00 vps postfix/smtpd[2406]: connect from unknown[103.237.86.173]
Oct 26 14:26:01 vps postfix/smtpd[2406]: Anonymous TLS connection established from unknown[103.237.86.173]: TLSv1.2 with cipher ECDHE-RSA-AES256-GCM-SHA384 (256/256 bits)
Oct 26 14:26:07 vps postfix/smtpd[10514]: connect from unknown[77.90.185.87]
Oct 26 14:26:10 vps postfix/smtpd[10514]: warning: unknown[77.90.185.87]: SASL LOGIN authentication failed: UGFzc3dvcmQ6
Oct 26 14:26:10 vps postfix/smtpd[10514]: disconnect from unknown[77.90.185.87]
Oct 26 14:26:11 vps postfix/smtpd[2406]: warning: unknown[103.237.86.173]: SASL LOGIN authentication failed: Connection lost to authentication server
Oct 26 14:26:11 vps postfix/smtpd[2406]: lost connection after AUTH from unknown[103.237.86.173]
Oct 26 14:26:11 vps postfix/smtpd[2406]: disconnect from unknown[103.237.86.173]
Oct 26 14:26:14 vps postfix/smtpd[15697]: connect from unknown[213.209.157.167]
Oct 26 14:26:17 vps postfix/smtpd[15697]: warning: unknown[213.209.157.167]: SASL LOGIN authentication failed: UGFzc3dvcmQ6
Oct 26 14:26:17 vps postfix/smtpd[15697]: disconnect from unknown[213.209.157.167]
Oct 26 14:26:19 vps postfix/smtpd[2406]: connect from unknown[212.132.96.229]
Oct 26 14:26:19 vps postfix/smtpd[18789]: connect from unknown[103.237.86.173]
Oct 26 14:26:20 vps postfix/smtpd[18789]: Anonymous TLS connection established from unknown[103.237.86.173]: TLSv1.2 with cipher ECDHE-RSA-AES256-GCM-SHA384 (256/256 bits)
Oct 26 14:26:22 vps postfix/smtpd[18789]: warning: unknown[103.237.86.173]: SASL LOGIN authentication failed: UGFzc3dvcmQ6
Oct 26 14:26:22 vps postfix/smtpd[2406]: warning: unknown[212.132.96.229]: SASL LOGIN authentication failed: UGFzc3dvcmQ6
Oct 26 14:26:22 vps postfix/smtpd[18789]: lost connection after AUTH from unknown[103.237.86.173]
Oct 26 14:26:22 vps postfix/smtpd[18789]: disconnect from unknown[103.237.86.173]
Oct 26 14:26:22 vps postfix/smtpd[2406]: disconnect from unknown[212.132.96.229]
Oct 26 14:26:30 vps postfix/smtpd[18789]: connect from unknown[103.237.86.173]
Oct 26 14:26:30 vps postfix/smtpd[18789]: Anonymous TLS connection established from unknown[103.237.86.173]: TLSv1.2 with cipher ECDHE-RSA-AES256-GCM-SHA384 (256/256 bits)
Oct 26 14:26:30 vps postfix/smtps/smtpd[21641]: warning: hostname unn-37-19-221-4.datapacket.com does not resolve to address 37.19.221.4: Name or service not known
Oct 26 14:26:30 vps postfix/smtps/smtpd[21641]: connect from unknown[37.19.221.4]
Oct 26 14:26:31 vps postfix/smtps/smtpd[21641]: Anonymous TLS connection established from unknown[37.19.221.4]: TLSv1.2 with cipher ECDHE-RSA-AES256-GCM-SHA384 (256/256 bits)
Oct 26 14:26:34 vps postfix/smtps/smtpd[21641]: warning: unknown[37.19.221.4]: SASL LOGIN authentication failed: UGFzc3dvcmQ6
Oct 26 14:26:35 vps postfix/smtps/smtpd[21641]: disconnect from unknown[37.19.221.4]
Oct 26 14:26:36 vps postfix/smtpd[18789]: warning: unknown[103.237.86.173]: SASL LOGIN authentication failed: UGFzc3dvcmQ6
Oct 26 14:26:36 vps postfix/smtpd[18789]: lost connection after AUTH from unknown[103.237.86.173]
Oct 26 14:26:36 vps postfix/smtpd[18789]: disconnect from unknown[103.237.86.173]
Oct 26 14:26:40 vps postfix/smtpd[10514]: connect from unknown[213.209.157.167]
Oct 26 14:26:42 vps postfix/smtpd[10514]: warning: unknown[213.209.157.167]: SASL LOGIN authentication failed: UGFzc3dvcmQ6
Oct 26 14:26:42 vps postfix/smtpd[10514]: disconnect from unknown[213.209.157.167]
Oct 26 14:26:45 vps postfix/smtpd[2406]: connect from unknown[103.237.86.173]
Oct 26 14:26:45 vps postfix/smtpd[2406]: Anonymous TLS connection established from unknown[103.237.86.173]: TLSv1.2 with cipher ECDHE-RSA-AES256-GCM-SHA384 (256/256 bits)
Oct 26 14:26:53 vps postfix/smtpd[15697]: connect from unknown[213.209.157.167]
Oct 26 14:26:56 vps postfix/smtpd[2406]: warning: unknown[103.237.86.173]: SASL LOGIN authentication failed: UGFzc3dvcmQ6
Oct 26 14:26:56 vps postfix/smtpd[2406]: lost connection after AUTH from unknown[103.237.86.173]
Oct 26 14:26:56 vps postfix/smtpd[2406]: disconnect from unknown[103.237.86.173]
Oct 26 14:27:00 vps postfix/smtpd[15697]: warning: unknown[213.209.157.167]: SASL LOGIN authentication failed: UGFzc3dvcmQ6
Oct 26 14:27:00 vps postfix/smtpd[15697]: disconnect from unknown[213.209.157.167]
Oct 26 14:27:03 vps postfix/smtpd[18789]: connect from unknown[103.237.86.173]
Oct 26 14:27:04 vps postfix/smtpd[18789]: Anonymous TLS connection established from unknown[103.237.86.173]: TLSv1.2 with cipher ECDHE-RSA-AES256-GCM-SHA384 (256/256 bits)
Oct 26 14:27:14 vps postfix/smtpd[18789]: warning: unknown[103.237.86.173]: SASL LOGIN authentication failed: Connection lost to authentication server
Oct 26 14:27:14 vps postfix/smtpd[18789]: lost connection after AUTH from unknown[103.237.86.173]
Oct 26 14:27:14 vps postfix/smtpd[18789]: disconnect from unknown[103.237.86.173]
Oct 26 14:27:23 vps postfix/smtpd[2406]: connect from unknown[103.237.86.173]
Oct 26 14:27:23 vps postfix/smtpd[2406]: Anonymous TLS connection established from unknown[103.237.86.173]: TLSv1.2 with cipher ECDHE-RSA-AES256-GCM-SHA384 (256/256 bits)
Oct 26 14:27:25 vps postfix/smtpd[2406]: warning: unknown[103.237.86.173]: SASL LOGIN authentication failed: UGFzc3dvcmQ6
Oct 26 14:27:25 vps postfix/smtpd[2406]: lost connection after AUTH from unknown[103.237.86.173]
Oct 26 14:27:25 vps postfix/smtpd[2406]: disconnect from unknown[103.237.86.173]
Oct 26 14:27:33 vps postfix/smtpd[18789]: connect from unknown[103.237.86.173]
Oct 26 14:27:33 vps postfix/smtpd[18789]: Anonymous TLS connection established from unknown[103.237.86.173]: TLSv1.2 with cipher ECDHE-RSA-AES256-GCM-SHA384 (256/256 bits)
Oct 26 14:27:39 vps postfix/smtpd[2406]: connect from unknown[212.132.96.229]
Oct 26 14:27:40 vps postfix/smtpd[18789]: warning: unknown[103.237.86.173]: SASL LOGIN authentication failed: UGFzc3dvcmQ6
Oct 26 14:27:40 vps postfix/smtpd[18789]: lost connection after AUTH from unknown[103.237.86.173]
Oct 26 14:27:40 vps postfix/smtpd[18789]: disconnect from unknown[103.237.86.173]
Oct 26 14:27:42 vps postfix/smtpd[2406]: warning: unknown[212.132.96.229]: SASL LOGIN authentication failed: UGFzc3dvcmQ6
Oct 26 14:27:42 vps postfix/smtpd[2406]: disconnect from unknown[212.132.96.229]
Oct 26 14:27:48 vps postfix/smtpd[18789]: connect from unknown[103.237.86.173]
Oct 26 14:27:48 vps postfix/smtpd[18789]: Anonymous TLS connection established from unknown[103.237.86.173]: TLSv1.2 with cipher ECDHE-RSA-AES256-GCM-SHA384 (256/256 bits)
Oct 26 14:27:59 vps postfix/smtpd[18789]: warning: unknown[103.237.86.173]: SASL LOGIN authentication failed: UGFzc3dvcmQ6
Oct 26 14:27:59 vps postfix/smtpd[18789]: lost connection after AUTH from unknown[103.237.86.173]
Oct 26 14:27:59 vps postfix/smtpd[18789]: disconnect from unknown[103.237.86.173]
Oct 26 14:28:07 vps postfix/smtpd[2406]: connect from unknown[103.237.86.173]
Oct 26 14:28:08 vps postfix/smtpd[2406]: Anonymous TLS connection established from unknown[103.237.86.173]: TLSv1.2 with cipher ECDHE-RSA-AES256-GCM-SHA384 (256/256 bits)
Oct 26 14:28:09 vps postfix/smtpd[10514]: connect from unknown[222.122.98.81]
Oct 26 14:28:14 vps postfix/smtpd[10514]: warning: unknown[222.122.98.81]: SASL LOGIN authentication failed: UGFzc3dvcmQ6
Oct 26 14:28:15 vps postfix/smtpd[10514]: lost connection after AUTH from unknown[222.122.98.81]
Oct 26 14:28:15 vps postfix/smtpd[10514]: disconnect from unknown[222.122.98.81]
Oct 26 14:28:18 vps postfix/smtpd[2406]: warning: unknown[103.237.86.173]: SASL LOGIN authentication failed: Connection lost to authentication server
Oct 26 14:28:18 vps postfix/smtpd[2406]: lost connection after AUTH from unknown[103.237.86.173]
Oct 26 14:28:18 vps postfix/smtpd[2406]: disconnect from unknown[103.237.86.173]
Oct 26 14:28:26 vps postfix/smtpd[18789]: connect from unknown[103.237.86.173]
Oct 26 14:28:26 vps postfix/smtpd[18789]: Anonymous TLS connection established from unknown[103.237.86.173]: TLSv1.2 with cipher ECDHE-RSA-AES256-GCM-SHA384 (256/256 bits)
Oct 26 14:28:29 vps postfix/smtpd[18789]: warning: unknown[103.237.86.173]: SASL LOGIN authentication failed: UGFzc3dvcmQ6
Oct 26 14:28:29 vps postfix/smtpd[18789]: lost connection after AUTH from unknown[103.237.86.173]
Oct 26 14:28:29 vps postfix/smtpd[18789]: disconnect from unknown[103.237.86.173]
Oct 26 14:28:37 vps postfix/smtpd[2406]: connect from unknown[103.237.86.173]
Oct 26 14:28:38 vps postfix/smtpd[2406]: Anonymous TLS connection established from unknown[103.237.86.173]: TLSv1.2 with cipher ECDHE-RSA-AES256-GCM-SHA384 (256/256 bits)
Oct 26 14:28:44 vps postfix/smtpd[2406]: warning: unknown[103.237.86.173]: SASL LOGIN authentication failed: UGFzc3dvcmQ6
Oct 26 14:28:44 vps postfix/smtpd[2406]: lost connection after AUTH from unknown[103.237.86.173]
Oct 26 14:28:44 vps postfix/smtpd[2406]: disconnect from unknown[103.237.86.173]
Oct 26 14:28:51 vps postfix/smtpd[10514]: connect from unknown[213.209.157.167]
Oct 26 14:28:54 vps postfix/smtpd[10514]: warning: unknown[213.209.157.167]: SASL LOGIN authentication failed: UGFzc3dvcmQ6
Oct 26 14:28:54 vps postfix/smtpd[10514]: disconnect from unknown[213.209.157.167]
Oct 26 14:28:55 vps postfix/smtpd[10514]: connect from unknown[62.60.131.124]
Oct 26 14:28:55 vps postfix/smtpd[18789]: connect from unknown[103.237.86.173]
Oct 26 14:28:56 vps postfix/smtpd[18789]: Anonymous TLS connection established from unknown[103.237.86.173]: TLSv1.2 with cipher ECDHE-RSA-AES256-GCM-SHA384 (256/256 bits)
Oct 26 14:28:58 vps postfix/smtpd[10514]: warning: unknown[62.60.131.124]: SASL LOGIN authentication failed: UGFzc3dvcmQ6
Oct 26 14:28:58 vps postfix/smtpd[10514]: disconnect from unknown[62.60.131.124]
Oct 26 14:29:02 vps postfix/smtpd[2406]: connect from unknown[212.132.96.229]
Oct 26 14:29:05 vps postfix/smtpd[2406]: warning: unknown[212.132.96.229]: SASL LOGIN authentication failed: UGFzc3dvcmQ6
Oct 26 14:29:05 vps postfix/smtpd[2406]: disconnect from unknown[212.132.96.229]
Oct 26 14:29:06 vps postfix/smtpd[18789]: warning: unknown[103.237.86.173]: SASL LOGIN authentication failed: UGFzc3dvcmQ6
Oct 26 14:29:06 vps postfix/smtpd[18789]: lost connection after AUTH from unknown[103.237.86.173]
Oct 26 14:29:06 vps postfix/smtpd[18789]: disconnect from unknown[103.237.86.173]
Oct 26 14:29:15 vps postfix/smtpd[2406]: connect from unknown[103.237.86.173]
Oct 26 14:29:15 vps postfix/smtpd[2406]: Anonymous TLS connection established from unknown[103.237.86.173]: TLSv1.2 with cipher ECDHE-RSA-AES256-GCM-SHA384 (256/256 bits)
Oct 26 14:29:24 vps postfix/smtpd[10514]: warning: hostname b4-stop.shop does not resolve to address 78.135.110.226: Name or service not known
Oct 26 14:29:24 vps postfix/smtpd[10514]: connect from unknown[78.135.110.226]
Oct 26 14:29:25 vps postfix/smtpd[10514]: Anonymous TLS connection established from unknown[78.135.110.226]: TLSv1.2 with cipher ECDHE-RSA-AES256-GCM-SHA384 (256/256 bits)
Oct 26 14:29:25 vps postfix/smtpd[2406]: warning: unknown[103.237.86.173]: SASL LOGIN authentication failed: Connection lost to authentication server
Oct 26 14:29:25 vps postfix/smtpd[2406]: lost connection after AUTH from unknown[103.237.86.173]
Oct 26 14:29:25 vps postfix/smtpd[2406]: disconnect from unknown[103.237.86.173]
Oct 26 14:29:25 vps postfix/smtpd[10514]: NOQUEUE: reject: RCPT from unknown[78.135.110.226]: 454 4.7.1 Service unavailable; Client host [78.135.110.226] blocked using dnsbl-1.uceprotect.net; IP 78.135.110.226 is UCEPROTECT-Level 1 listed. See http://www.uceprotect.net/rblcheck.php?ipr=78.135.110.226; from= to= proto=ESMTP helo=
Oct 26 14:29:26 vps postfix/smtpd[10514]: disconnect from unknown[78.135.110.226]
Oct 26 14:29:29 vps postfix/smtpd[10514]: connect from mail-centralusazolkn19010005.outbound.protection.outlook.com[52.103.13.5]
Oct 26 14:29:30 vps postfix/smtpd[10514]: Anonymous TLS connection established from mail-centralusazolkn19010005.outbound.protection.outlook.com[52.103.13.5]: TLSv1.2 with cipher ECDHE-RSA-AES256-GCM-SHA384 (256/256 bits)
Oct 26 14:29:30 vps postfix/smtpd[10514]: NOQUEUE: reject: RCPT from mail-centralusazolkn19010005.outbound.protection.outlook.com[52.103.13.5]: 450 4.1.1 : Recipient address rejected: User unknown in virtual mailbox table; from= to= proto=ESMTP helo=
Oct 26 14:29:31 vps postfix/smtpd[10514]: disconnect from mail-centralusazolkn19010005.outbound.protection.outlook.com[52.103.13.5]
Oct 26 14:29:32 vps postfix/smtpd[10514]: connect from slo.relativeity.info[96.31.94.155]
Oct 26 14:29:33 vps postfix/smtpd[10514]: Anonymous TLS connection established from slo.relativeity.info[96.31.94.155]: TLSv1.2 with cipher ADH-AES256-GCM-SHA384 (256/256 bits)
Oct 26 14:29:34 vps postfix/smtpd[10514]: NOQUEUE: reject: RCPT from slo.relativeity.info[96.31.94.155]: 450 4.1.1 : Recipient address rejected: User unknown in virtual mailbox table; from= to= proto=ESMTP helo=
Oct 26 14:29:35 vps postfix/smtpd[10514]: disconnect from slo.relativeity.info[96.31.94.155]
Oct 26 14:29:39 vps postfix/smtpd[10514]: connect from unknown[218.233.182.39]
Oct 26 14:29:45 vps postfix/smtpd[10514]: warning: unknown[218.233.182.39]: SASL LOGIN authentication failed: UGFzc3dvcmQ6
Oct 26 14:29:45 vps postfix/smtpd[10514]: lost connection after AUTH from unknown[218.233.182.39]
Oct 26 14:29:45 vps postfix/smtpd[10514]: disconnect from unknown[218.233.182.39]
Oct 26 14:29:52 vps postfix/anvil[16309]: statistics: max connection rate 5/60s for (submission:103.237.86.173) at
Oct 26 14:26:19
Oct 26 14:29:52 vps postfix/anvil[16309]: statistics: max connection count 1 for (smtp:213.209.157.167) at
Oct 26 14:20:14
Oct 26 14:29:52 vps postfix/anvil[16309]: statistics: max cache size 8 at
Oct 26 14:29:39
Oct 26 14:29:57 vps postfix/smtpd[10514]: connect from unknown[213.209.157.167]
Oct 26 14:29:59 vps postfix/smtpd[10514]: warning: unknown[213.209.157.167]: SASL LOGIN authentication failed: UGFzc3dvcmQ6
Oct 26 14:29:59 vps postfix/smtpd[10514]: disconnect from unknown[213.209.157.167]
Oct 26 14:30:08 vps postfix/smtpd[10514]: connect from unknown[213.209.157.167]
Oct 26 14:30:15 vps postfix/smtpd[10514]: warning: unknown[213.209.157.167]: SASL LOGIN authentication failed: UGFzc3dvcmQ6
Oct 26 14:30:15 vps postfix/smtpd[10514]: disconnect from unknown[213.209.157.167]
Oct 26 14:30:20 vps postfix/smtpd[18789]: connect from unknown[212.132.96.229]
Oct 26 14:30:23 vps postfix/smtpd[18789]: warning: unknown[212.132.96.229]: SASL LOGIN authentication failed: UGFzc3dvcmQ6
Oct 26 14:30:23 vps postfix/smtpd[18789]: disconnect from unknown[212.132.96.229]
Oct 26 14:30:40 vps postfix/smtpd[10514]: connect from unknown[213.209.157.167]
Oct 26 14:30:42 vps postfix/smtpd[10514]: warning: unknown[213.209.157.167]: SASL LOGIN authentication failed: UGFzc3dvcmQ6
Oct 26 14:30:42 vps postfix/smtpd[10514]: disconnect from unknown[213.209.157.167]
Oct 26 14:31:39 vps postfix/smtpd[18789]: connect from unknown[212.132.96.229]
Oct 26 14:31:42 vps postfix/smtpd[18789]: warning: unknown[212.132.96.229]: SASL LOGIN authentication failed: UGFzc3dvcmQ6
Oct 26 14:31:42 vps postfix/smtpd[18789]: disconnect from unknown[212.132.96.229]
Oct 26 14:31:42 vps postfix/pickup[28263]: E80C920ED4C: uid=1105 from=
Oct 26 14:31:42 vps postfix/cleanup[29121]: E80C920ED4C: message-id=<20251026090142.E80C920ED4C@vps.vcrowd.in>
Oct 26 14:31:42 vps opendkim[5590]: E80C920ED4C: no signing table match for 'Enquiry@sundaramhealthcentre.org'
Oct 26 14:31:42 vps opendkim[5590]: E80C920ED4C: no signature data
Oct 26 14:31:42 vps postfix/qmgr[22181]: E80C920ED4C: from=, size=637, nrcpt=1 (queue active)
Oct 26 14:31:45 vps postfix/smtp[29130]: E80C920ED4C: host gmail-smtp-in.l.google.com[64.233.170.26] said: 550-5.7.26 Your email has been blocked because the sender is unauthenticated. 550-5.7.26 Gmail requires all senders to authenticate with either SPF or DKIM. 550-5.7.26 550-5.7.26 Authentication results: 550-5.7.26 DKIM = did not pass 550-5.7.26 SPF [vps.vcrowd.in] with ip: [103.120.179.240] = did not pass 550-5.7.26 550-5.7.26 For instructions on setting up authentication, go to 550 5.7.26 https://support.google.com/mail/answer/81126#authentication d9443c01a7336-2949ab05f6fsi22060375ad.556 - gsmtp (in reply to end of DATA command)
Oct 26 14:31:47 vps postfix/smtp[29130]: E80C920ED4C: to=, relay=alt1.gmail-smtp-in.l.google.com[192.178.163.26]:25, delay=4.9, delays=0.07/0.02/3.9/0.85, dsn=4.7.26, status=SOFTBOUNCE (host alt1.gmail-smtp-in.l.google.com[192.178.163.26] said: 550-5.7.26 Your email has been blocked because the sender is unauthenticated. 550-5.7.26 Gmail requires all senders to authenticate with either SPF or DKIM. 550-5.7.26 550-5.7.26 Authentication results: 550-5.7.26 DKIM = did not pass 550-5.7.26 SPF [vps.vcrowd.in] with ip: [103.120.179.240] = did not pass 550-5.7.26 550-5.7.26 For instructions on setting up authentication, go to 550 5.7.26 https://support.google.com/mail/answer/81126#authentication d2e1a72fcca58-7a41553fb62si2175876b3a.214 - gsmtp (in reply to end of DATA command))
Oct 26 14:32:07 vps postfix/smtpd[10514]: connect from unknown[77.90.185.87]
Oct 26 14:32:10 vps postfix/smtpd[10514]: warning: unknown[77.90.185.87]: SASL LOGIN authentication failed: UGFzc3dvcmQ6
Oct 26 14:32:10 vps postfix/smtpd[10514]: disconnect from unknown[77.90.185.87]
Oct 26 14:32:28 vps postfix/smtpd[10514]: connect from unknown[77.90.185.220]
Oct 26 14:32:31 vps postfix/smtpd[10514]: warning: unknown[77.90.185.220]: SASL LOGIN authentication failed: UGFzc3dvcmQ6
Oct 26 14:32:31 vps postfix/smtpd[10514]: disconnect from unknown[77.90.185.220]
Oct 26 14:32:34 vps postfix/smtpd[10514]: connect from uert.whimsicraftcreations.info[96.31.94.34]
Oct 26 14:32:35 vps postfix/smtpd[10514]: Anonymous TLS connection established from uert.whimsicraftcreations.info[96.31.94.34]: TLSv1.2 with cipher ADH-AES256-GCM-SHA384 (256/256 bits)
Oct 26 14:32:37 vps postfix/smtpd[10514]: NOQUEUE: reject: RCPT from uert.whimsicraftcreations.info[96.31.94.34]: 450 4.1.1 : Recipient address rejected: User unknown in virtual mailbox table; from= to= proto=ESMTP helo=
Oct 26 14:32:37 vps postfix/smtpd[10514]: disconnect from uert.whimsicraftcreations.info[96.31.94.34]
Oct 26 14:32:57 vps postfix/smtpd[18789]: connect from unknown[212.132.96.229]
Oct 26 14:33:00 vps postfix/smtpd[18789]: warning: unknown[212.132.96.229]: SASL LOGIN authentication failed: UGFzc3dvcmQ6
Oct 26 14:33:00 vps postfix/smtpd[18789]: disconnect from unknown[212.132.96.229]
Oct 26 14:33:05 vps postfix/pickup[28263]: 84FEE3718A6: uid=1053 from=
Oct 26 14:33:05 vps postfix/cleanup[29121]: 84FEE3718A6: message-id=<20251026090305.84FEE3718A6@vps.vcrowd.in>
Oct 26 14:33:05 vps opendkim[5590]: 84FEE3718A6: no signing table match for 'noreply@yishglobalfirm.com'
Oct 26 14:33:05 vps opendkim[5590]: 84FEE3718A6: no signature data
Oct 26 14:33:05 vps postfix/qmgr[22181]: 84FEE3718A6: from=, size=1850, nrcpt=2 (queue active)
Oct 26 14:33:05 vps postfix/pipe[30755]: 84FEE3718A6: to=, relay=dovecot, delay=0.21, delays=0.03/0.03/0/0.16, dsn=4.1.1, status=SOFTBOUNCE (user unknown. Command output: doveconf: Warning: /etc/dovecot/dovecot.conf line 8: Global setting ssl_cert won't change the setting inside an earlier filter at /etc/dovecot/domains/24mtcthalaimaisangam.org.conf line 2 (if this is intentional, avoid this warning by moving the global setting before /etc/dovecot/domains/24mtcthalaimaisangam.org.conf line 2) doveconf: Warning: /etc/dovecot/dovecot.conf line 9: Global setting ssl_key won't change the setting inside an earlier filter at /etc/dovecot/domains/24mtcthalaimaisangam.org.conf line 3 (if this is intentional, avoid this warning by moving the global setting before /etc/dovecot/domains/24mtcthalaimaisangam.org.conf line 3) doveconf: Warning: /etc/dovecot/dovecot.conf line 10: Global setting ssl_ca won't change the setting inside an earlier filter at /etc/dovecot/domains/24mtcthalaimaisangam.org.conf line 4 (if this is intentional, avoid this warning by moving the global setting before /etc/dovecot/domains/24mtcthalaimaisangam.org.conf line 4) )
Oct 26 14:33:07 vps postfix/smtp[29130]: 84FEE3718A6: host gmail-smtp-in.l.google.com[64.233.170.26] said: 550-5.7.26 Your email has been blocked because the sender is unauthenticated. 550-5.7.26 Gmail requires all senders to authenticate with either SPF or DKIM. 550-5.7.26 550-5.7.26 Authentication results: 550-5.7.26 DKIM = did not pass 550-5.7.26 SPF [vps.vcrowd.in] with ip: [103.120.179.240] = did not pass 550-5.7.26 550-5.7.26 For instructions on setting up authentication, go to 550 5.7.26 https://support.google.com/mail/answer/81126#authentication 41be03b00d2f7-b71f60bb750si1889945a12.1252 - gsmtp (in reply to end of DATA command)
Oct 26 14:33:08 vps postfix/smtpd[10514]: connect from unknown[213.209.157.167]
Oct 26 14:33:09 vps postfix/smtp[29130]: 84FEE3718A6: to=, relay=alt1.gmail-smtp-in.l.google.com[192.178.163.27]:25, delay=4.2, delays=0.03/0.01/3.4/0.7, dsn=4.7.26, status=SOFTBOUNCE (host alt1.gmail-smtp-in.l.google.com[192.178.163.27] said: 550-5.7.26 Your email has been blocked because the sender is unauthenticated. 550-5.7.26 Gmail requires all senders to authenticate with either SPF or DKIM. 550-5.7.26 550-5.7.26 Authentication results: 550-5.7.26 DKIM = did not pass 550-5.7.26 SPF [vps.vcrowd.in] with ip: [103.120.179.240] = did not pass 550-5.7.26 550-5.7.26 For instructions on setting up authentication, go to 550 5.7.26 https://support.google.com/mail/answer/81126#authentication 41be03b00d2f7-b71eb4731besi1920673a12.535 - gsmtp (in reply to end of DATA command))
Oct 26 14:33:11 vps postfix/smtpd[10514]: warning: unknown[213.209.157.167]: SASL LOGIN authentication failed: UGFzc3dvcmQ6
Oct 26 14:33:11 vps postfix/smtpd[10514]: disconnect from unknown[213.209.157.167]
Oct 26 14:33:30 vps postfix/smtpd[10514]: connect from unknown[196.251.92.11]
Oct 26 14:33:33 vps postfix/smtpd[10514]: warning: unknown[196.251.92.11]: SASL LOGIN authentication failed: UGFzc3dvcmQ6
Oct 26 14:33:33 vps postfix/smtpd[10514]: disconnect from unknown[196.251.92.11]
Oct 26 14:33:37 vps postfix/smtpd[10514]: connect from unknown[77.90.185.220]
Oct 26 14:33:41 vps postfix/smtpd[10514]: warning: unknown[77.90.185.220]: SASL LOGIN authentication failed: UGFzc3dvcmQ6
Oct 26 14:33:41 vps postfix/smtpd[10514]: disconnect from unknown[77.90.185.220]
Oct 26 14:33:55 vps postfix/smtpd[10514]: connect from unknown[77.90.185.220]
Oct 26 14:33:58 vps postfix/smtpd[10514]: warning: unknown[77.90.185.220]: SASL LOGIN authentication failed: UGFzc3dvcmQ6
Oct 26 14:33:58 vps postfix/smtpd[10514]: disconnect from unknown[77.90.185.220]
Oct 26 14:34:15 vps postfix/smtpd[18789]: connect from unknown[212.132.96.229]
Oct 26 14:34:18 vps postfix/smtpd[18789]: warning: unknown[212.132.96.229]: SASL LOGIN authentication failed: UGFzc3dvcmQ6
Oct 26 14:34:18 vps postfix/smtpd[18789]: disconnect from unknown[212.132.96.229]
Oct 26 14:34:21 vps postfix/smtpd[10514]: connect from unknown[77.90.185.220]
Oct 26 14:34:24 vps postfix/smtpd[10514]: warning: unknown[77.90.185.220]: SASL LOGIN authentication failed: UGFzc3dvcmQ6
Oct 26 14:34:24 vps postfix/smtpd[10514]: disconnect from unknown[77.90.185.220]
Oct 26 14:34:28 vps postfix/smtpd[10514]: connect from unknown[213.209.157.225]
Oct 26 14:34:31 vps postfix/smtpd[10514]: warning: unknown[213.209.157.225]: SASL LOGIN authentication failed: UGFzc3dvcmQ6
Oct 26 14:34:31 vps postfix/smtpd[10514]: disconnect from unknown[213.209.157.225]
Oct 26 14:35:32 vps postfix/smtpd[10514]: connect from unknown[213.209.157.167]
Oct 26 14:35:33 vps postfix/smtpd[18789]: connect from unknown[212.132.96.229]
Oct 26 14:35:35 vps postfix/smtpd[10514]: warning: unknown[213.209.157.167]: SASL LOGIN authentication failed: UGFzc3dvcmQ6
Oct 26 14:35:35 vps postfix/smtpd[18789]: warning: unknown[212.132.96.229]: SASL LOGIN authentication failed: UGFzc3dvcmQ6
Oct 26 14:35:35 vps postfix/smtpd[10514]: disconnect from unknown[213.209.157.167]
Oct 26 14:35:35 vps postfix/smtpd[18789]: disconnect from unknown[212.132.96.229]
Oct 26 14:36:52 vps postfix/smtpd[18789]: connect from unknown[212.132.96.229]
Oct 26 14:36:55 vps postfix/smtpd[18789]: warning: unknown[212.132.96.229]: SASL LOGIN authentication failed: UGFzc3dvcmQ6
Oct 26 14:36:55 vps postfix/smtpd[18789]: disconnect from unknown[212.132.96.229]
Oct 26 14:36:58 vps postfix/smtpd[10514]: connect from unknown[213.209.157.167]
Oct 26 14:37:00 vps postfix/smtpd[10514]: warning: unknown[213.209.157.167]: SASL LOGIN authentication failed: UGFzc3dvcmQ6
Oct 26 14:37:00 vps postfix/smtpd[10514]: disconnect from unknown[213.209.157.167]
Oct 26 14:37:31 vps postfix/smtpd[10514]: connect from unknown[213.209.157.167]
Oct 26 14:37:34 vps postfix/smtpd[10514]: warning: unknown[213.209.157.167]: SASL LOGIN authentication failed: UGFzc3dvcmQ6
Oct 26 14:37:34 vps postfix/smtpd[10514]: disconnect from unknown[213.209.157.167]
Oct 26 14:37:47 vps postfix/smtpd[10514]: connect from unknown[196.251.92.15]
Oct 26 14:37:48 vps postfix/smtpd[5388]: connect from unknown[213.209.157.167]
Oct 26 14:37:49 vps postfix/smtpd[10514]: warning: unknown[196.251.92.15]: SASL LOGIN authentication failed: UGFzc3dvcmQ6
Oct 26 14:37:49 vps postfix/smtpd[10514]: lost connection after AUTH from unknown[196.251.92.15]
Oct 26 14:37:49 vps postfix/smtpd[10514]: disconnect from unknown[196.251.92.15]
Oct 26 14:37:50 vps postfix/smtpd[5388]: warning: unknown[213.209.157.167]: SASL LOGIN authentication failed: UGFzc3dvcmQ6
Oct 26 14:37:50 vps postfix/smtpd[5388]: disconnect from unknown[213.209.157.167]
Oct 26 14:38:10 vps postfix/smtpd[18789]: connect from unknown[212.132.96.229]
Oct 26 14:38:13 vps postfix/smtpd[18789]: warning: unknown[212.132.96.229]: SASL LOGIN authentication failed: UGFzc3dvcmQ6
Oct 26 14:38:13 vps postfix/smtpd[18789]: disconnect from unknown[212.132.96.229]
Oct 26 14:38:14 vps postfix/smtpd[10514]: connect from unknown[128.185.218.18]
Oct 26 14:38:19 vps postfix/smtpd[10514]: warning: unknown[128.185.218.18]: SASL LOGIN authentication failed: UGFzc3dvcmQ6
Oct 26 14:38:19 vps postfix/smtpd[10514]: lost connection after AUTH from unknown[128.185.218.18]
Oct 26 14:38:19 vps postfix/smtpd[10514]: disconnect from unknown[128.185.218.18]
Oct 26 14:38:21 vps postfix/smtpd[5388]: connect from unknown[213.209.157.167]
Oct 26 14:38:23 vps postfix/smtpd[5388]: warning: unknown[213.209.157.167]: SASL LOGIN authentication failed: UGFzc3dvcmQ6
Oct 26 14:38:23 vps postfix/smtpd[5388]: disconnect from unknown[213.209.157.167]
Oct 26 14:38:54 vps postfix/smtpd[10514]: connect from unknown[213.209.157.167]
Oct 26 14:38:56 vps postfix/smtpd[10514]: warning: unknown[213.209.157.167]: SASL LOGIN authentication failed: UGFzc3dvcmQ6
Oct 26 14:38:56 vps postfix/smtpd[10514]: disconnect from unknown[213.209.157.167]
Oct 26 14:39:11 vps postfix/smtpd[5388]: connect from unknown[213.209.157.167]
Oct 26 14:39:14 vps postfix/smtpd[5388]: warning: unknown[213.209.157.167]: SASL LOGIN authentication failed: UGFzc3dvcmQ6
Oct 26 14:39:14 vps postfix/smtpd[5388]: disconnect from unknown[213.209.157.167]
Oct 26 14:39:22 vps postfix/smtps/smtpd[7649]: connect from scanner-207.ch1.censys-scanner.com[162.142.125.214]
Oct 26 14:39:28 vps postfix/smtpd[18789]: connect from unknown[212.132.96.229]
Oct 26 14:39:30 vps postfix/smtpd[7835]: connect from unknown[65.20.250.63]
Oct 26 14:39:31 vps postfix/smtpd[18789]: warning: unknown[212.132.96.229]: SASL LOGIN authentication failed: UGFzc3dvcmQ6
Oct 26 14:39:31 vps postfix/smtpd[18789]: disconnect from unknown[212.132.96.229]
Oct 26 14:39:35 vps postfix/smtpd[7835]: warning: unknown[65.20.250.63]: SASL LOGIN authentication failed: UGFzc3dvcmQ6
Oct 26 14:39:35 vps postfix/smtpd[7835]: lost connection after AUTH from unknown[65.20.250.63]
Oct 26 14:39:35 vps postfix/smtpd[7835]: disconnect from unknown[65.20.250.63]
Oct 26 14:39:41 vps postfix/smtpd[10514]: connect from unknown[213.209.157.167]
Oct 26 14:39:44 vps postfix/smtpd[10514]: warning: unknown[213.209.157.167]: SASL LOGIN authentication failed: UGFzc3dvcmQ6
Oct 26 14:39:44 vps postfix/smtpd[10514]: disconnect from unknown[213.209.157.167]
Oct 26 14:39:52 vps postfix/anvil[16309]: statistics: max connection rate 3/60s for (smtp:213.209.157.167) at
Oct 26 14:30:40
Oct 26 14:39:52 vps postfix/anvil[16309]: statistics: max connection count 1 for (smtp:213.209.157.167) at
Oct 26 14:29:57
Oct 26 14:39:52 vps postfix/anvil[16309]: statistics: max cache size 8 at
Oct 26 14:29:57
Oct 26 14:39:52 vps postfix/smtps/smtpd[7649]: SSL_accept error from scanner-207.ch1.censys-scanner.com[162.142.125.214]: lost connection
Oct 26 14:39:52 vps postfix/smtps/smtpd[7649]: lost connection after CONNECT from scanner-207.ch1.censys-scanner.com[162.142.125.214]
Oct 26 14:39:52 vps postfix/smtps/smtpd[7649]: disconnect from scanner-207.ch1.censys-scanner.com[162.142.125.214]
Oct 26 14:39:53 vps postfix/smtpd[18789]: warning: hostname nsg-corporate-150.219.186.122.airtel.in does not resolve to address 122.186.219.150: Name or service not known
Oct 26 14:39:53 vps postfix/smtpd[18789]: connect from unknown[122.186.219.150]
Oct 26 14:39:57 vps postfix/smtps/smtpd[7649]: connect from scanner-07.ch1.censys-scanner.com[167.94.138.55]
Oct 26 14:39:57 vps postfix/smtpd[18789]: warning: unknown[122.186.219.150]: SASL LOGIN authentication failed: UGFzc3dvcmQ6
Oct 26 14:39:57 vps postfix/smtpd[5388]: connect from unknown[213.209.157.167]
Oct 26 14:39:57 vps postfix/smtpd[18789]: lost connection after AUTH from unknown[122.186.219.150]
Oct 26 14:39:57 vps postfix/smtpd[18789]: disconnect from unknown[122.186.219.150]
Oct 26 14:40:00 vps postfix/smtpd[5388]: warning: unknown[213.209.157.167]: SASL LOGIN authentication failed: UGFzc3dvcmQ6
Oct 26 14:40:00 vps postfix/smtpd[5388]: disconnect from unknown[213.209.157.167]
Oct 26 14:40:25 vps postfix/qmgr[22181]: E80C920ED4C: from=, size=637, nrcpt=1 (queue active)
Oct 26 14:40:25 vps postfix/qmgr[22181]: 84FEE3718A6: from=, size=1850, nrcpt=2 (queue active)
Oct 26 14:40:25 vps postfix/pipe[10238]: 84FEE3718A6: to=, relay=dovecot, delay=440, delays=440/0.02/0/0.15, dsn=4.1.1, status=SOFTBOUNCE (user unknown. Command output: doveconf: Warning: /etc/dovecot/dovecot.conf line 8: Global setting ssl_cert won't change the setting inside an earlier filter at /etc/dovecot/domains/24mtcthalaimaisangam.org.conf line 2 (if this is intentional, avoid this warning by moving the global setting before /etc/dovecot/domains/24mtcthalaimaisangam.org.conf line 2) doveconf: Warning: /etc/dovecot/dovecot.conf line 9: Global setting ssl_key won't change the setting inside an earlier filter at /etc/dovecot/domains/24mtcthalaimaisangam.org.conf line 3 (if this is intentional, avoid this warning by moving the global setting before /etc/dovecot/domains/24mtcthalaimaisangam.org.conf line 3) doveconf: Warning: /etc/dovecot/dovecot.conf line 10: Global setting ssl_ca won't change the setting inside an earlier filter at /etc/dovecot/domains/24mtcthalaimaisangam.org.conf line 4 (if this is intentional, avoid this warning by moving the global setting before /etc/dovecot/domains/24mtcthalaimaisangam.org.conf line 4) )
Oct 26 14:40:27 vps postfix/smtp[10237]: E80C920ED4C: host gmail-smtp-in.l.google.com[64.233.170.26] said: 550-5.7.26 Your email has been blocked because the sender is unauthenticated. 550-5.7.26 Gmail requires all senders to authenticate with either SPF or DKIM. 550-5.7.26 550-5.7.26 Authentication results: 550-5.7.26 DKIM = did not pass 550-5.7.26 SPF [vps.vcrowd.in] with ip: [103.120.179.240] = did not pass 550-5.7.26 550-5.7.26 For instructions on setting up authentication, go to 550 5.7.26 https://support.google.com/mail/answer/81126#authentication d2e1a72fcca58-7a41563e2c9si2194200b3a.635 - gsmtp (in reply to end of DATA command)
Oct 26 14:40:27 vps postfix/smtp[10241]: 84FEE3718A6: host gmail-smtp-in.l.google.com[64.233.170.27] said: 550-5.7.26 Your email has been blocked because the sender is unauthenticated. 550-5.7.26 Gmail requires all senders to authenticate with either SPF or DKIM. 550-5.7.26 550-5.7.26 Authentication results: 550-5.7.26 DKIM = did not pass 550-5.7.26 SPF [vps.vcrowd.in] with ip: [103.120.179.240] = did not pass 550-5.7.26 550-5.7.26 For instructions on setting up authentication, go to 550 5.7.26 https://support.google.com/mail/answer/81126#authentication d2e1a72fcca58-7a415635187si2098048b3a.590 - gsmtp (in reply to end of DATA command)
Oct 26 14:40:27 vps postfix/smtps/smtpd[7649]: SSL_accept error from scanner-07.ch1.censys-scanner.com[167.94.138.55]: lost connection
Oct 26 14:40:27 vps postfix/smtps/smtpd[7649]: lost connection after CONNECT from scanner-07.ch1.censys-scanner.com[167.94.138.55]
Oct 26 14:40:27 vps postfix/smtps/smtpd[7649]: disconnect from scanner-07.ch1.censys-scanner.com[167.94.138.55]
Oct 26 14:40:28 vps postfix/smtpd[10514]: connect from unknown[213.209.157.167]
Oct 26 14:40:29 vps postfix/smtp[10237]: E80C920ED4C: to=, relay=alt1.gmail-smtp-in.l.google.com[192.178.163.26]:25, delay=527, delays=522/0.05/3.9/0.78, dsn=4.7.26, status=SOFTBOUNCE (host alt1.gmail-smtp-in.l.google.com[192.178.163.26] said: 550-5.7.26 Your email has been blocked because the sender is unauthenticated. 550-5.7.26 Gmail requires all senders to authenticate with either SPF or DKIM. 550-5.7.26 550-5.7.26 Authentication results: 550-5.7.26 DKIM = did not pass 550-5.7.26 SPF [vps.vcrowd.in] with ip: [103.120.179.240] = did not pass 550-5.7.26 550-5.7.26 For instructions on setting up authentication, go to 550 5.7.26 https://support.google.com/mail/answer/81126#authentication d9443c01a7336-2949a7ca6b2si23140255ad.83 - gsmtp (in reply to end of DATA command))
Oct 26 14:40:29 vps postfix/smtp[10241]: 84FEE3718A6: to=, relay=alt1.gmail-smtp-in.l.google.com[192.178.163.26]:25, delay=444, delays=440/0.04/3.8/0.89, dsn=4.7.26, status=SOFTBOUNCE (host alt1.gmail-smtp-in.l.google.com[192.178.163.26] said: 550-5.7.26 Your email has been blocked because the sender is unauthenticated. 550-5.7.26 Gmail requires all senders to authenticate with either SPF or DKIM. 550-5.7.26 550-5.7.26 Authentication results: 550-5.7.26 DKIM = did not pass 550-5.7.26 SPF [vps.vcrowd.in] with ip: [103.120.179.240] = did not pass 550-5.7.26 550-5.7.26 For instructions on setting up authentication, go to 550 5.7.26 https://support.google.com/mail/answer/81126#authentication 98e67ed59e1d1-33fee3d326csi2058300a91.7 - gsmtp (in reply to end of DATA command))
Oct 26 14:40:31 vps postfix/smtpd[10514]: warning: unknown[213.209.157.167]: SASL LOGIN authentication failed: UGFzc3dvcmQ6
Oct 26 14:40:31 vps postfix/smtps/smtpd[7649]: warning: hostname unused-space.coop.net does not resolve to address 206.168.34.214: Name or service not known
Oct 26 14:40:31 vps postfix/smtps/smtpd[7649]: connect from unknown[206.168.34.214]
Oct 26 14:40:31 vps postfix/smtpd[10514]: disconnect from unknown[213.209.157.167]
Oct 26 14:40:48 vps postfix/smtpd[7835]: connect from unknown[212.132.96.229]
Oct 26 14:40:51 vps postfix/smtpd[7835]: warning: unknown[212.132.96.229]: SASL LOGIN authentication failed: UGFzc3dvcmQ6
Oct 26 14:40:51 vps postfix/smtpd[7835]: disconnect from unknown[212.132.96.229]
Oct 26 14:41:01 vps postfix/smtps/smtpd[7649]: SSL_accept error from unknown[206.168.34.214]: lost connection
Oct 26 14:41:01 vps postfix/smtps/smtpd[7649]: lost connection after CONNECT from unknown[206.168.34.214]
Oct 26 14:41:01 vps postfix/smtps/smtpd[7649]: disconnect from unknown[206.168.34.214]
Oct 26 14:41:45 vps postfix/smtpd[10514]: connect from unknown[213.209.157.167]
Oct 26 14:41:47 vps postfix/smtpd[10514]: warning: unknown[213.209.157.167]: SASL LOGIN authentication failed: UGFzc3dvcmQ6
Oct 26 14:41:47 vps postfix/smtpd[10514]: disconnect from unknown[213.209.157.167]
Oct 26 14:42:08 vps postfix/smtpd[7835]: connect from unknown[212.132.96.229]
Oct 26 14:42:09 vps postfix/pickup[2374]: ED7561ACD97: uid=1102 from=
Oct 26 14:42:09 vps postfix/cleanup[12434]: ED7561ACD97: message-id=<20251026091209.ED7561ACD97@vps.vcrowd.in>
Oct 26 14:42:09 vps opendkim[5590]: ED7561ACD97: no signing table match for 'blastmediasolutions@gmail.com'
Oct 26 14:42:09 vps opendkim[5590]: ED7561ACD97: no signature data
Oct 26 14:42:09 vps postfix/qmgr[22181]: ED7561ACD97: from=, size=1877, nrcpt=2 (queue active)
Oct 26 14:42:11 vps postfix/smtpd[7835]: warning: unknown[212.132.96.229]: SASL LOGIN authentication failed: UGFzc3dvcmQ6
Oct 26 14:42:11 vps postfix/smtpd[7835]: disconnect from unknown[212.132.96.229]
Oct 26 14:42:11 vps postfix/smtp[12439]: ED7561ACD97: host gmail-smtp-in.l.google.com[64.233.170.27] said: 550-5.7.26 Your email has been blocked because the sender is unauthenticated. 550-5.7.26 Gmail requires all senders to authenticate with either SPF or DKIM. 550-5.7.26 550-5.7.26 Authentication results: 550-5.7.26 DKIM = did not pass 550-5.7.26 SPF [vps.vcrowd.in] with ip: [103.120.179.240] = did not pass 550-5.7.26 550-5.7.26 For instructions on setting up authentication, go to 550 5.7.26 https://support.google.com/mail/answer/81126#authentication 41be03b00d2f7-b71d57270f7si2124361a12.3 - gsmtp (in reply to end of DATA command)
Oct 26 14:42:14 vps postfix/smtp[12439]: ED7561ACD97: to=, relay=alt1.gmail-smtp-in.l.google.com[192.178.163.26]:25, delay=4.3, delays=0.03/0.02/3.5/0.69, dsn=4.7.26, status=SOFTBOUNCE (host alt1.gmail-smtp-in.l.google.com[192.178.163.26] said: 550-5.7.26 Your email has been blocked because the sender is unauthenticated. 550-5.7.26 Gmail requires all senders to authenticate with either SPF or DKIM. 550-5.7.26 550-5.7.26 Authentication results: 550-5.7.26 DKIM = did not pass 550-5.7.26 SPF [vps.vcrowd.in] with ip: [103.120.179.240] = did not pass 550-5.7.26 550-5.7.26 For instructions on setting up authentication, go to 550 5.7.26 https://support.google.com/mail/answer/81126#authentication d2e1a72fcca58-7a415538188si2115031b3a.202 - gsmtp (in reply to end of DATA command))
Oct 26 14:42:14 vps postfix/smtp[12439]: ED7561ACD97: to=, relay=alt1.gmail-smtp-in.l.google.com[192.178.163.26]:25, delay=4.3, delays=0.03/0.02/3.5/0.69, dsn=4.7.26, status=SOFTBOUNCE (host alt1.gmail-smtp-in.l.google.com[192.178.163.26] said: 550-5.7.26 Your email has been blocked because the sender is unauthenticated. 550-5.7.26 Gmail requires all senders to authenticate with either SPF or DKIM. 550-5.7.26 550-5.7.26 Authentication results: 550-5.7.26 DKIM = did not pass 550-5.7.26 SPF [vps.vcrowd.in] with ip: [103.120.179.240] = did not pass 550-5.7.26 550-5.7.26 For instructions on setting up authentication, go to 550 5.7.26 https://support.google.com/mail/answer/81126#authentication d2e1a72fcca58-7a415538188si2115031b3a.202 - gsmtp (in reply to end of DATA command))
Oct 26 14:42:14 vps postfix/smtpd[10514]: connect from unknown[213.209.157.167]
Oct 26 14:42:17 vps postfix/smtpd[10514]: warning: unknown[213.209.157.167]: SASL LOGIN authentication failed: UGFzc3dvcmQ6
Oct 26 14:42:17 vps postfix/smtpd[10514]: disconnect from unknown[213.209.157.167]
Oct 26 14:42:41 vps postfix/smtps/smtpd[13097]: connect from unknown[191.101.157.39]
Oct 26 14:42:42 vps postfix/smtps/smtpd[13097]: Anonymous TLS connection established from unknown[191.101.157.39]: TLSv1.2 with cipher ECDHE-RSA-AES256-GCM-SHA384 (256/256 bits)
Oct 26 14:42:45 vps postfix/smtps/smtpd[13097]: warning: unknown[191.101.157.39]: SASL LOGIN authentication failed: UGFzc3dvcmQ6
Oct 26 14:42:45 vps postfix/smtps/smtpd[13097]: disconnect from unknown[191.101.157.39]
Oct 26 14:43:21 vps postfix/smtpd[7835]: connect from unknown[123.58.215.72]
Oct 26 14:43:24 vps postfix/smtpd[7835]: warning: unknown[123.58.215.72]: SASL LOGIN authentication failed: UGFzc3dvcmQ6
Oct 26 14:43:24 vps postfix/smtpd[7835]: disconnect from unknown[123.58.215.72]
Oct 26 14:43:27 vps postfix/smtpd[7835]: connect from unknown[212.132.96.229]
Oct 26 14:43:30 vps postfix/smtpd[7835]: warning: unknown[212.132.96.229]: SASL LOGIN authentication failed: UGFzc3dvcmQ6
Oct 26 14:43:30 vps postfix/smtpd[7835]: disconnect from unknown[212.132.96.229]
Oct 26 14:43:32 vps postfix/smtpd[10514]: connect from unknown[77.90.185.87]
Oct 26 14:43:34 vps postfix/smtpd[10514]: warning: unknown[77.90.185.87]: SASL LOGIN authentication failed: UGFzc3dvcmQ6
Oct 26 14:43:34 vps postfix/smtpd[10514]: disconnect from unknown[77.90.185.87]
Oct 26 14:43:47 vps postfix/smtpd[10514]: connect from unknown[213.209.157.167]
Oct 26 14:43:50 vps postfix/smtpd[10514]: warning: unknown[213.209.157.167]: SASL LOGIN authentication failed: UGFzc3dvcmQ6
Oct 26 14:43:50 vps postfix/smtpd[10514]: disconnect from unknown[213.209.157.167]
Oct 26 14:44:47 vps postfix/smtpd[7835]: connect from unknown[212.132.96.229]
Oct 26 14:44:50 vps postfix/smtpd[7835]: warning: unknown[212.132.96.229]: SASL LOGIN authentication failed: UGFzc3dvcmQ6
Oct 26 14:44:50 vps postfix/smtpd[7835]: disconnect from unknown[212.132.96.229]
Oct 26 14:45:03 vps postfix/smtpd[10514]: connect from unknown[213.209.157.252]
Oct 26 14:45:05 vps postfix/smtpd[10514]: warning: unknown[213.209.157.252]: SASL LOGIN authentication failed: UGFzc3dvcmQ6
Oct 26 14:45:05 vps postfix/smtpd[10514]: disconnect from unknown[213.209.157.252]
Oct 26 14:45:20 vps postfix/smtpd[10514]: connect from unknown[45.148.10.59]
Oct 26 14:45:25 vps postfix/smtpd[10514]: warning: unknown[45.148.10.59]: SASL LOGIN authentication failed: UGFzc3dvcmQ6
Oct 26 14:45:25 vps postfix/smtpd[10514]: disconnect from unknown[45.148.10.59]
Oct 26 14:45:48 vps postfix/smtpd[10514]: connect from unknown[45.148.10.5]
Oct 26 14:45:53 vps postfix/smtpd[10514]: warning: unknown[45.148.10.5]: SASL LOGIN authentication failed: UGFzc3dvcmQ6
Oct 26 14:45:53 vps postfix/smtpd[10514]: disconnect from unknown[45.148.10.5]
Oct 26 14:45:58 vps postfix/smtpd[10514]: connect from unknown[196.251.70.233]
