Oct 26 15:15:00 vps postfix/smtpd[23992]: disconnect from unknown[212.132.96.229]
Oct 26 15:15:00 vps postfix/smtpd[23995]: connect from unknown[103.237.86.173]
Oct 26 15:15:01 vps postfix/smtpd[23995]: Anonymous TLS connection established from unknown[103.237.86.173]: TLSv1.2 with cipher ECDHE-RSA-AES256-GCM-SHA384 (256/256 bits)
Oct 26 15:15:04 vps postfix/smtpd[27832]: connect from unknown[103.237.86.173]
Oct 26 15:15:05 vps postfix/smtpd[27832]: Anonymous TLS connection established from unknown[103.237.86.173]: TLSv1.2 with cipher ECDHE-RSA-AES256-GCM-SHA384 (256/256 bits)
Oct 26 15:15:10 vps postfix/smtpd[19028]: connect from unknown[213.209.157.167]
Oct 26 15:15:11 vps postfix/smtpd[23995]: warning: unknown[103.237.86.173]: SASL LOGIN authentication failed: Connection lost to authentication server
Oct 26 15:15:11 vps postfix/smtpd[23995]: lost connection after AUTH from unknown[103.237.86.173]
Oct 26 15:15:11 vps postfix/smtpd[23995]: disconnect from unknown[103.237.86.173]
Oct 26 15:15:13 vps postfix/smtpd[19028]: warning: unknown[213.209.157.167]: SASL LOGIN authentication failed: UGFzc3dvcmQ6
Oct 26 15:15:13 vps postfix/smtpd[19028]: disconnect from unknown[213.209.157.167]
Oct 26 15:15:15 vps postfix/smtpd[27832]: warning: unknown[103.237.86.173]: SASL LOGIN authentication failed: Connection lost to authentication server
Oct 26 15:15:15 vps postfix/smtpd[27832]: lost connection after AUTH from unknown[103.237.86.173]
Oct 26 15:15:15 vps postfix/smtpd[27832]: disconnect from unknown[103.237.86.173]
Oct 26 15:15:19 vps postfix/smtpd[23992]: connect from unknown[103.237.86.173]
Oct 26 15:15:20 vps postfix/smtpd[23992]: Anonymous TLS connection established from unknown[103.237.86.173]: TLSv1.2 with cipher ECDHE-RSA-AES256-GCM-SHA384 (256/256 bits)
Oct 26 15:15:22 vps postfix/smtpd[23992]: warning: unknown[103.237.86.173]: SASL LOGIN authentication failed: UGFzc3dvcmQ6
Oct 26 15:15:22 vps postfix/smtpd[23992]: lost connection after AUTH from unknown[103.237.86.173]
Oct 26 15:15:22 vps postfix/smtpd[23992]: disconnect from unknown[103.237.86.173]
Oct 26 15:15:23 vps postfix/smtpd[23995]: connect from unknown[103.237.86.173]
Oct 26 15:15:24 vps postfix/smtpd[23995]: Anonymous TLS connection established from unknown[103.237.86.173]: TLSv1.2 with cipher ECDHE-RSA-AES256-GCM-SHA384 (256/256 bits)
Oct 26 15:15:25 vps postfix/qmgr[22181]: 147B53718BF: from=, size=829, nrcpt=1 (queue active)
Oct 26 15:15:27 vps postfix/smtp[28650]: 147B53718BF: host gmail-smtp-in.l.google.com[64.233.170.26] said: 550-5.7.26 Your email has been blocked because the sender is unauthenticated. 550-5.7.26 Gmail requires all senders to authenticate with either SPF or DKIM. 550-5.7.26 550-5.7.26 Authentication results: 550-5.7.26 DKIM = did not pass 550-5.7.26 SPF [vps.vcrowd.in] with ip: [103.120.179.240] = did not pass 550-5.7.26 550-5.7.26 For instructions on setting up authentication, go to 550 5.7.26 https://support.google.com/mail/answer/81126#authentication 41be03b00d2f7-b71d5ce9463si2035206a12.166 - gsmtp (in reply to end of DATA command)
Oct 26 15:15:28 vps postfix/smtpd[27832]: connect from unknown[103.237.86.173]
Oct 26 15:15:29 vps postfix/smtpd[27832]: Anonymous TLS connection established from unknown[103.237.86.173]: TLSv1.2 with cipher ECDHE-RSA-AES256-GCM-SHA384 (256/256 bits)
Oct 26 15:15:29 vps postfix/smtp[28650]: 147B53718BF: to=, relay=alt1.gmail-smtp-in.l.google.com[192.178.163.26]:25, delay=1133, delays=1129/0.05/3.7/0.66, dsn=4.7.26, status=SOFTBOUNCE (host alt1.gmail-smtp-in.l.google.com[192.178.163.26] said: 550-5.7.26 Your email has been blocked because the sender is unauthenticated. 550-5.7.26 Gmail requires all senders to authenticate with either SPF or DKIM. 550-5.7.26 550-5.7.26 Authentication results: 550-5.7.26 DKIM = did not pass 550-5.7.26 SPF [vps.vcrowd.in] with ip: [103.120.179.240] = did not pass 550-5.7.26 550-5.7.26 For instructions on setting up authentication, go to 550 5.7.26 https://support.google.com/mail/answer/81126#authentication 41be03b00d2f7-b71f81597e9si1921063a12.1546 - gsmtp (in reply to end of DATA command))
Oct 26 15:15:29 vps postfix/qmgr[22181]: 147B53718BF: from=, status=expired, returned to sender
Oct 26 15:15:29 vps postfix/cleanup[28738]: 8C92220ED4C: message-id=<20251026094529.8C92220ED4C@vps.vcrowd.in>
Oct 26 15:15:29 vps postfix/bounce[28737]: 147B53718BF: sender non-delivery notification: 8C92220ED4C
Oct 26 15:15:29 vps postfix/qmgr[22181]: 8C92220ED4C: from=<>, size=3751, nrcpt=1 (queue active)
Oct 26 15:15:29 vps postfix/qmgr[22181]: 147B53718BF: removed
Oct 26 15:15:29 vps postfix/local[28739]: 8C92220ED4C: to=, relay=local, delay=0.04, delays=0.02/0.02/0/0, dsn=2.0.0, status=sent (delivered to mailbox)
Oct 26 15:15:29 vps postfix/qmgr[22181]: 8C92220ED4C: removed
Oct 26 15:15:30 vps postfix/smtpd[23995]: warning: unknown[103.237.86.173]: SASL LOGIN authentication failed: UGFzc3dvcmQ6
Oct 26 15:15:30 vps postfix/smtpd[23995]: lost connection after AUTH from unknown[103.237.86.173]
Oct 26 15:15:30 vps postfix/smtpd[23995]: disconnect from unknown[103.237.86.173]
Oct 26 15:15:34 vps postfix/smtpd[23992]: connect from unknown[103.237.86.173]
Oct 26 15:15:35 vps postfix/smtpd[23992]: Anonymous TLS connection established from unknown[103.237.86.173]: TLSv1.2 with cipher ECDHE-RSA-AES256-GCM-SHA384 (256/256 bits)
Oct 26 15:15:35 vps postfix/smtpd[19028]: connect from unknown[213.209.157.167]
Oct 26 15:15:38 vps postfix/smtpd[19028]: warning: unknown[213.209.157.167]: SASL LOGIN authentication failed: UGFzc3dvcmQ6
Oct 26 15:15:38 vps postfix/smtpd[19028]: disconnect from unknown[213.209.157.167]
Oct 26 15:15:39 vps postfix/smtpd[27832]: warning: unknown[103.237.86.173]: SASL LOGIN authentication failed: UGFzc3dvcmQ6
Oct 26 15:15:39 vps postfix/smtpd[27832]: lost connection after AUTH from unknown[103.237.86.173]
Oct 26 15:15:39 vps postfix/smtpd[27832]: disconnect from unknown[103.237.86.173]
Oct 26 15:15:43 vps postfix/smtpd[23995]: connect from unknown[103.237.86.173]
Oct 26 15:15:44 vps postfix/smtpd[23995]: Anonymous TLS connection established from unknown[103.237.86.173]: TLSv1.2 with cipher ECDHE-RSA-AES256-GCM-SHA384 (256/256 bits)
Oct 26 15:15:45 vps postfix/smtpd[23992]: warning: unknown[103.237.86.173]: SASL LOGIN authentication failed: UGFzc3dvcmQ6
Oct 26 15:15:45 vps postfix/smtpd[23992]: lost connection after AUTH from unknown[103.237.86.173]
Oct 26 15:15:45 vps postfix/smtpd[23992]: disconnect from unknown[103.237.86.173]
Oct 26 15:15:53 vps postfix/smtpd[27832]: connect from unknown[103.237.86.173]
Oct 26 15:15:54 vps postfix/smtpd[27832]: Anonymous TLS connection established from unknown[103.237.86.173]: TLSv1.2 with cipher ECDHE-RSA-AES256-GCM-SHA384 (256/256 bits)
Oct 26 15:15:54 vps postfix/smtpd[23995]: warning: unknown[103.237.86.173]: SASL LOGIN authentication failed: Connection lost to authentication server
Oct 26 15:15:54 vps postfix/smtpd[23995]: lost connection after AUTH from unknown[103.237.86.173]
Oct 26 15:15:54 vps postfix/smtpd[23995]: disconnect from unknown[103.237.86.173]
Oct 26 15:15:56 vps postfix/smtpd[19028]: connect from maid.socialadvancements.info[96.31.94.47]
Oct 26 15:15:57 vps postfix/smtpd[19028]: Anonymous TLS connection established from maid.socialadvancements.info[96.31.94.47]: TLSv1.2 with cipher ADH-AES256-GCM-SHA384 (256/256 bits)
Oct 26 15:15:58 vps postfix/smtpd[19028]: NOQUEUE: reject: RCPT from maid.socialadvancements.info[96.31.94.47]: 450 4.1.8 : Sender address rejected: Domain not found; from= to= proto=ESMTP helo=
Oct 26 15:15:58 vps postfix/smtpd[19028]: disconnect from maid.socialadvancements.info[96.31.94.47]
Oct 26 15:16:02 vps postfix/smtpd[23992]: connect from unknown[103.237.86.173]
Oct 26 15:16:03 vps postfix/smtpd[23992]: Anonymous TLS connection established from unknown[103.237.86.173]: TLSv1.2 with cipher ECDHE-RSA-AES256-GCM-SHA384 (256/256 bits)
Oct 26 15:16:04 vps postfix/smtpd[27832]: warning: unknown[103.237.86.173]: SASL LOGIN authentication failed: Connection lost to authentication server
Oct 26 15:16:04 vps postfix/smtpd[27832]: lost connection after AUTH from unknown[103.237.86.173]
Oct 26 15:16:04 vps postfix/smtpd[27832]: disconnect from unknown[103.237.86.173]
Oct 26 15:16:05 vps postfix/smtpd[23992]: warning: unknown[103.237.86.173]: SASL LOGIN authentication failed: UGFzc3dvcmQ6
Oct 26 15:16:05 vps postfix/smtpd[23992]: lost connection after AUTH from unknown[103.237.86.173]
Oct 26 15:16:05 vps postfix/smtpd[23992]: disconnect from unknown[103.237.86.173]
Oct 26 15:16:09 vps postfix/smtpd[23995]: connect from unknown[103.237.86.173]
Oct 26 15:16:10 vps postfix/smtpd[23995]: Anonymous TLS connection established from unknown[103.237.86.173]: TLSv1.2 with cipher ECDHE-RSA-AES256-GCM-SHA384 (256/256 bits)
Oct 26 15:16:13 vps postfix/smtpd[27832]: connect from unknown[103.237.86.173]
Oct 26 15:16:13 vps postfix/smtpd[27832]: Anonymous TLS connection established from unknown[103.237.86.173]: TLSv1.2 with cipher ECDHE-RSA-AES256-GCM-SHA384 (256/256 bits)
Oct 26 15:16:16 vps postfix/smtpd[23995]: warning: unknown[103.237.86.173]: SASL LOGIN authentication failed: UGFzc3dvcmQ6
Oct 26 15:16:16 vps postfix/smtpd[23995]: lost connection after AUTH from unknown[103.237.86.173]
Oct 26 15:16:16 vps postfix/smtpd[23995]: disconnect from unknown[103.237.86.173]
Oct 26 15:16:16 vps postfix/smtpd[23995]: connect from unknown[212.132.96.229]
Oct 26 15:16:19 vps postfix/smtpd[27832]: warning: unknown[103.237.86.173]: SASL LOGIN authentication failed: UGFzc3dvcmQ6
Oct 26 15:16:19 vps postfix/smtpd[23995]: warning: unknown[212.132.96.229]: SASL LOGIN authentication failed: UGFzc3dvcmQ6
Oct 26 15:16:19 vps postfix/smtpd[27832]: lost connection after AUTH from unknown[103.237.86.173]
Oct 26 15:16:19 vps postfix/smtpd[27832]: disconnect from unknown[103.237.86.173]
Oct 26 15:16:19 vps postfix/smtpd[23995]: disconnect from unknown[212.132.96.229]
Oct 26 15:16:23 vps postfix/smtpd[23992]: connect from unknown[103.237.86.173]
Oct 26 15:16:24 vps postfix/smtpd[23992]: Anonymous TLS connection established from unknown[103.237.86.173]: TLSv1.2 with cipher ECDHE-RSA-AES256-GCM-SHA384 (256/256 bits)
Oct 26 15:16:27 vps postfix/smtpd[27832]: connect from unknown[103.237.86.173]
Oct 26 15:16:28 vps postfix/smtpd[27832]: Anonymous TLS connection established from unknown[103.237.86.173]: TLSv1.2 with cipher ECDHE-RSA-AES256-GCM-SHA384 (256/256 bits)
Oct 26 15:16:34 vps postfix/smtpd[23992]: warning: unknown[103.237.86.173]: SASL LOGIN authentication failed: UGFzc3dvcmQ6
Oct 26 15:16:34 vps postfix/smtpd[23992]: lost connection after AUTH from unknown[103.237.86.173]
Oct 26 15:16:34 vps postfix/smtpd[23992]: disconnect from unknown[103.237.86.173]
Oct 26 15:16:38 vps postfix/smtpd[27832]: warning: unknown[103.237.86.173]: SASL LOGIN authentication failed: UGFzc3dvcmQ6
Oct 26 15:16:38 vps postfix/smtpd[27832]: lost connection after AUTH from unknown[103.237.86.173]
Oct 26 15:16:38 vps postfix/smtpd[27832]: disconnect from unknown[103.237.86.173]
Oct 26 15:16:42 vps postfix/smtpd[23995]: connect from unknown[103.237.86.173]
Oct 26 15:16:43 vps postfix/smtpd[23995]: Anonymous TLS connection established from unknown[103.237.86.173]: TLSv1.2 with cipher ECDHE-RSA-AES256-GCM-SHA384 (256/256 bits)
Oct 26 15:16:44 vps postfix/smtpd[23992]: connect from unknown[103.237.86.173]
Oct 26 15:16:44 vps postfix/smtpd[23992]: Anonymous TLS connection established from unknown[103.237.86.173]: TLSv1.2 with cipher ECDHE-RSA-AES256-GCM-SHA384 (256/256 bits)
Oct 26 15:16:53 vps postfix/smtpd[23995]: warning: unknown[103.237.86.173]: SASL LOGIN authentication failed: Connection lost to authentication server
Oct 26 15:16:53 vps postfix/smtpd[23995]: lost connection after AUTH from unknown[103.237.86.173]
Oct 26 15:16:53 vps postfix/smtpd[23995]: disconnect from unknown[103.237.86.173]
Oct 26 15:16:55 vps postfix/smtpd[23992]: warning: unknown[103.237.86.173]: SASL LOGIN authentication failed: Connection lost to authentication server
Oct 26 15:16:55 vps postfix/smtpd[23992]: lost connection after AUTH from unknown[103.237.86.173]
Oct 26 15:16:55 vps postfix/smtpd[23992]: disconnect from unknown[103.237.86.173]
Oct 26 15:17:02 vps postfix/smtpd[27832]: connect from unknown[103.237.86.173]
Oct 26 15:17:02 vps postfix/smtpd[27832]: Anonymous TLS connection established from unknown[103.237.86.173]: TLSv1.2 with cipher ECDHE-RSA-AES256-GCM-SHA384 (256/256 bits)
Oct 26 15:17:03 vps postfix/smtpd[23995]: connect from unknown[103.237.86.173]
Oct 26 15:17:04 vps postfix/smtpd[23995]: Anonymous TLS connection established from unknown[103.237.86.173]: TLSv1.2 with cipher ECDHE-RSA-AES256-GCM-SHA384 (256/256 bits)
Oct 26 15:17:05 vps postfix/smtpd[27832]: warning: unknown[103.237.86.173]: SASL LOGIN authentication failed: UGFzc3dvcmQ6
Oct 26 15:17:05 vps postfix/smtpd[27832]: lost connection after AUTH from unknown[103.237.86.173]
Oct 26 15:17:05 vps postfix/smtpd[27832]: disconnect from unknown[103.237.86.173]
Oct 26 15:17:10 vps postfix/smtpd[23995]: warning: unknown[103.237.86.173]: SASL LOGIN authentication failed: UGFzc3dvcmQ6
Oct 26 15:17:10 vps postfix/smtpd[23995]: lost connection after AUTH from unknown[103.237.86.173]
Oct 26 15:17:10 vps postfix/smtpd[23995]: disconnect from unknown[103.237.86.173]
Oct 26 15:17:14 vps postfix/smtpd[23992]: connect from unknown[103.237.86.173]
Oct 26 15:17:14 vps postfix/smtpd[23992]: Anonymous TLS connection established from unknown[103.237.86.173]: TLSv1.2 with cipher ECDHE-RSA-AES256-GCM-SHA384 (256/256 bits)
Oct 26 15:17:15 vps postfix/smtpd[19028]: connect from unknown[213.209.157.225]
Oct 26 15:17:18 vps postfix/smtpd[19028]: warning: unknown[213.209.157.225]: SASL LOGIN authentication failed: UGFzc3dvcmQ6
Oct 26 15:17:18 vps postfix/smtpd[19028]: disconnect from unknown[213.209.157.225]
Oct 26 15:17:18 vps postfix/smtpd[27832]: connect from unknown[103.237.86.173]
Oct 26 15:17:19 vps postfix/smtpd[27832]: Anonymous TLS connection established from unknown[103.237.86.173]: TLSv1.2 with cipher ECDHE-RSA-AES256-GCM-SHA384 (256/256 bits)
Oct 26 15:17:24 vps postfix/smtpd[23992]: warning: unknown[103.237.86.173]: SASL LOGIN authentication failed: UGFzc3dvcmQ6
Oct 26 15:17:24 vps postfix/smtpd[23992]: lost connection after AUTH from unknown[103.237.86.173]
Oct 26 15:17:24 vps postfix/smtpd[23992]: disconnect from unknown[103.237.86.173]
Oct 26 15:17:29 vps postfix/smtpd[27832]: warning: unknown[103.237.86.173]: SASL LOGIN authentication failed: UGFzc3dvcmQ6
Oct 26 15:17:29 vps postfix/smtpd[27832]: lost connection after AUTH from unknown[103.237.86.173]
Oct 26 15:17:29 vps postfix/smtpd[27832]: disconnect from unknown[103.237.86.173]
Oct 26 15:17:31 vps postfix/smtpd[19028]: connect from unknown[213.209.157.167]
Oct 26 15:17:33 vps postfix/smtpd[23995]: connect from unknown[103.237.86.173]
Oct 26 15:17:33 vps postfix/smtpd[19028]: warning: unknown[213.209.157.167]: SASL LOGIN authentication failed: UGFzc3dvcmQ6
Oct 26 15:17:33 vps postfix/smtpd[23995]: Anonymous TLS connection established from unknown[103.237.86.173]: TLSv1.2 with cipher ECDHE-RSA-AES256-GCM-SHA384 (256/256 bits)
Oct 26 15:17:33 vps postfix/smtpd[19028]: disconnect from unknown[213.209.157.167]
Oct 26 15:17:35 vps postfix/smtpd[27832]: connect from unknown[212.132.96.229]
Oct 26 15:17:35 vps postfix/smtpd[23992]: connect from unknown[103.237.86.173]
Oct 26 15:17:36 vps postfix/smtpd[23992]: Anonymous TLS connection established from unknown[103.237.86.173]: TLSv1.2 with cipher ECDHE-RSA-AES256-GCM-SHA384 (256/256 bits)
Oct 26 15:17:38 vps postfix/smtpd[27832]: warning: unknown[212.132.96.229]: SASL LOGIN authentication failed: UGFzc3dvcmQ6
Oct 26 15:17:38 vps postfix/smtpd[27832]: disconnect from unknown[212.132.96.229]
Oct 26 15:17:43 vps postfix/smtpd[23995]: warning: unknown[103.237.86.173]: SASL LOGIN authentication failed: Connection lost to authentication server
Oct 26 15:17:43 vps postfix/smtpd[23995]: lost connection after AUTH from unknown[103.237.86.173]
Oct 26 15:17:43 vps postfix/smtpd[23995]: disconnect from unknown[103.237.86.173]
Oct 26 15:17:46 vps postfix/smtpd[23992]: warning: unknown[103.237.86.173]: SASL LOGIN authentication failed: Connection lost to authentication server
Oct 26 15:17:46 vps postfix/smtpd[23992]: lost connection after AUTH from unknown[103.237.86.173]
Oct 26 15:17:46 vps postfix/smtpd[23992]: disconnect from unknown[103.237.86.173]
Oct 26 15:17:50 vps postfix/smtpd[19028]: connect from unknown[77.90.185.220]
Oct 26 15:17:52 vps postfix/smtpd[27832]: connect from unknown[103.237.86.173]
Oct 26 15:17:52 vps postfix/smtpd[27832]: Anonymous TLS connection established from unknown[103.237.86.173]: TLSv1.2 with cipher ECDHE-RSA-AES256-GCM-SHA384 (256/256 bits)
Oct 26 15:17:53 vps postfix/smtpd[19028]: warning: unknown[77.90.185.220]: SASL LOGIN authentication failed: UGFzc3dvcmQ6
Oct 26 15:17:53 vps postfix/smtpd[19028]: disconnect from unknown[77.90.185.220]
Oct 26 15:17:55 vps postfix/smtpd[27832]: warning: unknown[103.237.86.173]: SASL LOGIN authentication failed: UGFzc3dvcmQ6
Oct 26 15:17:55 vps postfix/smtpd[27832]: lost connection after AUTH from unknown[103.237.86.173]
Oct 26 15:17:55 vps postfix/smtpd[27832]: disconnect from unknown[103.237.86.173]
Oct 26 15:18:55 vps postfix/smtpd[23995]: connect from unknown[212.132.96.229]
Oct 26 15:18:58 vps postfix/smtpd[23995]: warning: unknown[212.132.96.229]: SASL LOGIN authentication failed: UGFzc3dvcmQ6
Oct 26 15:18:58 vps postfix/smtpd[23995]: disconnect from unknown[212.132.96.229]
Oct 26 15:19:02 vps postfix/smtpd[19028]: connect from unknown[77.90.185.87]
Oct 26 15:19:05 vps postfix/smtpd[19028]: warning: unknown[77.90.185.87]: SASL LOGIN authentication failed: UGFzc3dvcmQ6
Oct 26 15:19:05 vps postfix/smtpd[19028]: disconnect from unknown[77.90.185.87]
Oct 26 15:19:30 vps postfix/smtpd[19028]: connect from unknown[45.148.10.89]
Oct 26 15:19:35 vps postfix/smtpd[19028]: warning: unknown[45.148.10.89]: SASL LOGIN authentication failed: UGFzc3dvcmQ6
Oct 26 15:19:35 vps postfix/smtpd[19028]: disconnect from unknown[45.148.10.89]
Oct 26 15:19:52 vps postfix/anvil[16309]: statistics: max connection rate 9/60s for (submission:103.237.86.173) at
Oct 26 15:14:41
Oct 26 15:19:52 vps postfix/anvil[16309]: statistics: max connection count 2 for (submission:103.237.86.173) at
Oct 26 15:12:40
Oct 26 15:19:52 vps postfix/anvil[16309]: statistics: max cache size 8 at
Oct 26 15:13:14
Oct 26 15:20:09 vps postfix/smtpd[19028]: connect from unknown[77.90.185.87]
Oct 26 15:20:12 vps postfix/smtpd[19028]: warning: unknown[77.90.185.87]: SASL LOGIN authentication failed: UGFzc3dvcmQ6
Oct 26 15:20:12 vps postfix/smtpd[19028]: disconnect from unknown[77.90.185.87]
Oct 26 15:20:13 vps postfix/smtpd[23995]: connect from unknown[212.132.96.229]
Oct 26 15:20:16 vps postfix/smtpd[23995]: warning: unknown[212.132.96.229]: SASL LOGIN authentication failed: UGFzc3dvcmQ6
Oct 26 15:20:16 vps postfix/smtpd[23995]: disconnect from unknown[212.132.96.229]
Oct 26 15:21:31 vps postfix/smtpd[19028]: connect from unknown[213.209.157.167]
Oct 26 15:21:32 vps postfix/smtpd[23995]: connect from unknown[212.132.96.229]
Oct 26 15:21:34 vps postfix/smtpd[19028]: warning: unknown[213.209.157.167]: SASL LOGIN authentication failed: UGFzc3dvcmQ6
Oct 26 15:21:34 vps postfix/smtpd[19028]: disconnect from unknown[213.209.157.167]
Oct 26 15:21:35 vps postfix/smtpd[23995]: warning: unknown[212.132.96.229]: SASL LOGIN authentication failed: UGFzc3dvcmQ6
Oct 26 15:21:35 vps postfix/smtpd[23995]: disconnect from unknown[212.132.96.229]
Oct 26 15:22:00 vps postfix/smtpd[19028]: connect from unknown[213.209.157.167]
Oct 26 15:22:03 vps postfix/smtpd[19028]: warning: unknown[213.209.157.167]: SASL LOGIN authentication failed: UGFzc3dvcmQ6
Oct 26 15:22:03 vps postfix/smtpd[19028]: disconnect from unknown[213.209.157.167]
Oct 26 15:22:06 vps postfix/smtps/smtpd[5103]: connect from unknown[115.231.78.3]
Oct 26 15:22:06 vps postfix/smtps/smtpd[5103]: Anonymous TLS connection established from unknown[115.231.78.3]: TLSv1.2 with cipher RC4-SHA (112/128 bits)
Oct 26 15:22:08 vps postfix/smtps/smtpd[5103]: lost connection after UNKNOWN from unknown[115.231.78.3]
Oct 26 15:22:08 vps postfix/smtps/smtpd[5103]: disconnect from unknown[115.231.78.3]
Oct 26 15:22:08 vps postfix/smtps/smtpd[5103]: connect from unknown[115.231.78.3]
Oct 26 15:22:09 vps postfix/smtps/smtpd[5103]: SSL_accept error from unknown[115.231.78.3]: Connection reset by peer
Oct 26 15:22:09 vps postfix/smtps/smtpd[5103]: lost connection after CONNECT from unknown[115.231.78.3]
Oct 26 15:22:09 vps postfix/smtps/smtpd[5103]: disconnect from unknown[115.231.78.3]
Oct 26 15:22:09 vps postfix/smtps/smtpd[5103]: connect from unknown[115.231.78.3]
Oct 26 15:22:10 vps postfix/smtps/smtpd[5103]: SSL_accept error from unknown[115.231.78.3]: Connection reset by peer
Oct 26 15:22:10 vps postfix/smtps/smtpd[5103]: lost connection after CONNECT from unknown[115.231.78.3]
Oct 26 15:22:10 vps postfix/smtps/smtpd[5103]: disconnect from unknown[115.231.78.3]
Oct 26 15:22:10 vps postfix/smtps/smtpd[5103]: connect from unknown[115.231.78.3]
Oct 26 15:22:10 vps postfix/smtps/smtpd[5103]: SSL_accept error from unknown[115.231.78.3]: Connection reset by peer
Oct 26 15:22:10 vps postfix/smtps/smtpd[5103]: lost connection after CONNECT from unknown[115.231.78.3]
Oct 26 15:22:10 vps postfix/smtps/smtpd[5103]: disconnect from unknown[115.231.78.3]
Oct 26 15:22:11 vps postfix/smtps/smtpd[5103]: connect from unknown[115.231.78.3]
Oct 26 15:22:11 vps postfix/smtpd[19028]: connect from unknown[45.148.10.97]
Oct 26 15:22:11 vps postfix/smtps/smtpd[5103]: SSL_accept error from unknown[115.231.78.3]: Connection reset by peer
Oct 26 15:22:11 vps postfix/smtps/smtpd[5103]: lost connection after CONNECT from unknown[115.231.78.3]
Oct 26 15:22:11 vps postfix/smtps/smtpd[5103]: disconnect from unknown[115.231.78.3]
Oct 26 15:22:11 vps postfix/smtps/smtpd[5103]: connect from unknown[115.231.78.3]
Oct 26 15:22:12 vps postfix/smtps/smtpd[5103]: SSL_accept error from unknown[115.231.78.3]: Connection reset by peer
Oct 26 15:22:12 vps postfix/smtps/smtpd[5103]: lost connection after CONNECT from unknown[115.231.78.3]
Oct 26 15:22:12 vps postfix/smtps/smtpd[5103]: disconnect from unknown[115.231.78.3]
Oct 26 15:22:12 vps postfix/smtps/smtpd[5103]: connect from unknown[115.231.78.3]
Oct 26 15:22:12 vps postfix/smtps/smtpd[5103]: SSL_accept error from unknown[115.231.78.3]: Connection reset by peer
Oct 26 15:22:12 vps postfix/smtps/smtpd[5103]: lost connection after CONNECT from unknown[115.231.78.3]
Oct 26 15:22:12 vps postfix/smtps/smtpd[5103]: disconnect from unknown[115.231.78.3]
Oct 26 15:22:13 vps postfix/smtps/smtpd[5103]: connect from unknown[115.231.78.3]
Oct 26 15:22:13 vps postfix/smtpd[19028]: warning: unknown[45.148.10.97]: SASL LOGIN authentication failed: UGFzc3dvcmQ6
Oct 26 15:22:13 vps postfix/smtps/smtpd[5103]: SSL_accept error from unknown[115.231.78.3]: Connection reset by peer
Oct 26 15:22:13 vps postfix/smtps/smtpd[5103]: lost connection after CONNECT from unknown[115.231.78.3]
Oct 26 15:22:13 vps postfix/smtps/smtpd[5103]: disconnect from unknown[115.231.78.3]
Oct 26 15:22:13 vps postfix/smtpd[19028]: disconnect from unknown[45.148.10.97]
Oct 26 15:22:13 vps postfix/smtps/smtpd[5103]: connect from unknown[115.231.78.3]
Oct 26 15:22:14 vps postfix/smtpd[19028]: connect from unknown[213.209.157.167]
Oct 26 15:22:14 vps postfix/smtps/smtpd[5103]: SSL_accept error from unknown[115.231.78.3]: Connection reset by peer
Oct 26 15:22:14 vps postfix/smtps/smtpd[5103]: lost connection after CONNECT from unknown[115.231.78.3]
Oct 26 15:22:14 vps postfix/smtps/smtpd[5103]: disconnect from unknown[115.231.78.3]
Oct 26 15:22:14 vps postfix/smtps/smtpd[5103]: connect from unknown[115.231.78.3]
Oct 26 15:22:14 vps postfix/smtps/smtpd[5103]: SSL_accept error from unknown[115.231.78.3]: Connection reset by peer
Oct 26 15:22:14 vps postfix/smtps/smtpd[5103]: lost connection after CONNECT from unknown[115.231.78.3]
Oct 26 15:22:14 vps postfix/smtps/smtpd[5103]: disconnect from unknown[115.231.78.3]
Oct 26 15:22:15 vps postfix/smtps/smtpd[5103]: connect from unknown[115.231.78.3]
Oct 26 15:22:15 vps postfix/smtps/smtpd[5103]: SSL_accept error from unknown[115.231.78.3]: Connection reset by peer
Oct 26 15:22:15 vps postfix/smtps/smtpd[5103]: lost connection after CONNECT from unknown[115.231.78.3]
Oct 26 15:22:15 vps postfix/smtps/smtpd[5103]: disconnect from unknown[115.231.78.3]
Oct 26 15:22:20 vps postfix/smtpd[19028]: warning: unknown[213.209.157.167]: SASL LOGIN authentication failed: UGFzc3dvcmQ6
Oct 26 15:22:20 vps postfix/smtpd[19028]: disconnect from unknown[213.209.157.167]
Oct 26 15:22:28 vps postfix/smtpd[19028]: connect from unknown[45.148.10.98]
Oct 26 15:22:31 vps postfix/smtpd[19028]: warning: unknown[45.148.10.98]: SASL LOGIN authentication failed: UGFzc3dvcmQ6
Oct 26 15:22:31 vps postfix/smtpd[19028]: disconnect from unknown[45.148.10.98]
Oct 26 15:22:41 vps postfix/smtpd[19028]: connect from unknown[45.148.10.64]
Oct 26 15:22:44 vps postfix/smtpd[19028]: warning: unknown[45.148.10.64]: SASL LOGIN authentication failed: UGFzc3dvcmQ6
Oct 26 15:22:44 vps postfix/smtpd[19028]: disconnect from unknown[45.148.10.64]
Oct 26 15:22:53 vps postfix/smtpd[23995]: connect from unknown[123.58.215.72]
Oct 26 15:22:54 vps postfix/smtpd[6054]: connect from unknown[212.132.96.229]
Oct 26 15:22:56 vps postfix/smtpd[23995]: warning: unknown[123.58.215.72]: SASL LOGIN authentication failed: UGFzc3dvcmQ6
Oct 26 15:22:56 vps postfix/smtpd[23995]: disconnect from unknown[123.58.215.72]
Oct 26 15:22:57 vps postfix/smtpd[6054]: warning: unknown[212.132.96.229]: SASL LOGIN authentication failed: UGFzc3dvcmQ6
Oct 26 15:22:57 vps postfix/smtpd[6054]: disconnect from unknown[212.132.96.229]
Oct 26 15:23:08 vps postfix/smtpd[19028]: connect from unknown[196.251.70.233]
Oct 26 15:23:11 vps postfix/smtpd[19028]: warning: unknown[196.251.70.233]: SASL LOGIN authentication failed: UGFzc3dvcmQ6
Oct 26 15:23:17 vps postfix/smtpd[19028]: warning: unknown[196.251.70.233]: SASL LOGIN authentication failed: UGFzc3dvcmQ6
Oct 26 15:23:27 vps postfix/smtpd[19028]: warning: unknown[196.251.70.233]: SASL LOGIN authentication failed: UGFzc3dvcmQ6
Oct 26 15:23:28 vps postfix/smtpd[6755]: connect from unknown[62.60.131.124]
Oct 26 15:23:31 vps postfix/smtpd[6755]: warning: unknown[62.60.131.124]: SASL LOGIN authentication failed: UGFzc3dvcmQ6
Oct 26 15:23:31 vps postfix/smtpd[6755]: disconnect from unknown[62.60.131.124]
Oct 26 15:23:37 vps postfix/smtpd[19028]: warning: unknown[196.251.70.233]: SASL LOGIN authentication failed: Connection lost to authentication server
Oct 26 15:23:37 vps postfix/smtpd[19028]: disconnect from unknown[196.251.70.233]
Oct 26 15:24:10 vps postfix/smtpd[6755]: connect from unknown[213.209.157.167]
Oct 26 15:24:12 vps postfix/smtpd[6755]: warning: unknown[213.209.157.167]: SASL LOGIN authentication failed: UGFzc3dvcmQ6
Oct 26 15:24:12 vps postfix/smtpd[6755]: disconnect from unknown[213.209.157.167]
Oct 26 15:24:15 vps postfix/smtpd[23995]: connect from unknown[212.132.96.229]
Oct 26 15:24:18 vps postfix/smtpd[23995]: warning: unknown[212.132.96.229]: SASL LOGIN authentication failed: UGFzc3dvcmQ6
Oct 26 15:24:18 vps postfix/smtpd[23995]: disconnect from unknown[212.132.96.229]
Oct 26 15:24:22 vps postfix/smtpd[19028]: connect from unknown[77.90.185.87]
Oct 26 15:24:25 vps postfix/smtpd[19028]: warning: unknown[77.90.185.87]: SASL LOGIN authentication failed: UGFzc3dvcmQ6
Oct 26 15:24:25 vps postfix/smtpd[19028]: disconnect from unknown[77.90.185.87]
Oct 26 15:24:39 vps postfix/smtpd[6755]: connect from unknown[213.209.157.167]
Oct 26 15:24:41 vps postfix/smtpd[6755]: warning: unknown[213.209.157.167]: SASL LOGIN authentication failed: UGFzc3dvcmQ6
Oct 26 15:24:41 vps postfix/smtpd[6755]: disconnect from unknown[213.209.157.167]
Oct 26 15:25:32 vps postfix/smtpd[19028]: connect from unknown[213.209.157.252]
Oct 26 15:25:35 vps postfix/smtpd[19028]: warning: unknown[213.209.157.252]: SASL LOGIN authentication failed: UGFzc3dvcmQ6
Oct 26 15:25:35 vps postfix/smtpd[19028]: disconnect from unknown[213.209.157.252]
Oct 26 15:25:36 vps postfix/smtpd[23995]: connect from unknown[212.132.96.229]
Oct 26 15:25:38 vps postfix/pickup[2374]: 761B020ED4C: uid=1052 from=
Oct 26 15:25:38 vps postfix/cleanup[10496]: 761B020ED4C: message-id=<20251026095538.761B020ED4C@vps.vcrowd.in>
Oct 26 15:25:38 vps opendkim[5590]: 761B020ED4C: DKIM-Signature field added (s=default, d=crackersadaikki.com)
Oct 26 15:25:38 vps postfix/qmgr[22181]: 761B020ED4C: from=, size=882, nrcpt=2 (queue active)
Oct 26 15:25:39 vps postfix/pickup[2374]: 0E04D3718BF: uid=1052 from=
Oct 26 15:25:39 vps postfix/cleanup[10496]: 0E04D3718BF: message-id=<20251026095539.0E04D3718BF@vps.vcrowd.in>
Oct 26 15:25:39 vps opendkim[5590]: 0E04D3718BF: DKIM-Signature field added (s=default, d=crackersadaikki.com)
Oct 26 15:25:39 vps postfix/qmgr[22181]: 0E04D3718BF: from=, size=1116, nrcpt=2 (queue active)
Oct 26 15:25:39 vps postfix/smtpd[23995]: warning: unknown[212.132.96.229]: SASL LOGIN authentication failed: UGFzc3dvcmQ6
Oct 26 15:25:39 vps postfix/smtpd[23995]: disconnect from unknown[212.132.96.229]
Oct 26 15:25:40 vps postfix/smtp[10505]: 761B020ED4C: host gmail-smtp-in.l.google.com[64.233.170.27] said: 550-5.7.26 Your email has been blocked because the sender is unauthenticated. 550-5.7.26 Gmail requires all senders to authenticate with either SPF or DKIM. 550-5.7.26 550-5.7.26 Authentication results: 550-5.7.26 DKIM = did not pass 550-5.7.26 SPF [vps.vcrowd.in] with ip: [103.120.179.240] = did not pass 550-5.7.26 550-5.7.26 For instructions on setting up authentication, go to 550 5.7.26 https://support.google.com/mail/answer/81126#authentication d9443c01a7336-2949aadaddcsi23299005ad.320 - gsmtp (in reply to end of DATA command)
Oct 26 15:25:40 vps postfix/smtp[10536]: 0E04D3718BF: host gmail-smtp-in.l.google.com[64.233.170.26] said: 550-5.7.26 Your email has been blocked because the sender is unauthenticated. 550-5.7.26 Gmail requires all senders to authenticate with either SPF or DKIM. 550-5.7.26 550-5.7.26 Authentication results: 550-5.7.26 DKIM = did not pass 550-5.7.26 SPF [vps.vcrowd.in] with ip: [103.120.179.240] = did not pass 550-5.7.26 550-5.7.26 For instructions on setting up authentication, go to 550 5.7.26 https://support.google.com/mail/answer/81126#authentication 98e67ed59e1d1-33fee2941d2si2094883a91.67 - gsmtp (in reply to end of DATA command)
Oct 26 15:25:42 vps postfix/smtp[10505]: 761B020ED4C: to=, relay=alt1.gmail-smtp-in.l.google.com[192.178.163.26]:25, delay=4.2, delays=0.09/0.05/3.5/0.63, dsn=4.7.26, status=SOFTBOUNCE (host alt1.gmail-smtp-in.l.google.com[192.178.163.26] said: 550-5.7.26 Your email has been blocked because the sender is unauthenticated. 550-5.7.26 Gmail requires all senders to authenticate with either SPF or DKIM. 550-5.7.26 550-5.7.26 Authentication results: 550-5.7.26 DKIM = did not pass 550-5.7.26 SPF [vps.vcrowd.in] with ip: [103.120.179.240] = did not pass 550-5.7.26 550-5.7.26 For instructions on setting up authentication, go to 550 5.7.26 https://support.google.com/mail/answer/81126#authentication 41be03b00d2f7-b71f5afe922si2071862a12.1214 - gsmtp (in reply to end of DATA command))
Oct 26 15:25:43 vps postfix/smtp[10536]: 0E04D3718BF: to=, relay=alt1.gmail-smtp-in.l.google.com[192.178.163.27]:25, delay=4.3, delays=0.07/0.06/3.5/0.68, dsn=4.7.26, status=SOFTBOUNCE (host alt1.gmail-smtp-in.l.google.com[192.178.163.27] said: 550-5.7.26 Your email has been blocked because the sender is unauthenticated. 550-5.7.26 Gmail requires all senders to authenticate with either SPF or DKIM. 550-5.7.26 550-5.7.26 Authentication results: 550-5.7.26 DKIM = did not pass 550-5.7.26 SPF [vps.vcrowd.in] with ip: [103.120.179.240] = did not pass 550-5.7.26 550-5.7.26 For instructions on setting up authentication, go to 550 5.7.26 https://support.google.com/mail/answer/81126#authentication d2e1a72fcca58-7a415671b39si2120944b3a.796 - gsmtp (in reply to end of DATA command))
Oct 26 15:26:01 vps postfix/smtpd[6755]: connect from unknown[45.148.10.119]
Oct 26 15:26:04 vps postfix/smtpd[6755]: warning: unknown[45.148.10.119]: SASL LOGIN authentication failed: UGFzc3dvcmQ6
Oct 26 15:26:04 vps postfix/smtpd[6755]: disconnect from unknown[45.148.10.119]
Oct 26 15:26:08 vps postfix/smtp[10504]: connect to crackersadaikki.com[13.248.213.45]:25: Connection timed out
Oct 26 15:26:09 vps postfix/smtp[10534]: connect to crackersadaikki.com[13.248.213.45]:25: Connection timed out
Oct 26 15:26:14 vps postfix/smtpd[19028]: connect from unknown[45.148.10.87]
Oct 26 15:26:17 vps postfix/smtpd[19028]: warning: unknown[45.148.10.87]: SASL LOGIN authentication failed: UGFzc3dvcmQ6
Oct 26 15:26:17 vps postfix/smtpd[19028]: disconnect from unknown[45.148.10.87]
Oct 26 15:26:18 vps postfix/smtpd[6755]: connect from s-21-102-63-202.southernonline.net[202.63.102.21]
Oct 26 15:26:22 vps postfix/smtpd[6755]: warning: s-21-102-63-202.southernonline.net[202.63.102.21]: SASL LOGIN authentication failed: UGFzc3dvcmQ6
Oct 26 15:26:22 vps postfix/smtpd[6755]: lost connection after AUTH from s-21-102-63-202.southernonline.net[202.63.102.21]
Oct 26 15:26:22 vps postfix/smtpd[6755]: disconnect from s-21-102-63-202.southernonline.net[202.63.102.21]
Oct 26 15:26:38 vps postfix/smtp[10504]: connect to crackersadaikki.com[76.223.67.189]:25: Connection timed out
Oct 26 15:26:38 vps postfix/smtp[10504]: 761B020ED4C: to=, relay=none, delay=60, delays=0.09/0.03/60/0, dsn=4.4.1, status=deferred (connect to crackersadaikki.com[76.223.67.189]:25: Connection timed out)
Oct 26 15:26:39 vps postfix/smtp[10534]: connect to crackersadaikki.com[76.223.67.189]:25: Connection timed out
Oct 26 15:26:39 vps postfix/smtp[10534]: 0E04D3718BF: to=, relay=none, delay=60, delays=0.07/0.04/60/0, dsn=4.4.1, status=deferred (connect to crackersadaikki.com[76.223.67.189]:25: Connection timed out)
Oct 26 15:26:46 vps postfix/smtpd[19028]: connect from unknown[196.251.92.15]
Oct 26 15:26:49 vps postfix/smtpd[19028]: warning: unknown[196.251.92.15]: SASL LOGIN authentication failed: UGFzc3dvcmQ6
Oct 26 15:26:49 vps postfix/smtpd[19028]: lost connection after AUTH from unknown[196.251.92.15]
Oct 26 15:26:49 vps postfix/smtpd[19028]: disconnect from unknown[196.251.92.15]
Oct 26 15:26:57 vps postfix/smtpd[23995]: connect from unknown[212.132.96.229]
Oct 26 15:26:59 vps postfix/smtpd[23995]: warning: unknown[212.132.96.229]: SASL LOGIN authentication failed: UGFzc3dvcmQ6
Oct 26 15:26:59 vps postfix/smtpd[23995]: disconnect from unknown[212.132.96.229]
Oct 26 15:27:09 vps postfix/smtpd[6755]: connect from unknown[213.209.157.167]
Oct 26 15:27:12 vps postfix/smtpd[19028]: connect from unknown[45.148.10.118]
Oct 26 15:27:12 vps postfix/smtpd[6755]: warning: unknown[213.209.157.167]: SASL LOGIN authentication failed: UGFzc3dvcmQ6
Oct 26 15:27:12 vps postfix/smtpd[6755]: disconnect from unknown[213.209.157.167]
Oct 26 15:27:14 vps postfix/smtpd[19028]: warning: unknown[45.148.10.118]: SASL LOGIN authentication failed: UGFzc3dvcmQ6
Oct 26 15:27:14 vps postfix/smtpd[19028]: disconnect from unknown[45.148.10.118]
Oct 26 15:27:23 vps postfix/smtpd[6755]: connect from unknown[213.209.157.167]
Oct 26 15:27:29 vps postfix/smtpd[6755]: warning: unknown[213.209.157.167]: SASL LOGIN authentication failed: UGFzc3dvcmQ6
Oct 26 15:27:29 vps postfix/smtpd[6755]: disconnect from unknown[213.209.157.167]
Oct 26 15:28:17 vps postfix/smtpd[23995]: connect from unknown[212.132.96.229]
Oct 26 15:28:18 vps postfix/smtpd[19028]: connect from unknown[45.148.10.37]
Oct 26 15:28:19 vps postfix/smtps/smtpd[14796]: connect from unknown[45.133.172.16]
Oct 26 15:28:19 vps postfix/smtpd[23995]: warning: unknown[212.132.96.229]: SASL LOGIN authentication failed: UGFzc3dvcmQ6
Oct 26 15:28:19 vps postfix/smtps/smtpd[14796]: Anonymous TLS connection established from unknown[45.133.172.16]: TLSv1.2 with cipher ECDHE-RSA-AES256-GCM-SHA384 (256/256 bits)
Oct 26 15:28:19 vps postfix/smtpd[23995]: disconnect from unknown[212.132.96.229]
Oct 26 15:28:20 vps postfix/smtpd[19028]: warning: unknown[45.148.10.37]: SASL LOGIN authentication failed: UGFzc3dvcmQ6
Oct 26 15:28:20 vps postfix/smtpd[19028]: disconnect from unknown[45.148.10.37]
Oct 26 15:28:22 vps postfix/smtps/smtpd[14796]: warning: unknown[45.133.172.16]: SASL LOGIN authentication failed: UGFzc3dvcmQ6
Oct 26 15:28:22 vps postfix/smtps/smtpd[14796]: disconnect from unknown[45.133.172.16]
Oct 26 15:28:36 vps postfix/smtpd[6755]: connect from unknown[213.209.157.167]
Oct 26 15:28:39 vps postfix/smtpd[6755]: warning: unknown[213.209.157.167]: SASL LOGIN authentication failed: UGFzc3dvcmQ6
Oct 26 15:28:39 vps postfix/smtpd[6755]: disconnect from unknown[213.209.157.167]
Oct 26 15:28:43 vps postfix/smtpd[19028]: connect from unknown[45.148.10.124]
Oct 26 15:28:46 vps postfix/smtpd[19028]: warning: unknown[45.148.10.124]: SASL LOGIN authentication failed: UGFzc3dvcmQ6
Oct 26 15:28:46 vps postfix/smtpd[19028]: disconnect from unknown[45.148.10.124]
Oct 26 15:29:04 vps postfix/smtpd[6755]: connect from unknown[213.209.157.167]
Oct 26 15:29:07 vps postfix/smtpd[6755]: warning: unknown[213.209.157.167]: SASL LOGIN authentication failed: UGFzc3dvcmQ6
Oct 26 15:29:07 vps postfix/smtpd[6755]: disconnect from unknown[213.209.157.167]
Oct 26 15:29:12 vps postfix/smtpd[19028]: connect from mail-westus3azolkn19012010.outbound.protection.outlook.com[52.103.23.10]
Oct 26 15:29:13 vps postfix/smtpd[19028]: Anonymous TLS connection established from mail-westus3azolkn19012010.outbound.protection.outlook.com[52.103.23.10]: TLSv1.2 with cipher ECDHE-RSA-AES256-GCM-SHA384 (256/256 bits)
Oct 26 15:29:14 vps postfix/smtpd[19028]: NOQUEUE: reject: RCPT from mail-westus3azolkn19012010.outbound.protection.outlook.com[52.103.23.10]: 450 4.1.1 : Recipient address rejected: User unknown in virtual mailbox table; from= to= proto=ESMTP helo=
Oct 26 15:29:15 vps postfix/smtpd[19028]: disconnect from mail-westus3azolkn19012010.outbound.protection.outlook.com[52.103.23.10]
Oct 26 15:29:23 vps postfix/smtpd[6755]: connect from unknown[77.90.185.220]
Oct 26 15:29:25 vps postfix/smtpd[6755]: warning: unknown[77.90.185.220]: SASL LOGIN authentication failed: UGFzc3dvcmQ6
Oct 26 15:29:25 vps postfix/smtpd[6755]: disconnect from unknown[77.90.185.220]
Oct 26 15:29:37 vps postfix/smtpd[23995]: connect from unknown[212.132.96.229]
Oct 26 15:29:40 vps postfix/smtpd[23995]: warning: unknown[212.132.96.229]: SASL LOGIN authentication failed: UGFzc3dvcmQ6
Oct 26 15:29:40 vps postfix/smtpd[23995]: disconnect from unknown[212.132.96.229]
Oct 26 15:29:46 vps postfix/smtpd[19028]: connect from unknown[45.148.10.120]
Oct 26 15:29:49 vps postfix/smtpd[19028]: warning: unknown[45.148.10.120]: SASL LOGIN authentication failed: UGFzc3dvcmQ6
Oct 26 15:29:49 vps postfix/smtpd[19028]: disconnect from unknown[45.148.10.120]
Oct 26 15:29:52 vps postfix/anvil[16309]: statistics: max connection rate 3/60s for (smtp:213.209.157.167) at
Oct 26 15:22:14
Oct 26 15:29:52 vps postfix/anvil[16309]: statistics: max connection count 1 for (smtp:77.90.185.87) at
Oct 26 15:20:09
Oct 26 15:29:52 vps postfix/anvil[16309]: statistics: max cache size 7 at
Oct 26 15:22:54
Oct 26 15:29:52 vps postfix/smtpd[6755]: connect from unknown[45.148.10.122]
Oct 26 15:29:55 vps postfix/smtpd[6755]: warning: unknown[45.148.10.122]: SASL LOGIN authentication failed: UGFzc3dvcmQ6
Oct 26 15:29:55 vps postfix/smtpd[6755]: disconnect from unknown[45.148.10.122]
Oct 26 15:30:01 vps postfix/smtpd[19028]: connect from unknown[45.148.10.36]
Oct 26 15:30:04 vps postfix/smtpd[19028]: warning: unknown[45.148.10.36]: SASL LOGIN authentication failed: UGFzc3dvcmQ6
Oct 26 15:30:04 vps postfix/smtpd[19028]: disconnect from unknown[45.148.10.36]
Oct 26 15:30:06 vps postfix/smtpd[6755]: connect from unknown[45.148.10.30]
Oct 26 15:30:09 vps postfix/smtpd[19028]: connect from unknown[77.90.185.87]
Oct 26 15:30:09 vps postfix/smtpd[6755]: warning: unknown[45.148.10.30]: SASL LOGIN authentication failed: UGFzc3dvcmQ6
Oct 26 15:30:09 vps postfix/smtpd[6755]: disconnect from unknown[45.148.10.30]
Oct 26 15:30:12 vps postfix/smtpd[19028]: warning: unknown[77.90.185.87]: SASL LOGIN authentication failed: UGFzc3dvcmQ6
Oct 26 15:30:12 vps postfix/smtpd[19028]: disconnect from unknown[77.90.185.87]
Oct 26 15:30:29 vps postfix/smtpd[6755]: connect from unknown[45.148.10.25]
Oct 26 15:30:31 vps postfix/smtpd[6755]: warning: unknown[45.148.10.25]: SASL LOGIN authentication failed: UGFzc3dvcmQ6
Oct 26 15:30:31 vps postfix/smtpd[6755]: disconnect from unknown[45.148.10.25]
Oct 26 15:30:40 vps postfix/smtpd[19028]: connect from unknown[213.209.157.167]
Oct 26 15:30:43 vps postfix/smtpd[19028]: warning: unknown[213.209.157.167]: SASL LOGIN authentication failed: UGFzc3dvcmQ6
Oct 26 15:30:43 vps postfix/smtpd[19028]: disconnect from unknown[213.209.157.167]
Oct 26 15:30:44 vps postfix/smtpd[23995]: connect from unknown[128.185.208.158]
Oct 26 15:30:50 vps postfix/smtpd[23995]: warning: unknown[128.185.208.158]: SASL LOGIN authentication failed: UGFzc3dvcmQ6
Oct 26 15:30:51 vps postfix/smtpd[23995]: lost connection after AUTH from unknown[128.185.208.158]
Oct 26 15:30:51 vps postfix/smtpd[23995]: disconnect from unknown[128.185.208.158]
Oct 26 15:30:57 vps postfix/smtpd[6755]: connect from sender1-o11.mgovcloud.in[169.148.143.11]
Oct 26 15:30:57 vps postfix/smtpd[6755]: Anonymous TLS connection established from sender1-o11.mgovcloud.in[169.148.143.11]: TLSv1.2 with cipher ECDHE-RSA-AES256-GCM-SHA384 (256/256 bits)
Oct 26 15:30:57 vps postfix/smtpd[23995]: connect from unknown[212.132.96.229]
Oct 26 15:30:58 vps postfix/smtpd[6755]: NOQUEUE: reject: RCPT from sender1-o11.mgovcloud.in[169.148.143.11]: 450 4.1.1 : Recipient address rejected: User unknown in virtual mailbox table; from= to= proto=ESMTP helo=
Oct 26 15:30:58 vps postfix/smtpd[6755]: disconnect from sender1-o11.mgovcloud.in[169.148.143.11]
Oct 26 15:31:00 vps postfix/smtpd[23995]: warning: unknown[212.132.96.229]: SASL LOGIN authentication failed: UGFzc3dvcmQ6
Oct 26 15:31:00 vps postfix/smtpd[23995]: disconnect from unknown[212.132.96.229]
Oct 26 15:31:21 vps postfix/smtpd[19028]: connect from unknown[45.148.10.29]
Oct 26 15:31:24 vps postfix/smtpd[19028]: warning: unknown[45.148.10.29]: SASL LOGIN authentication failed: UGFzc3dvcmQ6
Oct 26 15:31:24 vps postfix/smtpd[19028]: disconnect from unknown[45.148.10.29]
Oct 26 15:31:25 vps postfix/smtpd[6755]: connect from unknown[77.90.185.220]
Oct 26 15:31:28 vps postfix/smtpd[6755]: warning: unknown[77.90.185.220]: SASL LOGIN authentication failed: UGFzc3dvcmQ6
Oct 26 15:31:28 vps postfix/smtpd[6755]: disconnect from unknown[77.90.185.220]
Oct 26 15:31:45 vps postfix/smtpd[19028]: connect from unknown[45.148.10.39]
Oct 26 15:31:48 vps postfix/smtpd[19028]: warning: unknown[45.148.10.39]: SASL LOGIN authentication failed: UGFzc3dvcmQ6
Oct 26 15:31:48 vps postfix/smtpd[19028]: disconnect from unknown[45.148.10.39]
Oct 26 15:32:20 vps postfix/smtpd[23995]: connect from unknown[212.132.96.229]
Oct 26 15:32:22 vps postfix/smtpd[23995]: warning: unknown[212.132.96.229]: SASL LOGIN authentication failed: UGFzc3dvcmQ6
Oct 26 15:32:22 vps postfix/smtpd[23995]: disconnect from unknown[212.132.96.229]
Oct 26 15:32:47 vps postfix/smtpd[6755]: connect from unknown[77.90.185.220]
Oct 26 15:32:50 vps postfix/smtpd[6755]: warning: unknown[77.90.185.220]: SASL LOGIN authentication failed: UGFzc3dvcmQ6
Oct 26 15:32:50 vps postfix/smtpd[6755]: disconnect from unknown[77.90.185.220]
Oct 26 15:33:05 vps postfix/smtpd[19028]: connect from unknown[77.90.185.220]
Oct 26 15:33:07 vps postfix/smtpd[19028]: warning: unknown[77.90.185.220]: SASL LOGIN authentication failed: UGFzc3dvcmQ6
Oct 26 15:33:07 vps postfix/smtpd[19028]: disconnect from unknown[77.90.185.220]
Oct 26 15:33:14 vps postfix/smtpd[6755]: connect from unknown[213.209.157.167]
Oct 26 15:33:17 vps postfix/smtpd[6755]: warning: unknown[213.209.157.167]: SASL LOGIN authentication failed: UGFzc3dvcmQ6
Oct 26 15:33:17 vps postfix/smtpd[6755]: disconnect from unknown[213.209.157.167]
Oct 26 15:33:41 vps postfix/smtpd[23995]: connect from unknown[212.132.96.229]
Oct 26 15:33:43 vps postfix/smtpd[23995]: warning: unknown[212.132.96.229]: SASL LOGIN authentication failed: UGFzc3dvcmQ6
Oct 26 15:33:43 vps postfix/smtpd[23995]: disconnect from unknown[212.132.96.229]
Oct 26 15:34:24 vps postfix/smtpd[19028]: connect from unknown[213.209.157.167]
Oct 26 15:34:27 vps postfix/smtpd[19028]: warning: unknown[213.209.157.167]: SASL LOGIN authentication failed: UGFzc3dvcmQ6
Oct 26 15:34:27 vps postfix/smtpd[19028]: disconnect from unknown[213.209.157.167]
Oct 26 15:34:36 vps postfix/smtpd[6755]: connect from unknown[222.133.42.158]
Oct 26 15:34:41 vps postfix/smtpd[6755]: warning: unknown[222.133.42.158]: SASL LOGIN authentication failed: UGFzc3dvcmQ6
Oct 26 15:34:41 vps postfix/smtpd[6755]: lost connection after AUTH from unknown[222.133.42.158]
Oct 26 15:34:41 vps postfix/smtpd[6755]: disconnect from unknown[222.133.42.158]
Oct 26 15:35:01 vps postfix/smtpd[23995]: connect from unknown[212.132.96.229]
Oct 26 15:35:04 vps postfix/smtpd[23995]: warning: unknown[212.132.96.229]: SASL LOGIN authentication failed: UGFzc3dvcmQ6
Oct 26 15:35:04 vps postfix/smtpd[23995]: disconnect from unknown[212.132.96.229]
Oct 26 15:35:25 vps postfix/qmgr[22181]: 761B020ED4C: from=, size=882, nrcpt=2 (queue active)
Oct 26 15:35:25 vps postfix/qmgr[22181]: 0E04D3718BF: from=, size=1116, nrcpt=2 (queue active)
Oct 26 15:35:26 vps postfix/smtps/smtpd[27466]: connect from unknown[111.17.213.162]
Oct 26 15:35:26 vps postfix/smtp[27497]: 761B020ED4C: host gmail-smtp-in.l.google.com[64.233.170.26] said: 550-5.7.26 Your email has been blocked because the sender is unauthenticated. 550-5.7.26 Gmail requires all senders to authenticate with either SPF or DKIM. 550-5.7.26 550-5.7.26 Authentication results: 550-5.7.26 DKIM = did not pass 550-5.7.26 SPF [vps.vcrowd.in] with ip: [103.120.179.240] = did not pass 550-5.7.26 550-5.7.26 For instructions on setting up authentication, go to 550 5.7.26 https://support.google.com/mail/answer/81126#authentication 41be03b00d2f7-b71f274a960si1946348a12.882 - gsmtp (in reply to end of DATA command)
Oct 26 15:35:27 vps postfix/smtp[27499]: 0E04D3718BF: host gmail-smtp-in.l.google.com[64.233.170.27] said: 550-5.7.26 Your email has been blocked because the sender is unauthenticated. 550-5.7.26 Gmail requires all senders to authenticate with either SPF or DKIM. 550-5.7.26 550-5.7.26 Authentication results: 550-5.7.26 DKIM = did not pass 550-5.7.26 SPF [vps.vcrowd.in] with ip: [103.120.179.240] = did not pass 550-5.7.26 550-5.7.26 For instructions on setting up authentication, go to 550 5.7.26 https://support.google.com/mail/answer/81126#authentication 41be03b00d2f7-b71eb65c62csi1958515a12.553 - gsmtp (in reply to end of DATA command)
Oct 26 15:35:28 vps postfix/smtps/smtpd[27466]: Anonymous TLS connection established from unknown[111.17.213.162]: TLSv1.2 with cipher ECDHE-RSA-AES256-GCM-SHA384 (256/256 bits)
Oct 26 15:35:29 vps postfix/smtp[27497]: 761B020ED4C: to=, relay=alt1.gmail-smtp-in.l.google.com[192.178.163.26]:25, delay=591, delays=587/0.07/3.4/0.64, dsn=4.7.26, status=SOFTBOUNCE (host alt1.gmail-smtp-in.l.google.com[192.178.163.26] said: 550-5.7.26 Your email has been blocked because the sender is unauthenticated. 550-5.7.26 Gmail requires all senders to authenticate with either SPF or DKIM. 550-5.7.26 550-5.7.26 Authentication results: 550-5.7.26 DKIM = did not pass 550-5.7.26 SPF [vps.vcrowd.in] with ip: [103.120.179.240] = did not pass 550-5.7.26 550-5.7.26 For instructions on setting up authentication, go to 550 5.7.26 https://support.google.com/mail/answer/81126#authentication 41be03b00d2f7-b71d5729054si2010559a12.215 - gsmtp (in reply to end of DATA command))
Oct 26 15:35:29 vps postfix/smtp[27499]: 0E04D3718BF: to=, relay=alt1.gmail-smtp-in.l.google.com[192.178.163.27]:25, delay=590, delays=586/0.07/3.6/0.74, dsn=4.7.26, status=SOFTBOUNCE (host alt1.gmail-smtp-in.l.google.com[192.178.163.27] said: 550-5.7.26 Your email has been blocked because the sender is unauthenticated. 550-5.7.26 Gmail requires all senders to authenticate with either SPF or DKIM. 550-5.7.26 550-5.7.26 Authentication results: 550-5.7.26 DKIM = did not pass 550-5.7.26 SPF [vps.vcrowd.in] with ip: [103.120.179.240] = did not pass 550-5.7.26 550-5.7.26 For instructions on setting up authentication, go to 550 5.7.26 https://support.google.com/mail/answer/81126#authentication 41be03b00d2f7-b71f720520dsi1980801a12.1363 - gsmtp (in reply to end of DATA command))
Oct 26 15:35:36 vps postfix/smtps/smtpd[27466]: warning: unknown[111.17.213.162]: SASL LOGIN authentication failed: UGFzc3dvcmQ6
Oct 26 15:35:37 vps postfix/smtps/smtpd[27466]: lost connection after AUTH from unknown[111.17.213.162]
Oct 26 15:35:37 vps postfix/smtps/smtpd[27466]: disconnect from unknown[111.17.213.162]
Oct 26 15:35:55 vps postfix/smtp[27495]: connect to crackersadaikki.com[13.248.213.45]:25: Connection timed out
Oct 26 15:35:55 vps postfix/smtp[27498]: connect to crackersadaikki.com[13.248.213.45]:25: Connection timed out
Oct 26 15:36:14 vps postfix/smtpd[6755]: connect from unknown[213.209.157.167]
Oct 26 15:36:16 vps postfix/smtpd[6755]: warning: unknown[213.209.157.167]: SASL LOGIN authentication failed: UGFzc3dvcmQ6
Oct 26 15:36:16 vps postfix/smtpd[6755]: disconnect from unknown[213.209.157.167]
Oct 26 15:36:21 vps postfix/smtpd[23995]: connect from unknown[212.132.96.229]
Oct 26 15:36:23 vps postfix/smtpd[23995]: warning: unknown[212.132.96.229]: SASL LOGIN authentication failed: UGFzc3dvcmQ6
Oct 26 15:36:23 vps postfix/smtpd[23995]: disconnect from unknown[212.132.96.229]
