Oct 26 14:56:37 vps postfix/smtpd[26714]: disconnect from unknown[103.237.86.173]
Oct 26 14:56:37 vps postfix/smtp[29780]: 147B53718BF: host gmail-smtp-in.l.google.com[64.233.170.27] said: 550-5.7.26 Your email has been blocked because the sender is unauthenticated. 550-5.7.26 Gmail requires all senders to authenticate with either SPF or DKIM. 550-5.7.26 550-5.7.26 Authentication results: 550-5.7.26 DKIM = did not pass 550-5.7.26 SPF [vps.vcrowd.in] with ip: [103.120.179.240] = did not pass 550-5.7.26 550-5.7.26 For instructions on setting up authentication, go to 550 5.7.26 https://support.google.com/mail/answer/81126#authentication 41be03b00d2f7-b71f77c9647si2044494a12.1455 - gsmtp (in reply to end of DATA command)
Oct 26 14:56:38 vps postfix/smtpd[7835]: connect from unknown[103.237.86.173]
Oct 26 14:56:39 vps postfix/smtpd[7835]: Anonymous TLS connection established from unknown[103.237.86.173]: TLSv1.2 with cipher ECDHE-RSA-AES256-GCM-SHA384 (256/256 bits)
Oct 26 14:56:40 vps postfix/smtp[29780]: 147B53718BF: to=, relay=alt1.gmail-smtp-in.l.google.com[192.178.163.26]:25, delay=4.1, delays=0.03/0.01/3.4/0.66, dsn=4.7.26, status=SOFTBOUNCE (host alt1.gmail-smtp-in.l.google.com[192.178.163.26] said: 550-5.7.26 Your email has been blocked because the sender is unauthenticated. 550-5.7.26 Gmail requires all senders to authenticate with either SPF or DKIM. 550-5.7.26 550-5.7.26 Authentication results: 550-5.7.26 DKIM = did not pass 550-5.7.26 SPF [vps.vcrowd.in] with ip: [103.120.179.240] = did not pass 550-5.7.26 550-5.7.26 For instructions on setting up authentication, go to 550 5.7.26 https://support.google.com/mail/answer/81126#authentication d9443c01a7336-2949a7d2e9fsi21524125ad.4 - gsmtp (in reply to end of DATA command))
Oct 26 14:56:44 vps postfix/smtpd[27832]: connect from unknown[103.237.86.173]
Oct 26 14:56:45 vps postfix/smtpd[27832]: Anonymous TLS connection established from unknown[103.237.86.173]: TLSv1.2 with cipher ECDHE-RSA-AES256-GCM-SHA384 (256/256 bits)
Oct 26 14:56:47 vps postfix/smtpd[28496]: connect from unknown[213.209.157.167]
Oct 26 14:56:49 vps postfix/smtpd[7835]: warning: unknown[103.237.86.173]: SASL LOGIN authentication failed: Connection lost to authentication server
Oct 26 14:56:49 vps postfix/smtpd[7835]: lost connection after AUTH from unknown[103.237.86.173]
Oct 26 14:56:49 vps postfix/smtpd[7835]: disconnect from unknown[103.237.86.173]
Oct 26 14:56:49 vps postfix/smtpd[28496]: warning: unknown[213.209.157.167]: SASL LOGIN authentication failed: UGFzc3dvcmQ6
Oct 26 14:56:49 vps postfix/smtpd[28496]: disconnect from unknown[213.209.157.167]
Oct 26 14:56:53 vps postfix/smtpd[26714]: connect from unknown[103.237.86.173]
Oct 26 14:56:53 vps postfix/smtpd[26714]: Anonymous TLS connection established from unknown[103.237.86.173]: TLSv1.2 with cipher ECDHE-RSA-AES256-GCM-SHA384 (256/256 bits)
Oct 26 14:56:55 vps postfix/smtpd[27832]: warning: unknown[103.237.86.173]: SASL LOGIN authentication failed: Connection lost to authentication server
Oct 26 14:56:55 vps postfix/smtpd[27832]: lost connection after AUTH from unknown[103.237.86.173]
Oct 26 14:56:55 vps postfix/smtpd[27832]: disconnect from unknown[103.237.86.173]
Oct 26 14:56:56 vps postfix/smtpd[26714]: warning: unknown[103.237.86.173]: SASL LOGIN authentication failed: UGFzc3dvcmQ6
Oct 26 14:56:56 vps postfix/smtpd[26714]: lost connection after AUTH from unknown[103.237.86.173]
Oct 26 14:56:56 vps postfix/smtpd[26714]: disconnect from unknown[103.237.86.173]
Oct 26 14:57:03 vps postfix/smtpd[7835]: connect from unknown[103.237.86.173]
Oct 26 14:57:04 vps postfix/smtpd[7835]: Anonymous TLS connection established from unknown[103.237.86.173]: TLSv1.2 with cipher ECDHE-RSA-AES256-GCM-SHA384 (256/256 bits)
Oct 26 14:57:05 vps postfix/smtps/smtpd[2212]: connect from 221-120-42-196.emome-ip.hinet.net[221.120.42.196]
Oct 26 14:57:05 vps postfix/smtps/smtpd[2199]: connect from unknown[49.125.201.68]
Oct 26 14:57:05 vps postfix/smtps/smtpd[2199]: SSL_accept error from unknown[49.125.201.68]: lost connection
Oct 26 14:57:05 vps postfix/smtps/smtpd[2199]: lost connection after CONNECT from unknown[49.125.201.68]
Oct 26 14:57:05 vps postfix/smtps/smtpd[2199]: disconnect from unknown[49.125.201.68]
Oct 26 14:57:07 vps postfix/smtps/smtpd[2212]: Anonymous TLS connection established from 221-120-42-196.emome-ip.hinet.net[221.120.42.196]: TLSv1.2 with cipher ECDHE-RSA-AES256-GCM-SHA384 (256/256 bits)
Oct 26 14:57:10 vps postfix/smtpd[7835]: warning: unknown[103.237.86.173]: SASL LOGIN authentication failed: UGFzc3dvcmQ6
Oct 26 14:57:10 vps postfix/smtpd[7835]: lost connection after AUTH from unknown[103.237.86.173]
Oct 26 14:57:10 vps postfix/smtpd[7835]: disconnect from unknown[103.237.86.173]
Oct 26 14:57:15 vps postfix/smtps/smtpd[2212]: warning: 221-120-42-196.emome-ip.hinet.net[221.120.42.196]: SASL LOGIN authentication failed: UGFzc3dvcmQ6
Oct 26 14:57:16 vps postfix/smtps/smtpd[2212]: lost connection after AUTH from 221-120-42-196.emome-ip.hinet.net[221.120.42.196]
Oct 26 14:57:16 vps postfix/smtps/smtpd[2212]: disconnect from 221-120-42-196.emome-ip.hinet.net[221.120.42.196]
Oct 26 14:57:19 vps postfix/smtpd[30319]: connect from unknown[213.209.157.167]
Oct 26 14:57:21 vps postfix/smtpd[30319]: warning: unknown[213.209.157.167]: SASL LOGIN authentication failed: UGFzc3dvcmQ6
Oct 26 14:57:21 vps postfix/smtpd[30319]: disconnect from unknown[213.209.157.167]
Oct 26 14:57:34 vps postfix/smtpd[28496]: connect from unknown[213.209.157.167]
Oct 26 14:57:37 vps postfix/smtpd[28496]: warning: unknown[213.209.157.167]: SASL LOGIN authentication failed: UGFzc3dvcmQ6
Oct 26 14:57:37 vps postfix/smtpd[28496]: disconnect from unknown[213.209.157.167]
Oct 26 14:57:52 vps postfix/smtpd[27832]: connect from unknown[212.132.96.229]
Oct 26 14:57:55 vps postfix/smtpd[27832]: warning: unknown[212.132.96.229]: SASL LOGIN authentication failed: UGFzc3dvcmQ6
Oct 26 14:57:55 vps postfix/smtpd[27832]: disconnect from unknown[212.132.96.229]
Oct 26 14:57:56 vps postfix/smtps/smtpd[2199]: warning: hostname lux-net-ip.as51430.net does not resolve to address 37.46.113.192
Oct 26 14:57:56 vps postfix/smtps/smtpd[2199]: connect from unknown[37.46.113.192]
Oct 26 14:57:56 vps postfix/smtps/smtpd[2199]: Anonymous TLS connection established from unknown[37.46.113.192]: TLSv1.2 with cipher ECDHE-RSA-AES256-GCM-SHA384 (256/256 bits)
Oct 26 14:57:59 vps postfix/smtps/smtpd[2199]: warning: unknown[37.46.113.192]: SASL LOGIN authentication failed: UGFzc3dvcmQ6
Oct 26 14:57:59 vps postfix/smtps/smtpd[2199]: disconnect from unknown[37.46.113.192]
Oct 26 14:59:09 vps postfix/smtpd[27832]: connect from unknown[212.132.96.229]
Oct 26 14:59:11 vps postfix/smtpd[27832]: warning: unknown[212.132.96.229]: SASL LOGIN authentication failed: UGFzc3dvcmQ6
Oct 26 14:59:11 vps postfix/smtpd[27832]: disconnect from unknown[212.132.96.229]
Oct 26 14:59:52 vps postfix/anvil[16309]: statistics: max connection rate 9/60s for (submission:103.237.86.173) at
Oct 26 14:52:49
Oct 26 14:59:52 vps postfix/anvil[16309]: statistics: max connection count 2 for (submission:103.237.86.173) at
Oct 26 14:51:50
Oct 26 14:59:52 vps postfix/anvil[16309]: statistics: max cache size 5 at
Oct 26 14:50:03
Oct 26 14:59:56 vps postfix/smtpd[5546]: connect from unknown[213.209.157.167]
Oct 26 14:59:59 vps postfix/smtpd[5546]: warning: unknown[213.209.157.167]: SASL LOGIN authentication failed: UGFzc3dvcmQ6
Oct 26 14:59:59 vps postfix/smtpd[5546]: disconnect from unknown[213.209.157.167]
Oct 26 15:00:12 vps postfix/smtpd[5546]: connect from unknown[unknown]
Oct 26 15:00:12 vps postfix/smtpd[5546]: lost connection after CONNECT from unknown[unknown]
Oct 26 15:00:12 vps postfix/smtpd[5546]: disconnect from unknown[unknown]
Oct 26 15:00:20 vps postfix/smtpd[5546]: connect from unknown[196.251.92.11]
Oct 26 15:00:22 vps postfix/smtpd[5546]: warning: unknown[196.251.92.11]: SASL LOGIN authentication failed: UGFzc3dvcmQ6
Oct 26 15:00:23 vps postfix/smtpd[5546]: disconnect from unknown[196.251.92.11]
Oct 26 15:00:25 vps postfix/qmgr[22181]: 5F60A161940: from=, size=877, nrcpt=2 (queue active)
Oct 26 15:00:25 vps postfix/qmgr[22181]: ED7561ACD97: from=, size=1877, nrcpt=2 (queue active)
Oct 26 15:00:25 vps postfix/qmgr[22181]: AA4A620ED4C: from=, size=1116, nrcpt=2 (queue active)
Oct 26 15:00:26 vps postfix/smtp[7393]: ED7561ACD97: host gmail-smtp-in.l.google.com[64.233.170.26] said: 550-5.7.26 Your email has been blocked because the sender is unauthenticated. 550-5.7.26 Gmail requires all senders to authenticate with either SPF or DKIM. 550-5.7.26 550-5.7.26 Authentication results: 550-5.7.26 DKIM = did not pass 550-5.7.26 SPF [vps.vcrowd.in] with ip: [103.120.179.240] = did not pass 550-5.7.26 550-5.7.26 For instructions on setting up authentication, go to 550 5.7.26 https://support.google.com/mail/answer/81126#authentication 41be03b00d2f7-b71f1fa55d1si1968627a12.801 - gsmtp (in reply to end of DATA command)
Oct 26 15:00:26 vps postfix/smtp[7391]: 5F60A161940: host gmail-smtp-in.l.google.com[64.233.170.27] said: 550-5.7.26 Your email has been blocked because the sender is unauthenticated. 550-5.7.26 Gmail requires all senders to authenticate with either SPF or DKIM. 550-5.7.26 550-5.7.26 Authentication results: 550-5.7.26 DKIM = did not pass 550-5.7.26 SPF [vps.vcrowd.in] with ip: [103.120.179.240] = did not pass 550-5.7.26 550-5.7.26 For instructions on setting up authentication, go to 550 5.7.26 https://support.google.com/mail/answer/81126#authentication d2e1a72fcca58-7a4155f7fe5si2149466b3a.297 - gsmtp (in reply to end of DATA command)
Oct 26 15:00:27 vps postfix/smtpd[27832]: connect from unknown[212.132.96.229]
Oct 26 15:00:27 vps postfix/smtp[7396]: AA4A620ED4C: host gmail-smtp-in.l.google.com[64.233.170.26] said: 550-5.7.26 Your email has been blocked because the sender is unauthenticated. 550-5.7.26 Gmail requires all senders to authenticate with either SPF or DKIM. 550-5.7.26 550-5.7.26 Authentication results: 550-5.7.26 DKIM = did not pass 550-5.7.26 SPF [vps.vcrowd.in] with ip: [103.120.179.240] = did not pass 550-5.7.26 550-5.7.26 For instructions on setting up authentication, go to 550 5.7.26 https://support.google.com/mail/answer/81126#authentication 41be03b00d2f7-b71eb473549si2031478a12.325 - gsmtp (in reply to end of DATA command)
Oct 26 15:00:29 vps postfix/smtp[7391]: 5F60A161940: to=, relay=alt1.gmail-smtp-in.l.google.com[192.178.163.27]:25, delay=377, delays=373/0.07/3.4/0.67, dsn=4.7.26, status=SOFTBOUNCE (host alt1.gmail-smtp-in.l.google.com[192.178.163.27] said: 550-5.7.26 Your email has been blocked because the sender is unauthenticated. 550-5.7.26 Gmail requires all senders to authenticate with either SPF or DKIM. 550-5.7.26 550-5.7.26 Authentication results: 550-5.7.26 DKIM = did not pass 550-5.7.26 SPF [vps.vcrowd.in] with ip: [103.120.179.240] = did not pass 550-5.7.26 550-5.7.26 For instructions on setting up authentication, go to 550 5.7.26 https://support.google.com/mail/answer/81126#authentication 41be03b00d2f7-b71f5ce758csi1879835a12.1232 - gsmtp (in reply to end of DATA command))
Oct 26 15:00:29 vps postfix/smtpd[27832]: warning: unknown[212.132.96.229]: SASL LOGIN authentication failed: UGFzc3dvcmQ6
Oct 26 15:00:29 vps postfix/smtp[7393]: ED7561ACD97: to=, relay=alt1.gmail-smtp-in.l.google.com[192.178.163.27]:25, delay=1099, delays=1095/0.07/3.6/0.63, dsn=4.7.26, status=SOFTBOUNCE (host alt1.gmail-smtp-in.l.google.com[192.178.163.27] said: 550-5.7.26 Your email has been blocked because the sender is unauthenticated. 550-5.7.26 Gmail requires all senders to authenticate with either SPF or DKIM. 550-5.7.26 550-5.7.26 Authentication results: 550-5.7.26 DKIM = did not pass 550-5.7.26 SPF [vps.vcrowd.in] with ip: [103.120.179.240] = did not pass 550-5.7.26 550-5.7.26 For instructions on setting up authentication, go to 550 5.7.26 https://support.google.com/mail/answer/81126#authentication d9443c01a7336-2949ab25dbfsi21866705ad.744 - gsmtp (in reply to end of DATA command))
Oct 26 15:00:29 vps postfix/smtp[7393]: ED7561ACD97: to=, relay=alt1.gmail-smtp-in.l.google.com[192.178.163.27]:25, delay=1099, delays=1095/0.07/3.6/0.63, dsn=4.7.26, status=SOFTBOUNCE (host alt1.gmail-smtp-in.l.google.com[192.178.163.27] said: 550-5.7.26 Your email has been blocked because the sender is unauthenticated. 550-5.7.26 Gmail requires all senders to authenticate with either SPF or DKIM. 550-5.7.26 550-5.7.26 Authentication results: 550-5.7.26 DKIM = did not pass 550-5.7.26 SPF [vps.vcrowd.in] with ip: [103.120.179.240] = did not pass 550-5.7.26 550-5.7.26 For instructions on setting up authentication, go to 550 5.7.26 https://support.google.com/mail/answer/81126#authentication d9443c01a7336-2949ab25dbfsi21866705ad.744 - gsmtp (in reply to end of DATA command))
Oct 26 15:00:29 vps postfix/qmgr[22181]: ED7561ACD97: from=, status=expired, returned to sender
Oct 26 15:00:29 vps postfix/cleanup[7479]: 637B020EA87: message-id=<20251026093029.637B020EA87@vps.vcrowd.in>
Oct 26 15:00:29 vps postfix/bounce[7476]: ED7561ACD97: sender non-delivery notification: 637B020EA87
Oct 26 15:00:29 vps postfix/qmgr[22181]: 637B020EA87: from=<>, size=6192, nrcpt=1 (queue active)
Oct 26 15:00:29 vps postfix/qmgr[22181]: ED7561ACD97: removed
Oct 26 15:00:29 vps postfix/local[7480]: 637B020EA87: to=, relay=local, delay=0.04, delays=0.02/0.01/0/0, dsn=2.0.0, status=sent (delivered to mailbox)
Oct 26 15:00:29 vps postfix/qmgr[22181]: 637B020EA87: removed
Oct 26 15:00:29 vps postfix/smtpd[27832]: disconnect from unknown[212.132.96.229]
Oct 26 15:00:29 vps postfix/smtp[7396]: AA4A620ED4C: to=, relay=alt1.gmail-smtp-in.l.google.com[192.178.163.27]:25, delay=377, delays=372/0.11/3.6/0.7, dsn=4.7.26, status=SOFTBOUNCE (host alt1.gmail-smtp-in.l.google.com[192.178.163.27] said: 550-5.7.26 Your email has been blocked because the sender is unauthenticated. 550-5.7.26 Gmail requires all senders to authenticate with either SPF or DKIM. 550-5.7.26 550-5.7.26 Authentication results: 550-5.7.26 DKIM = did not pass 550-5.7.26 SPF [vps.vcrowd.in] with ip: [103.120.179.240] = did not pass 550-5.7.26 550-5.7.26 For instructions on setting up authentication, go to 550 5.7.26 https://support.google.com/mail/answer/81126#authentication 41be03b00d2f7-b71f506e347si1891009a12.1088 - gsmtp (in reply to end of DATA command))
Oct 26 15:00:31 vps postfix/smtpd[5546]: warning: hostname 189-56-202-86.customer.tdatabrasil.net.br does not resolve to address 189.56.202.86: Name or service not known
Oct 26 15:00:31 vps postfix/smtpd[5546]: connect from unknown[189.56.202.86]
Oct 26 15:00:37 vps postfix/smtpd[7619]: connect from unknown[77.90.185.220]
Oct 26 15:00:37 vps postfix/smtpd[5546]: warning: unknown[189.56.202.86]: SASL LOGIN authentication failed: UGFzc3dvcmQ6
Oct 26 15:00:38 vps postfix/smtpd[5546]: lost connection after AUTH from unknown[189.56.202.86]
Oct 26 15:00:38 vps postfix/smtpd[5546]: disconnect from unknown[189.56.202.86]
Oct 26 15:00:39 vps postfix/smtpd[7619]: warning: unknown[77.90.185.220]: SASL LOGIN authentication failed: UGFzc3dvcmQ6
Oct 26 15:00:39 vps postfix/smtpd[7619]: disconnect from unknown[77.90.185.220]
Oct 26 15:00:55 vps postfix/smtp[7394]: connect to crackersadaikki.com[76.223.67.189]:25: Connection timed out
Oct 26 15:00:55 vps postfix/smtp[7388]: connect to crackersadaikki.com[13.248.213.45]:25: Connection timed out
Oct 26 15:01:11 vps postfix/smtpd[5546]: connect from unknown[77.90.185.87]
Oct 26 15:01:14 vps postfix/smtpd[5546]: warning: unknown[77.90.185.87]: SASL LOGIN authentication failed: UGFzc3dvcmQ6
Oct 26 15:01:14 vps postfix/smtpd[5546]: disconnect from unknown[77.90.185.87]
Oct 26 15:01:17 vps postfix/smtpd[7619]: connect from unknown[213.209.157.167]
Oct 26 15:01:20 vps postfix/smtpd[7619]: warning: unknown[213.209.157.167]: SASL LOGIN authentication failed: UGFzc3dvcmQ6
Oct 26 15:01:20 vps postfix/smtpd[7619]: disconnect from unknown[213.209.157.167]
Oct 26 15:01:25 vps postfix/smtp[7394]: connect to crackersadaikki.com[13.248.213.45]:25: Connection timed out
Oct 26 15:01:25 vps postfix/smtp[7394]: AA4A620ED4C: to=, relay=none, delay=433, delays=372/0.09/60/0, dsn=4.4.1, status=deferred (connect to crackersadaikki.com[13.248.213.45]:25: Connection timed out)
Oct 26 15:01:25 vps postfix/smtp[7388]: connect to crackersadaikki.com[76.223.67.189]:25: Connection timed out
Oct 26 15:01:25 vps postfix/smtp[7388]: 5F60A161940: to=, relay=none, delay=433, delays=373/0.06/60/0, dsn=4.4.1, status=deferred (connect to crackersadaikki.com[76.223.67.189]:25: Connection timed out)
Oct 26 15:01:32 vps postfix/smtpd[5546]: connect from unknown[213.209.157.167]
Oct 26 15:01:38 vps postfix/smtpd[5546]: warning: unknown[213.209.157.167]: SASL LOGIN authentication failed: UGFzc3dvcmQ6
Oct 26 15:01:38 vps postfix/smtpd[5546]: disconnect from unknown[213.209.157.167]
Oct 26 15:01:45 vps postfix/smtpd[27832]: connect from unknown[212.132.96.229]
Oct 26 15:01:48 vps postfix/smtpd[27832]: warning: unknown[212.132.96.229]: SASL LOGIN authentication failed: UGFzc3dvcmQ6
Oct 26 15:01:48 vps postfix/smtpd[27832]: disconnect from unknown[212.132.96.229]
Oct 26 15:01:56 vps postfix/smtpd[7619]: connect from unknown[77.90.185.220]
Oct 26 15:01:59 vps postfix/smtpd[7619]: warning: unknown[77.90.185.220]: SASL LOGIN authentication failed: UGFzc3dvcmQ6
Oct 26 15:01:59 vps postfix/smtpd[7619]: disconnect from unknown[77.90.185.220]
Oct 26 15:02:14 vps postfix/smtpd[5546]: connect from unknown[213.209.157.167]
Oct 26 15:02:17 vps postfix/smtpd[5546]: warning: unknown[213.209.157.167]: SASL LOGIN authentication failed: UGFzc3dvcmQ6
Oct 26 15:02:17 vps postfix/smtpd[5546]: disconnect from unknown[213.209.157.167]
Oct 26 15:02:26 vps postfix/smtpd[7619]: connect from unknown[196.251.92.15]
Oct 26 15:02:29 vps postfix/smtpd[7619]: warning: unknown[196.251.92.15]: SASL LOGIN authentication failed: UGFzc3dvcmQ6
Oct 26 15:02:29 vps postfix/smtpd[7619]: lost connection after AUTH from unknown[196.251.92.15]
Oct 26 15:02:29 vps postfix/smtpd[7619]: disconnect from unknown[196.251.92.15]
Oct 26 15:02:39 vps postfix/smtpd[5546]: connect from unknown[213.209.157.167]
Oct 26 15:02:41 vps postfix/smtpd[5546]: warning: unknown[213.209.157.167]: SASL LOGIN authentication failed: UGFzc3dvcmQ6
Oct 26 15:02:41 vps postfix/smtpd[5546]: disconnect from unknown[213.209.157.167]
Oct 26 15:02:50 vps postfix/smtpd[7619]: connect from unknown[77.90.185.220]
Oct 26 15:02:53 vps postfix/smtpd[7619]: warning: unknown[77.90.185.220]: SASL LOGIN authentication failed: UGFzc3dvcmQ6
Oct 26 15:02:53 vps postfix/smtpd[7619]: disconnect from unknown[77.90.185.220]
Oct 26 15:03:02 vps postfix/smtpd[27832]: connect from unknown[212.132.96.229]
Oct 26 15:03:05 vps postfix/smtpd[27832]: warning: unknown[212.132.96.229]: SASL LOGIN authentication failed: UGFzc3dvcmQ6
Oct 26 15:03:05 vps postfix/smtpd[27832]: disconnect from unknown[212.132.96.229]
Oct 26 15:03:15 vps postfix/smtpd[5546]: connect from unknown[77.90.185.220]
Oct 26 15:03:18 vps postfix/smtpd[5546]: warning: unknown[77.90.185.220]: SASL LOGIN authentication failed: UGFzc3dvcmQ6
Oct 26 15:03:18 vps postfix/smtpd[5546]: disconnect from unknown[77.90.185.220]
Oct 26 15:03:38 vps postfix/smtpd[7619]: connect from unknown[213.209.157.167]
Oct 26 15:03:40 vps postfix/smtpd[7619]: warning: unknown[213.209.157.167]: SASL LOGIN authentication failed: UGFzc3dvcmQ6
Oct 26 15:03:40 vps postfix/smtpd[7619]: disconnect from unknown[213.209.157.167]
Oct 26 15:04:19 vps postfix/smtpd[27832]: connect from unknown[212.132.96.229]
Oct 26 15:04:22 vps postfix/smtpd[27832]: warning: unknown[212.132.96.229]: SASL LOGIN authentication failed: UGFzc3dvcmQ6
Oct 26 15:04:22 vps postfix/smtpd[27832]: disconnect from unknown[212.132.96.229]
Oct 26 15:04:43 vps postfix/smtpd[5546]: connect from unknown[213.209.157.167]
Oct 26 15:04:46 vps postfix/smtpd[5546]: warning: unknown[213.209.157.167]: SASL LOGIN authentication failed: UGFzc3dvcmQ6
Oct 26 15:04:46 vps postfix/smtpd[5546]: disconnect from unknown[213.209.157.167]
Oct 26 15:04:58 vps postfix/smtpd[7619]: connect from unknown[213.209.157.167]
Oct 26 15:05:05 vps postfix/smtpd[7619]: warning: unknown[213.209.157.167]: SASL LOGIN authentication failed: UGFzc3dvcmQ6
Oct 26 15:05:05 vps postfix/smtpd[7619]: disconnect from unknown[213.209.157.167]
Oct 26 15:05:15 vps postfix/smtpd[5546]: connect from unknown[62.60.131.124]
Oct 26 15:05:17 vps postfix/smtpd[7619]: connect from unknown[213.209.157.252]
Oct 26 15:05:18 vps postfix/smtpd[5546]: warning: unknown[62.60.131.124]: SASL LOGIN authentication failed: UGFzc3dvcmQ6
Oct 26 15:05:18 vps postfix/smtpd[5546]: disconnect from unknown[62.60.131.124]
Oct 26 15:05:19 vps postfix/smtpd[7619]: warning: unknown[213.209.157.252]: SASL LOGIN authentication failed: UGFzc3dvcmQ6
Oct 26 15:05:19 vps postfix/smtpd[7619]: disconnect from unknown[213.209.157.252]
Oct 26 15:05:25 vps postfix/qmgr[22181]: 147B53718BF: from=, size=829, nrcpt=1 (queue active)
Oct 26 15:05:25 vps postfix/qmgr[22181]: D0A6116898B: from=, size=875, nrcpt=1 (queue active)
Oct 26 15:05:25 vps postfix/qmgr[22181]: F16CF372360: from=, size=1568, nrcpt=1 (queue active)
Oct 26 15:05:27 vps postfix/smtp[14344]: F16CF372360: host gmail-smtp-in.l.google.com[64.233.170.27] said: 550-5.7.1 This message is not RFC 5322 compliant. There are multiple From 550-5.7.1 headers. To reduce the amount of spam sent to Gmail, this message has 550-5.7.1 been blocked. For more information, go to 550-5.7.1 https://support.google.com/mail/?p=RfcMessageNonCompliant and review 550 5.7.1 RFC 5322 specifications. d2e1a72fcca58-7a4155f86f6si2143985b3a.322 - gsmtp (in reply to end of DATA command)
Oct 26 15:05:27 vps postfix/smtp[14342]: 147B53718BF: host gmail-smtp-in.l.google.com[64.233.170.27] said: 550-5.7.26 Your email has been blocked because the sender is unauthenticated. 550-5.7.26 Gmail requires all senders to authenticate with either SPF or DKIM. 550-5.7.26 550-5.7.26 Authentication results: 550-5.7.26 DKIM = did not pass 550-5.7.26 SPF [vps.vcrowd.in] with ip: [103.120.179.240] = did not pass 550-5.7.26 550-5.7.26 For instructions on setting up authentication, go to 550 5.7.26 https://support.google.com/mail/answer/81126#authentication d9443c01a7336-2949a7ca638si23361155ad.20 - gsmtp (in reply to end of DATA command)
Oct 26 15:05:27 vps postfix/smtp[14343]: D0A6116898B: host gmail-smtp-in.l.google.com[64.233.170.27] said: 550-5.7.26 Your email has been blocked because the sender is unauthenticated. 550-5.7.26 Gmail requires all senders to authenticate with either SPF or DKIM. 550-5.7.26 550-5.7.26 Authentication results: 550-5.7.26 DKIM = did not pass 550-5.7.26 SPF [vps.vcrowd.in] with ip: [103.120.179.240] = did not pass 550-5.7.26 550-5.7.26 For instructions on setting up authentication, go to 550 5.7.26 https://support.google.com/mail/answer/81126#authentication d9443c01a7336-2949a90e503si23294285ad.156 - gsmtp (in reply to end of DATA command)
Oct 26 15:05:29 vps postfix/smtp[14342]: 147B53718BF: to=, relay=alt1.gmail-smtp-in.l.google.com[192.178.163.26]:25, delay=533, delays=529/0.06/3.3/0.62, dsn=4.7.26, status=SOFTBOUNCE (host alt1.gmail-smtp-in.l.google.com[192.178.163.26] said: 550-5.7.26 Your email has been blocked because the sender is unauthenticated. 550-5.7.26 Gmail requires all senders to authenticate with either SPF or DKIM. 550-5.7.26 550-5.7.26 Authentication results: 550-5.7.26 DKIM = did not pass 550-5.7.26 SPF [vps.vcrowd.in] with ip: [103.120.179.240] = did not pass 550-5.7.26 550-5.7.26 For instructions on setting up authentication, go to 550 5.7.26 https://support.google.com/mail/answer/81126#authentication d9443c01a7336-2949ab05cf8si22418665ad.509 - gsmtp (in reply to end of DATA command))
Oct 26 15:05:29 vps postfix/smtp[14344]: F16CF372360: to=, relay=alt1.gmail-smtp-in.l.google.com[192.178.163.26]:25, delay=1120, delays=1115/0.05/3.6/0.59, dsn=4.7.1, status=SOFTBOUNCE (host alt1.gmail-smtp-in.l.google.com[192.178.163.26] said: 550-5.7.1 This message is not RFC 5322 compliant. There are multiple From 550-5.7.1 headers. To reduce the amount of spam sent to Gmail, this message has 550-5.7.1 been blocked. For more information, go to 550-5.7.1 https://support.google.com/mail/?p=RfcMessageNonCompliant and review 550 5.7.1 RFC 5322 specifications. 41be03b00d2f7-b71eb0a20edsi1879426a12.527 - gsmtp (in reply to end of DATA command))
Oct 26 15:05:29 vps postfix/qmgr[22181]: F16CF372360: from=, status=expired, returned to sender
Oct 26 15:05:29 vps postfix/cleanup[14420]: 9233637234F: message-id=<20251026093529.9233637234F@vps.vcrowd.in>
Oct 26 15:05:29 vps postfix/bounce[14411]: F16CF372360: sender non-delivery notification: 9233637234F
Oct 26 15:05:29 vps postfix/qmgr[22181]: 9233637234F: from=<>, size=4579, nrcpt=1 (queue active)
Oct 26 15:05:29 vps postfix/qmgr[22181]: F16CF372360: removed
Oct 26 15:05:29 vps postfix/smtp[14343]: D0A6116898B: to=, relay=alt1.gmail-smtp-in.l.google.com[192.178.163.26]:25, delay=1120, delays=1116/0.03/3.5/0.7, dsn=4.7.26, status=SOFTBOUNCE (host alt1.gmail-smtp-in.l.google.com[192.178.163.26] said: 550-5.7.26 Your email has been blocked because the sender is unauthenticated. 550-5.7.26 Gmail requires all senders to authenticate with either SPF or DKIM. 550-5.7.26 550-5.7.26 Authentication results: 550-5.7.26 DKIM = did not pass 550-5.7.26 SPF [vps.vcrowd.in] with ip: [103.120.179.240] = did not pass 550-5.7.26 550-5.7.26 For instructions on setting up authentication, go to 550 5.7.26 https://support.google.com/mail/answer/81126#authentication d2e1a72fcca58-7a41563e4a1si2115725b3a.641 - gsmtp (in reply to end of DATA command))
Oct 26 15:05:29 vps postfix/qmgr[22181]: D0A6116898B: from=, status=expired, returned to sender
Oct 26 15:05:29 vps postfix/local[14422]: 9233637234F: to=, relay=local, delay=0.04, delays=0.02/0.02/0/0.01, dsn=2.0.0, status=sent (delivered to mailbox)
Oct 26 15:05:29 vps postfix/qmgr[22181]: 9233637234F: removed
Oct 26 15:05:29 vps postfix/cleanup[14420]: 988393BF581: message-id=<20251026093529.988393BF581@vps.vcrowd.in>
Oct 26 15:05:29 vps postfix/qmgr[22181]: 988393BF581: from=<>, size=4177, nrcpt=1 (queue active)
Oct 26 15:05:29 vps postfix/bounce[14411]: D0A6116898B: sender non-delivery notification: 988393BF581
Oct 26 15:05:29 vps postfix/qmgr[22181]: D0A6116898B: removed
Oct 26 15:05:29 vps postfix/local[14422]: 988393BF581: to=, relay=local, delay=0.01, delays=0.01/0/0/0, dsn=2.0.0, status=sent (delivered to mailbox)
Oct 26 15:05:29 vps postfix/qmgr[22181]: 988393BF581: removed
Oct 26 15:05:40 vps postfix/smtpd[5546]: connect from unknown[213.209.157.167]
Oct 26 15:05:40 vps postfix/smtpd[27832]: connect from unknown[212.132.96.229]
Oct 26 15:05:42 vps postfix/smtpd[5546]: warning: unknown[213.209.157.167]: SASL LOGIN authentication failed: UGFzc3dvcmQ6
Oct 26 15:05:42 vps postfix/smtpd[5546]: disconnect from unknown[213.209.157.167]
Oct 26 15:05:43 vps postfix/smtpd[27832]: warning: unknown[212.132.96.229]: SASL LOGIN authentication failed: UGFzc3dvcmQ6
Oct 26 15:05:43 vps postfix/smtpd[27832]: disconnect from unknown[212.132.96.229]
Oct 26 15:05:50 vps postfix/smtpd[27832]: warning: hostname syn-024-196-148-169.res.spectrum.com does not resolve to address 24.196.148.169: Name or service not known
Oct 26 15:05:50 vps postfix/smtpd[27832]: connect from unknown[24.196.148.169]
Oct 26 15:05:55 vps postfix/smtpd[27832]: warning: unknown[24.196.148.169]: SASL LOGIN authentication failed: UGFzc3dvcmQ6
Oct 26 15:05:56 vps postfix/smtpd[27832]: lost connection after AUTH from unknown[24.196.148.169]
Oct 26 15:05:56 vps postfix/smtpd[27832]: disconnect from unknown[24.196.148.169]
Oct 26 15:06:07 vps postfix/smtpd[7619]: connect from unknown[213.209.157.167]
Oct 26 15:06:09 vps postfix/smtpd[7619]: warning: unknown[213.209.157.167]: SASL LOGIN authentication failed: UGFzc3dvcmQ6
Oct 26 15:06:09 vps postfix/smtpd[7619]: disconnect from unknown[213.209.157.167]
Oct 26 15:06:46 vps postfix/smtpd[5546]: connect from unknown[213.209.157.167]
Oct 26 15:06:49 vps postfix/smtpd[5546]: warning: unknown[213.209.157.167]: SASL LOGIN authentication failed: UGFzc3dvcmQ6
Oct 26 15:06:49 vps postfix/smtpd[5546]: disconnect from unknown[213.209.157.167]
Oct 26 15:06:58 vps postfix/smtpd[27832]: connect from unknown[212.132.96.229]
Oct 26 15:07:02 vps postfix/smtpd[27832]: warning: unknown[212.132.96.229]: SASL LOGIN authentication failed: UGFzc3dvcmQ6
Oct 26 15:07:02 vps postfix/smtpd[27832]: disconnect from unknown[212.132.96.229]
Oct 26 15:08:18 vps postfix/smtpd[27832]: connect from unknown[212.132.96.229]
Oct 26 15:08:21 vps postfix/smtpd[27832]: warning: unknown[212.132.96.229]: SASL LOGIN authentication failed: UGFzc3dvcmQ6
Oct 26 15:08:21 vps postfix/smtpd[27832]: disconnect from unknown[212.132.96.229]
Oct 26 15:09:18 vps postfix/smtpd[19028]: connect from unknown[59.96.62.29]
Oct 26 15:09:18 vps postfix/smtpd[19034]: connect from unknown[121.131.220.142]
Oct 26 15:09:26 vps postfix/smtpd[19028]: warning: unknown[59.96.62.29]: SASL LOGIN authentication failed: UGFzc3dvcmQ6
Oct 26 15:09:27 vps postfix/smtpd[19028]: lost connection after AUTH from unknown[59.96.62.29]
Oct 26 15:09:27 vps postfix/smtpd[19028]: disconnect from unknown[59.96.62.29]
Oct 26 15:09:28 vps postfix/smtpd[19034]: warning: unknown[121.131.220.142]: SASL LOGIN authentication failed: UGFzc3dvcmQ6
Oct 26 15:09:29 vps postfix/smtpd[19034]: lost connection after AUTH from unknown[121.131.220.142]
Oct 26 15:09:29 vps postfix/smtpd[19034]: disconnect from unknown[121.131.220.142]
Oct 26 15:09:38 vps postfix/smtpd[27832]: connect from unknown[212.132.96.229]
Oct 26 15:09:41 vps postfix/smtpd[27832]: warning: unknown[212.132.96.229]: SASL LOGIN authentication failed: UGFzc3dvcmQ6
Oct 26 15:09:41 vps postfix/smtpd[27832]: disconnect from unknown[212.132.96.229]
Oct 26 15:09:43 vps postfix/smtpd[19028]: connect from unknown[213.209.157.167]
Oct 26 15:09:45 vps postfix/smtpd[19028]: warning: unknown[213.209.157.167]: SASL LOGIN authentication failed: UGFzc3dvcmQ6
Oct 26 15:09:45 vps postfix/smtpd[19028]: disconnect from unknown[213.209.157.167]
Oct 26 15:09:52 vps postfix/anvil[16309]: statistics: max connection rate 3/60s for (smtp:213.209.157.167) at
Oct 26 15:02:14
Oct 26 15:09:52 vps postfix/anvil[16309]: statistics: max connection count 1 for (smtp:213.209.157.167) at
Oct 26 14:59:56
Oct 26 15:09:52 vps postfix/anvil[16309]: statistics: max cache size 6 at
Oct 26 15:00:37
Oct 26 15:10:25 vps postfix/qmgr[22181]: 5F60A161940: from=, size=877, nrcpt=2 (queue active)
Oct 26 15:10:25 vps postfix/qmgr[22181]: AA4A620ED4C: from=, size=1116, nrcpt=2 (queue active)
Oct 26 15:10:27 vps postfix/smtp[21546]: 5F60A161940: host gmail-smtp-in.l.google.com[64.233.170.27] said: 550-5.7.26 Your email has been blocked because the sender is unauthenticated. 550-5.7.26 Gmail requires all senders to authenticate with either SPF or DKIM. 550-5.7.26 550-5.7.26 Authentication results: 550-5.7.26 DKIM = did not pass 550-5.7.26 SPF [vps.vcrowd.in] with ip: [103.120.179.240] = did not pass 550-5.7.26 550-5.7.26 For instructions on setting up authentication, go to 550 5.7.26 https://support.google.com/mail/answer/81126#authentication 41be03b00d2f7-b733a6421f8si1635692a12.1434 - gsmtp (in reply to end of DATA command)
Oct 26 15:10:27 vps postfix/smtp[21548]: AA4A620ED4C: host gmail-smtp-in.l.google.com[64.233.170.27] said: 550-5.7.26 Your email has been blocked because the sender is unauthenticated. 550-5.7.26 Gmail requires all senders to authenticate with either SPF or DKIM. 550-5.7.26 550-5.7.26 Authentication results: 550-5.7.26 DKIM = did not pass 550-5.7.26 SPF [vps.vcrowd.in] with ip: [103.120.179.240] = did not pass 550-5.7.26 550-5.7.26 For instructions on setting up authentication, go to 550 5.7.26 https://support.google.com/mail/answer/81126#authentication d9443c01a7336-2949ab1fa92si21583265ad.632 - gsmtp (in reply to end of DATA command)
Oct 26 15:10:29 vps postfix/smtp[21546]: 5F60A161940: to=, relay=alt1.gmail-smtp-in.l.google.com[192.178.163.26]:25, delay=977, delays=973/0.07/3.5/0.61, dsn=4.7.26, status=SOFTBOUNCE (host alt1.gmail-smtp-in.l.google.com[192.178.163.26] said: 550-5.7.26 Your email has been blocked because the sender is unauthenticated. 550-5.7.26 Gmail requires all senders to authenticate with either SPF or DKIM. 550-5.7.26 550-5.7.26 Authentication results: 550-5.7.26 DKIM = did not pass 550-5.7.26 SPF [vps.vcrowd.in] with ip: [103.120.179.240] = did not pass 550-5.7.26 550-5.7.26 For instructions on setting up authentication, go to 550 5.7.26 https://support.google.com/mail/answer/81126#authentication d9443c01a7336-2949aaddcd8si22304895ad.199 - gsmtp (in reply to end of DATA command))
Oct 26 15:10:29 vps postfix/smtp[21548]: AA4A620ED4C: to=, relay=alt1.gmail-smtp-in.l.google.com[192.178.163.26]:25, delay=977, delays=973/0.07/3.6/0.61, dsn=4.7.26, status=SOFTBOUNCE (host alt1.gmail-smtp-in.l.google.com[192.178.163.26] said: 550-5.7.26 Your email has been blocked because the sender is unauthenticated. 550-5.7.26 Gmail requires all senders to authenticate with either SPF or DKIM. 550-5.7.26 550-5.7.26 Authentication results: 550-5.7.26 DKIM = did not pass 550-5.7.26 SPF [vps.vcrowd.in] with ip: [103.120.179.240] = did not pass 550-5.7.26 550-5.7.26 For instructions on setting up authentication, go to 550 5.7.26 https://support.google.com/mail/answer/81126#authentication d9443c01a7336-2949a7caa1bsi23432675ad.105 - gsmtp (in reply to end of DATA command))
Oct 26 15:10:55 vps postfix/smtp[21543]: connect to crackersadaikki.com[13.248.213.45]:25: Connection timed out
Oct 26 15:10:55 vps postfix/smtp[21547]: connect to crackersadaikki.com[13.248.213.45]:25: Connection timed out
Oct 26 15:10:58 vps postfix/smtpd[27832]: connect from unknown[212.132.96.229]
Oct 26 15:11:01 vps postfix/smtpd[27832]: warning: unknown[212.132.96.229]: SASL LOGIN authentication failed: UGFzc3dvcmQ6
Oct 26 15:11:01 vps postfix/smtpd[27832]: disconnect from unknown[212.132.96.229]
Oct 26 15:11:16 vps postfix/smtpd[19028]: connect from unknown[213.209.157.167]
Oct 26 15:11:18 vps postfix/smtpd[19028]: warning: unknown[213.209.157.167]: SASL LOGIN authentication failed: UGFzc3dvcmQ6
Oct 26 15:11:18 vps postfix/smtpd[19028]: disconnect from unknown[213.209.157.167]
Oct 26 15:11:25 vps postfix/smtp[21543]: connect to crackersadaikki.com[76.223.67.189]:25: Connection timed out
Oct 26 15:11:25 vps postfix/smtp[21543]: 5F60A161940: to=, relay=none, delay=1033, delays=973/0.05/60/0, dsn=4.4.1, status=deferred (connect to crackersadaikki.com[76.223.67.189]:25: Connection timed out)
Oct 26 15:11:25 vps postfix/qmgr[22181]: 5F60A161940: from=, status=expired, returned to sender
Oct 26 15:11:25 vps postfix/cleanup[22732]: D00F037234F: message-id=<20251026094125.D00F037234F@vps.vcrowd.in>
Oct 26 15:11:25 vps postfix/smtp[21547]: connect to crackersadaikki.com[76.223.67.189]:25: Connection timed out
Oct 26 15:11:25 vps postfix/smtp[21547]: AA4A620ED4C: to=, relay=none, delay=1033, delays=973/0.06/60/0, dsn=4.4.1, status=deferred (connect to crackersadaikki.com[76.223.67.189]:25: Connection timed out)
Oct 26 15:11:25 vps postfix/qmgr[22181]: AA4A620ED4C: from=, status=expired, returned to sender
Oct 26 15:11:25 vps postfix/bounce[21634]: 5F60A161940: sender non-delivery notification: D00F037234F
Oct 26 15:11:25 vps postfix/cleanup[22732]: D556F372360: message-id=<20251026094125.D556F372360@vps.vcrowd.in>
Oct 26 15:11:25 vps postfix/qmgr[22181]: 5F60A161940: removed
Oct 26 15:11:25 vps postfix/qmgr[22181]: D00F037234F: from=<>, size=4480, nrcpt=1 (queue active)
Oct 26 15:11:25 vps postfix/bounce[22736]: AA4A620ED4C: sender non-delivery notification: D556F372360
Oct 26 15:11:25 vps postfix/qmgr[22181]: AA4A620ED4C: removed
Oct 26 15:11:25 vps postfix/qmgr[22181]: D556F372360: from=<>, size=4709, nrcpt=1 (queue active)
Oct 26 15:11:25 vps postfix/local[22740]: D00F037234F: to=, relay=local, delay=0.07, delays=0.04/0.02/0/0.01, dsn=2.0.0, status=sent (delivered to mailbox)
Oct 26 15:11:25 vps postfix/qmgr[22181]: D00F037234F: removed
Oct 26 15:11:25 vps postfix/local[22740]: D556F372360: to=, relay=local, delay=0.05, delays=0.01/0.03/0/0, dsn=2.0.0, status=sent (delivered to mailbox)
Oct 26 15:11:25 vps postfix/qmgr[22181]: D556F372360: removed
Oct 26 15:12:14 vps postfix/smtpd[19028]: connect from unknown[45.148.10.44]
Oct 26 15:12:19 vps postfix/smtpd[19028]: warning: unknown[45.148.10.44]: SASL LOGIN authentication failed: UGFzc3dvcmQ6
Oct 26 15:12:19 vps postfix/smtpd[27832]: connect from unknown[212.132.96.229]
Oct 26 15:12:19 vps postfix/smtpd[19028]: disconnect from unknown[45.148.10.44]
Oct 26 15:12:22 vps postfix/smtpd[27832]: warning: unknown[212.132.96.229]: SASL LOGIN authentication failed: UGFzc3dvcmQ6
Oct 26 15:12:22 vps postfix/smtpd[27832]: disconnect from unknown[212.132.96.229]
Oct 26 15:12:27 vps postfix/smtpd[27832]: connect from 137.173.198.203.static.netvigator.com[203.198.173.137]
Oct 26 15:12:30 vps postfix/smtpd[19028]: connect from unknown[77.90.185.87]
Oct 26 15:12:31 vps postfix/smtpd[27832]: warning: 137.173.198.203.static.netvigator.com[203.198.173.137]: SASL LOGIN authentication failed: UGFzc3dvcmQ6
Oct 26 15:12:32 vps postfix/smtpd[27832]: lost connection after AUTH from 137.173.198.203.static.netvigator.com[203.198.173.137]
Oct 26 15:12:32 vps postfix/smtpd[27832]: disconnect from 137.173.198.203.static.netvigator.com[203.198.173.137]
Oct 26 15:12:33 vps postfix/smtpd[19028]: warning: unknown[77.90.185.87]: SASL LOGIN authentication failed: UGFzc3dvcmQ6
Oct 26 15:12:33 vps postfix/smtpd[19028]: disconnect from unknown[77.90.185.87]
Oct 26 15:12:39 vps postfix/smtpd[23992]: connect from unknown[103.237.86.173]
Oct 26 15:12:40 vps postfix/smtpd[23995]: connect from unknown[103.237.86.173]
Oct 26 15:12:40 vps postfix/smtpd[23992]: Anonymous TLS connection established from unknown[103.237.86.173]: TLSv1.2 with cipher ECDHE-RSA-AES256-GCM-SHA384 (256/256 bits)
Oct 26 15:12:40 vps postfix/smtpd[23995]: Anonymous TLS connection established from unknown[103.237.86.173]: TLSv1.2 with cipher ECDHE-RSA-AES256-GCM-SHA384 (256/256 bits)
Oct 26 15:12:42 vps postfix/smtpd[23992]: warning: unknown[103.237.86.173]: SASL LOGIN authentication failed: UGFzc3dvcmQ6
Oct 26 15:12:42 vps postfix/smtpd[23995]: warning: unknown[103.237.86.173]: SASL LOGIN authentication failed: UGFzc3dvcmQ6
Oct 26 15:12:42 vps postfix/smtpd[23995]: lost connection after AUTH from unknown[103.237.86.173]
Oct 26 15:12:42 vps postfix/smtpd[23995]: disconnect from unknown[103.237.86.173]
Oct 26 15:12:42 vps postfix/smtpd[23992]: lost connection after AUTH from unknown[103.237.86.173]
Oct 26 15:12:42 vps postfix/smtpd[23992]: disconnect from unknown[103.237.86.173]
Oct 26 15:12:50 vps postfix/smtpd[23995]: connect from unknown[103.237.86.173]
Oct 26 15:12:50 vps postfix/smtpd[27832]: connect from unknown[103.237.86.173]
Oct 26 15:12:51 vps postfix/smtpd[27832]: Anonymous TLS connection established from unknown[103.237.86.173]: TLSv1.2 with cipher ECDHE-RSA-AES256-GCM-SHA384 (256/256 bits)
Oct 26 15:12:51 vps postfix/smtpd[23995]: Anonymous TLS connection established from unknown[103.237.86.173]: TLSv1.2 with cipher ECDHE-RSA-AES256-GCM-SHA384 (256/256 bits)
Oct 26 15:12:57 vps postfix/smtpd[23995]: warning: unknown[103.237.86.173]: SASL LOGIN authentication failed: UGFzc3dvcmQ6
Oct 26 15:12:57 vps postfix/smtpd[27832]: warning: unknown[103.237.86.173]: SASL LOGIN authentication failed: UGFzc3dvcmQ6
Oct 26 15:12:57 vps postfix/smtps/smtpd[24491]: connect from unknown[95.181.239.13]
Oct 26 15:12:57 vps postfix/smtpd[27832]: lost connection after AUTH from unknown[103.237.86.173]
Oct 26 15:12:57 vps postfix/smtpd[27832]: disconnect from unknown[103.237.86.173]
Oct 26 15:12:57 vps postfix/smtpd[23995]: lost connection after AUTH from unknown[103.237.86.173]
Oct 26 15:12:57 vps postfix/smtpd[23995]: disconnect from unknown[103.237.86.173]
Oct 26 15:12:57 vps postfix/smtps/smtpd[24491]: Anonymous TLS connection established from unknown[95.181.239.13]: TLSv1.2 with cipher ECDHE-RSA-AES256-GCM-SHA384 (256/256 bits)
Oct 26 15:12:59 vps postfix/smtpd[19028]: connect from unknown[213.209.157.167]
Oct 26 15:13:01 vps postfix/smtps/smtpd[24491]: warning: unknown[95.181.239.13]: SASL LOGIN authentication failed: UGFzc3dvcmQ6
Oct 26 15:13:01 vps postfix/smtps/smtpd[24491]: disconnect from unknown[95.181.239.13]
Oct 26 15:13:02 vps postfix/smtpd[19028]: warning: unknown[213.209.157.167]: SASL LOGIN authentication failed: UGFzc3dvcmQ6
Oct 26 15:13:02 vps postfix/smtpd[19028]: disconnect from unknown[213.209.157.167]
Oct 26 15:13:05 vps postfix/smtpd[27832]: connect from unknown[103.237.86.173]
Oct 26 15:13:06 vps postfix/smtpd[23992]: connect from unknown[103.237.86.173]
Oct 26 15:13:06 vps postfix/smtpd[27832]: Anonymous TLS connection established from unknown[103.237.86.173]: TLSv1.2 with cipher ECDHE-RSA-AES256-GCM-SHA384 (256/256 bits)
Oct 26 15:13:06 vps postfix/smtpd[23992]: Anonymous TLS connection established from unknown[103.237.86.173]: TLSv1.2 with cipher ECDHE-RSA-AES256-GCM-SHA384 (256/256 bits)
Oct 26 15:13:14 vps postfix/smtpd[19028]: connect from unknown[196.251.92.11]
Oct 26 15:13:16 vps postfix/smtpd[23992]: warning: unknown[103.237.86.173]: SASL LOGIN authentication failed: UGFzc3dvcmQ6
Oct 26 15:13:16 vps postfix/smtpd[19028]: warning: unknown[196.251.92.11]: SASL LOGIN authentication failed: UGFzc3dvcmQ6
Oct 26 15:13:16 vps postfix/smtpd[27832]: warning: unknown[103.237.86.173]: SASL LOGIN authentication failed: UGFzc3dvcmQ6
Oct 26 15:13:16 vps postfix/smtpd[23992]: lost connection after AUTH from unknown[103.237.86.173]
Oct 26 15:13:16 vps postfix/smtpd[23992]: disconnect from unknown[103.237.86.173]
Oct 26 15:13:16 vps postfix/smtpd[27832]: lost connection after AUTH from unknown[103.237.86.173]
Oct 26 15:13:16 vps postfix/smtpd[27832]: disconnect from unknown[103.237.86.173]
Oct 26 15:13:16 vps postfix/smtpd[19028]: disconnect from unknown[196.251.92.11]
Oct 26 15:13:23 vps postfix/smtpd[23995]: connect from unknown[103.237.86.173]
Oct 26 15:13:24 vps postfix/smtpd[23995]: Anonymous TLS connection established from unknown[103.237.86.173]: TLSv1.2 with cipher ECDHE-RSA-AES256-GCM-SHA384 (256/256 bits)
Oct 26 15:13:24 vps postfix/smtpd[27832]: connect from unknown[103.237.86.173]
Oct 26 15:13:25 vps postfix/smtpd[27832]: Anonymous TLS connection established from unknown[103.237.86.173]: TLSv1.2 with cipher ECDHE-RSA-AES256-GCM-SHA384 (256/256 bits)
Oct 26 15:13:34 vps postfix/smtpd[23995]: warning: unknown[103.237.86.173]: SASL LOGIN authentication failed: Connection lost to authentication server
Oct 26 15:13:34 vps postfix/smtpd[23995]: lost connection after AUTH from unknown[103.237.86.173]
Oct 26 15:13:34 vps postfix/smtpd[23995]: disconnect from unknown[103.237.86.173]
Oct 26 15:13:35 vps postfix/smtpd[27832]: warning: unknown[103.237.86.173]: SASL LOGIN authentication failed: Connection lost to authentication server
Oct 26 15:13:35 vps postfix/smtpd[27832]: lost connection after AUTH from unknown[103.237.86.173]
Oct 26 15:13:35 vps postfix/smtpd[27832]: disconnect from unknown[103.237.86.173]
Oct 26 15:13:38 vps postfix/smtpd[27832]: connect from unknown[212.132.96.229]
Oct 26 15:13:40 vps postfix/smtpd[27832]: warning: unknown[212.132.96.229]: SASL LOGIN authentication failed: UGFzc3dvcmQ6
Oct 26 15:13:40 vps postfix/smtpd[27832]: disconnect from unknown[212.132.96.229]
Oct 26 15:13:43 vps postfix/smtpd[23992]: connect from unknown[103.237.86.173]
Oct 26 15:13:43 vps postfix/smtpd[23992]: Anonymous TLS connection established from unknown[103.237.86.173]: TLSv1.2 with cipher ECDHE-RSA-AES256-GCM-SHA384 (256/256 bits)
Oct 26 15:13:44 vps postfix/smtpd[23995]: connect from unknown[103.237.86.173]
Oct 26 15:13:44 vps postfix/smtpd[23995]: Anonymous TLS connection established from unknown[103.237.86.173]: TLSv1.2 with cipher ECDHE-RSA-AES256-GCM-SHA384 (256/256 bits)
Oct 26 15:13:46 vps postfix/smtpd[23992]: warning: unknown[103.237.86.173]: SASL LOGIN authentication failed: UGFzc3dvcmQ6
Oct 26 15:13:46 vps postfix/smtpd[23992]: lost connection after AUTH from unknown[103.237.86.173]
Oct 26 15:13:46 vps postfix/smtpd[23992]: disconnect from unknown[103.237.86.173]
Oct 26 15:13:51 vps postfix/smtpd[23995]: warning: unknown[103.237.86.173]: SASL LOGIN authentication failed: UGFzc3dvcmQ6
Oct 26 15:13:51 vps postfix/smtpd[23995]: lost connection after AUTH from unknown[103.237.86.173]
Oct 26 15:13:51 vps postfix/smtpd[23995]: disconnect from unknown[103.237.86.173]
Oct 26 15:13:54 vps postfix/smtpd[27832]: connect from unknown[103.237.86.173]
Oct 26 15:13:54 vps postfix/smtpd[27832]: Anonymous TLS connection established from unknown[103.237.86.173]: TLSv1.2 with cipher ECDHE-RSA-AES256-GCM-SHA384 (256/256 bits)
Oct 26 15:13:58 vps postfix/smtpd[23992]: connect from unknown[103.237.86.173]
Oct 26 15:13:59 vps postfix/smtpd[23992]: Anonymous TLS connection established from unknown[103.237.86.173]: TLSv1.2 with cipher ECDHE-RSA-AES256-GCM-SHA384 (256/256 bits)
Oct 26 15:14:05 vps postfix/smtpd[27832]: warning: unknown[103.237.86.173]: SASL LOGIN authentication failed: UGFzc3dvcmQ6
Oct 26 15:14:05 vps postfix/smtpd[27832]: lost connection after AUTH from unknown[103.237.86.173]
Oct 26 15:14:05 vps postfix/smtpd[27832]: disconnect from unknown[103.237.86.173]
Oct 26 15:14:09 vps postfix/smtpd[23992]: warning: unknown[103.237.86.173]: SASL LOGIN authentication failed: UGFzc3dvcmQ6
Oct 26 15:14:09 vps postfix/smtpd[23992]: lost connection after AUTH from unknown[103.237.86.173]
Oct 26 15:14:09 vps postfix/smtpd[23992]: disconnect from unknown[103.237.86.173]
Oct 26 15:14:13 vps postfix/smtpd[23995]: connect from unknown[103.237.86.173]
Oct 26 15:14:14 vps postfix/smtpd[23995]: Anonymous TLS connection established from unknown[103.237.86.173]: TLSv1.2 with cipher ECDHE-RSA-AES256-GCM-SHA384 (256/256 bits)
Oct 26 15:14:15 vps postfix/smtpd[27832]: connect from unknown[103.237.86.173]
Oct 26 15:14:16 vps postfix/smtpd[27832]: Anonymous TLS connection established from unknown[103.237.86.173]: TLSv1.2 with cipher ECDHE-RSA-AES256-GCM-SHA384 (256/256 bits)
Oct 26 15:14:24 vps postfix/smtpd[23995]: warning: unknown[103.237.86.173]: SASL LOGIN authentication failed: Connection lost to authentication server
Oct 26 15:14:24 vps postfix/smtpd[23995]: lost connection after AUTH from unknown[103.237.86.173]
Oct 26 15:14:24 vps postfix/smtpd[23995]: disconnect from unknown[103.237.86.173]
Oct 26 15:14:26 vps postfix/smtpd[27832]: warning: unknown[103.237.86.173]: SASL LOGIN authentication failed: Connection lost to authentication server
Oct 26 15:14:26 vps postfix/smtpd[27832]: lost connection after AUTH from unknown[103.237.86.173]
Oct 26 15:14:26 vps postfix/smtpd[27832]: disconnect from unknown[103.237.86.173]
Oct 26 15:14:30 vps postfix/smtpd[23992]: connect from unknown[103.237.86.173]
Oct 26 15:14:31 vps postfix/smtpd[23992]: Anonymous TLS connection established from unknown[103.237.86.173]: TLSv1.2 with cipher ECDHE-RSA-AES256-GCM-SHA384 (256/256 bits)
Oct 26 15:14:32 vps postfix/smtpd[19028]: connect from unknown[213.209.157.167]
Oct 26 15:14:32 vps postfix/smtpd[23995]: connect from unknown[103.237.86.173]
Oct 26 15:14:32 vps postfix/smtpd[23995]: Anonymous TLS connection established from unknown[103.237.86.173]: TLSv1.2 with cipher ECDHE-RSA-AES256-GCM-SHA384 (256/256 bits)
Oct 26 15:14:33 vps postfix/smtpd[23992]: warning: unknown[103.237.86.173]: SASL LOGIN authentication failed: UGFzc3dvcmQ6
Oct 26 15:14:33 vps postfix/smtpd[23992]: lost connection after AUTH from unknown[103.237.86.173]
Oct 26 15:14:33 vps postfix/smtpd[23992]: disconnect from unknown[103.237.86.173]
Oct 26 15:14:34 vps postfix/smtpd[19028]: warning: unknown[213.209.157.167]: SASL LOGIN authentication failed: UGFzc3dvcmQ6
Oct 26 15:14:34 vps postfix/smtpd[19028]: disconnect from unknown[213.209.157.167]
Oct 26 15:14:39 vps postfix/smtpd[23995]: warning: unknown[103.237.86.173]: SASL LOGIN authentication failed: UGFzc3dvcmQ6
Oct 26 15:14:39 vps postfix/smtpd[23995]: lost connection after AUTH from unknown[103.237.86.173]
Oct 26 15:14:39 vps postfix/smtpd[23995]: disconnect from unknown[103.237.86.173]
Oct 26 15:14:41 vps postfix/smtpd[27832]: connect from unknown[103.237.86.173]
Oct 26 15:14:42 vps postfix/smtpd[27832]: Anonymous TLS connection established from unknown[103.237.86.173]: TLSv1.2 with cipher ECDHE-RSA-AES256-GCM-SHA384 (256/256 bits)
Oct 26 15:14:43 vps postfix/smtpd[19028]: connect from unknown[196.251.92.15]
Oct 26 15:14:45 vps postfix/smtpd[23992]: connect from unknown[103.237.86.173]
Oct 26 15:14:46 vps postfix/smtpd[23992]: Anonymous TLS connection established from unknown[103.237.86.173]: TLSv1.2 with cipher ECDHE-RSA-AES256-GCM-SHA384 (256/256 bits)
Oct 26 15:14:46 vps postfix/smtpd[19028]: warning: unknown[196.251.92.15]: SASL LOGIN authentication failed: UGFzc3dvcmQ6
Oct 26 15:14:46 vps postfix/smtpd[19028]: lost connection after AUTH from unknown[196.251.92.15]
Oct 26 15:14:46 vps postfix/smtpd[19028]: disconnect from unknown[196.251.92.15]
Oct 26 15:14:52 vps postfix/smtpd[27832]: warning: unknown[103.237.86.173]: SASL LOGIN authentication failed: UGFzc3dvcmQ6
Oct 26 15:14:52 vps postfix/smtpd[27832]: lost connection after AUTH from unknown[103.237.86.173]
Oct 26 15:14:52 vps postfix/smtpd[27832]: disconnect from unknown[103.237.86.173]
Oct 26 15:14:56 vps postfix/smtpd[23992]: warning: unknown[103.237.86.173]: SASL LOGIN authentication failed: UGFzc3dvcmQ6
Oct 26 15:14:56 vps postfix/smtpd[23992]: lost connection after AUTH from unknown[103.237.86.173]
Oct 26 15:14:56 vps postfix/smtpd[23992]: disconnect from unknown[103.237.86.173]
Oct 26 15:14:57 vps postfix/smtpd[23992]: connect from unknown[212.132.96.229]
Oct 26 15:15:00 vps postfix/smtpd[23992]: warning: unknown[212.132.96.229]: SASL LOGIN authentication failed: UGFzc3dvcmQ6
