Oct 26 17:10:29 vps postfix/smtp[17041]: 14A3D3718C6: to=, relay=alt1.gmail-smtp-in.l.google.com[192.178.163.27]:25, delay=1127, delays=1122/0.06/3.7/0.79, dsn=4.7.26, status=SOFTBOUNCE (host alt1.gmail-smtp-in.l.google.com[192.178.163.27] said: 550-5.7.26 Your email has been blocked because the sender is unauthenticated. 550-5.7.26 Gmail requires all senders to authenticate with either SPF or DKIM. 550-5.7.26 550-5.7.26 Authentication results: 550-5.7.26 DKIM = did not pass 550-5.7.26 SPF [vps.vcrowd.in] with ip: [103.120.179.240] = did not pass 550-5.7.26 550-5.7.26 For instructions on setting up authentication, go to 550 5.7.26 https://support.google.com/mail/answer/81126#authentication 41be03b00d2f7-b71f49bee60si2100672a12.1038 - gsmtp (in reply to end of DATA command))
Oct 26 17:10:29 vps postfix/qmgr[22181]: 14A3D3718C6: from=, status=expired, returned to sender
Oct 26 17:10:29 vps postfix/cleanup[17086]: DE0693718C5: message-id=<20251026114029.DE0693718C5@vps.vcrowd.in>
Oct 26 17:10:29 vps postfix/bounce[17047]: 14A3D3718C6: sender non-delivery notification: DE0693718C5
Oct 26 17:10:29 vps postfix/qmgr[22181]: DE0693718C5: from=<>, size=3848, nrcpt=1 (queue active)
Oct 26 17:10:29 vps postfix/qmgr[22181]: 14A3D3718C6: removed
Oct 26 17:10:29 vps postfix/local[17087]: DE0693718C5: to=, relay=local, delay=0.01, delays=0/0/0/0, dsn=2.0.0, status=sent (delivered to mailbox)
Oct 26 17:10:29 vps postfix/qmgr[22181]: DE0693718C5: removed
Oct 26 17:10:38 vps postfix/smtpd[12314]: connect from unknown[213.209.157.167]
Oct 26 17:10:40 vps postfix/smtpd[12314]: warning: unknown[213.209.157.167]: SASL LOGIN authentication failed: UGFzc3dvcmQ6
Oct 26 17:10:40 vps postfix/smtpd[12314]: disconnect from unknown[213.209.157.167]
Oct 26 17:11:00 vps postfix/smtpd[9937]: connect from unknown[213.209.157.167]
Oct 26 17:11:02 vps postfix/smtpd[9937]: warning: unknown[213.209.157.167]: SASL LOGIN authentication failed: UGFzc3dvcmQ6
Oct 26 17:11:02 vps postfix/smtpd[9937]: disconnect from unknown[213.209.157.167]
Oct 26 17:11:10 vps postfix/smtpd[12314]: connect from unknown[213.209.157.167]
Oct 26 17:11:16 vps postfix/smtpd[12314]: warning: unknown[213.209.157.167]: SASL LOGIN authentication failed: UGFzc3dvcmQ6
Oct 26 17:11:16 vps postfix/smtpd[12314]: disconnect from unknown[213.209.157.167]
Oct 26 17:11:27 vps postfix/smtpd[9937]: connect from unknown[77.90.185.220]
Oct 26 17:11:30 vps postfix/smtpd[9937]: warning: unknown[77.90.185.220]: SASL LOGIN authentication failed: UGFzc3dvcmQ6
Oct 26 17:11:30 vps postfix/smtpd[9937]: disconnect from unknown[77.90.185.220]
Oct 26 17:11:34 vps postfix/smtpd[31233]: connect from unknown[212.132.96.229]
Oct 26 17:11:37 vps postfix/smtpd[31233]: warning: unknown[212.132.96.229]: SASL LOGIN authentication failed: UGFzc3dvcmQ6
Oct 26 17:11:37 vps postfix/smtpd[31233]: disconnect from unknown[212.132.96.229]
Oct 26 17:12:01 vps postfix/smtpd[12314]: connect from unknown[213.209.157.167]
Oct 26 17:12:04 vps postfix/smtpd[12314]: warning: unknown[213.209.157.167]: SASL LOGIN authentication failed: UGFzc3dvcmQ6
Oct 26 17:12:04 vps postfix/smtpd[12314]: disconnect from unknown[213.209.157.167]
Oct 26 17:12:45 vps postfix/smtpd[9937]: connect from unknown[213.209.157.167]
Oct 26 17:12:47 vps postfix/smtpd[9937]: warning: unknown[213.209.157.167]: SASL LOGIN authentication failed: UGFzc3dvcmQ6
Oct 26 17:12:47 vps postfix/smtpd[9937]: disconnect from unknown[213.209.157.167]
Oct 26 17:12:53 vps postfix/smtpd[31233]: connect from unknown[212.132.96.229]
Oct 26 17:12:55 vps postfix/smtpd[31233]: warning: unknown[212.132.96.229]: SASL LOGIN authentication failed: UGFzc3dvcmQ6
Oct 26 17:12:55 vps postfix/smtpd[31233]: disconnect from unknown[212.132.96.229]
Oct 26 17:13:19 vps postfix/smtpd[12314]: connect from unknown[27.214.141.53]
Oct 26 17:13:24 vps postfix/smtpd[12314]: warning: unknown[27.214.141.53]: SASL LOGIN authentication failed: UGFzc3dvcmQ6
Oct 26 17:13:24 vps postfix/smtpd[12314]: lost connection after AUTH from unknown[27.214.141.53]
Oct 26 17:13:24 vps postfix/smtpd[12314]: disconnect from unknown[27.214.141.53]
Oct 26 17:13:56 vps postfix/smtpd[9937]: connect from unknown[213.209.157.167]
Oct 26 17:13:58 vps postfix/smtpd[9937]: warning: unknown[213.209.157.167]: SASL LOGIN authentication failed: UGFzc3dvcmQ6
Oct 26 17:13:58 vps postfix/smtpd[9937]: disconnect from unknown[213.209.157.167]
Oct 26 17:14:07 vps postfix/smtpd[12314]: connect from unknown[213.209.157.167]
Oct 26 17:14:13 vps postfix/smtpd[12314]: warning: unknown[213.209.157.167]: SASL LOGIN authentication failed: UGFzc3dvcmQ6
Oct 26 17:14:13 vps postfix/smtpd[12314]: disconnect from unknown[213.209.157.167]
Oct 26 17:14:14 vps postfix/smtpd[31233]: connect from unknown[212.132.96.229]
Oct 26 17:14:17 vps postfix/smtpd[31233]: warning: unknown[212.132.96.229]: SASL LOGIN authentication failed: UGFzc3dvcmQ6
Oct 26 17:14:17 vps postfix/smtpd[31233]: disconnect from unknown[212.132.96.229]
Oct 26 17:14:39 vps postfix/smtpd[9937]: connect from unknown[62.60.131.124]
Oct 26 17:14:42 vps postfix/smtpd[9937]: warning: unknown[62.60.131.124]: SASL LOGIN authentication failed: UGFzc3dvcmQ6
Oct 26 17:14:42 vps postfix/smtpd[9937]: disconnect from unknown[62.60.131.124]
Oct 26 17:15:10 vps postfix/smtpd[12314]: connect from unknown[77.90.185.87]
Oct 26 17:15:13 vps postfix/smtpd[12314]: warning: unknown[77.90.185.87]: SASL LOGIN authentication failed: UGFzc3dvcmQ6
Oct 26 17:15:13 vps postfix/smtpd[12314]: disconnect from unknown[77.90.185.87]
Oct 26 17:15:25 vps postfix/qmgr[22181]: 18528161940: from=, size=877, nrcpt=2 (queue active)
Oct 26 17:15:25 vps postfix/qmgr[22181]: D45D620ED4C: from=, size=929, nrcpt=1 (queue active)
Oct 26 17:15:25 vps postfix/qmgr[22181]: F1CD216898B: from=, size=1116, nrcpt=2 (queue active)
Oct 26 17:15:27 vps postfix/smtp[21901]: F1CD216898B: host gmail-smtp-in.l.google.com[64.233.170.27] said: 550-5.7.26 Your email has been blocked because the sender is unauthenticated. 550-5.7.26 Gmail requires all senders to authenticate with either SPF or DKIM. 550-5.7.26 550-5.7.26 Authentication results: 550-5.7.26 DKIM = did not pass 550-5.7.26 SPF [vps.vcrowd.in] with ip: [103.120.179.240] = did not pass 550-5.7.26 550-5.7.26 For instructions on setting up authentication, go to 550 5.7.26 https://support.google.com/mail/answer/81126#authentication d9443c01a7336-2949ab25b57si23718845ad.751 - gsmtp (in reply to end of DATA command)
Oct 26 17:15:27 vps postfix/smtp[21899]: D45D620ED4C: host gmail-smtp-in.l.google.com[64.233.170.27] said: 550-5.7.26 Your email has been blocked because the sender is unauthenticated. 550-5.7.26 Gmail requires all senders to authenticate with either SPF or DKIM. 550-5.7.26 550-5.7.26 Authentication results: 550-5.7.26 DKIM = did not pass 550-5.7.26 SPF [vps.vcrowd.in] with ip: [103.120.179.240] = did not pass 550-5.7.26 550-5.7.26 For instructions on setting up authentication, go to 550 5.7.26 https://support.google.com/mail/answer/81126#authentication 41be03b00d2f7-b71d5728b30si2249594a12.112 - gsmtp (in reply to end of DATA command)
Oct 26 17:15:29 vps postfix/smtp[21901]: F1CD216898B: to=, relay=alt1.gmail-smtp-in.l.google.com[192.178.163.27]:25, delay=585, delays=581/0.06/3.3/0.7, dsn=4.7.26, status=SOFTBOUNCE (host alt1.gmail-smtp-in.l.google.com[192.178.163.27] said: 550-5.7.26 Your email has been blocked because the sender is unauthenticated. 550-5.7.26 Gmail requires all senders to authenticate with either SPF or DKIM. 550-5.7.26 550-5.7.26 Authentication results: 550-5.7.26 DKIM = did not pass 550-5.7.26 SPF [vps.vcrowd.in] with ip: [103.120.179.240] = did not pass 550-5.7.26 550-5.7.26 For instructions on setting up authentication, go to 550 5.7.26 https://support.google.com/mail/answer/81126#authentication d2e1a72fcca58-7a415635b8bsi2235625b3a.609 - gsmtp (in reply to end of DATA command))
Oct 26 17:15:29 vps postfix/smtp[21899]: D45D620ED4C: to=, relay=alt1.gmail-smtp-in.l.google.com[192.178.163.27]:25, delay=534, delays=530/0.03/3.6/0.78, dsn=4.7.26, status=SOFTBOUNCE (host alt1.gmail-smtp-in.l.google.com[192.178.163.27] said: 550-5.7.26 Your email has been blocked because the sender is unauthenticated. 550-5.7.26 Gmail requires all senders to authenticate with either SPF or DKIM. 550-5.7.26 550-5.7.26 Authentication results: 550-5.7.26 DKIM = did not pass 550-5.7.26 SPF [vps.vcrowd.in] with ip: [103.120.179.240] = did not pass 550-5.7.26 550-5.7.26 For instructions on setting up authentication, go to 550 5.7.26 https://support.google.com/mail/answer/81126#authentication 41be03b00d2f7-b71f62a6360si1994602a12.1277 - gsmtp (in reply to end of DATA command))
Oct 26 17:15:34 vps postfix/smtpd[9937]: connect from unknown[77.90.185.87]
Oct 26 17:15:34 vps postfix/smtpd[31233]: connect from unknown[212.132.96.229]
Oct 26 17:15:37 vps postfix/smtpd[31233]: warning: unknown[212.132.96.229]: SASL LOGIN authentication failed: UGFzc3dvcmQ6
Oct 26 17:15:37 vps postfix/smtpd[9937]: warning: unknown[77.90.185.87]: SASL LOGIN authentication failed: UGFzc3dvcmQ6
Oct 26 17:15:37 vps postfix/smtpd[31233]: disconnect from unknown[212.132.96.229]
Oct 26 17:15:37 vps postfix/smtpd[9937]: disconnect from unknown[77.90.185.87]
Oct 26 17:15:47 vps postfix/smtpd[12314]: connect from unknown[213.209.157.167]
Oct 26 17:15:50 vps postfix/smtpd[12314]: warning: unknown[213.209.157.167]: SASL LOGIN authentication failed: UGFzc3dvcmQ6
Oct 26 17:15:50 vps postfix/smtpd[12314]: disconnect from unknown[213.209.157.167]
Oct 26 17:15:55 vps postfix/smtp[21900]: connect to crackersadaikki.com[76.223.67.189]:25: Connection timed out
Oct 26 17:15:55 vps postfix/smtp[21898]: connect to crackersadaikki.com[13.248.213.45]:25: Connection timed out
Oct 26 17:16:10 vps postfix/smtpd[9937]: connect from unknown[77.90.185.87]
Oct 26 17:16:13 vps postfix/smtpd[9937]: warning: unknown[77.90.185.87]: SASL LOGIN authentication failed: UGFzc3dvcmQ6
Oct 26 17:16:13 vps postfix/smtpd[9937]: disconnect from unknown[77.90.185.87]
Oct 26 17:16:17 vps postfix/smtpd[12314]: connect from unknown[213.209.157.167]
Oct 26 17:16:19 vps postfix/smtpd[12314]: warning: unknown[213.209.157.167]: SASL LOGIN authentication failed: UGFzc3dvcmQ6
Oct 26 17:16:19 vps postfix/smtpd[12314]: disconnect from unknown[213.209.157.167]
Oct 26 17:16:25 vps postfix/smtp[21900]: connect to crackersadaikki.com[13.248.213.45]:25: Connection timed out
Oct 26 17:16:25 vps postfix/smtp[21900]: F1CD216898B: to=, relay=none, delay=642, delays=581/0.04/60/0, dsn=4.4.1, status=deferred (connect to crackersadaikki.com[13.248.213.45]:25: Connection timed out)
Oct 26 17:16:25 vps postfix/bounce[21954]: warning: [built-in]: zero result in delay template conversion of parameter "delay_warning_time_hours"
Oct 26 17:16:25 vps postfix/bounce[21954]: warning: please reduce time unit "hours" of "delay_warning_time_hours" in delay template
Oct 26 17:16:25 vps postfix/bounce[21954]: warning: for instructions see the bounce(5) manual
Oct 26 17:16:25 vps postfix/bounce[21954]: warning: [built-in]: zero result in delay template conversion of parameter "maximal_queue_lifetime_days"
Oct 26 17:16:25 vps postfix/bounce[21954]: warning: please reduce time unit "days" of "maximal_queue_lifetime_days" in delay template
Oct 26 17:16:25 vps postfix/bounce[21954]: warning: for instructions see the bounce(5) manual
Oct 26 17:16:25 vps postfix/cleanup[22742]: 99512372344: message-id=<20251026114625.99512372344@vps.vcrowd.in>
Oct 26 17:16:25 vps postfix/bounce[21954]: F1CD216898B: sender delay notification: 99512372344
Oct 26 17:16:25 vps postfix/qmgr[22181]: 99512372344: from=<>, size=4398, nrcpt=1 (queue active)
Oct 26 17:16:25 vps postfix/local[22745]: 99512372344: to=, relay=local, delay=0.05, delays=0.02/0.02/0/0.01, dsn=2.0.0, status=sent (delivered to mailbox)
Oct 26 17:16:25 vps postfix/qmgr[22181]: 99512372344: removed
Oct 26 17:16:25 vps postfix/smtp[21898]: connect to crackersadaikki.com[76.223.67.189]:25: Connection timed out
Oct 26 17:16:25 vps postfix/smtp[21898]: 18528161940: to=, relay=none, delay=645, delays=584/0.05/60/0, dsn=4.4.1, status=deferred (connect to crackersadaikki.com[76.223.67.189]:25: Connection timed out)
Oct 26 17:16:25 vps postfix/bounce[21954]: warning: [built-in]: zero result in delay template conversion of parameter "delay_warning_time_hours"
Oct 26 17:16:25 vps postfix/bounce[21954]: warning: please reduce time unit "hours" of "delay_warning_time_hours" in delay template
Oct 26 17:16:25 vps postfix/bounce[21954]: warning: for instructions see the bounce(5) manual
Oct 26 17:16:25 vps postfix/bounce[21954]: warning: [built-in]: zero result in delay template conversion of parameter "maximal_queue_lifetime_days"
Oct 26 17:16:25 vps postfix/bounce[21954]: warning: please reduce time unit "days" of "maximal_queue_lifetime_days" in delay template
Oct 26 17:16:25 vps postfix/bounce[21954]: warning: for instructions see the bounce(5) manual
Oct 26 17:16:25 vps postfix/cleanup[22742]: C7F42372344: message-id=<20251026114625.C7F42372344@vps.vcrowd.in>
Oct 26 17:16:25 vps postfix/bounce[21954]: 18528161940: sender delay notification: C7F42372344
Oct 26 17:16:25 vps postfix/qmgr[22181]: C7F42372344: from=<>, size=3005, nrcpt=1 (queue active)
Oct 26 17:16:25 vps postfix/local[22745]: C7F42372344: to=, relay=local, delay=0.01, delays=0/0/0/0, dsn=2.0.0, status=sent (delivered to mailbox)
Oct 26 17:16:25 vps postfix/qmgr[22181]: C7F42372344: removed
Oct 26 17:16:27 vps postfix/smtpd[9937]: connect from unknown[213.209.157.167]
Oct 26 17:16:34 vps postfix/smtpd[9937]: warning: unknown[213.209.157.167]: SASL LOGIN authentication failed: UGFzc3dvcmQ6
Oct 26 17:16:34 vps postfix/smtpd[9937]: disconnect from unknown[213.209.157.167]
Oct 26 17:16:52 vps postfix/smtpd[31233]: connect from unknown[212.132.96.229]
Oct 26 17:16:55 vps postfix/smtpd[31233]: warning: unknown[212.132.96.229]: SASL LOGIN authentication failed: UGFzc3dvcmQ6
Oct 26 17:16:55 vps postfix/smtpd[31233]: disconnect from unknown[212.132.96.229]
Oct 26 17:16:56 vps postfix/smtpd[12314]: connect from unknown[112.122.54.54]
Oct 26 17:16:58 vps postfix/smtpd[12314]: warning: unknown[112.122.54.54]: SASL LOGIN authentication failed: UGFzc3dvcmQ6
Oct 26 17:16:58 vps postfix/smtpd[12314]: disconnect from unknown[112.122.54.54]
Oct 26 17:16:59 vps postfix/smtpd[9937]: connect from unknown[112.122.54.54]
Oct 26 17:17:05 vps postfix/smtpd[9937]: warning: unknown[112.122.54.54]: SASL LOGIN authentication failed: UGFzc3dvcmQ6
Oct 26 17:17:05 vps postfix/smtpd[9937]: disconnect from unknown[112.122.54.54]
Oct 26 17:18:13 vps postfix/smtpd[31233]: connect from unknown[212.132.96.229]
Oct 26 17:18:16 vps postfix/smtpd[31233]: warning: unknown[212.132.96.229]: SASL LOGIN authentication failed: UGFzc3dvcmQ6
Oct 26 17:18:16 vps postfix/smtpd[31233]: disconnect from unknown[212.132.96.229]
Oct 26 17:18:41 vps postfix/smtpd[31233]: warning: hostname wllk99-129-211.dsl.netins.net does not resolve to address 67.55.189.211: Name or service not known
Oct 26 17:18:41 vps postfix/smtpd[31233]: connect from unknown[67.55.189.211]
Oct 26 17:18:45 vps postfix/smtpd[24675]: connect from unknown[213.209.157.167]
Oct 26 17:18:46 vps postfix/smtpd[31233]: warning: unknown[67.55.189.211]: SASL LOGIN authentication failed: UGFzc3dvcmQ6
Oct 26 17:18:46 vps postfix/smtpd[31233]: lost connection after AUTH from unknown[67.55.189.211]
Oct 26 17:18:46 vps postfix/smtpd[31233]: disconnect from unknown[67.55.189.211]
Oct 26 17:18:47 vps postfix/smtpd[24675]: warning: unknown[213.209.157.167]: SASL LOGIN authentication failed: UGFzc3dvcmQ6
Oct 26 17:18:47 vps postfix/smtpd[24675]: disconnect from unknown[213.209.157.167]
Oct 26 17:19:05 vps postfix/smtpd[24675]: connect from unknown[213.209.157.167]
Oct 26 17:19:08 vps postfix/smtpd[24675]: warning: unknown[213.209.157.167]: SASL LOGIN authentication failed: UGFzc3dvcmQ6
Oct 26 17:19:08 vps postfix/smtpd[24675]: disconnect from unknown[213.209.157.167]
Oct 26 17:19:33 vps postfix/smtpd[31233]: connect from unknown[212.132.96.229]
Oct 26 17:19:36 vps postfix/smtpd[31233]: warning: unknown[212.132.96.229]: SASL LOGIN authentication failed: UGFzc3dvcmQ6
Oct 26 17:19:36 vps postfix/smtpd[31233]: disconnect from unknown[212.132.96.229]
Oct 26 17:19:43 vps postfix/smtpd[31233]: connect from unknown[123.58.215.72]
Oct 26 17:19:46 vps postfix/smtpd[31233]: warning: unknown[123.58.215.72]: SASL LOGIN authentication failed: UGFzc3dvcmQ6
Oct 26 17:19:46 vps postfix/smtpd[31233]: disconnect from unknown[123.58.215.72]
Oct 26 17:19:52 vps postfix/anvil[16309]: statistics: max connection rate 3/60s for (smtp:213.209.157.167) at
Oct 26 17:11:10
Oct 26 17:19:52 vps postfix/anvil[16309]: statistics: max connection count 1 for (submission:212.132.96.229) at
Oct 26 17:10:16
Oct 26 17:19:52 vps postfix/anvil[16309]: statistics: max cache size 4 at
Oct 26 17:15:10
Oct 26 17:19:57 vps postfix/smtpd[31233]: warning: hostname security.criminalip.com does not resolve to address 185.242.226.33
Oct 26 17:19:57 vps postfix/smtpd[31233]: connect from unknown[185.242.226.33]
Oct 26 17:19:57 vps postfix/smtpd[31233]: lost connection after CONNECT from unknown[185.242.226.33]
Oct 26 17:19:57 vps postfix/smtpd[31233]: disconnect from unknown[185.242.226.33]
Oct 26 17:20:52 vps postfix/smtpd[31233]: connect from unknown[212.132.96.229]
Oct 26 17:20:54 vps postfix/smtpd[31233]: warning: unknown[212.132.96.229]: SASL LOGIN authentication failed: UGFzc3dvcmQ6
Oct 26 17:20:54 vps postfix/smtpd[31233]: disconnect from unknown[212.132.96.229]
Oct 26 17:21:13 vps postfix/smtpd[27899]: connect from unknown[77.90.185.87]
Oct 26 17:21:15 vps postfix/smtpd[27922]: connect from unknown[213.209.157.167]
Oct 26 17:21:16 vps postfix/smtpd[27899]: warning: unknown[77.90.185.87]: SASL LOGIN authentication failed: UGFzc3dvcmQ6
Oct 26 17:21:16 vps postfix/smtpd[27899]: disconnect from unknown[77.90.185.87]
Oct 26 17:21:17 vps postfix/smtpd[27922]: warning: unknown[213.209.157.167]: SASL LOGIN authentication failed: UGFzc3dvcmQ6
Oct 26 17:21:17 vps postfix/smtpd[27922]: disconnect from unknown[213.209.157.167]
Oct 26 17:21:49 vps postfix/smtpd[27899]: connect from unknown[213.209.157.167]
Oct 26 17:21:51 vps postfix/smtpd[27899]: warning: unknown[213.209.157.167]: SASL LOGIN authentication failed: UGFzc3dvcmQ6
Oct 26 17:21:51 vps postfix/smtpd[27899]: disconnect from unknown[213.209.157.167]
Oct 26 17:22:09 vps postfix/smtpd[31233]: connect from unknown[212.132.96.229]
Oct 26 17:22:11 vps postfix/smtpd[31233]: warning: unknown[212.132.96.229]: SASL LOGIN authentication failed: UGFzc3dvcmQ6
Oct 26 17:22:11 vps postfix/smtpd[31233]: disconnect from unknown[212.132.96.229]
Oct 26 17:22:16 vps postfix/smtpd[27922]: connect from unknown[196.251.92.11]
Oct 26 17:22:18 vps postfix/smtpd[27922]: warning: unknown[196.251.92.11]: SASL LOGIN authentication failed: UGFzc3dvcmQ6
Oct 26 17:22:18 vps postfix/smtpd[27922]: disconnect from unknown[196.251.92.11]
Oct 26 17:22:19 vps postfix/smtpd[27899]: connect from unknown[213.209.157.167]
Oct 26 17:22:21 vps postfix/smtpd[27899]: warning: unknown[213.209.157.167]: SASL LOGIN authentication failed: UGFzc3dvcmQ6
Oct 26 17:22:21 vps postfix/smtpd[27899]: disconnect from unknown[213.209.157.167]
Oct 26 17:22:50 vps postfix/smtpd[31233]: connect from ec2-3-141-153-201.us-east-2.compute.amazonaws.com[3.141.153.201]
Oct 26 17:22:50 vps postfix/smtpd[31233]: lost connection after CONNECT from ec2-3-141-153-201.us-east-2.compute.amazonaws.com[3.141.153.201]
Oct 26 17:22:50 vps postfix/smtpd[31233]: disconnect from ec2-3-141-153-201.us-east-2.compute.amazonaws.com[3.141.153.201]
Oct 26 17:22:50 vps postfix/smtps/smtpd[29264]: connect from ec2-3-141-153-201.us-east-2.compute.amazonaws.com[3.141.153.201]
Oct 26 17:22:50 vps postfix/smtps/smtpd[29264]: SSL_accept error from ec2-3-141-153-201.us-east-2.compute.amazonaws.com[3.141.153.201]: lost connection
Oct 26 17:22:50 vps postfix/smtps/smtpd[29264]: lost connection after CONNECT from ec2-3-141-153-201.us-east-2.compute.amazonaws.com[3.141.153.201]
Oct 26 17:22:50 vps postfix/smtps/smtpd[29264]: disconnect from ec2-3-141-153-201.us-east-2.compute.amazonaws.com[3.141.153.201]
Oct 26 17:23:20 vps postfix/smtpd[27922]: connect from unknown[77.90.185.220]
Oct 26 17:23:23 vps postfix/smtpd[27922]: warning: unknown[77.90.185.220]: SASL LOGIN authentication failed: UGFzc3dvcmQ6
Oct 26 17:23:23 vps postfix/smtpd[27922]: disconnect from unknown[77.90.185.220]
Oct 26 17:23:28 vps postfix/smtpd[31233]: connect from unknown[212.132.96.229]
Oct 26 17:23:30 vps postfix/smtpd[31233]: warning: unknown[212.132.96.229]: SASL LOGIN authentication failed: UGFzc3dvcmQ6
Oct 26 17:23:30 vps postfix/smtpd[31233]: disconnect from unknown[212.132.96.229]
Oct 26 17:24:47 vps postfix/smtpd[31233]: connect from unknown[212.132.96.229]
Oct 26 17:24:50 vps postfix/smtpd[31233]: warning: unknown[212.132.96.229]: SASL LOGIN authentication failed: UGFzc3dvcmQ6
Oct 26 17:24:50 vps postfix/smtpd[31233]: disconnect from unknown[212.132.96.229]
Oct 26 17:25:25 vps postfix/qmgr[22181]: D45D620ED4C: from=, size=929, nrcpt=1 (queue active)
Oct 26 17:25:27 vps postfix/smtp[32597]: D45D620ED4C: host gmail-smtp-in.l.google.com[64.233.170.26] said: 550-5.7.26 Your email has been blocked because the sender is unauthenticated. 550-5.7.26 Gmail requires all senders to authenticate with either SPF or DKIM. 550-5.7.26 550-5.7.26 Authentication results: 550-5.7.26 DKIM = did not pass 550-5.7.26 SPF [vps.vcrowd.in] with ip: [103.120.179.240] = did not pass 550-5.7.26 550-5.7.26 For instructions on setting up authentication, go to 550 5.7.26 https://support.google.com/mail/answer/81126#authentication d9443c01a7336-2949a7ca659si24684065ad.98 - gsmtp (in reply to end of DATA command)
Oct 26 17:25:30 vps postfix/smtp[32597]: D45D620ED4C: to=, relay=alt1.gmail-smtp-in.l.google.com[192.178.163.26]:25, delay=1134, delays=1130/0.06/3.5/1, dsn=4.7.26, status=SOFTBOUNCE (host alt1.gmail-smtp-in.l.google.com[192.178.163.26] said: 550-5.7.26 Your email has been blocked because the sender is unauthenticated. 550-5.7.26 Gmail requires all senders to authenticate with either SPF or DKIM. 550-5.7.26 550-5.7.26 Authentication results: 550-5.7.26 DKIM = did not pass 550-5.7.26 SPF [vps.vcrowd.in] with ip: [103.120.179.240] = did not pass 550-5.7.26 550-5.7.26 For instructions on setting up authentication, go to 550 5.7.26 https://support.google.com/mail/answer/81126#authentication 41be03b00d2f7-b71eb28a8f3si2008547a12.526 - gsmtp (in reply to end of DATA command))
Oct 26 17:25:30 vps postfix/qmgr[22181]: D45D620ED4C: from=, status=expired, returned to sender
Oct 26 17:25:30 vps postfix/cleanup[32671]: 09CD26F4BB: message-id=<20251026115530.09CD26F4BB@vps.vcrowd.in>
Oct 26 17:25:30 vps postfix/qmgr[22181]: 09CD26F4BB: from=<>, size=3855, nrcpt=1 (queue active)
Oct 26 17:25:30 vps postfix/bounce[32670]: D45D620ED4C: sender non-delivery notification: 09CD26F4BB
Oct 26 17:25:30 vps postfix/qmgr[22181]: D45D620ED4C: removed
Oct 26 17:25:30 vps postfix/local[32673]: 09CD26F4BB: to=, relay=local, delay=0.04, delays=0.02/0.02/0/0, dsn=2.0.0, status=sent (delivered to mailbox)
Oct 26 17:25:30 vps postfix/qmgr[22181]: 09CD26F4BB: removed
Oct 26 17:25:38 vps postfix/smtpd[326]: connect from unknown[196.251.92.11]
Oct 26 17:25:40 vps postfix/smtpd[326]: warning: unknown[196.251.92.11]: SASL LOGIN authentication failed: UGFzc3dvcmQ6
Oct 26 17:25:40 vps postfix/smtpd[326]: disconnect from unknown[196.251.92.11]
Oct 26 17:25:48 vps postfix/smtpd[326]: connect from unknown[213.209.157.225]
Oct 26 17:25:51 vps postfix/smtpd[326]: warning: unknown[213.209.157.225]: SASL LOGIN authentication failed: UGFzc3dvcmQ6
Oct 26 17:25:51 vps postfix/smtpd[326]: disconnect from unknown[213.209.157.225]
Oct 26 17:25:52 vps postfix/smtpd[326]: connect from unknown[213.209.157.167]
Oct 26 17:25:54 vps postfix/smtpd[326]: warning: unknown[213.209.157.167]: SASL LOGIN authentication failed: UGFzc3dvcmQ6
Oct 26 17:25:54 vps postfix/smtpd[326]: disconnect from unknown[213.209.157.167]
Oct 26 17:26:06 vps postfix/smtpd[31233]: connect from unknown[212.132.96.229]
Oct 26 17:26:09 vps postfix/smtpd[31233]: warning: unknown[212.132.96.229]: SASL LOGIN authentication failed: UGFzc3dvcmQ6
Oct 26 17:26:09 vps postfix/smtpd[31233]: disconnect from unknown[212.132.96.229]
Oct 26 17:26:20 vps postfix/smtpd[326]: connect from unknown[77.90.185.87]
Oct 26 17:26:24 vps postfix/smtpd[326]: warning: unknown[77.90.185.87]: SASL LOGIN authentication failed: UGFzc3dvcmQ6
Oct 26 17:26:24 vps postfix/smtpd[326]: disconnect from unknown[77.90.185.87]
Oct 26 17:26:24 vps postfix/smtpd[326]: connect from unknown[213.209.157.167]
Oct 26 17:26:27 vps postfix/smtpd[326]: warning: unknown[213.209.157.167]: SASL LOGIN authentication failed: UGFzc3dvcmQ6
Oct 26 17:26:27 vps postfix/smtpd[326]: disconnect from unknown[213.209.157.167]
Oct 26 17:26:45 vps postfix/smtpd[326]: connect from unknown[213.209.157.167]
Oct 26 17:26:48 vps postfix/smtpd[326]: warning: unknown[213.209.157.167]: SASL LOGIN authentication failed: UGFzc3dvcmQ6
Oct 26 17:26:48 vps postfix/smtpd[326]: disconnect from unknown[213.209.157.167]
Oct 26 17:26:57 vps postfix/smtps/smtpd[1623]: connect from unknown[49.124.154.169]
Oct 26 17:26:58 vps postfix/smtpd[326]: connect from unknown[77.90.185.220]
Oct 26 17:26:58 vps postfix/smtps/smtpd[1623]: Anonymous TLS connection established from unknown[49.124.154.169]: TLSv1.2 with cipher ECDHE-RSA-AES256-GCM-SHA384 (256/256 bits)
Oct 26 17:27:01 vps postfix/smtpd[326]: warning: unknown[77.90.185.220]: SASL LOGIN authentication failed: UGFzc3dvcmQ6
Oct 26 17:27:01 vps postfix/smtpd[326]: disconnect from unknown[77.90.185.220]
Oct 26 17:27:03 vps postfix/smtps/smtpd[1800]: connect from unknown[158.173.25.105]
Oct 26 17:27:03 vps postfix/smtps/smtpd[1800]: Anonymous TLS connection established from unknown[158.173.25.105]: TLSv1.2 with cipher ECDHE-RSA-AES256-GCM-SHA384 (256/256 bits)
Oct 26 17:27:04 vps postfix/smtps/smtpd[1623]: warning: unknown[49.124.154.169]: SASL LOGIN authentication failed: UGFzc3dvcmQ6
Oct 26 17:27:05 vps postfix/smtps/smtpd[1623]: lost connection after AUTH from unknown[49.124.154.169]
Oct 26 17:27:05 vps postfix/smtps/smtpd[1623]: disconnect from unknown[49.124.154.169]
Oct 26 17:27:06 vps postfix/smtpd[326]: connect from unknown[213.209.157.167]
Oct 26 17:27:07 vps postfix/smtps/smtpd[1800]: warning: unknown[158.173.25.105]: SASL LOGIN authentication failed: UGFzc3dvcmQ6
Oct 26 17:27:07 vps postfix/smtps/smtpd[1800]: disconnect from unknown[158.173.25.105]
Oct 26 17:27:08 vps postfix/smtpd[326]: warning: unknown[213.209.157.167]: SASL LOGIN authentication failed: UGFzc3dvcmQ6
Oct 26 17:27:08 vps postfix/smtpd[326]: disconnect from unknown[213.209.157.167]
Oct 26 17:27:26 vps postfix/smtpd[31233]: connect from unknown[212.132.96.229]
Oct 26 17:27:26 vps postfix/smtpd[326]: connect from unknown[213.209.157.167]
Oct 26 17:27:28 vps postfix/smtpd[31233]: warning: unknown[212.132.96.229]: SASL LOGIN authentication failed: UGFzc3dvcmQ6
Oct 26 17:27:28 vps postfix/smtpd[31233]: disconnect from unknown[212.132.96.229]
Oct 26 17:27:29 vps postfix/smtps/smtpd[1623]: connect from unknown[120.231.73.55]
Oct 26 17:27:29 vps postfix/smtps/smtpd[1623]: SSL_accept error from unknown[120.231.73.55]: lost connection
Oct 26 17:27:29 vps postfix/smtps/smtpd[1623]: lost connection after CONNECT from unknown[120.231.73.55]
Oct 26 17:27:29 vps postfix/smtps/smtpd[1623]: disconnect from unknown[120.231.73.55]
Oct 26 17:27:29 vps postfix/smtpd[326]: warning: unknown[213.209.157.167]: SASL LOGIN authentication failed: UGFzc3dvcmQ6
Oct 26 17:27:29 vps postfix/smtpd[326]: disconnect from unknown[213.209.157.167]
Oct 26 17:28:44 vps postfix/smtpd[326]: connect from mail-centralusazolkn19011036.outbound.protection.outlook.com[52.103.13.36]
Oct 26 17:28:45 vps postfix/smtpd[326]: Anonymous TLS connection established from mail-centralusazolkn19011036.outbound.protection.outlook.com[52.103.13.36]: TLSv1.2 with cipher ECDHE-RSA-AES256-GCM-SHA384 (256/256 bits)
Oct 26 17:28:45 vps postfix/smtpd[31233]: connect from unknown[212.132.96.229]
Oct 26 17:28:45 vps postfix/smtpd[326]: NOQUEUE: reject: RCPT from mail-centralusazolkn19011036.outbound.protection.outlook.com[52.103.13.36]: 450 4.1.1 : Recipient address rejected: User unknown in virtual mailbox table; from= to= proto=ESMTP helo=
Oct 26 17:28:46 vps postfix/smtpd[326]: disconnect from mail-centralusazolkn19011036.outbound.protection.outlook.com[52.103.13.36]
Oct 26 17:28:48 vps postfix/smtpd[31233]: warning: unknown[212.132.96.229]: SASL LOGIN authentication failed: UGFzc3dvcmQ6
Oct 26 17:28:48 vps postfix/smtpd[31233]: disconnect from unknown[212.132.96.229]
Oct 26 17:28:51 vps postfix/smtpd[326]: connect from unknown[213.209.157.252]
Oct 26 17:28:53 vps postfix/smtpd[326]: warning: unknown[213.209.157.252]: SASL LOGIN authentication failed: UGFzc3dvcmQ6
Oct 26 17:28:53 vps postfix/smtpd[326]: disconnect from unknown[213.209.157.252]
Oct 26 17:29:21 vps postfix/smtpd[326]: connect from unknown[218.75.77.202]
Oct 26 17:29:22 vps postfix/smtpd[326]: Anonymous TLS connection established from unknown[218.75.77.202]: TLSv1.2 with cipher ECDHE-RSA-AES256-SHA384 (256/256 bits)
Oct 26 17:29:24 vps postfix/smtpd[326]: NOQUEUE: reject: RCPT from unknown[218.75.77.202]: 454 4.7.1 Service unavailable; Client host [218.75.77.202] blocked using bl.spamcop.net; Blocked - see https://www.spamcop.net/bl.shtml?218.75.77.202; from= to= proto=ESMTP helo=
Oct 26 17:29:24 vps postfix/smtpd[326]: disconnect from unknown[218.75.77.202]
Oct 26 17:29:37 vps postfix/smtpd[326]: connect from unknown[77.90.185.220]
Oct 26 17:29:39 vps postfix/smtpd[326]: warning: unknown[77.90.185.220]: SASL LOGIN authentication failed: UGFzc3dvcmQ6
Oct 26 17:29:39 vps postfix/smtpd[326]: disconnect from unknown[77.90.185.220]
Oct 26 17:29:52 vps postfix/anvil[16309]: statistics: max connection rate 3/60s for (smtp:213.209.157.167) at
Oct 26 17:26:45
Oct 26 17:29:52 vps postfix/anvil[16309]: statistics: max connection count 1 for (submission:185.242.226.33) at
Oct 26 17:19:57
Oct 26 17:29:52 vps postfix/anvil[16309]: statistics: max cache size 6 at
Oct 26 17:27:03
Oct 26 17:30:05 vps postfix/smtpd[31233]: connect from unknown[212.132.96.229]
Oct 26 17:30:08 vps postfix/smtpd[31233]: warning: unknown[212.132.96.229]: SASL LOGIN authentication failed: UGFzc3dvcmQ6
Oct 26 17:30:08 vps postfix/smtpd[31233]: disconnect from unknown[212.132.96.229]
Oct 26 17:30:08 vps postfix/smtpd[326]: connect from unknown[77.90.185.220]
Oct 26 17:30:11 vps postfix/smtpd[326]: warning: unknown[77.90.185.220]: SASL LOGIN authentication failed: UGFzc3dvcmQ6
Oct 26 17:30:11 vps postfix/smtpd[326]: disconnect from unknown[77.90.185.220]
Oct 26 17:30:25 vps postfix/qmgr[22181]: 18528161940: from=, size=877, nrcpt=2 (queue active)
Oct 26 17:30:25 vps postfix/qmgr[22181]: F1CD216898B: from=, size=1116, nrcpt=2 (queue active)
Oct 26 17:30:27 vps postfix/smtp[6255]: F1CD216898B: host gmail-smtp-in.l.google.com[64.233.170.26] said: 550-5.7.26 Your email has been blocked because the sender is unauthenticated. 550-5.7.26 Gmail requires all senders to authenticate with either SPF or DKIM. 550-5.7.26 550-5.7.26 Authentication results: 550-5.7.26 DKIM = did not pass 550-5.7.26 SPF [vps.vcrowd.in] with ip: [103.120.179.240] = did not pass 550-5.7.26 550-5.7.26 For instructions on setting up authentication, go to 550 5.7.26 https://support.google.com/mail/answer/81126#authentication d2e1a72fcca58-7a41569632dsi2194867b3a.1007 - gsmtp (in reply to end of DATA command)
Oct 26 17:30:29 vps postfix/smtp[6255]: F1CD216898B: to=, relay=alt1.gmail-smtp-in.l.google.com[192.178.163.26]:25, delay=1486, delays=1481/0.04/3.6/0.66, dsn=4.7.26, status=SOFTBOUNCE (host alt1.gmail-smtp-in.l.google.com[192.178.163.26] said: 550-5.7.26 Your email has been blocked because the sender is unauthenticated. 550-5.7.26 Gmail requires all senders to authenticate with either SPF or DKIM. 550-5.7.26 550-5.7.26 Authentication results: 550-5.7.26 DKIM = did not pass 550-5.7.26 SPF [vps.vcrowd.in] with ip: [103.120.179.240] = did not pass 550-5.7.26 550-5.7.26 For instructions on setting up authentication, go to 550 5.7.26 https://support.google.com/mail/answer/81126#authentication d2e1a72fcca58-7a41563e4basi2292025b3a.642 - gsmtp (in reply to end of DATA command))
Oct 26 17:30:43 vps postfix/smtpd[326]: connect from unknown[213.209.157.167]
Oct 26 17:30:46 vps postfix/smtpd[326]: warning: unknown[213.209.157.167]: SASL LOGIN authentication failed: UGFzc3dvcmQ6
Oct 26 17:30:46 vps postfix/smtpd[326]: disconnect from unknown[213.209.157.167]
Oct 26 17:30:55 vps postfix/smtp[6254]: connect to crackersadaikki.com[76.223.67.189]:25: Connection timed out
Oct 26 17:30:55 vps postfix/smtp[6253]: connect to crackersadaikki.com[76.223.67.189]:25: Connection timed out
Oct 26 17:31:15 vps postfix/smtpd[326]: connect from unknown[213.209.157.167]
Oct 26 17:31:17 vps postfix/smtpd[326]: warning: unknown[213.209.157.167]: SASL LOGIN authentication failed: UGFzc3dvcmQ6
Oct 26 17:31:17 vps postfix/smtpd[326]: disconnect from unknown[213.209.157.167]
Oct 26 17:31:23 vps postfix/smtpd[31233]: connect from unknown[212.132.96.229]
Oct 26 17:31:25 vps postfix/smtp[6254]: connect to crackersadaikki.com[13.248.213.45]:25: Connection timed out
Oct 26 17:31:25 vps postfix/smtp[6254]: F1CD216898B: to=, relay=none, delay=1541, delays=1481/0.03/60/0, dsn=4.4.1, status=deferred (connect to crackersadaikki.com[13.248.213.45]:25: Connection timed out)
Oct 26 17:31:25 vps postfix/qmgr[22181]: F1CD216898B: from=, status=expired, returned to sender
Oct 26 17:31:25 vps postfix/cleanup[7219]: 60DEB3718C6: message-id=<20251026120125.60DEB3718C6@vps.vcrowd.in>
Oct 26 17:31:25 vps postfix/bounce[6318]: F1CD216898B: sender non-delivery notification: 60DEB3718C6
Oct 26 17:31:25 vps postfix/qmgr[22181]: 60DEB3718C6: from=<>, size=4709, nrcpt=1 (queue active)
Oct 26 17:31:25 vps postfix/qmgr[22181]: F1CD216898B: removed
Oct 26 17:31:25 vps postfix/local[7222]: 60DEB3718C6: to=, relay=local, delay=0.04, delays=0.02/0.01/0/0, dsn=2.0.0, status=sent (delivered to mailbox)
Oct 26 17:31:25 vps postfix/qmgr[22181]: 60DEB3718C6: removed
Oct 26 17:31:25 vps postfix/smtp[6253]: connect to crackersadaikki.com[13.248.213.45]:25: Connection timed out
Oct 26 17:31:25 vps postfix/smtp[6253]: 18528161940: to=, relay=none, delay=1545, delays=1484/0.02/61/0, dsn=4.4.1, status=deferred (connect to crackersadaikki.com[13.248.213.45]:25: Connection timed out)
Oct 26 17:31:25 vps postfix/qmgr[22181]: 18528161940: from=, status=expired, returned to sender
Oct 26 17:31:25 vps postfix/cleanup[7219]: CA71016898B: message-id=<20251026120125.CA71016898B@vps.vcrowd.in>
Oct 26 17:31:25 vps postfix/bounce[6318]: 18528161940: sender non-delivery notification: CA71016898B
Oct 26 17:31:25 vps postfix/qmgr[22181]: CA71016898B: from=<>, size=3099, nrcpt=1 (queue active)
Oct 26 17:31:25 vps postfix/qmgr[22181]: 18528161940: removed
Oct 26 17:31:25 vps postfix/local[7222]: CA71016898B: to=, relay=local, delay=0.02, delays=0.01/0/0/0, dsn=2.0.0, status=sent (delivered to mailbox)
Oct 26 17:31:25 vps postfix/qmgr[22181]: CA71016898B: removed
Oct 26 17:31:26 vps postfix/smtpd[31233]: warning: unknown[212.132.96.229]: SASL LOGIN authentication failed: UGFzc3dvcmQ6
Oct 26 17:31:26 vps postfix/smtpd[31233]: disconnect from unknown[212.132.96.229]
Oct 26 17:31:43 vps postfix/smtpd[326]: connect from unknown[45.148.10.59]
Oct 26 17:31:48 vps postfix/smtpd[326]: warning: unknown[45.148.10.59]: SASL LOGIN authentication failed: UGFzc3dvcmQ6
Oct 26 17:31:48 vps postfix/smtpd[326]: disconnect from unknown[45.148.10.59]
Oct 26 17:31:58 vps postfix/smtpd[326]: connect from unknown[213.209.157.167]
Oct 26 17:32:00 vps postfix/smtpd[326]: warning: unknown[213.209.157.167]: SASL LOGIN authentication failed: UGFzc3dvcmQ6
Oct 26 17:32:00 vps postfix/smtpd[326]: disconnect from unknown[213.209.157.167]
Oct 26 17:32:11 vps postfix/smtpd[326]: connect from unknown[213.209.157.167]
Oct 26 17:32:17 vps postfix/smtpd[326]: warning: unknown[213.209.157.167]: SASL LOGIN authentication failed: UGFzc3dvcmQ6
Oct 26 17:32:17 vps postfix/smtpd[326]: disconnect from unknown[213.209.157.167]
Oct 26 17:32:30 vps postfix/smtpd[326]: connect from unknown[45.148.10.5]
Oct 26 17:32:35 vps postfix/smtpd[326]: warning: unknown[45.148.10.5]: SASL LOGIN authentication failed: UGFzc3dvcmQ6
Oct 26 17:32:35 vps postfix/smtpd[326]: disconnect from unknown[45.148.10.5]
Oct 26 17:32:44 vps postfix/smtpd[31233]: connect from unknown[212.132.96.229]
Oct 26 17:32:47 vps postfix/smtpd[31233]: warning: unknown[212.132.96.229]: SASL LOGIN authentication failed: UGFzc3dvcmQ6
Oct 26 17:32:47 vps postfix/smtpd[31233]: disconnect from unknown[212.132.96.229]
Oct 26 17:32:54 vps postfix/smtpd[326]: connect from unknown[213.209.157.167]
Oct 26 17:32:56 vps postfix/smtpd[326]: warning: unknown[213.209.157.167]: SASL LOGIN authentication failed: UGFzc3dvcmQ6
Oct 26 17:32:56 vps postfix/smtpd[326]: disconnect from unknown[213.209.157.167]
Oct 26 17:33:20 vps postfix/smtpd[326]: connect from unknown[213.209.157.167]
Oct 26 17:33:21 vps postfix/smtpd[9183]: connect from unknown[62.60.131.124]
Oct 26 17:33:23 vps postfix/smtpd[326]: warning: unknown[213.209.157.167]: SASL LOGIN authentication failed: UGFzc3dvcmQ6
Oct 26 17:33:23 vps postfix/smtpd[326]: disconnect from unknown[213.209.157.167]
Oct 26 17:33:24 vps postfix/smtpd[9183]: warning: unknown[62.60.131.124]: SASL LOGIN authentication failed: UGFzc3dvcmQ6
Oct 26 17:33:24 vps postfix/smtpd[9183]: disconnect from unknown[62.60.131.124]
Oct 26 17:34:03 vps postfix/smtpd[326]: connect from unknown[213.209.157.167]
Oct 26 17:34:03 vps postfix/smtpd[31233]: connect from unknown[212.132.96.229]
Oct 26 17:34:05 vps postfix/smtpd[326]: warning: unknown[213.209.157.167]: SASL LOGIN authentication failed: UGFzc3dvcmQ6
Oct 26 17:34:05 vps postfix/smtpd[326]: disconnect from unknown[213.209.157.167]
Oct 26 17:34:06 vps postfix/smtpd[31233]: warning: unknown[212.132.96.229]: SASL LOGIN authentication failed: UGFzc3dvcmQ6
Oct 26 17:34:06 vps postfix/smtpd[31233]: disconnect from unknown[212.132.96.229]
Oct 26 17:34:14 vps postfix/smtpd[9183]: connect from unknown[45.148.10.69]
Oct 26 17:34:19 vps postfix/smtpd[9183]: warning: unknown[45.148.10.69]: SASL LOGIN authentication failed: UGFzc3dvcmQ6
Oct 26 17:34:19 vps postfix/smtpd[9183]: disconnect from unknown[45.148.10.69]
Oct 26 17:34:23 vps postfix/smtpd[326]: connect from hert.innovixsolution.info[96.31.94.59]
Oct 26 17:34:23 vps postfix/smtpd[326]: Anonymous TLS connection established from hert.innovixsolution.info[96.31.94.59]: TLSv1.2 with cipher ADH-AES256-GCM-SHA384 (256/256 bits)
Oct 26 17:34:25 vps postfix/smtpd[326]: NOQUEUE: reject: RCPT from hert.innovixsolution.info[96.31.94.59]: 450 4.1.1 : Recipient address rejected: User unknown in virtual mailbox table; from= to= proto=ESMTP helo=
Oct 26 17:34:26 vps postfix/smtpd[326]: disconnect from hert.innovixsolution.info[96.31.94.59]
Oct 26 17:35:03 vps postfix/smtpd[9183]: connect from unknown[196.251.70.233]
Oct 26 17:35:06 vps postfix/smtpd[9183]: warning: unknown[196.251.70.233]: SASL LOGIN authentication failed: UGFzc3dvcmQ6
Oct 26 17:35:12 vps postfix/smtpd[9183]: warning: unknown[196.251.70.233]: SASL LOGIN authentication failed: UGFzc3dvcmQ6
Oct 26 17:35:22 vps postfix/smtpd[9183]: warning: unknown[196.251.70.233]: SASL LOGIN authentication failed: UGFzc3dvcmQ6
Oct 26 17:35:25 vps postfix/smtpd[31233]: connect from unknown[212.132.96.229]
Oct 26 17:35:27 vps postfix/smtpd[31233]: warning: unknown[212.132.96.229]: SASL LOGIN authentication failed: UGFzc3dvcmQ6
Oct 26 17:35:27 vps postfix/smtpd[31233]: disconnect from unknown[212.132.96.229]
Oct 26 17:35:32 vps postfix/smtpd[9183]: warning: unknown[196.251.70.233]: SASL LOGIN authentication failed: Connection lost to authentication server
Oct 26 17:35:32 vps postfix/smtpd[9183]: disconnect from unknown[196.251.70.233]
Oct 26 17:35:36 vps postfix/smtpd[326]: connect from unknown[213.209.157.167]
Oct 26 17:35:38 vps postfix/smtpd[326]: warning: unknown[213.209.157.167]: SASL LOGIN authentication failed: UGFzc3dvcmQ6
Oct 26 17:35:38 vps postfix/smtpd[326]: disconnect from unknown[213.209.157.167]
Oct 26 17:36:03 vps postfix/smtpd[9183]: connect from unknown[213.209.157.167]
Oct 26 17:36:06 vps postfix/smtpd[9183]: warning: unknown[213.209.157.167]: SASL LOGIN authentication failed: UGFzc3dvcmQ6
Oct 26 17:36:06 vps postfix/smtpd[9183]: disconnect from unknown[213.209.157.167]
Oct 26 17:36:47 vps postfix/smtpd[31233]: connect from unknown[212.132.96.229]
Oct 26 17:36:50 vps postfix/smtpd[31233]: warning: unknown[212.132.96.229]: SASL LOGIN authentication failed: UGFzc3dvcmQ6
Oct 26 17:36:50 vps postfix/smtpd[31233]: disconnect from unknown[212.132.96.229]
Oct 26 17:38:04 vps postfix/smtpd[31233]: connect from unknown[212.132.96.229]
Oct 26 17:38:07 vps postfix/smtpd[31233]: warning: unknown[212.132.96.229]: SASL LOGIN authentication failed: UGFzc3dvcmQ6
Oct 26 17:38:07 vps postfix/smtpd[31233]: disconnect from unknown[212.132.96.229]
Oct 26 17:38:33 vps postfix/smtpd[15639]: connect from unknown[213.209.157.167]
Oct 26 17:38:36 vps postfix/smtpd[15639]: warning: unknown[213.209.157.167]: SASL LOGIN authentication failed: UGFzc3dvcmQ6
Oct 26 17:38:36 vps postfix/smtpd[15639]: disconnect from unknown[213.209.157.167]
Oct 26 17:39:26 vps postfix/smtpd[31233]: connect from unknown[212.132.96.229]
Oct 26 17:39:29 vps postfix/smtpd[31233]: warning: unknown[212.132.96.229]: SASL LOGIN authentication failed: UGFzc3dvcmQ6
Oct 26 17:39:29 vps postfix/smtpd[31233]: disconnect from unknown[212.132.96.229]
Oct 26 17:39:51 vps postfix/smtpd[15639]: connect from unknown[213.209.157.167]
Oct 26 17:39:52 vps postfix/anvil[16309]: statistics: max connection rate 3/60s for (smtp:213.209.157.167) at
Oct 26 17:32:54
Oct 26 17:39:52 vps postfix/anvil[16309]: statistics: max connection count 1 for (submission:212.132.96.229) at
Oct 26 17:30:05
Oct 26 17:39:52 vps postfix/anvil[16309]: statistics: max cache size 5 at
Oct 26 17:34:23
Oct 26 17:39:53 vps postfix/smtpd[15639]: warning: unknown[213.209.157.167]: SASL LOGIN authentication failed: UGFzc3dvcmQ6
Oct 26 17:39:53 vps postfix/smtpd[15639]: disconnect from unknown[213.209.157.167]
Oct 26 17:40:16 vps postfix/smtpd[15639]: connect from unknown[45.148.10.90]
Oct 26 17:40:21 vps postfix/smtpd[15639]: warning: unknown[45.148.10.90]: SASL LOGIN authentication failed: UGFzc3dvcmQ6
Oct 26 17:40:21 vps postfix/smtpd[15639]: disconnect from unknown[45.148.10.90]
Oct 26 17:40:45 vps postfix/smtpd[31233]: connect from unknown[212.132.96.229]
Oct 26 17:40:48 vps postfix/smtpd[31233]: warning: unknown[212.132.96.229]: SASL LOGIN authentication failed: UGFzc3dvcmQ6
Oct 26 17:40:48 vps postfix/smtpd[31233]: disconnect from unknown[212.132.96.229]
Oct 26 17:41:08 vps postfix/smtpd[15639]: connect from unknown[213.209.157.167]
Oct 26 17:41:10 vps postfix/smtpd[15639]: warning: unknown[213.209.157.167]: SASL LOGIN authentication failed: UGFzc3dvcmQ6
Oct 26 17:41:10 vps postfix/smtpd[15639]: disconnect from unknown[213.209.157.167]
Oct 26 17:41:21 vps postfix/smtpd[15639]: connect from unknown[77.90.185.220]
Oct 26 17:41:24 vps postfix/smtpd[15639]: warning: unknown[77.90.185.220]: SASL LOGIN authentication failed: UGFzc3dvcmQ6
Oct 26 17:41:24 vps postfix/smtpd[15639]: disconnect from unknown[77.90.185.220]
Oct 26 17:41:26 vps postfix/smtpd[15639]: connect from unknown[213.209.157.167]
Oct 26 17:41:28 vps postfix/smtpd[15639]: warning: unknown[213.209.157.167]: SASL LOGIN authentication failed: UGFzc3dvcmQ6
Oct 26 17:41:28 vps postfix/smtpd[15639]: disconnect from unknown[213.209.157.167]
Oct 26 17:41:47 vps postfix/smtpd[15639]: connect from unknown[196.251.92.11]
Oct 26 17:41:50 vps postfix/smtpd[15639]: warning: unknown[196.251.92.11]: SASL LOGIN authentication failed: UGFzc3dvcmQ6
Oct 26 17:41:50 vps postfix/smtpd[15639]: disconnect from unknown[196.251.92.11]
Oct 26 17:42:06 vps postfix/smtpd[31233]: connect from unknown[212.132.96.229]
Oct 26 17:42:09 vps postfix/smtpd[31233]: warning: unknown[212.132.96.229]: SASL LOGIN authentication failed: UGFzc3dvcmQ6
Oct 26 17:42:09 vps postfix/smtpd[31233]: disconnect from unknown[212.132.96.229]
Oct 26 17:42:35 vps postfix/smtpd[15639]: connect from unknown[213.209.157.167]
Oct 26 17:42:37 vps postfix/smtpd[15639]: warning: unknown[213.209.157.167]: SASL LOGIN authentication failed: UGFzc3dvcmQ6
Oct 26 17:42:37 vps postfix/smtpd[15639]: disconnect from unknown[213.209.157.167]
Oct 26 17:42:56 vps postfix/smtpd[15639]: connect from mail-vk1-f198.google.com[209.85.221.198]
Oct 26 17:42:57 vps postfix/smtpd[15639]: Anonymous TLS connection established from mail-vk1-f198.google.com[209.85.221.198]: TLSv1.2 with cipher ECDHE-RSA-AES128-GCM-SHA256 (128/128 bits)
Oct 26 17:42:58 vps postfix/smtpd[15639]: NOQUEUE: reject: RCPT from mail-vk1-f198.google.com[209.85.221.198]: 450 4.1.1 : Recipient address rejected: User unknown in virtual mailbox table; from=<3LEj7aAwJBPcaqxmkdhfg246flZhk.bnlhmenxhrgfknaZk.bnl@maestro.bounces.google.com> to= proto=ESMTP helo=
Oct 26 17:42:59 vps postfix/smtpd[15639]: disconnect from mail-vk1-f198.google.com[209.85.221.198]
Oct 26 17:43:25 vps postfix/smtps/smtpd[20999]: warning: hostname unn-212-102-49-217.cdn77.com does not resolve to address 212.102.49.217: Name or service not known
Oct 26 17:43:25 vps postfix/smtps/smtpd[20999]: connect from unknown[212.102.49.217]
Oct 26 17:43:25 vps postfix/smtps/smtpd[20999]: Anonymous TLS connection established from unknown[212.102.49.217]: TLSv1.2 with cipher ECDHE-RSA-AES256-GCM-SHA384 (256/256 bits)
Oct 26 17:43:26 vps postfix/smtpd[31233]: connect from unknown[212.132.96.229]
Oct 26 17:43:28 vps postfix/smtps/smtpd[20999]: warning: unknown[212.102.49.217]: SASL LOGIN authentication failed: UGFzc3dvcmQ6
Oct 26 17:43:28 vps postfix/smtps/smtpd[20999]: disconnect from unknown[212.102.49.217]
Oct 26 17:43:29 vps postfix/smtpd[31233]: warning: unknown[212.132.96.229]: SASL LOGIN authentication failed: UGFzc3dvcmQ6
Oct 26 17:43:29 vps postfix/smtpd[31233]: disconnect from unknown[212.132.96.229]
Oct 26 17:43:46 vps postfix/smtpd[15639]: connect from unknown[213.209.157.167]
Oct 26 17:43:48 vps postfix/smtpd[15639]: warning: unknown[213.209.157.167]: SASL LOGIN authentication failed: UGFzc3dvcmQ6
Oct 26 17:43:48 vps postfix/smtpd[15639]: disconnect from unknown[213.209.157.167]
Oct 26 17:44:12 vps postfix/smtpd[15639]: connect from unknown[213.209.157.167]
Oct 26 17:44:14 vps postfix/smtpd[15639]: warning: unknown[213.209.157.167]: SASL LOGIN authentication failed: UGFzc3dvcmQ6
Oct 26 17:44:14 vps postfix/smtpd[15639]: disconnect from unknown[213.209.157.167]
Oct 26 17:44:20 vps postfix/smtpd[15639]: connect from unknown[213.209.157.167]
Oct 26 17:44:27 vps postfix/smtpd[15639]: warning: unknown[213.209.157.167]: SASL LOGIN authentication failed: UGFzc3dvcmQ6
Oct 26 17:44:27 vps postfix/smtpd[15639]: disconnect from unknown[213.209.157.167]
Oct 26 17:44:32 vps postfix/smtpd[15639]: connect from unknown[77.90.185.87]
Oct 26 17:44:35 vps postfix/smtpd[15639]: warning: unknown[77.90.185.87]: SASL LOGIN authentication failed: UGFzc3dvcmQ6
Oct 26 17:44:35 vps postfix/smtpd[15639]: disconnect from unknown[77.90.185.87]
Oct 26 17:44:36 vps postfix/smtpd[15639]: connect from unknown[213.209.157.167]
Oct 26 17:44:43 vps postfix/smtpd[31233]: connect from unknown[212.132.96.229]
Oct 26 17:44:46 vps postfix/smtpd[31233]: warning: unknown[212.132.96.229]: SASL LOGIN authentication failed: UGFzc3dvcmQ6
Oct 26 17:44:46 vps postfix/smtpd[31233]: disconnect from unknown[212.132.96.229]
Oct 26 17:44:47 vps postfix/smtpd[15639]: warning: unknown[213.209.157.167]: SASL LOGIN authentication failed: UGFzc3dvcmQ6
Oct 26 17:44:47 vps postfix/smtpd[15639]: disconnect from unknown[213.209.157.167]
Oct 26 17:44:53 vps postfix/smtpd[15639]: connect from unknown[77.90.185.87]
Oct 26 17:44:56 vps postfix/smtpd[15639]: warning: unknown[77.90.185.87]: SASL LOGIN authentication failed: UGFzc3dvcmQ6
Oct 26 17:44:56 vps postfix/smtpd[15639]: disconnect from unknown[77.90.185.87]
Oct 26 17:45:33 vps postfix/smtpd[15639]: connect from unknown[77.90.185.87]
Oct 26 17:45:35 vps postfix/smtpd[15639]: warning: unknown[77.90.185.87]: SASL LOGIN authentication failed: UGFzc3dvcmQ6
Oct 26 17:45:35 vps postfix/smtpd[15639]: disconnect from unknown[77.90.185.87]
Oct 26 17:46:01 vps postfix/smtpd[31233]: connect from unknown[212.132.96.229]
Oct 26 17:46:04 vps postfix/smtpd[31233]: warning: unknown[212.132.96.229]: SASL LOGIN authentication failed: UGFzc3dvcmQ6
Oct 26 17:46:04 vps postfix/smtpd[31233]: disconnect from unknown[212.132.96.229]
Oct 26 17:46:08 vps postfix/smtpd[15639]: connect from unknown[213.209.157.225]
Oct 26 17:46:10 vps postfix/smtpd[15639]: warning: unknown[213.209.157.225]: SASL LOGIN authentication failed: UGFzc3dvcmQ6
Oct 26 17:46:10 vps postfix/smtpd[15639]: disconnect from unknown[213.209.157.225]
Oct 26 17:46:31 vps postfix/smtpd[15639]: connect from unknown[213.209.157.167]
Oct 26 17:46:34 vps postfix/smtpd[15639]: warning: unknown[213.209.157.167]: SASL LOGIN authentication failed: UGFzc3dvcmQ6
Oct 26 17:46:34 vps postfix/smtpd[15639]: disconnect from unknown[213.209.157.167]
Oct 26 17:47:21 vps postfix/smtpd[31233]: connect from unknown[212.132.96.229]
Oct 26 17:47:23 vps postfix/smtpd[31233]: warning: unknown[212.132.96.229]: SASL LOGIN authentication failed: UGFzc3dvcmQ6
Oct 26 17:47:23 vps postfix/smtpd[31233]: disconnect from unknown[212.132.96.229]
Oct 26 17:47:52 vps postfix/smtpd[31233]: connect from unknown[89.38.102.187]
Oct 26 17:47:57 vps postfix/smtpd[31233]: warning: unknown[89.38.102.187]: SASL LOGIN authentication failed: UGFzc3dvcmQ6
