Oct 26 12:51:42 vps postfix/smtpd[22325]: Anonymous TLS connection established from unknown[103.120.178.199]: TLSv1.2 with cipher AECDH-AES256-SHA (256/256 bits)
Oct 26 12:51:42 vps postfix/smtpd[22325]: NOQUEUE: reject: RCPT from unknown[103.120.178.199]: 450 4.1.1 : Recipient address rejected: User unknown in virtual mailbox table; from= to= proto=ESMTP helo=
Oct 26 12:51:42 vps postfix/smtpd[22325]: disconnect from unknown[103.120.178.199]
Oct 26 12:52:28 vps postfix/smtpd[2406]: connect from unknown[212.132.96.229]
Oct 26 12:52:31 vps postfix/smtpd[2406]: warning: unknown[212.132.96.229]: SASL LOGIN authentication failed: UGFzc3dvcmQ6
Oct 26 12:52:31 vps postfix/smtpd[2406]: disconnect from unknown[212.132.96.229]
Oct 26 12:53:05 vps postfix/smtpd[22325]: connect from unknown[213.209.157.167]
Oct 26 12:53:07 vps postfix/smtpd[22325]: warning: unknown[213.209.157.167]: SASL LOGIN authentication failed: UGFzc3dvcmQ6
Oct 26 12:53:07 vps postfix/smtpd[22325]: disconnect from unknown[213.209.157.167]
Oct 26 12:53:13 vps postfix/smtpd[22325]: connect from hert.innovixsolution.info[96.31.94.59]
Oct 26 12:53:14 vps postfix/smtpd[22325]: Anonymous TLS connection established from hert.innovixsolution.info[96.31.94.59]: TLSv1.2 with cipher ADH-AES256-GCM-SHA384 (256/256 bits)
Oct 26 12:53:15 vps postfix/smtpd[22325]: NOQUEUE: reject: RCPT from hert.innovixsolution.info[96.31.94.59]: 450 4.1.1 : Recipient address rejected: User unknown in virtual mailbox table; from= to= proto=ESMTP helo=
Oct 26 12:53:16 vps postfix/smtpd[22325]: disconnect from hert.innovixsolution.info[96.31.94.59]
Oct 26 12:53:21 vps postfix/smtpd[22325]: connect from unknown[213.209.157.167]
Oct 26 12:53:23 vps postfix/smtpd[22325]: warning: unknown[213.209.157.167]: SASL LOGIN authentication failed: UGFzc3dvcmQ6
Oct 26 12:53:23 vps postfix/smtpd[22325]: disconnect from unknown[213.209.157.167]
Oct 26 12:53:48 vps postfix/smtpd[2406]: connect from unknown[212.132.96.229]
Oct 26 12:53:51 vps postfix/smtpd[2406]: warning: unknown[212.132.96.229]: SASL LOGIN authentication failed: UGFzc3dvcmQ6
Oct 26 12:53:51 vps postfix/smtpd[2406]: disconnect from unknown[212.132.96.229]
Oct 26 12:53:53 vps postfix/smtpd[22325]: connect from unknown[213.209.157.167]
Oct 26 12:53:55 vps postfix/smtpd[22325]: warning: unknown[213.209.157.167]: SASL LOGIN authentication failed: UGFzc3dvcmQ6
Oct 26 12:53:55 vps postfix/smtpd[22325]: disconnect from unknown[213.209.157.167]
Oct 26 12:54:05 vps postfix/smtpd[22325]: connect from unknown[222.108.177.110]
Oct 26 12:54:11 vps postfix/smtpd[22325]: warning: unknown[222.108.177.110]: SASL LOGIN authentication failed: UGFzc3dvcmQ6
Oct 26 12:54:12 vps postfix/smtpd[22325]: lost connection after AUTH from unknown[222.108.177.110]
Oct 26 12:54:12 vps postfix/smtpd[22325]: disconnect from unknown[222.108.177.110]
Oct 26 12:54:35 vps postfix/smtpd[22325]: connect from unknown[77.90.185.87]
Oct 26 12:54:38 vps postfix/smtpd[22325]: warning: unknown[77.90.185.87]: SASL LOGIN authentication failed: UGFzc3dvcmQ6
Oct 26 12:54:38 vps postfix/smtpd[22325]: disconnect from unknown[77.90.185.87]
Oct 26 12:55:07 vps postfix/smtpd[2406]: connect from unknown[212.132.96.229]
Oct 26 12:55:10 vps postfix/smtpd[2406]: warning: unknown[212.132.96.229]: SASL LOGIN authentication failed: UGFzc3dvcmQ6
Oct 26 12:55:10 vps postfix/smtpd[2406]: disconnect from unknown[212.132.96.229]
Oct 26 12:55:11 vps postfix/smtpd[22325]: connect from unknown[213.209.157.167]
Oct 26 12:55:14 vps postfix/smtpd[22325]: warning: unknown[213.209.157.167]: SASL LOGIN authentication failed: UGFzc3dvcmQ6
Oct 26 12:55:14 vps postfix/smtpd[22325]: disconnect from unknown[213.209.157.167]
Oct 26 12:55:25 vps postfix/qmgr[22181]: 7D2EE20EA87: from=, size=918, nrcpt=1 (queue active)
Oct 26 12:55:27 vps postfix/smtp[13642]: 7D2EE20EA87: host gmail-smtp-in.l.google.com[64.233.170.26] said: 550-5.7.26 Your email has been blocked because the sender is unauthenticated. 550-5.7.26 Gmail requires all senders to authenticate with either SPF or DKIM. 550-5.7.26 550-5.7.26 Authentication results: 550-5.7.26 DKIM = did not pass 550-5.7.26 SPF [vps.vcrowd.in] with ip: [103.120.179.240] = did not pass 550-5.7.26 550-5.7.26 For instructions on setting up authentication, go to 550 5.7.26 https://support.google.com/mail/answer/81126#authentication d2e1a72fcca58-7a41561ef70si2057621b3a.460 - gsmtp (in reply to end of DATA command)
Oct 26 12:55:29 vps postfix/smtp[13642]: 7D2EE20EA87: to=, relay=alt1.gmail-smtp-in.l.google.com[192.178.163.26]:25, delay=1137, delays=1133/0.05/3.6/0.81, dsn=4.7.26, status=SOFTBOUNCE (host alt1.gmail-smtp-in.l.google.com[192.178.163.26] said: 550-5.7.26 Your email has been blocked because the sender is unauthenticated. 550-5.7.26 Gmail requires all senders to authenticate with either SPF or DKIM. 550-5.7.26 550-5.7.26 Authentication results: 550-5.7.26 DKIM = did not pass 550-5.7.26 SPF [vps.vcrowd.in] with ip: [103.120.179.240] = did not pass 550-5.7.26 550-5.7.26 For instructions on setting up authentication, go to 550 5.7.26 https://support.google.com/mail/answer/81126#authentication 41be03b00d2f7-b71eb473e9asi1787245a12.571 - gsmtp (in reply to end of DATA command))
Oct 26 12:55:29 vps postfix/qmgr[22181]: 7D2EE20EA87: from=, status=expired, returned to sender
Oct 26 12:55:29 vps postfix/cleanup[13734]: D0A8120ED4C: message-id=<20251026072529.D0A8120ED4C@vps.vcrowd.in>
Oct 26 12:55:29 vps postfix/bounce[13732]: 7D2EE20EA87: sender non-delivery notification: D0A8120ED4C
Oct 26 12:55:29 vps postfix/qmgr[22181]: D0A8120ED4C: from=<>, size=3846, nrcpt=1 (queue active)
Oct 26 12:55:29 vps postfix/qmgr[22181]: 7D2EE20EA87: removed
Oct 26 12:55:29 vps postfix/local[13735]: D0A8120ED4C: to=, relay=local, delay=0.04, delays=0.02/0.01/0/0, dsn=2.0.0, status=sent (delivered to mailbox)
Oct 26 12:55:29 vps postfix/qmgr[22181]: D0A8120ED4C: removed
Oct 26 12:55:30 vps postfix/smtpd[22325]: connect from unknown[77.90.185.87]
Oct 26 12:55:33 vps postfix/smtpd[22325]: warning: unknown[77.90.185.87]: SASL LOGIN authentication failed: UGFzc3dvcmQ6
Oct 26 12:55:33 vps postfix/smtpd[22325]: disconnect from unknown[77.90.185.87]
Oct 26 12:55:40 vps postfix/smtpd[22325]: connect from unknown[213.209.157.167]
Oct 26 12:55:43 vps postfix/smtpd[22325]: warning: unknown[213.209.157.167]: SASL LOGIN authentication failed: UGFzc3dvcmQ6
Oct 26 12:55:43 vps postfix/smtpd[22325]: disconnect from unknown[213.209.157.167]
Oct 26 12:56:25 vps postfix/smtpd[2406]: connect from unknown[212.132.96.229]
Oct 26 12:56:28 vps postfix/smtpd[2406]: warning: unknown[212.132.96.229]: SASL LOGIN authentication failed: UGFzc3dvcmQ6
Oct 26 12:56:28 vps postfix/smtpd[2406]: disconnect from unknown[212.132.96.229]
Oct 26 12:56:47 vps postfix/smtpd[22325]: connect from unknown[213.209.157.167]
Oct 26 12:56:50 vps postfix/smtpd[22325]: warning: unknown[213.209.157.167]: SASL LOGIN authentication failed: UGFzc3dvcmQ6
Oct 26 12:56:50 vps postfix/smtpd[22325]: disconnect from unknown[213.209.157.167]
Oct 26 12:57:40 vps postfix/smtpd[22325]: connect from unknown[45.148.10.34]
Oct 26 12:57:43 vps postfix/smtpd[22325]: warning: unknown[45.148.10.34]: SASL LOGIN authentication failed: UGFzc3dvcmQ6
Oct 26 12:57:43 vps postfix/smtpd[22325]: disconnect from unknown[45.148.10.34]
Oct 26 12:57:44 vps postfix/smtpd[2406]: connect from unknown[212.132.96.229]
Oct 26 12:57:47 vps postfix/smtpd[2406]: warning: unknown[212.132.96.229]: SASL LOGIN authentication failed: UGFzc3dvcmQ6
Oct 26 12:57:47 vps postfix/smtpd[2406]: disconnect from unknown[212.132.96.229]
Oct 26 12:57:55 vps postfix/smtpd[22325]: connect from unknown[213.209.157.167]
Oct 26 12:57:56 vps postfix/smtpd[16791]: connect from unknown[45.148.10.35]
Oct 26 12:57:57 vps postfix/smtpd[22325]: warning: unknown[213.209.157.167]: SASL LOGIN authentication failed: UGFzc3dvcmQ6
Oct 26 12:57:57 vps postfix/smtpd[22325]: disconnect from unknown[213.209.157.167]
Oct 26 12:57:59 vps postfix/smtpd[16791]: warning: unknown[45.148.10.35]: SASL LOGIN authentication failed: UGFzc3dvcmQ6
Oct 26 12:57:59 vps postfix/smtpd[16791]: disconnect from unknown[45.148.10.35]
Oct 26 12:58:26 vps postfix/pickup[7093]: C960420EA87: uid=1031 from=
Oct 26 12:58:26 vps postfix/cleanup[17514]: C960420EA87: message-id=<20251026072826.C960420EA87@vps.vcrowd.in>
Oct 26 12:58:26 vps opendkim[5590]: C960420EA87: no signing table match for 'info@parvathifarms.com'
Oct 26 12:58:26 vps opendkim[5590]: C960420EA87: no signature data
Oct 26 12:58:26 vps postfix/qmgr[22181]: C960420EA87: from=, size=488, nrcpt=2 (queue active)
Oct 26 12:58:29 vps postfix/smtp[17521]: C960420EA87: host gmail-smtp-in.l.google.com[64.233.170.26] said: 550-5.7.26 Your email has been blocked because the sender is unauthenticated. 550-5.7.26 Gmail requires all senders to authenticate with either SPF or DKIM. 550-5.7.26 550-5.7.26 Authentication results: 550-5.7.26 DKIM = did not pass 550-5.7.26 SPF [vps.vcrowd.in] with ip: [103.120.179.240] = did not pass 550-5.7.26 550-5.7.26 For instructions on setting up authentication, go to 550 5.7.26 https://support.google.com/mail/answer/81126#authentication d2e1a72fcca58-7a415522d2dsi2083226b3a.201 - gsmtp (in reply to end of DATA command)
Oct 26 12:58:31 vps postfix/smtp[17521]: C960420EA87: to=, relay=alt1.gmail-smtp-in.l.google.com[192.178.163.26]:25, delay=4.6, delays=0.06/0.03/3.8/0.69, dsn=4.7.26, status=SOFTBOUNCE (host alt1.gmail-smtp-in.l.google.com[192.178.163.26] said: 550-5.7.26 Your email has been blocked because the sender is unauthenticated. 550-5.7.26 Gmail requires all senders to authenticate with either SPF or DKIM. 550-5.7.26 550-5.7.26 Authentication results: 550-5.7.26 DKIM = did not pass 550-5.7.26 SPF [vps.vcrowd.in] with ip: [103.120.179.240] = did not pass 550-5.7.26 550-5.7.26 For instructions on setting up authentication, go to 550 5.7.26 https://support.google.com/mail/answer/81126#authentication 41be03b00d2f7-b71eb09c41fsi1827890a12.319 - gsmtp (in reply to end of DATA command))
Oct 26 12:58:31 vps postfix/smtp[17521]: C960420EA87: to=, relay=alt1.gmail-smtp-in.l.google.com[192.178.163.26]:25, delay=4.6, delays=0.06/0.03/3.8/0.69, dsn=4.7.26, status=SOFTBOUNCE (host alt1.gmail-smtp-in.l.google.com[192.178.163.26] said: 550-5.7.26 Your email has been blocked because the sender is unauthenticated. 550-5.7.26 Gmail requires all senders to authenticate with either SPF or DKIM. 550-5.7.26 550-5.7.26 Authentication results: 550-5.7.26 DKIM = did not pass 550-5.7.26 SPF [vps.vcrowd.in] with ip: [103.120.179.240] = did not pass 550-5.7.26 550-5.7.26 For instructions on setting up authentication, go to 550 5.7.26 https://support.google.com/mail/answer/81126#authentication 41be03b00d2f7-b71eb09c41fsi1827890a12.319 - gsmtp (in reply to end of DATA command))
Oct 26 12:58:44 vps postfix/smtpd[22325]: warning: hostname b4-stop.shop does not resolve to address 78.135.110.226: Name or service not known
Oct 26 12:58:44 vps postfix/smtpd[22325]: connect from unknown[78.135.110.226]
Oct 26 12:58:45 vps postfix/smtpd[22325]: Anonymous TLS connection established from unknown[78.135.110.226]: TLSv1.2 with cipher ECDHE-RSA-AES256-GCM-SHA384 (256/256 bits)
Oct 26 12:58:45 vps postfix/smtpd[22325]: NOQUEUE: reject: RCPT from unknown[78.135.110.226]: 454 4.7.1 Service unavailable; Client host [78.135.110.226] blocked using bl.spamcop.net; Blocked - see https://www.spamcop.net/bl.shtml?78.135.110.226; from= to= proto=ESMTP helo=
Oct 26 12:58:45 vps postfix/smtpd[22325]: disconnect from unknown[78.135.110.226]
Oct 26 12:59:02 vps postfix/smtpd[2406]: connect from unknown[212.132.96.229]
Oct 26 12:59:04 vps postfix/smtpd[16791]: connect from unknown[77.90.185.87]
Oct 26 12:59:05 vps postfix/smtpd[2406]: warning: unknown[212.132.96.229]: SASL LOGIN authentication failed: UGFzc3dvcmQ6
Oct 26 12:59:05 vps postfix/smtpd[2406]: disconnect from unknown[212.132.96.229]
Oct 26 12:59:06 vps postfix/smtpd[16791]: warning: unknown[77.90.185.87]: SASL LOGIN authentication failed: UGFzc3dvcmQ6
Oct 26 12:59:06 vps postfix/smtpd[16791]: disconnect from unknown[77.90.185.87]
Oct 26 12:59:42 vps postfix/smtpd[22325]: connect from unknown[62.60.131.124]
Oct 26 12:59:44 vps postfix/smtpd[22325]: warning: unknown[62.60.131.124]: SASL LOGIN authentication failed: UGFzc3dvcmQ6
Oct 26 12:59:44 vps postfix/smtpd[22325]: disconnect from unknown[62.60.131.124]
Oct 26 12:59:45 vps postfix/smtpd[16791]: connect from unknown[213.209.157.167]
Oct 26 12:59:48 vps postfix/smtpd[16791]: warning: unknown[213.209.157.167]: SASL LOGIN authentication failed: UGFzc3dvcmQ6
Oct 26 12:59:48 vps postfix/smtpd[16791]: disconnect from unknown[213.209.157.167]
Oct 26 12:59:52 vps postfix/anvil[16309]: statistics: max connection rate 6/60s for (submission:103.237.86.173) at
Oct 26 12:51:16
Oct 26 12:59:52 vps postfix/anvil[16309]: statistics: max connection count 1 for (submission:103.237.86.173) at
Oct 26 12:49:56
Oct 26 12:59:52 vps postfix/anvil[16309]: statistics: max cache size 5 at
Oct 26 12:50:08
Oct 26 13:00:02 vps postfix/smtpd[22325]: connect from unknown[213.209.157.167]
Oct 26 13:00:05 vps postfix/smtpd[22325]: warning: unknown[213.209.157.167]: SASL LOGIN authentication failed: UGFzc3dvcmQ6
Oct 26 13:00:05 vps postfix/smtpd[22325]: disconnect from unknown[213.209.157.167]
Oct 26 13:00:19 vps postfix/smtpd[2406]: connect from unknown[212.132.96.229]
Oct 26 13:00:22 vps postfix/smtpd[2406]: warning: unknown[212.132.96.229]: SASL LOGIN authentication failed: UGFzc3dvcmQ6
Oct 26 13:00:22 vps postfix/smtpd[2406]: disconnect from unknown[212.132.96.229]
Oct 26 13:01:28 vps postfix/smtpd[22325]: connect from unknown[213.209.157.167]
Oct 26 13:01:28 vps postfix/pickup[7093]: 981FE3718A6: uid=1062 from=
Oct 26 13:01:28 vps postfix/cleanup[22684]: 981FE3718A6: message-id=<20251026073128.981FE3718A6@vps.vcrowd.in>
Oct 26 13:01:28 vps opendkim[5590]: 981FE3718A6: no signing table match for '"info@gvkennel"@gmail.com'
Oct 26 13:01:28 vps opendkim[5590]: 981FE3718A6: no signature data
Oct 26 13:01:28 vps postfix/qmgr[22181]: 981FE3718A6: from=, size=918, nrcpt=1 (queue active)
Oct 26 13:01:30 vps postfix/smtpd[22325]: warning: unknown[213.209.157.167]: SASL LOGIN authentication failed: UGFzc3dvcmQ6
Oct 26 13:01:30 vps postfix/smtpd[22325]: disconnect from unknown[213.209.157.167]
Oct 26 13:01:30 vps postfix/smtp[22697]: 981FE3718A6: host gmail-smtp-in.l.google.com[64.233.170.26] said: 550-5.7.26 Your email has been blocked because the sender is unauthenticated. 550-5.7.26 Gmail requires all senders to authenticate with either SPF or DKIM. 550-5.7.26 550-5.7.26 Authentication results: 550-5.7.26 DKIM = did not pass 550-5.7.26 SPF [vps.vcrowd.in] with ip: [103.120.179.240] = did not pass 550-5.7.26 550-5.7.26 For instructions on setting up authentication, go to 550 5.7.26 https://support.google.com/mail/answer/81126#authentication 41be03b00d2f7-b71d5ce9604si1897462a12.10 - gsmtp (in reply to end of DATA command)
Oct 26 13:01:33 vps postfix/smtp[22697]: 981FE3718A6: to=, relay=alt1.gmail-smtp-in.l.google.com[192.178.163.26]:25, delay=4.7, delays=0.08/0.03/3.7/0.85, dsn=4.7.26, status=SOFTBOUNCE (host alt1.gmail-smtp-in.l.google.com[192.178.163.26] said: 550-5.7.26 Your email has been blocked because the sender is unauthenticated. 550-5.7.26 Gmail requires all senders to authenticate with either SPF or DKIM. 550-5.7.26 550-5.7.26 Authentication results: 550-5.7.26 DKIM = did not pass 550-5.7.26 SPF [vps.vcrowd.in] with ip: [103.120.179.240] = did not pass 550-5.7.26 550-5.7.26 For instructions on setting up authentication, go to 550 5.7.26 https://support.google.com/mail/answer/81126#authentication d9443c01a7336-2949aaf2bfcsi21748955ad.475 - gsmtp (in reply to end of DATA command))
Oct 26 13:01:39 vps postfix/smtpd[22325]: connect from unknown[196.251.92.15]
Oct 26 13:01:39 vps postfix/smtpd[2406]: connect from unknown[212.132.96.229]
Oct 26 13:01:41 vps postfix/smtpd[22325]: warning: unknown[196.251.92.15]: SASL LOGIN authentication failed: UGFzc3dvcmQ6
Oct 26 13:01:41 vps postfix/smtpd[22325]: lost connection after AUTH from unknown[196.251.92.15]
Oct 26 13:01:41 vps postfix/smtpd[22325]: disconnect from unknown[196.251.92.15]
Oct 26 13:01:42 vps postfix/smtpd[2406]: warning: unknown[212.132.96.229]: SASL LOGIN authentication failed: UGFzc3dvcmQ6
Oct 26 13:01:42 vps postfix/smtpd[2406]: disconnect from unknown[212.132.96.229]
Oct 26 13:02:05 vps postfix/smtpd[22325]: connect from unknown[213.209.157.252]
Oct 26 13:02:07 vps postfix/smtpd[22325]: warning: unknown[213.209.157.252]: SASL LOGIN authentication failed: UGFzc3dvcmQ6
Oct 26 13:02:07 vps postfix/smtpd[22325]: disconnect from unknown[213.209.157.252]
Oct 26 13:02:11 vps postfix/smtpd[22325]: connect from unknown[193.32.162.71]
Oct 26 13:02:13 vps postfix/smtpd[22325]: warning: unknown[193.32.162.71]: SASL LOGIN authentication failed: UGFzc3dvcmQ6
Oct 26 13:02:13 vps postfix/smtpd[22325]: lost connection after AUTH from unknown[193.32.162.71]
Oct 26 13:02:13 vps postfix/smtpd[22325]: disconnect from unknown[193.32.162.71]
Oct 26 13:02:44 vps postfix/smtpd[22325]: connect from unknown[213.209.157.167]
Oct 26 13:02:46 vps postfix/smtpd[22325]: warning: unknown[213.209.157.167]: SASL LOGIN authentication failed: UGFzc3dvcmQ6
Oct 26 13:02:46 vps postfix/smtpd[22325]: disconnect from unknown[213.209.157.167]
Oct 26 13:03:00 vps postfix/smtpd[2406]: connect from unknown[212.132.96.229]
Oct 26 13:03:03 vps postfix/smtpd[2406]: warning: unknown[212.132.96.229]: SASL LOGIN authentication failed: UGFzc3dvcmQ6
Oct 26 13:03:03 vps postfix/smtpd[2406]: disconnect from unknown[212.132.96.229]
Oct 26 13:03:16 vps postfix/smtps/smtpd[24972]: connect from unknown[220.118.190.204]
Oct 26 13:03:19 vps postfix/smtps/smtpd[24972]: Anonymous TLS connection established from unknown[220.118.190.204]: TLSv1.2 with cipher ECDHE-RSA-AES256-GCM-SHA384 (256/256 bits)
Oct 26 13:03:27 vps postfix/smtps/smtpd[24972]: warning: unknown[220.118.190.204]: SASL LOGIN authentication failed: UGFzc3dvcmQ6
Oct 26 13:03:28 vps postfix/smtps/smtpd[24972]: lost connection after AUTH from unknown[220.118.190.204]
Oct 26 13:03:28 vps postfix/smtps/smtpd[24972]: disconnect from unknown[220.118.190.204]
Oct 26 13:04:18 vps postfix/smtpd[2406]: connect from unknown[212.132.96.229]
Oct 26 13:04:20 vps postfix/smtpd[22325]: connect from unknown[49.124.151.53]
Oct 26 13:04:21 vps postfix/smtpd[2406]: warning: unknown[212.132.96.229]: SASL LOGIN authentication failed: UGFzc3dvcmQ6
Oct 26 13:04:21 vps postfix/smtpd[2406]: disconnect from unknown[212.132.96.229]
Oct 26 13:04:25 vps postfix/smtpd[22325]: warning: unknown[49.124.151.53]: SASL LOGIN authentication failed: UGFzc3dvcmQ6
Oct 26 13:04:25 vps postfix/smtpd[22325]: lost connection after AUTH from unknown[49.124.151.53]
Oct 26 13:04:25 vps postfix/smtpd[22325]: disconnect from unknown[49.124.151.53]
Oct 26 13:04:58 vps postfix/smtpd[22325]: connect from unknown[77.90.185.87]
Oct 26 13:05:01 vps postfix/smtpd[22325]: warning: unknown[77.90.185.87]: SASL LOGIN authentication failed: UGFzc3dvcmQ6
Oct 26 13:05:01 vps postfix/smtpd[22325]: disconnect from unknown[77.90.185.87]
Oct 26 13:05:20 vps postfix/pickup[28263]: C01EA1ACD97: uid=1062 from=
Oct 26 13:05:20 vps postfix/cleanup[28264]: C01EA1ACD97: message-id=<20251026073520.C01EA1ACD97@vps.vcrowd.in>
Oct 26 13:05:20 vps opendkim[5590]: C01EA1ACD97: no signing table match for '"info@gvkennel"@gmail.com'
Oct 26 13:05:20 vps opendkim[5590]: C01EA1ACD97: no signature data
Oct 26 13:05:20 vps postfix/qmgr[22181]: C01EA1ACD97: from=, size=929, nrcpt=1 (queue active)
Oct 26 13:05:21 vps postfix/pickup[28263]: 658AA37234F: uid=1062 from=
Oct 26 13:05:21 vps postfix/cleanup[28264]: 658AA37234F: message-id=<20251026073521.658AA37234F@vps.vcrowd.in>
Oct 26 13:05:21 vps opendkim[5590]: 658AA37234F: no signing table match for '"info@gvkennel"@gmail.com'
Oct 26 13:05:21 vps opendkim[5590]: 658AA37234F: no signature data
Oct 26 13:05:21 vps postfix/qmgr[22181]: 658AA37234F: from=, size=1413, nrcpt=1 (queue active)
Oct 26 13:05:22 vps postfix/smtp[28271]: C01EA1ACD97: host gmail-smtp-in.l.google.com[64.233.170.26] said: 550-5.7.26 Your email has been blocked because the sender is unauthenticated. 550-5.7.26 Gmail requires all senders to authenticate with either SPF or DKIM. 550-5.7.26 550-5.7.26 Authentication results: 550-5.7.26 DKIM = did not pass 550-5.7.26 SPF [vps.vcrowd.in] with ip: [103.120.179.240] = did not pass 550-5.7.26 550-5.7.26 For instructions on setting up authentication, go to 550 5.7.26 https://support.google.com/mail/answer/81126#authentication d2e1a72fcca58-7a41561bd39si2015883b3a.479 - gsmtp (in reply to end of DATA command)
Oct 26 13:05:23 vps postfix/smtp[28297]: 658AA37234F: host gmail-smtp-in.l.google.com[64.233.170.26] said: 550-5.7.26 Your email has been blocked because the sender is unauthenticated. 550-5.7.26 Gmail requires all senders to authenticate with either SPF or DKIM. 550-5.7.26 550-5.7.26 Authentication results: 550-5.7.26 DKIM = did not pass 550-5.7.26 SPF [vps.vcrowd.in] with ip: [103.120.179.240] = did not pass 550-5.7.26 550-5.7.26 For instructions on setting up authentication, go to 550 5.7.26 https://support.google.com/mail/answer/81126#authentication d2e1a72fcca58-7a41563e0fesi1992340b3a.614 - gsmtp (in reply to end of DATA command)
Oct 26 13:05:24 vps postfix/smtpd[22325]: connect from unknown[77.90.185.220]
Oct 26 13:05:25 vps postfix/qmgr[22181]: C960420EA87: from=, size=488, nrcpt=2 (queue active)
Oct 26 13:05:25 vps postfix/smtp[28271]: C01EA1ACD97: to=, relay=alt1.gmail-smtp-in.l.google.com[192.178.163.26]:25, delay=4.3, delays=0.08/0.02/3.5/0.72, dsn=4.7.26, status=SOFTBOUNCE (host alt1.gmail-smtp-in.l.google.com[192.178.163.26] said: 550-5.7.26 Your email has been blocked because the sender is unauthenticated. 550-5.7.26 Gmail requires all senders to authenticate with either SPF or DKIM. 550-5.7.26 550-5.7.26 Authentication results: 550-5.7.26 DKIM = did not pass 550-5.7.26 SPF [vps.vcrowd.in] with ip: [103.120.179.240] = did not pass 550-5.7.26 550-5.7.26 For instructions on setting up authentication, go to 550 5.7.26 https://support.google.com/mail/answer/81126#authentication 41be03b00d2f7-b71eb65c52esi1840470a12.556 - gsmtp (in reply to end of DATA command))
Oct 26 13:05:26 vps postfix/smtp[28297]: 658AA37234F: to=, relay=alt1.gmail-smtp-in.l.google.com[192.178.163.26]:25, delay=4.8, delays=0.02/0.02/3.6/1.1, dsn=4.7.26, status=SOFTBOUNCE (host alt1.gmail-smtp-in.l.google.com[192.178.163.26] said: 550-5.7.26 Your email has been blocked because the sender is unauthenticated. 550-5.7.26 Gmail requires all senders to authenticate with either SPF or DKIM. 550-5.7.26 550-5.7.26 Authentication results: 550-5.7.26 DKIM = did not pass 550-5.7.26 SPF [vps.vcrowd.in] with ip: [103.120.179.240] = did not pass 550-5.7.26 550-5.7.26 For instructions on setting up authentication, go to 550 5.7.26 https://support.google.com/mail/answer/81126#authentication 98e67ed59e1d1-33fee3e3388si1983911a91.17 - gsmtp (in reply to end of DATA command))
Oct 26 13:05:26 vps postfix/smtp[28271]: C960420EA87: host gmail-smtp-in.l.google.com[64.233.170.27] said: 550-5.7.26 Your email has been blocked because the sender is unauthenticated. 550-5.7.26 Gmail requires all senders to authenticate with either SPF or DKIM. 550-5.7.26 550-5.7.26 Authentication results: 550-5.7.26 DKIM = did not pass 550-5.7.26 SPF [vps.vcrowd.in] with ip: [103.120.179.240] = did not pass 550-5.7.26 550-5.7.26 For instructions on setting up authentication, go to 550 5.7.26 https://support.google.com/mail/answer/81126#authentication 41be03b00d2f7-b71f1fa539esi1921182a12.806 - gsmtp (in reply to end of DATA command)
Oct 26 13:05:27 vps postfix/smtpd[22325]: warning: unknown[77.90.185.220]: SASL LOGIN authentication failed: UGFzc3dvcmQ6
Oct 26 13:05:27 vps postfix/smtpd[22325]: disconnect from unknown[77.90.185.220]
Oct 26 13:05:29 vps postfix/smtp[28271]: C960420EA87: to=, relay=alt1.gmail-smtp-in.l.google.com[192.178.163.27]:25, delay=422, delays=418/0.02/3.5/0.69, dsn=4.7.26, status=SOFTBOUNCE (host alt1.gmail-smtp-in.l.google.com[192.178.163.27] said: 550-5.7.26 Your email has been blocked because the sender is unauthenticated. 550-5.7.26 Gmail requires all senders to authenticate with either SPF or DKIM. 550-5.7.26 550-5.7.26 Authentication results: 550-5.7.26 DKIM = did not pass 550-5.7.26 SPF [vps.vcrowd.in] with ip: [103.120.179.240] = did not pass 550-5.7.26 550-5.7.26 For instructions on setting up authentication, go to 550 5.7.26 https://support.google.com/mail/answer/81126#authentication 41be03b00d2f7-b71f369bc5csi1857979a12.1024 - gsmtp (in reply to end of DATA command))
Oct 26 13:05:29 vps postfix/smtp[28271]: C960420EA87: to=, relay=alt1.gmail-smtp-in.l.google.com[192.178.163.27]:25, delay=422, delays=418/0.02/3.5/0.69, dsn=4.7.26, status=SOFTBOUNCE (host alt1.gmail-smtp-in.l.google.com[192.178.163.27] said: 550-5.7.26 Your email has been blocked because the sender is unauthenticated. 550-5.7.26 Gmail requires all senders to authenticate with either SPF or DKIM. 550-5.7.26 550-5.7.26 Authentication results: 550-5.7.26 DKIM = did not pass 550-5.7.26 SPF [vps.vcrowd.in] with ip: [103.120.179.240] = did not pass 550-5.7.26 550-5.7.26 For instructions on setting up authentication, go to 550 5.7.26 https://support.google.com/mail/answer/81126#authentication 41be03b00d2f7-b71f369bc5csi1857979a12.1024 - gsmtp (in reply to end of DATA command))
Oct 26 13:05:36 vps postfix/smtpd[2406]: connect from unknown[212.132.96.229]
Oct 26 13:05:40 vps postfix/smtpd[2406]: warning: unknown[212.132.96.229]: SASL LOGIN authentication failed: UGFzc3dvcmQ6
Oct 26 13:05:40 vps postfix/smtpd[2406]: disconnect from unknown[212.132.96.229]
Oct 26 13:05:44 vps postfix/smtpd[22325]: connect from unknown[77.90.185.220]
Oct 26 13:05:47 vps postfix/smtpd[22325]: warning: unknown[77.90.185.220]: SASL LOGIN authentication failed: UGFzc3dvcmQ6
Oct 26 13:05:47 vps postfix/smtpd[22325]: disconnect from unknown[77.90.185.220]
Oct 26 13:06:08 vps postfix/smtpd[22325]: connect from unknown[77.90.185.220]
Oct 26 13:06:11 vps postfix/smtpd[22325]: warning: unknown[77.90.185.220]: SASL LOGIN authentication failed: UGFzc3dvcmQ6
Oct 26 13:06:11 vps postfix/smtpd[22325]: disconnect from unknown[77.90.185.220]
Oct 26 13:06:31 vps postfix/smtpd[22325]: connect from unknown[77.90.185.220]
Oct 26 13:06:34 vps postfix/smtpd[22325]: warning: unknown[77.90.185.220]: SASL LOGIN authentication failed: UGFzc3dvcmQ6
Oct 26 13:06:34 vps postfix/smtpd[22325]: disconnect from unknown[77.90.185.220]
Oct 26 13:06:57 vps postfix/smtpd[2406]: connect from unknown[212.132.96.229]
Oct 26 13:07:00 vps postfix/smtpd[2406]: warning: unknown[212.132.96.229]: SASL LOGIN authentication failed: UGFzc3dvcmQ6
Oct 26 13:07:00 vps postfix/smtpd[2406]: disconnect from unknown[212.132.96.229]
Oct 26 13:07:36 vps postfix/smtpd[22325]: connect from unknown[213.209.157.167]
Oct 26 13:07:38 vps postfix/smtpd[22325]: warning: unknown[213.209.157.167]: SASL LOGIN authentication failed: UGFzc3dvcmQ6
Oct 26 13:07:38 vps postfix/smtpd[22325]: disconnect from unknown[213.209.157.167]
Oct 26 13:08:16 vps postfix/smtpd[2406]: connect from unknown[212.132.96.229]
Oct 26 13:08:19 vps postfix/smtpd[2406]: warning: unknown[212.132.96.229]: SASL LOGIN authentication failed: UGFzc3dvcmQ6
Oct 26 13:08:19 vps postfix/smtpd[2406]: disconnect from unknown[212.132.96.229]
Oct 26 13:08:34 vps postfix/smtpd[22325]: connect from unknown[213.209.157.167]
Oct 26 13:08:37 vps postfix/smtpd[22325]: warning: unknown[213.209.157.167]: SASL LOGIN authentication failed: UGFzc3dvcmQ6
Oct 26 13:08:37 vps postfix/smtpd[22325]: disconnect from unknown[213.209.157.167]
Oct 26 13:08:46 vps postfix/scache[28367]: statistics: start interval
Oct 26 13:05:25
Oct 26 13:08:46 vps postfix/scache[28367]: statistics: domain lookup hits=0 miss=1 success=0%
Oct 26 13:08:46 vps postfix/scache[28367]: statistics: address lookup hits=0 miss=2 success=0%
Oct 26 13:08:49 vps postfix/smtpd[22325]: warning: hostname b4-stop.shop does not resolve to address 78.135.110.226: Name or service not known
Oct 26 13:08:49 vps postfix/smtpd[22325]: connect from unknown[78.135.110.226]
Oct 26 13:08:50 vps postfix/smtpd[22325]: Anonymous TLS connection established from unknown[78.135.110.226]: TLSv1.2 with cipher ECDHE-RSA-AES256-GCM-SHA384 (256/256 bits)
Oct 26 13:08:50 vps postfix/smtpd[22325]: NOQUEUE: reject: RCPT from unknown[78.135.110.226]: 454 4.7.1 Service unavailable; Client host [78.135.110.226] blocked using bl.spamcop.net; Blocked - see https://www.spamcop.net/bl.shtml?78.135.110.226; from= to= proto=ESMTP helo=
Oct 26 13:08:51 vps postfix/smtpd[22325]: disconnect from unknown[78.135.110.226]
Oct 26 13:09:00 vps postfix/smtpd[22325]: connect from unknown[213.209.157.225]
Oct 26 13:09:03 vps postfix/smtpd[22325]: warning: unknown[213.209.157.225]: SASL LOGIN authentication failed: UGFzc3dvcmQ6
Oct 26 13:09:03 vps postfix/smtpd[22325]: disconnect from unknown[213.209.157.225]
Oct 26 13:09:36 vps postfix/smtpd[2406]: connect from unknown[212.132.96.229]
Oct 26 13:09:39 vps postfix/smtpd[2406]: warning: unknown[212.132.96.229]: SASL LOGIN authentication failed: UGFzc3dvcmQ6
Oct 26 13:09:39 vps postfix/smtpd[2406]: disconnect from unknown[212.132.96.229]
Oct 26 13:09:52 vps postfix/anvil[16309]: statistics: max connection rate 3/60s for (smtp:77.90.185.220) at
Oct 26 13:06:08
Oct 26 13:09:52 vps postfix/anvil[16309]: statistics: max connection count 1 for (smtp:213.209.157.167) at
Oct 26 13:00:02
Oct 26 13:09:52 vps postfix/anvil[16309]: statistics: max cache size 5 at
Oct 26 13:02:11
Oct 26 13:10:07 vps postfix/smtpd[22325]: connect from unknown[213.209.157.167]
Oct 26 13:10:10 vps postfix/smtpd[22325]: warning: unknown[213.209.157.167]: SASL LOGIN authentication failed: UGFzc3dvcmQ6
Oct 26 13:10:10 vps postfix/smtpd[22325]: disconnect from unknown[213.209.157.167]
Oct 26 13:10:25 vps postfix/qmgr[22181]: C01EA1ACD97: from=, size=929, nrcpt=1 (queue active)
Oct 26 13:10:25 vps postfix/qmgr[22181]: 658AA37234F: from=, size=1413, nrcpt=1 (queue active)
Oct 26 13:10:25 vps postfix/qmgr[22181]: 981FE3718A6: from=, size=918, nrcpt=1 (queue active)
Oct 26 13:10:27 vps postfix/smtp[3434]: 658AA37234F: host gmail-smtp-in.l.google.com[64.233.170.26] said: 550-5.7.26 Your email has been blocked because the sender is unauthenticated. 550-5.7.26 Gmail requires all senders to authenticate with either SPF or DKIM. 550-5.7.26 550-5.7.26 Authentication results: 550-5.7.26 DKIM = did not pass 550-5.7.26 SPF [vps.vcrowd.in] with ip: [103.120.179.240] = did not pass 550-5.7.26 550-5.7.26 For instructions on setting up authentication, go to 550 5.7.26 https://support.google.com/mail/answer/81126#authentication d9443c01a7336-2949ab05c3esi21750905ad.495 - gsmtp (in reply to end of DATA command)
Oct 26 13:10:27 vps postfix/smtp[3432]: C01EA1ACD97: host gmail-smtp-in.l.google.com[64.233.170.26] said: 550-5.7.26 Your email has been blocked because the sender is unauthenticated. 550-5.7.26 Gmail requires all senders to authenticate with either SPF or DKIM. 550-5.7.26 550-5.7.26 Authentication results: 550-5.7.26 DKIM = did not pass 550-5.7.26 SPF [vps.vcrowd.in] with ip: [103.120.179.240] = did not pass 550-5.7.26 550-5.7.26 For instructions on setting up authentication, go to 550 5.7.26 https://support.google.com/mail/answer/81126#authentication 41be03b00d2f7-b71f2749f81si1933940a12.828 - gsmtp (in reply to end of DATA command)
Oct 26 13:10:27 vps postfix/smtp[3435]: 981FE3718A6: host gmail-smtp-in.l.google.com[64.233.170.26] said: 550-5.7.26 Your email has been blocked because the sender is unauthenticated. 550-5.7.26 Gmail requires all senders to authenticate with either SPF or DKIM. 550-5.7.26 550-5.7.26 Authentication results: 550-5.7.26 DKIM = did not pass 550-5.7.26 SPF [vps.vcrowd.in] with ip: [103.120.179.240] = did not pass 550-5.7.26 550-5.7.26 For instructions on setting up authentication, go to 550 5.7.26 https://support.google.com/mail/answer/81126#authentication d2e1a72fcca58-7a4155f824dsi2159092b3a.227 - gsmtp (in reply to end of DATA command)
Oct 26 13:10:30 vps postfix/smtp[3432]: C01EA1ACD97: to=, relay=alt1.gmail-smtp-in.l.google.com[192.178.163.26]:25, delay=309, delays=305/0.06/3.8/0.8, dsn=4.7.26, status=SOFTBOUNCE (host alt1.gmail-smtp-in.l.google.com[192.178.163.26] said: 550-5.7.26 Your email has been blocked because the sender is unauthenticated. 550-5.7.26 Gmail requires all senders to authenticate with either SPF or DKIM. 550-5.7.26 550-5.7.26 Authentication results: 550-5.7.26 DKIM = did not pass 550-5.7.26 SPF [vps.vcrowd.in] with ip: [103.120.179.240] = did not pass 550-5.7.26 550-5.7.26 For instructions on setting up authentication, go to 550 5.7.26 https://support.google.com/mail/answer/81126#authentication 41be03b00d2f7-b71d5727adfsi1972556a12.108 - gsmtp (in reply to end of DATA command))
Oct 26 13:10:30 vps postfix/smtp[3434]: 658AA37234F: to=, relay=alt1.gmail-smtp-in.l.google.com[192.178.163.27]:25, delay=309, delays=304/0.04/3.8/0.82, dsn=4.7.26, status=SOFTBOUNCE (host alt1.gmail-smtp-in.l.google.com[192.178.163.27] said: 550-5.7.26 Your email has been blocked because the sender is unauthenticated. 550-5.7.26 Gmail requires all senders to authenticate with either SPF or DKIM. 550-5.7.26 550-5.7.26 Authentication results: 550-5.7.26 DKIM = did not pass 550-5.7.26 SPF [vps.vcrowd.in] with ip: [103.120.179.240] = did not pass 550-5.7.26 550-5.7.26 For instructions on setting up authentication, go to 550 5.7.26 https://support.google.com/mail/answer/81126#authentication d9443c01a7336-2949a7cab1csi21898535ad.43 - gsmtp (in reply to end of DATA command))
Oct 26 13:10:30 vps postfix/smtp[3435]: 981FE3718A6: to=, relay=alt1.gmail-smtp-in.l.google.com[192.178.163.27]:25, delay=541, delays=537/0.07/3.9/0.8, dsn=4.7.26, status=SOFTBOUNCE (host alt1.gmail-smtp-in.l.google.com[192.178.163.27] said: 550-5.7.26 Your email has been blocked because the sender is unauthenticated. 550-5.7.26 Gmail requires all senders to authenticate with either SPF or DKIM. 550-5.7.26 550-5.7.26 Authentication results: 550-5.7.26 DKIM = did not pass 550-5.7.26 SPF [vps.vcrowd.in] with ip: [103.120.179.240] = did not pass 550-5.7.26 550-5.7.26 For instructions on setting up authentication, go to 550 5.7.26 https://support.google.com/mail/answer/81126#authentication 41be03b00d2f7-b71f2ef2773si1770100a12.936 - gsmtp (in reply to end of DATA command))
Oct 26 13:10:54 vps postfix/smtpd[2406]: connect from unknown[212.132.96.229]
Oct 26 13:10:56 vps postfix/smtpd[2406]: warning: unknown[212.132.96.229]: SASL LOGIN authentication failed: UGFzc3dvcmQ6
Oct 26 13:10:56 vps postfix/smtpd[2406]: disconnect from unknown[212.132.96.229]
Oct 26 13:11:19 vps postfix/smtps/smtpd[4597]: warning: hostname unn-143-244-52-47.datapacket.com does not resolve to address 143.244.52.47: Name or service not known
Oct 26 13:11:19 vps postfix/smtps/smtpd[4597]: connect from unknown[143.244.52.47]
Oct 26 13:11:20 vps postfix/smtps/smtpd[4597]: Anonymous TLS connection established from unknown[143.244.52.47]: TLSv1.2 with cipher ECDHE-RSA-AES256-GCM-SHA384 (256/256 bits)
Oct 26 13:11:23 vps postfix/smtps/smtpd[4597]: warning: unknown[143.244.52.47]: SASL LOGIN authentication failed: UGFzc3dvcmQ6
Oct 26 13:11:23 vps postfix/smtps/smtpd[4597]: disconnect from unknown[143.244.52.47]
Oct 26 13:12:05 vps postfix/smtpd[5587]: connect from unknown[213.209.157.167]
Oct 26 13:12:08 vps postfix/smtpd[5587]: warning: unknown[213.209.157.167]: SASL LOGIN authentication failed: UGFzc3dvcmQ6
Oct 26 13:12:08 vps postfix/smtpd[5587]: disconnect from unknown[213.209.157.167]
Oct 26 13:12:11 vps postfix/smtpd[2406]: connect from unknown[212.132.96.229]
Oct 26 13:12:14 vps postfix/smtpd[2406]: warning: unknown[212.132.96.229]: SASL LOGIN authentication failed: UGFzc3dvcmQ6
Oct 26 13:12:14 vps postfix/smtpd[2406]: disconnect from unknown[212.132.96.229]
Oct 26 13:12:51 vps postfix/smtpd[5587]: connect from unknown[213.209.157.167]
Oct 26 13:12:53 vps postfix/smtpd[5587]: warning: unknown[213.209.157.167]: SASL LOGIN authentication failed: UGFzc3dvcmQ6
Oct 26 13:12:53 vps postfix/smtpd[5587]: disconnect from unknown[213.209.157.167]
Oct 26 13:13:10 vps postfix/smtpd[5587]: connect from unknown[193.32.162.71]
Oct 26 13:13:12 vps postfix/smtpd[5587]: warning: unknown[193.32.162.71]: SASL LOGIN authentication failed: UGFzc3dvcmQ6
Oct 26 13:13:12 vps postfix/smtpd[5587]: lost connection after AUTH from unknown[193.32.162.71]
Oct 26 13:13:12 vps postfix/smtpd[5587]: disconnect from unknown[193.32.162.71]
Oct 26 13:13:26 vps postfix/smtpd[5587]: connect from unknown[196.251.92.15]
Oct 26 13:13:28 vps postfix/smtpd[2406]: connect from unknown[212.132.96.229]
Oct 26 13:13:29 vps postfix/smtpd[5587]: warning: unknown[196.251.92.15]: SASL LOGIN authentication failed: UGFzc3dvcmQ6
Oct 26 13:13:29 vps postfix/smtpd[5587]: lost connection after AUTH from unknown[196.251.92.15]
Oct 26 13:13:29 vps postfix/smtpd[5587]: disconnect from unknown[196.251.92.15]
Oct 26 13:13:30 vps postfix/smtpd[2406]: warning: unknown[212.132.96.229]: SASL LOGIN authentication failed: UGFzc3dvcmQ6
Oct 26 13:13:30 vps postfix/smtpd[2406]: disconnect from unknown[212.132.96.229]
Oct 26 13:13:50 vps postfix/smtpd[5587]: connect from unknown[213.209.157.167]
Oct 26 13:13:53 vps postfix/smtpd[5587]: warning: unknown[213.209.157.167]: SASL LOGIN authentication failed: UGFzc3dvcmQ6
Oct 26 13:13:53 vps postfix/smtpd[5587]: disconnect from unknown[213.209.157.167]
Oct 26 13:13:30 vps postfix/smtpd[2406]: disconnect from unknown[212.132.96.229]
Oct 26 13:13:50 vps postfix/smtpd[5587]: connect from unknown[213.209.157.167]
Oct 26 13:13:53 vps postfix/smtpd[5587]: warning: unknown[213.209.157.167]: SASL LOGIN authentication failed: UGFzc3dvcmQ6
Oct 26 13:13:53 vps postfix/smtpd[5587]: disconnect from unknown[213.209.157.167]
Oct 26 13:13:53 vps postfix/smtpd[5587]: disconnect from unknown[213.209.157.167]
Oct 26 13:14:46 vps postfix/smtpd[2406]: connect from unknown[212.132.96.229]
Oct 26 13:14:49 vps postfix/smtpd[2406]: warning: unknown[212.132.96.229]: SASL LOGIN authentication failed: UGFzc3dvcmQ6
Oct 26 13:14:49 vps postfix/smtpd[2406]: disconnect from unknown[212.132.96.229]
Oct 26 13:14:54 vps postfix/smtpd[5587]: connect from unknown[213.209.157.167]
Oct 26 13:14:57 vps postfix/smtpd[5587]: warning: unknown[213.209.157.167]: SASL LOGIN authentication failed: UGFzc3dvcmQ6
Oct 26 13:14:57 vps postfix/smtpd[5587]: disconnect from unknown[213.209.157.167]
Oct 26 13:15:21 vps postfix/smtpd[5587]: connect from unknown[193.168.173.106]
Oct 26 13:15:21 vps postfix/smtpd[5587]: Anonymous TLS connection established from unknown[193.168.173.106]: TLSv1.2 with cipher ECDHE-RSA-AES256-GCM-SHA384 (256/256 bits)
Oct 26 13:15:22 vps postfix/smtpd[5587]: NOQUEUE: reject: RCPT from unknown[193.168.173.106]: 454 4.7.1 Service unavailable; Client host [193.168.173.106] blocked using bl.spamcop.net; Blocked - see https://www.spamcop.net/bl.shtml?193.168.173.106; from= to= proto=ESMTP helo=
Oct 26 13:15:22 vps postfix/smtpd[5587]: disconnect from unknown[193.168.173.106]
Oct 26 13:15:25 vps postfix/qmgr[22181]: C960420EA87: from=, size=488, nrcpt=2 (queue active)
Oct 26 13:15:26 vps postfix/smtp[10937]: C960420EA87: host gmail-smtp-in.l.google.com[64.233.170.26] said: 550-5.7.26 Your email has been blocked because the sender is unauthenticated. 550-5.7.26 Gmail requires all senders to authenticate with either SPF or DKIM. 550-5.7.26 550-5.7.26 Authentication results: 550-5.7.26 DKIM = did not pass 550-5.7.26 SPF [vps.vcrowd.in] with ip: [103.120.179.240] = did not pass 550-5.7.26 550-5.7.26 For instructions on setting up authentication, go to 550 5.7.26 https://support.google.com/mail/answer/81126#authentication 41be03b00d2f7-b71eb473598si1962332a12.473 - gsmtp (in reply to end of DATA command)
Oct 26 13:15:29 vps postfix/smtp[10937]: C960420EA87: to=, relay=alt1.gmail-smtp-in.l.google.com[192.178.163.27]:25, delay=1023, delays=1018/0.02/3.5/0.69, dsn=4.7.26, status=SOFTBOUNCE (host alt1.gmail-smtp-in.l.google.com[192.178.163.27] said: 550-5.7.26 Your email has been blocked because the sender is unauthenticated. 550-5.7.26 Gmail requires all senders to authenticate with either SPF or DKIM. 550-5.7.26 550-5.7.26 Authentication results: 550-5.7.26 DKIM = did not pass 550-5.7.26 SPF [vps.vcrowd.in] with ip: [103.120.179.240] = did not pass 550-5.7.26 550-5.7.26 For instructions on setting up authentication, go to 550 5.7.26 https://support.google.com/mail/answer/81126#authentication d9443c01a7336-2949ab095c2si22525165ad.622 - gsmtp (in reply to end of DATA command))
Oct 26 13:15:29 vps postfix/smtp[10937]: C960420EA87: to=, relay=alt1.gmail-smtp-in.l.google.com[192.178.163.27]:25, delay=1023, delays=1018/0.02/3.5/0.69, dsn=4.7.26, status=SOFTBOUNCE (host alt1.gmail-smtp-in.l.google.com[192.178.163.27] said: 550-5.7.26 Your email has been blocked because the sender is unauthenticated. 550-5.7.26 Gmail requires all senders to authenticate with either SPF or DKIM. 550-5.7.26 550-5.7.26 Authentication results: 550-5.7.26 DKIM = did not pass 550-5.7.26 SPF [vps.vcrowd.in] with ip: [103.120.179.240] = did not pass 550-5.7.26 550-5.7.26 For instructions on setting up authentication, go to 550 5.7.26 https://support.google.com/mail/answer/81126#authentication d9443c01a7336-2949ab095c2si22525165ad.622 - gsmtp (in reply to end of DATA command))
Oct 26 13:15:29 vps postfix/qmgr[22181]: C960420EA87: from=, status=expired, returned to sender
Oct 26 13:15:29 vps postfix/cleanup[11015]: 6985E161940: message-id=<20251026074529.6985E161940@vps.vcrowd.in>
Oct 26 13:15:29 vps postfix/qmgr[22181]: 6985E161940: from=<>, size=4780, nrcpt=1 (queue active)
Oct 26 13:15:29 vps postfix/bounce[11014]: C960420EA87: sender non-delivery notification: 6985E161940
Oct 26 13:15:29 vps postfix/qmgr[22181]: C960420EA87: removed
Oct 26 13:15:29 vps postfix/local[11016]: 6985E161940: to=, relay=local, delay=0.05, delays=0.02/0.02/0/0.01, dsn=2.0.0, status=sent (delivered to mailbox)
Oct 26 13:15:29 vps postfix/qmgr[22181]: 6985E161940: removed
Oct 26 13:16:00 vps postfix/smtpd[5587]: connect from unknown[213.209.157.167]
Oct 26 13:16:03 vps postfix/smtpd[5587]: warning: unknown[213.209.157.167]: SASL LOGIN authentication failed: UGFzc3dvcmQ6
Oct 26 13:16:03 vps postfix/smtpd[5587]: disconnect from unknown[213.209.157.167]
Oct 26 13:16:06 vps postfix/smtpd[2406]: connect from unknown[212.132.96.229]
Oct 26 13:16:09 vps postfix/smtpd[2406]: warning: unknown[212.132.96.229]: SASL LOGIN authentication failed: UGFzc3dvcmQ6
Oct 26 13:16:09 vps postfix/smtpd[2406]: disconnect from unknown[212.132.96.229]
Oct 26 13:16:40 vps postfix/smtpd[5587]: connect from unknown[196.251.92.11]
Oct 26 13:16:43 vps postfix/smtpd[5587]: warning: unknown[196.251.92.11]: SASL LOGIN authentication failed: UGFzc3dvcmQ6
Oct 26 13:16:43 vps postfix/smtpd[5587]: disconnect from unknown[196.251.92.11]
Oct 26 13:16:59 vps postfix/smtpd[5587]: connect from unknown[77.90.185.87]
Oct 26 13:17:02 vps postfix/smtpd[5587]: warning: unknown[77.90.185.87]: SASL LOGIN authentication failed: UGFzc3dvcmQ6
Oct 26 13:17:02 vps postfix/smtpd[5587]: disconnect from unknown[77.90.185.87]
Oct 26 13:17:09 vps postfix/smtpd[5587]: connect from unknown[213.209.157.167]
Oct 26 13:17:11 vps postfix/smtpd[5587]: warning: unknown[213.209.157.167]: SASL LOGIN authentication failed: UGFzc3dvcmQ6
Oct 26 13:17:11 vps postfix/smtpd[5587]: disconnect from unknown[213.209.157.167]
Oct 26 13:17:26 vps postfix/smtpd[2406]: connect from unknown[212.132.96.229]
Oct 26 13:17:28 vps postfix/smtpd[2406]: warning: unknown[212.132.96.229]: SASL LOGIN authentication failed: UGFzc3dvcmQ6
Oct 26 13:17:28 vps postfix/smtpd[2406]: disconnect from unknown[212.132.96.229]
Oct 26 13:17:35 vps postfix/smtpd[5587]: connect from unknown[62.60.131.124]
Oct 26 13:17:37 vps postfix/smtpd[5587]: warning: unknown[62.60.131.124]: SASL LOGIN authentication failed: UGFzc3dvcmQ6
Oct 26 13:17:37 vps postfix/smtpd[5587]: disconnect from unknown[62.60.131.124]
Oct 26 13:18:40 vps postfix/smtpd[5587]: connect from unknown[213.209.157.167]
Oct 26 13:18:42 vps postfix/smtpd[5587]: warning: unknown[213.209.157.167]: SASL LOGIN authentication failed: UGFzc3dvcmQ6
Oct 26 13:18:42 vps postfix/smtpd[5587]: disconnect from unknown[213.209.157.167]
Oct 26 13:18:45 vps postfix/smtpd[2406]: connect from unknown[212.132.96.229]
Oct 26 13:18:48 vps postfix/smtpd[2406]: warning: unknown[212.132.96.229]: SASL LOGIN authentication failed: UGFzc3dvcmQ6
Oct 26 13:18:48 vps postfix/smtpd[2406]: disconnect from unknown[212.132.96.229]
Oct 26 13:19:00 vps postfix/smtpd[5587]: warning: hostname b4-stop.shop does not resolve to address 78.135.110.226: Name or service not known
Oct 26 13:19:00 vps postfix/smtpd[5587]: connect from unknown[78.135.110.226]
Oct 26 13:19:00 vps postfix/smtpd[5587]: Anonymous TLS connection established from unknown[78.135.110.226]: TLSv1.2 with cipher ECDHE-RSA-AES256-GCM-SHA384 (256/256 bits)
Oct 26 13:19:01 vps postfix/smtpd[5587]: NOQUEUE: reject: RCPT from unknown[78.135.110.226]: 454 4.7.1 Service unavailable; Client host [78.135.110.226] blocked using zen.spamhaus.org; from= to= proto=ESMTP helo=
Oct 26 13:19:01 vps postfix/smtpd[5587]: disconnect from unknown[78.135.110.226]
Oct 26 13:19:08 vps postfix/smtpd[5587]: connect from unknown[213.209.157.167]
Oct 26 13:19:11 vps postfix/smtpd[5587]: warning: unknown[213.209.157.167]: SASL LOGIN authentication failed: UGFzc3dvcmQ6
Oct 26 13:19:11 vps postfix/smtpd[5587]: disconnect from unknown[213.209.157.167]
Oct 26 13:19:52 vps postfix/anvil[16309]: statistics: max connection rate 2/60s for (smtp:213.209.157.167) at
Oct 26 13:12:51
Oct 26 13:19:52 vps postfix/anvil[16309]: statistics: max connection count 1 for (smtp:213.209.157.167) at
Oct 26 13:10:07
Oct 26 13:19:52 vps postfix/anvil[16309]: statistics: max cache size 5 at
Oct 26 13:17:35
Oct 26 13:20:06 vps postfix/smtpd[2406]: connect from unknown[212.132.96.229]
Oct 26 13:20:09 vps postfix/smtpd[2406]: warning: unknown[212.132.96.229]: SASL LOGIN authentication failed: UGFzc3dvcmQ6
Oct 26 13:20:09 vps postfix/smtpd[2406]: disconnect from unknown[212.132.96.229]
Oct 26 13:20:18 vps postfix/smtpd[5587]: connect from unknown[213.209.157.167]
Oct 26 13:20:21 vps postfix/smtpd[5587]: warning: unknown[213.209.157.167]: SASL LOGIN authentication failed: UGFzc3dvcmQ6
Oct 26 13:20:21 vps postfix/smtpd[5587]: disconnect from unknown[213.209.157.167]
Oct 26 13:20:25 vps postfix/qmgr[22181]: C01EA1ACD97: from=, size=929, nrcpt=1 (queue active)
Oct 26 13:20:25 vps postfix/qmgr[22181]: 658AA37234F: from=, size=1413, nrcpt=1 (queue active)
Oct 26 13:20:25 vps postfix/qmgr[22181]: 981FE3718A6: from=, size=918, nrcpt=1 (queue active)
Oct 26 13:20:27 vps postfix/smtp[18558]: 981FE3718A6: host gmail-smtp-in.l.google.com[64.233.170.26] said: 550-5.7.26 Your email has been blocked because the sender is unauthenticated. 550-5.7.26 Gmail requires all senders to authenticate with either SPF or DKIM. 550-5.7.26 550-5.7.26 Authentication results: 550-5.7.26 DKIM = did not pass 550-5.7.26 SPF [vps.vcrowd.in] with ip: [103.120.179.240] = did not pass 550-5.7.26 550-5.7.26 For instructions on setting up authentication, go to 550 5.7.26 https://support.google.com/mail/answer/81126#authentication d9443c01a7336-2949ab05dc8si20817785ad.499 - gsmtp (in reply to end of DATA command)
Oct 26 13:20:27 vps postfix/smtp[18556]: 658AA37234F: host gmail-smtp-in.l.google.com[64.233.170.26] said: 550-5.7.26 Your email has been blocked because the sender is unauthenticated. 550-5.7.26 Gmail requires all senders to authenticate with either SPF or DKIM. 550-5.7.26 550-5.7.26 Authentication results: 550-5.7.26 DKIM = did not pass 550-5.7.26 SPF [vps.vcrowd.in] with ip: [103.120.179.240] = did not pass 550-5.7.26 550-5.7.26 For instructions on setting up authentication, go to 550 5.7.26 https://support.google.com/mail/answer/81126#authentication d9443c01a7336-2949ab05d39si20380035ad.516 - gsmtp (in reply to end of DATA command)
Oct 26 13:20:27 vps postfix/smtp[18555]: C01EA1ACD97: host gmail-smtp-in.l.google.com[64.233.170.26] said: 550-5.7.26 Your email has been blocked because the sender is unauthenticated. 550-5.7.26 Gmail requires all senders to authenticate with either SPF or DKIM. 550-5.7.26 550-5.7.26 Authentication results: 550-5.7.26 DKIM = did not pass 550-5.7.26 SPF [vps.vcrowd.in] with ip: [103.120.179.240] = did not pass 550-5.7.26 550-5.7.26 For instructions on setting up authentication, go to 550 5.7.26 https://support.google.com/mail/answer/81126#authentication d2e1a72fcca58-7a415521cbcsi2021969b3a.153 - gsmtp (in reply to end of DATA command)
Oct 26 13:20:29 vps postfix/smtp[18556]: 658AA37234F: to=, relay=alt1.gmail-smtp-in.l.google.com[192.178.163.26]:25, delay=908, delays=904/0.04/3.5/0.87, dsn=4.7.26, status=SOFTBOUNCE (host alt1.gmail-smtp-in.l.google.com[192.178.163.26] said: 550-5.7.26 Your email has been blocked because the sender is unauthenticated. 550-5.7.26 Gmail requires all senders to authenticate with either SPF or DKIM. 550-5.7.26 550-5.7.26 Authentication results: 550-5.7.26 DKIM = did not pass 550-5.7.26 SPF [vps.vcrowd.in] with ip: [103.120.179.240] = did not pass 550-5.7.26 550-5.7.26 For instructions on setting up authentication, go to 550 5.7.26 https://support.google.com/mail/answer/81126#authentication d2e1a72fcca58-7a4156198aasi1973651b3a.424 - gsmtp (in reply to end of DATA command))
Oct 26 13:20:29 vps postfix/qmgr[22181]: 658AA37234F: from=, status=expired, returned to sender
