Oct 26 05:30:24 vps postfix/qmgr[22181]: 7FC607AFCD: removed
Oct 26 05:30:25 vps postfix/local[20781]: 813503BF580: to=, relay=local, delay=1.2, delays=0.03/0.02/0/1.1, dsn=2.0.0, status=sent (delivered to mailbox)
Oct 26 05:30:25 vps postfix/qmgr[22181]: 813503BF580: removed
Oct 26 05:30:44 vps postfix/smtpd[19755]: connect from unknown[213.209.157.167]
Oct 26 05:30:46 vps postfix/smtpd[19755]: warning: unknown[213.209.157.167]: SASL LOGIN authentication failed: UGFzc3dvcmQ6
Oct 26 05:30:46 vps postfix/smtpd[19755]: disconnect from unknown[213.209.157.167]
Oct 26 05:30:54 vps postfix/smtpd[17745]: connect from unknown[213.209.157.167]
Oct 26 05:30:54 vps postfix/smtpd[17745]: lost connection after CONNECT from unknown[213.209.157.167]
Oct 26 05:30:54 vps postfix/smtpd[17745]: disconnect from unknown[213.209.157.167]
Oct 26 05:31:26 vps postfix/smtpd[19755]: connect from unknown[213.209.157.167]
Oct 26 05:31:26 vps postfix/smtpd[19755]: lost connection after CONNECT from unknown[213.209.157.167]
Oct 26 05:31:26 vps postfix/smtpd[19755]: disconnect from unknown[213.209.157.167]
Oct 26 05:31:39 vps postfix/smtpd[17745]: connect from unknown[213.209.157.167]
Oct 26 05:31:39 vps postfix/smtpd[17745]: lost connection after CONNECT from unknown[213.209.157.167]
Oct 26 05:31:39 vps postfix/smtpd[17745]: disconnect from unknown[213.209.157.167]
Oct 26 05:31:51 vps postfix/smtpd[21646]: connect from unknown[103.237.86.173]
Oct 26 05:31:51 vps postfix/smtpd[21646]: Anonymous TLS connection established from unknown[103.237.86.173]: TLSv1.2 with cipher ECDHE-RSA-AES256-GCM-SHA384 (256/256 bits)
Oct 26 05:31:54 vps postfix/smtpd[21646]: warning: unknown[103.237.86.173]: SASL LOGIN authentication failed: UGFzc3dvcmQ6
Oct 26 05:31:54 vps postfix/smtpd[21646]: lost connection after AUTH from unknown[103.237.86.173]
Oct 26 05:31:54 vps postfix/smtpd[21646]: disconnect from unknown[103.237.86.173]
Oct 26 05:32:14 vps postfix/smtpd[21646]: connect from unknown[103.237.86.173]
Oct 26 05:32:15 vps postfix/smtpd[21646]: Anonymous TLS connection established from unknown[103.237.86.173]: TLSv1.2 with cipher ECDHE-RSA-AES256-GCM-SHA384 (256/256 bits)
Oct 26 05:32:17 vps postfix/smtpd[21646]: warning: unknown[103.237.86.173]: SASL LOGIN authentication failed: UGFzc3dvcmQ6
Oct 26 05:32:17 vps postfix/smtpd[21646]: lost connection after AUTH from unknown[103.237.86.173]
Oct 26 05:32:17 vps postfix/smtpd[21646]: disconnect from unknown[103.237.86.173]
Oct 26 05:33:01 vps postfix/smtpd[19755]: connect from unknown[213.209.157.167]
Oct 26 05:33:03 vps postfix/smtpd[19755]: warning: unknown[213.209.157.167]: SASL LOGIN authentication failed: UGFzc3dvcmQ6
Oct 26 05:33:03 vps postfix/smtpd[19755]: disconnect from unknown[213.209.157.167]
Oct 26 05:33:38 vps postfix/smtpd[19755]: connect from unknown[213.209.157.167]
Oct 26 05:33:41 vps postfix/smtpd[19755]: warning: unknown[213.209.157.167]: SASL LOGIN authentication failed: UGFzc3dvcmQ6
Oct 26 05:33:41 vps postfix/smtpd[19755]: disconnect from unknown[213.209.157.167]
Oct 26 05:33:44 vps postfix/smtpd[19755]: connect from unknown[213.209.157.167]
Oct 26 05:33:51 vps postfix/smtpd[19755]: warning: unknown[213.209.157.167]: SASL LOGIN authentication failed: UGFzc3dvcmQ6
Oct 26 05:33:51 vps postfix/smtpd[19755]: disconnect from unknown[213.209.157.167]
Oct 26 05:33:55 vps postfix/smtpd[19755]: connect from unknown[213.209.157.167]
Oct 26 05:34:05 vps postfix/smtpd[19755]: warning: unknown[213.209.157.167]: SASL LOGIN authentication failed: UGFzc3dvcmQ6
Oct 26 05:34:05 vps postfix/smtpd[19755]: disconnect from unknown[213.209.157.167]
Oct 26 05:34:34 vps postfix/smtpd[19755]: connect from unknown[213.209.157.167]
Oct 26 05:34:37 vps postfix/smtpd[19755]: warning: unknown[213.209.157.167]: SASL LOGIN authentication failed: UGFzc3dvcmQ6
Oct 26 05:34:37 vps postfix/smtpd[19755]: disconnect from unknown[213.209.157.167]
Oct 26 05:34:57 vps postfix/smtpd[22140]: connect from unknown[212.132.96.229]
Oct 26 05:35:00 vps postfix/smtpd[22140]: warning: unknown[212.132.96.229]: SASL LOGIN authentication failed: UGFzc3dvcmQ6
Oct 26 05:35:00 vps postfix/smtpd[22140]: disconnect from unknown[212.132.96.229]
Oct 26 05:35:28 vps postfix/smtpd[19755]: connect from unknown[213.209.157.167]
Oct 26 05:35:31 vps postfix/smtpd[19755]: warning: unknown[213.209.157.167]: SASL LOGIN authentication failed: UGFzc3dvcmQ6
Oct 26 05:35:31 vps postfix/smtpd[19755]: disconnect from unknown[213.209.157.167]
Oct 26 05:36:19 vps postfix/smtpd[22140]: connect from unknown[123.58.215.72]
Oct 26 05:36:22 vps postfix/smtpd[22140]: warning: unknown[123.58.215.72]: SASL LOGIN authentication failed: UGFzc3dvcmQ6
Oct 26 05:36:22 vps postfix/smtpd[22140]: disconnect from unknown[123.58.215.72]
Oct 26 05:37:07 vps postfix/smtpd[19755]: connect from unknown[62.60.131.124]
Oct 26 05:37:07 vps postfix/smtpd[19755]: lost connection after CONNECT from unknown[62.60.131.124]
Oct 26 05:37:07 vps postfix/smtpd[19755]: disconnect from unknown[62.60.131.124]
Oct 26 05:37:21 vps postfix/smtpd[19755]: connect from unknown[62.60.131.17]
Oct 26 05:37:24 vps postfix/smtpd[19755]: warning: unknown[62.60.131.17]: SASL LOGIN authentication failed: UGFzc3dvcmQ6
Oct 26 05:37:24 vps postfix/smtpd[19755]: disconnect from unknown[62.60.131.17]
Oct 26 05:37:26 vps postfix/smtpd[22140]: connect from unknown[212.132.96.229]
Oct 26 05:37:29 vps postfix/smtpd[22140]: warning: unknown[212.132.96.229]: SASL LOGIN authentication failed: UGFzc3dvcmQ6
Oct 26 05:37:29 vps postfix/smtpd[22140]: disconnect from unknown[212.132.96.229]
Oct 26 05:37:53 vps postfix/smtpd[22140]: connect from unknown[220.179.249.21]
Oct 26 05:37:59 vps postfix/smtpd[22140]: warning: unknown[220.179.249.21]: SASL LOGIN authentication failed: UGFzc3dvcmQ6
Oct 26 05:38:00 vps postfix/smtpd[22140]: lost connection after AUTH from unknown[220.179.249.21]
Oct 26 05:38:00 vps postfix/smtpd[22140]: disconnect from unknown[220.179.249.21]
Oct 26 05:38:06 vps postfix/smtpd[19755]: connect from unknown[45.148.10.98]
Oct 26 05:38:08 vps postfix/smtpd[19755]: warning: unknown[45.148.10.98]: SASL LOGIN authentication failed: UGFzc3dvcmQ6
Oct 26 05:38:08 vps postfix/smtpd[19755]: disconnect from unknown[45.148.10.98]
Oct 26 05:38:22 vps postfix/smtpd[23885]: connect from unknown[45.148.10.64]
Oct 26 05:38:24 vps postfix/smtpd[23885]: warning: unknown[45.148.10.64]: SASL LOGIN authentication failed: UGFzc3dvcmQ6
Oct 26 05:38:24 vps postfix/smtpd[23885]: disconnect from unknown[45.148.10.64]
Oct 26 05:38:41 vps postfix/smtpd[19755]: connect from unknown[196.251.92.11]
Oct 26 05:38:43 vps postfix/smtps/smtpd[23927]: connect from unknown[211.101.233.154]
Oct 26 05:38:43 vps postfix/smtps/smtpd[23927]: SSL_accept error from unknown[211.101.233.154]: lost connection
Oct 26 05:38:43 vps postfix/smtps/smtpd[23927]: lost connection after CONNECT from unknown[211.101.233.154]
Oct 26 05:38:43 vps postfix/smtps/smtpd[23927]: disconnect from unknown[211.101.233.154]
Oct 26 05:38:44 vps postfix/smtpd[19755]: warning: unknown[196.251.92.11]: SASL LOGIN authentication failed: UGFzc3dvcmQ6
Oct 26 05:38:44 vps postfix/smtpd[19755]: disconnect from unknown[196.251.92.11]
Oct 26 05:38:47 vps postfix/smtps/smtpd[23927]: connect from unknown[210.177.143.61]
Oct 26 05:38:49 vps postfix/smtps/smtpd[23927]: Anonymous TLS connection established from unknown[210.177.143.61]: TLSv1.2 with cipher ECDHE-RSA-AES256-GCM-SHA384 (256/256 bits)
Oct 26 05:38:52 vps postfix/smtpd[23885]: connect from unknown[213.209.157.167]
Oct 26 05:38:55 vps postfix/smtpd[23885]: warning: unknown[213.209.157.167]: SASL LOGIN authentication failed: UGFzc3dvcmQ6
Oct 26 05:38:55 vps postfix/smtpd[23885]: disconnect from unknown[213.209.157.167]
Oct 26 05:38:56 vps postfix/smtps/smtpd[23927]: warning: unknown[210.177.143.61]: SASL LOGIN authentication failed: UGFzc3dvcmQ6
Oct 26 05:38:57 vps postfix/smtps/smtpd[23927]: lost connection after AUTH from unknown[210.177.143.61]
Oct 26 05:38:57 vps postfix/smtps/smtpd[23927]: disconnect from unknown[210.177.143.61]
Oct 26 05:39:52 vps postfix/anvil[16309]: statistics: max connection rate 4/60s for (smtp:213.209.157.167) at
Oct 26 05:33:55
Oct 26 05:39:52 vps postfix/anvil[16309]: statistics: max connection count 1 for (smtp:213.209.157.167) at
Oct 26 05:30:44
Oct 26 05:39:52 vps postfix/anvil[16309]: statistics: max cache size 6 at
Oct 26 05:38:52
Oct 26 05:39:58 vps postfix/smtpd[23885]: connect from unknown[45.148.10.87]
Oct 26 05:40:01 vps postfix/smtpd[23885]: warning: unknown[45.148.10.87]: SASL LOGIN authentication failed: UGFzc3dvcmQ6
Oct 26 05:40:01 vps postfix/smtpd[23885]: disconnect from unknown[45.148.10.87]
Oct 26 05:40:02 vps postfix/smtpd[19755]: connect from unknown[45.148.10.124]
Oct 26 05:40:04 vps postfix/smtpd[19755]: warning: unknown[45.148.10.124]: SASL LOGIN authentication failed: UGFzc3dvcmQ6
Oct 26 05:40:04 vps postfix/smtpd[19755]: disconnect from unknown[45.148.10.124]
Oct 26 05:40:27 vps postfix/smtpd[19755]: connect from unknown[213.209.157.167]
Oct 26 05:40:29 vps postfix/smtpd[19755]: warning: unknown[213.209.157.167]: SASL LOGIN authentication failed: UGFzc3dvcmQ6
Oct 26 05:40:29 vps postfix/smtpd[19755]: disconnect from unknown[213.209.157.167]
Oct 26 05:40:35 vps postfix/smtpd[23885]: connect from unknown[45.148.10.120]
Oct 26 05:40:38 vps postfix/smtpd[23885]: warning: unknown[45.148.10.120]: SASL LOGIN authentication failed: UGFzc3dvcmQ6
Oct 26 05:40:38 vps postfix/smtpd[23885]: disconnect from unknown[45.148.10.120]
Oct 26 05:41:15 vps postfix/smtpd[25581]: connect from unknown[212.132.96.229]
Oct 26 05:41:18 vps postfix/smtpd[25581]: warning: unknown[212.132.96.229]: SASL LOGIN authentication failed: UGFzc3dvcmQ6
Oct 26 05:41:18 vps postfix/smtpd[25581]: disconnect from unknown[212.132.96.229]
Oct 26 05:41:27 vps postfix/smtpd[19755]: connect from unknown[62.60.131.17]
Oct 26 05:41:29 vps postfix/smtpd[19755]: warning: unknown[62.60.131.17]: SASL LOGIN authentication failed: UGFzc3dvcmQ6
Oct 26 05:41:29 vps postfix/smtpd[19755]: disconnect from unknown[62.60.131.17]
Oct 26 05:42:17 vps postfix/smtpd[23885]: connect from unknown[213.209.157.167]
Oct 26 05:42:17 vps postfix/smtpd[23885]: lost connection after CONNECT from unknown[213.209.157.167]
Oct 26 05:42:17 vps postfix/smtpd[23885]: disconnect from unknown[213.209.157.167]
Oct 26 05:42:36 vps postfix/smtpd[19755]: connect from unknown[213.209.157.252]
Oct 26 05:42:38 vps postfix/smtpd[19755]: warning: unknown[213.209.157.252]: SASL LOGIN authentication failed: UGFzc3dvcmQ6
Oct 26 05:42:38 vps postfix/smtpd[19755]: disconnect from unknown[213.209.157.252]
Oct 26 05:43:00 vps postfix/smtpd[25854]: connect from unknown[213.209.157.167]
Oct 26 05:43:02 vps postfix/smtpd[25854]: warning: unknown[213.209.157.167]: SASL LOGIN authentication failed: UGFzc3dvcmQ6
Oct 26 05:43:02 vps postfix/smtpd[25854]: disconnect from unknown[213.209.157.167]
Oct 26 05:43:02 vps postfix/smtpd[19755]: connect from unknown[218.75.77.202]
Oct 26 05:43:03 vps postfix/smtpd[19755]: Anonymous TLS connection established from unknown[218.75.77.202]: TLSv1.2 with cipher ECDHE-RSA-AES256-SHA384 (256/256 bits)
Oct 26 05:43:03 vps postfix/smtpd[23885]: connect from unknown[45.148.10.30]
Oct 26 05:43:06 vps postfix/smtpd[23885]: warning: unknown[45.148.10.30]: SASL LOGIN authentication failed: UGFzc3dvcmQ6
Oct 26 05:43:06 vps postfix/smtpd[23885]: disconnect from unknown[45.148.10.30]
Oct 26 05:43:24 vps postfix/smtpd[19755]: warning: 202.77.75.218.bl.spamcop.net: RBL lookup error: Host or domain name not found. Name service error for name=202.77.75.218.bl.spamcop.net type=A: Host not found, try again
Oct 26 05:43:35 vps postfix/smtpd[19755]: NOQUEUE: reject: RCPT from unknown[218.75.77.202]: 454 4.7.1 Service unavailable; Client host [218.75.77.202] blocked using dnsbl-1.uceprotect.net; IP 218.75.77.202 is UCEPROTECT-Level 1 listed. See http://www.uceprotect.net/rblcheck.php?ipr=218.75.77.202; from= to= proto=ESMTP helo=
Oct 26 05:43:35 vps postfix/smtpd[19755]: disconnect from unknown[218.75.77.202]
Oct 26 05:43:41 vps postfix/smtpd[25854]: connect from unknown[213.209.157.167]
Oct 26 05:43:44 vps postfix/smtpd[25854]: warning: unknown[213.209.157.167]: SASL LOGIN authentication failed: VXNlcm5hbWU6
Oct 26 05:43:44 vps postfix/smtpd[25854]: disconnect from unknown[213.209.157.167]
Oct 26 05:43:45 vps postfix/smtpd[19755]: connect from unknown[45.148.10.36]
Oct 26 05:43:48 vps postfix/smtpd[19755]: warning: unknown[45.148.10.36]: SASL LOGIN authentication failed: UGFzc3dvcmQ6
Oct 26 05:43:48 vps postfix/smtpd[19755]: disconnect from unknown[45.148.10.36]
Oct 26 05:43:49 vps postfix/smtpd[23885]: connect from unknown[45.148.10.25]
Oct 26 05:43:51 vps postfix/smtpd[23885]: warning: unknown[45.148.10.25]: SASL LOGIN authentication failed: UGFzc3dvcmQ6
Oct 26 05:43:51 vps postfix/smtpd[23885]: disconnect from unknown[45.148.10.25]
Oct 26 05:43:52 vps postfix/smtpd[25854]: connect from unknown[213.209.157.167]
Oct 26 05:43:53 vps postfix/smtpd[25985]: connect from unknown[212.132.96.229]
Oct 26 05:43:56 vps postfix/smtpd[25985]: warning: unknown[212.132.96.229]: SASL LOGIN authentication failed: UGFzc3dvcmQ6
Oct 26 05:43:56 vps postfix/smtpd[25985]: disconnect from unknown[212.132.96.229]
Oct 26 05:43:59 vps postfix/smtpd[25854]: warning: unknown[213.209.157.167]: SASL LOGIN authentication failed: UGFzc3dvcmQ6
Oct 26 05:43:59 vps postfix/smtpd[25854]: disconnect from unknown[213.209.157.167]
Oct 26 05:44:11 vps postfix/smtpd[19755]: connect from unknown[213.209.157.167]
Oct 26 05:44:17 vps postfix/smtpd[23885]: connect from unknown[45.148.10.5]
Oct 26 05:44:20 vps postfix/smtpd[25854]: connect from unknown[77.90.185.87]
Oct 26 05:44:21 vps postfix/smtpd[19755]: warning: unknown[213.209.157.167]: SASL LOGIN authentication failed: UGFzc3dvcmQ6
Oct 26 05:44:21 vps postfix/smtpd[19755]: disconnect from unknown[213.209.157.167]
Oct 26 05:44:23 vps postfix/smtpd[25854]: warning: unknown[77.90.185.87]: SASL LOGIN authentication failed: UGFzc3dvcmQ6
Oct 26 05:44:23 vps postfix/smtpd[23885]: warning: unknown[45.148.10.5]: SASL LOGIN authentication failed: UGFzc3dvcmQ6
Oct 26 05:44:23 vps postfix/smtpd[25854]: disconnect from unknown[77.90.185.87]
Oct 26 05:44:24 vps postfix/smtpd[23885]: disconnect from unknown[45.148.10.5]
Oct 26 05:44:26 vps postfix/smtpd[19755]: connect from unknown[45.148.10.39]
Oct 26 05:44:29 vps postfix/smtpd[19755]: warning: unknown[45.148.10.39]: SASL LOGIN authentication failed: UGFzc3dvcmQ6
Oct 26 05:44:29 vps postfix/smtpd[19755]: disconnect from unknown[45.148.10.39]
Oct 26 05:44:54 vps postfix/smtpd[23885]: connect from unknown[45.148.10.29]
Oct 26 05:44:55 vps postfix/smtpd[19755]: connect from unknown[213.209.157.167]
Oct 26 05:44:55 vps postfix/smtpd[25854]: connect from mail-oa1-f54.google.com[209.85.160.54]
Oct 26 05:44:56 vps postfix/smtpd[25854]: Anonymous TLS connection established from mail-oa1-f54.google.com[209.85.160.54]: TLSv1.2 with cipher ECDHE-RSA-AES128-GCM-SHA256 (128/128 bits)
Oct 26 05:44:57 vps postfix/smtpd[23885]: warning: unknown[45.148.10.29]: SASL LOGIN authentication failed: UGFzc3dvcmQ6
Oct 26 05:44:57 vps postfix/smtpd[19755]: warning: unknown[213.209.157.167]: SASL LOGIN authentication failed: UGFzc3dvcmQ6
Oct 26 05:44:57 vps postfix/smtpd[19755]: disconnect from unknown[213.209.157.167]
Oct 26 05:44:57 vps postfix/smtpd[23885]: disconnect from unknown[45.148.10.29]
Oct 26 05:44:57 vps postfix/smtpd[25854]: NOQUEUE: reject: RCPT from mail-oa1-f54.google.com[209.85.160.54]: 450 4.1.1 : Recipient address rejected: User unknown in virtual mailbox table; from= to= proto=ESMTP helo=
Oct 26 05:44:57 vps postfix/smtpd[25854]: disconnect from mail-oa1-f54.google.com[209.85.160.54]
Oct 26 05:44:57 vps postfix/smtpd[25854]: disconnect from mail-oa1-f54.google.com[209.85.160.54]
Oct 26 05:45:05 vps postfix/smtpd[25985]: connect from unknown[212.132.96.229]
Oct 26 05:45:08 vps postfix/smtpd[25985]: warning: unknown[212.132.96.229]: SASL LOGIN authentication failed: UGFzc3dvcmQ6
Oct 26 05:45:08 vps postfix/smtpd[25985]: disconnect from unknown[212.132.96.229]
Oct 26 05:45:10 vps postfix/smtpd[19755]: connect from unknown[45.148.10.69]
Oct 26 05:45:15 vps postfix/smtpd[19755]: warning: unknown[45.148.10.69]: SASL LOGIN authentication failed: UGFzc3dvcmQ6
Oct 26 05:45:15 vps postfix/smtpd[19755]: disconnect from unknown[45.148.10.69]
Oct 26 05:46:07 vps postfix/smtpd[19755]: connect from unknown[45.148.10.26]
Oct 26 05:46:07 vps postfix/smtpd[23885]: connect from unknown[195.86.21.122]
Oct 26 05:46:08 vps postfix/smtpd[25854]: connect from unknown[45.148.10.31]
Oct 26 05:46:09 vps postfix/smtpd[23885]: NOQUEUE: reject: RCPT from unknown[195.86.21.122]: 454 4.7.1 Service unavailable; Client host [195.86.21.122] blocked using dnsbl-1.uceprotect.net; IP 195.86.21.122 is UCEPROTECT-Level 1 listed. See http://www.uceprotect.net/rblcheck.php?ipr=195.86.21.122; from= to= proto=ESMTP helo=
Oct 26 05:46:09 vps postfix/smtpd[23885]: disconnect from unknown[195.86.21.122]
Oct 26 05:46:09 vps postfix/smtpd[25985]: connect from unknown[182.95.176.206]
Oct 26 05:46:10 vps postfix/smtpd[19755]: warning: unknown[45.148.10.26]: SASL LOGIN authentication failed: UGFzc3dvcmQ6
Oct 26 05:46:10 vps postfix/smtpd[19755]: disconnect from unknown[45.148.10.26]
Oct 26 05:46:11 vps postfix/smtpd[25854]: warning: unknown[45.148.10.31]: SASL LOGIN authentication failed: UGFzc3dvcmQ6
Oct 26 05:46:11 vps postfix/smtpd[25854]: disconnect from unknown[45.148.10.31]
Oct 26 05:46:13 vps postfix/smtpd[25985]: warning: unknown[182.95.176.206]: SASL LOGIN authentication failed: UGFzc3dvcmQ6
Oct 26 05:46:13 vps postfix/smtpd[25985]: lost connection after AUTH from unknown[182.95.176.206]
Oct 26 05:46:13 vps postfix/smtpd[25985]: disconnect from unknown[182.95.176.206]
Oct 26 05:46:13 vps postfix/smtpd[23885]: connect from unknown[213.209.157.167]
Oct 26 05:46:16 vps postfix/smtpd[23885]: warning: unknown[213.209.157.167]: SASL LOGIN authentication failed: UGFzc3dvcmQ6
Oct 26 05:46:16 vps postfix/smtpd[23885]: disconnect from unknown[213.209.157.167]
Oct 26 05:46:23 vps postfix/smtpd[25985]: connect from unknown[212.132.96.229]
Oct 26 05:46:26 vps postfix/smtpd[25985]: warning: unknown[212.132.96.229]: SASL LOGIN authentication failed: UGFzc3dvcmQ6
Oct 26 05:46:26 vps postfix/smtpd[25985]: disconnect from unknown[212.132.96.229]
Oct 26 05:46:27 vps postfix/smtpd[19755]: connect from unknown[111.122.211.212]
Oct 26 05:46:31 vps postfix/smtpd[19755]: warning: unknown[111.122.211.212]: SASL LOGIN authentication failed: UGFzc3dvcmQ6
Oct 26 05:46:31 vps postfix/smtpd[19755]: disconnect from unknown[111.122.211.212]
Oct 26 05:46:32 vps postfix/smtpd[25854]: connect from unknown[111.122.211.212]
Oct 26 05:46:40 vps postfix/smtpd[25854]: warning: unknown[111.122.211.212]: SASL LOGIN authentication failed: UGFzc3dvcmQ6
Oct 26 05:46:40 vps postfix/smtpd[25854]: disconnect from unknown[111.122.211.212]
Oct 26 05:46:54 vps postfix/smtpd[23885]: connect from unknown[213.209.157.167]
Oct 26 05:46:57 vps postfix/smtpd[23885]: warning: unknown[213.209.157.167]: SASL LOGIN authentication failed: UGFzc3dvcmQ6
Oct 26 05:46:57 vps postfix/smtpd[23885]: disconnect from unknown[213.209.157.167]
Oct 26 05:47:05 vps postfix/smtpd[25854]: connect from unknown[193.32.162.71]
Oct 26 05:47:08 vps postfix/smtpd[25854]: warning: unknown[193.32.162.71]: SASL LOGIN authentication failed: UGFzc3dvcmQ6
Oct 26 05:47:08 vps postfix/smtpd[25854]: lost connection after AUTH from unknown[193.32.162.71]
Oct 26 05:47:08 vps postfix/smtpd[25854]: disconnect from unknown[193.32.162.71]
Oct 26 05:47:23 vps postfix/smtpd[19755]: connect from unknown[77.90.185.87]
Oct 26 05:47:26 vps postfix/smtpd[19755]: warning: unknown[77.90.185.87]: SASL LOGIN authentication failed: UGFzc3dvcmQ6
Oct 26 05:47:26 vps postfix/smtpd[19755]: disconnect from unknown[77.90.185.87]
Oct 26 05:47:26 vps postfix/smtpd[25854]: connect from unknown[213.209.157.167]
Oct 26 05:47:29 vps postfix/smtpd[25854]: warning: unknown[213.209.157.167]: SASL LOGIN authentication failed: UGFzc3dvcmQ6
Oct 26 05:47:29 vps postfix/smtpd[25854]: disconnect from unknown[213.209.157.167]
Oct 26 05:47:31 vps postfix/smtpd[23885]: connect from unknown[213.209.157.167]
Oct 26 05:47:38 vps postfix/smtpd[23885]: warning: unknown[213.209.157.167]: SASL LOGIN authentication failed: UGFzc3dvcmQ6
Oct 26 05:47:38 vps postfix/smtpd[23885]: disconnect from unknown[213.209.157.167]
Oct 26 05:47:41 vps postfix/smtpd[25985]: connect from unknown[212.132.96.229]
Oct 26 05:47:44 vps postfix/smtpd[25985]: warning: unknown[212.132.96.229]: SASL LOGIN authentication failed: UGFzc3dvcmQ6
Oct 26 05:47:44 vps postfix/smtpd[25985]: disconnect from unknown[212.132.96.229]
Oct 26 05:48:13 vps postfix/smtpd[19755]: connect from unknown[213.209.157.167]
Oct 26 05:48:16 vps postfix/smtpd[19755]: warning: unknown[213.209.157.167]: SASL LOGIN authentication failed: UGFzc3dvcmQ6
Oct 26 05:48:16 vps postfix/smtpd[19755]: disconnect from unknown[213.209.157.167]
Oct 26 05:48:34 vps postfix/smtpd[25854]: connect from unknown[213.209.157.167]
Oct 26 05:48:37 vps postfix/smtpd[25854]: warning: unknown[213.209.157.167]: SASL LOGIN authentication failed: UGFzc3dvcmQ6
Oct 26 05:48:37 vps postfix/smtpd[25854]: disconnect from unknown[213.209.157.167]
Oct 26 05:49:01 vps postfix/smtpd[25985]: connect from unknown[212.132.96.229]
Oct 26 05:49:04 vps postfix/smtpd[25985]: warning: unknown[212.132.96.229]: SASL LOGIN authentication failed: UGFzc3dvcmQ6
Oct 26 05:49:04 vps postfix/smtpd[25985]: disconnect from unknown[212.132.96.229]
Oct 26 05:49:52 vps postfix/anvil[16309]: statistics: max connection rate 3/60s for (smtp:213.209.157.167) at
Oct 26 05:44:11
Oct 26 05:49:52 vps postfix/anvil[16309]: statistics: max connection count 1 for (smtp:45.148.10.87) at
Oct 26 05:39:58
Oct 26 05:49:52 vps postfix/anvil[16309]: statistics: max cache size 8 at
Oct 26 05:44:26
Oct 26 05:50:09 vps postfix/smtpd[25854]: connect from unknown[213.209.157.167]
Oct 26 05:50:11 vps postfix/smtpd[25854]: warning: unknown[213.209.157.167]: SASL LOGIN authentication failed: UGFzc3dvcmQ6
Oct 26 05:50:11 vps postfix/smtpd[25854]: disconnect from unknown[213.209.157.167]
Oct 26 05:50:20 vps postfix/smtpd[25985]: connect from unknown[212.132.96.229]
Oct 26 05:50:22 vps postfix/smtpd[25985]: warning: unknown[212.132.96.229]: SASL LOGIN authentication failed: UGFzc3dvcmQ6
Oct 26 05:50:22 vps postfix/smtpd[25985]: disconnect from unknown[212.132.96.229]
Oct 26 05:50:32 vps postfix/smtpd[25985]: connect from 116-94-0-159.ppps.bbiq.jp[116.94.0.159]
Oct 26 05:50:35 vps postfix/smtpd[25854]: connect from unknown[213.209.157.167]
Oct 26 05:50:38 vps postfix/smtpd[25854]: warning: unknown[213.209.157.167]: SASL LOGIN authentication failed: UGFzc3dvcmQ6
Oct 26 05:50:38 vps postfix/smtpd[25985]: warning: 116-94-0-159.ppps.bbiq.jp[116.94.0.159]: SASL LOGIN authentication failed: UGFzc3dvcmQ6
Oct 26 05:50:38 vps postfix/smtpd[25854]: disconnect from unknown[213.209.157.167]
Oct 26 05:50:38 vps postfix/smtpd[25985]: lost connection after AUTH from 116-94-0-159.ppps.bbiq.jp[116.94.0.159]
Oct 26 05:50:38 vps postfix/smtpd[25985]: disconnect from 116-94-0-159.ppps.bbiq.jp[116.94.0.159]
Oct 26 05:50:47 vps postfix/smtpd[25985]: connect from unknown[103.237.86.173]
Oct 26 05:50:47 vps postfix/smtpd[25985]: Anonymous TLS connection established from unknown[103.237.86.173]: TLSv1.2 with cipher ECDHE-RSA-AES256-GCM-SHA384 (256/256 bits)
Oct 26 05:50:50 vps postfix/smtpd[25985]: warning: unknown[103.237.86.173]: SASL LOGIN authentication failed: UGFzc3dvcmQ6
Oct 26 05:50:50 vps postfix/smtpd[25985]: lost connection after AUTH from unknown[103.237.86.173]
Oct 26 05:50:50 vps postfix/smtpd[25985]: disconnect from unknown[103.237.86.173]
Oct 26 05:50:55 vps postfix/smtpd[25985]: connect from unknown[103.237.86.173]
Oct 26 05:50:55 vps postfix/smtpd[25985]: Anonymous TLS connection established from unknown[103.237.86.173]: TLSv1.2 with cipher ECDHE-RSA-AES256-GCM-SHA384 (256/256 bits)
Oct 26 05:51:01 vps postfix/smtpd[25985]: warning: unknown[103.237.86.173]: SASL LOGIN authentication failed: UGFzc3dvcmQ6
Oct 26 05:51:01 vps postfix/smtpd[25985]: lost connection after AUTH from unknown[103.237.86.173]
Oct 26 05:51:01 vps postfix/smtpd[25985]: disconnect from unknown[103.237.86.173]
Oct 26 05:51:06 vps postfix/smtpd[25985]: connect from unknown[103.237.86.173]
Oct 26 05:51:06 vps postfix/smtpd[25985]: Anonymous TLS connection established from unknown[103.237.86.173]: TLSv1.2 with cipher ECDHE-RSA-AES256-GCM-SHA384 (256/256 bits)
Oct 26 05:51:17 vps postfix/smtpd[25985]: warning: unknown[103.237.86.173]: SASL LOGIN authentication failed: UGFzc3dvcmQ6
Oct 26 05:51:17 vps postfix/smtpd[25985]: lost connection after AUTH from unknown[103.237.86.173]
Oct 26 05:51:17 vps postfix/smtpd[25985]: disconnect from unknown[103.237.86.173]
Oct 26 05:51:25 vps postfix/smtpd[25985]: connect from unknown[103.237.86.173]
Oct 26 05:51:26 vps postfix/smtpd[25985]: Anonymous TLS connection established from unknown[103.237.86.173]: TLSv1.2 with cipher ECDHE-RSA-AES256-GCM-SHA384 (256/256 bits)
Oct 26 05:51:27 vps postfix/smtpd[25854]: connect from unknown[213.209.157.167]
Oct 26 05:51:30 vps postfix/smtpd[25854]: warning: unknown[213.209.157.167]: SASL LOGIN authentication failed: UGFzc3dvcmQ6
Oct 26 05:51:30 vps postfix/smtpd[25854]: disconnect from unknown[213.209.157.167]
Oct 26 05:51:36 vps postfix/smtpd[25985]: warning: unknown[103.237.86.173]: SASL LOGIN authentication failed: Connection lost to authentication server
Oct 26 05:51:36 vps postfix/smtpd[25985]: lost connection after AUTH from unknown[103.237.86.173]
Oct 26 05:51:36 vps postfix/smtpd[25985]: disconnect from unknown[103.237.86.173]
Oct 26 05:51:37 vps postfix/smtpd[25854]: connect from unknown[213.209.157.167]
Oct 26 05:51:38 vps postfix/smtpd[3454]: connect from unknown[212.132.96.229]
Oct 26 05:51:41 vps postfix/smtpd[3454]: warning: unknown[212.132.96.229]: SASL LOGIN authentication failed: UGFzc3dvcmQ6
Oct 26 05:51:41 vps postfix/smtpd[3454]: disconnect from unknown[212.132.96.229]
Oct 26 05:51:44 vps postfix/smtpd[25985]: connect from unknown[103.237.86.173]
Oct 26 05:51:44 vps postfix/smtpd[25854]: warning: unknown[213.209.157.167]: SASL LOGIN authentication failed: UGFzc3dvcmQ6
Oct 26 05:51:44 vps postfix/smtpd[25985]: Anonymous TLS connection established from unknown[103.237.86.173]: TLSv1.2 with cipher ECDHE-RSA-AES256-GCM-SHA384 (256/256 bits)
Oct 26 05:51:44 vps postfix/smtpd[25854]: disconnect from unknown[213.209.157.167]
Oct 26 05:51:46 vps postfix/smtpd[25985]: warning: unknown[103.237.86.173]: SASL LOGIN authentication failed: UGFzc3dvcmQ6
Oct 26 05:51:46 vps postfix/smtpd[25985]: lost connection after AUTH from unknown[103.237.86.173]
Oct 26 05:51:46 vps postfix/smtpd[25985]: disconnect from unknown[103.237.86.173]
Oct 26 05:51:48 vps postfix/smtpd[25854]: connect from unknown[213.209.157.167]
Oct 26 05:51:55 vps postfix/smtpd[3454]: connect from unknown[103.237.86.173]
Oct 26 05:51:55 vps postfix/smtpd[3454]: Anonymous TLS connection established from unknown[103.237.86.173]: TLSv1.2 with cipher ECDHE-RSA-AES256-GCM-SHA384 (256/256 bits)
Oct 26 05:51:58 vps postfix/smtpd[25854]: warning: unknown[213.209.157.167]: SASL LOGIN authentication failed: UGFzc3dvcmQ6
Oct 26 05:51:58 vps postfix/smtpd[25854]: disconnect from unknown[213.209.157.167]
Oct 26 05:51:58 vps postfix/smtpd[25854]: connect from unknown[213.209.157.167]
Oct 26 05:52:02 vps postfix/smtpd[3454]: warning: unknown[103.237.86.173]: SASL LOGIN authentication failed: UGFzc3dvcmQ6
Oct 26 05:52:02 vps postfix/smtpd[3454]: lost connection after AUTH from unknown[103.237.86.173]
Oct 26 05:52:02 vps postfix/smtpd[3454]: disconnect from unknown[103.237.86.173]
Oct 26 05:52:09 vps postfix/smtpd[25854]: warning: unknown[213.209.157.167]: SASL LOGIN authentication failed: Connection lost to authentication server
Oct 26 05:52:09 vps postfix/smtpd[25854]: disconnect from unknown[213.209.157.167]
Oct 26 05:52:10 vps postfix/smtpd[25985]: connect from unknown[103.237.86.173]
Oct 26 05:52:11 vps postfix/smtpd[25985]: Anonymous TLS connection established from unknown[103.237.86.173]: TLSv1.2 with cipher ECDHE-RSA-AES256-GCM-SHA384 (256/256 bits)
Oct 26 05:52:17 vps postfix/smtps/smtpd[4197]: connect from unknown[31.171.154.133]
Oct 26 05:52:18 vps postfix/smtps/smtpd[4197]: Anonymous TLS connection established from unknown[31.171.154.133]: TLSv1.2 with cipher ECDHE-RSA-AES256-GCM-SHA384 (256/256 bits)
Oct 26 05:52:21 vps postfix/smtps/smtpd[4197]: warning: unknown[31.171.154.133]: SASL LOGIN authentication failed: UGFzc3dvcmQ6
Oct 26 05:52:21 vps postfix/smtpd[25985]: warning: unknown[103.237.86.173]: SASL LOGIN authentication failed: UGFzc3dvcmQ6
Oct 26 05:52:21 vps postfix/smtpd[25985]: lost connection after AUTH from unknown[103.237.86.173]
Oct 26 05:52:21 vps postfix/smtpd[25985]: disconnect from unknown[103.237.86.173]
Oct 26 05:52:21 vps postfix/smtps/smtpd[4197]: disconnect from unknown[31.171.154.133]
Oct 26 05:52:29 vps postfix/smtpd[3454]: connect from unknown[103.237.86.173]
Oct 26 05:52:30 vps postfix/smtpd[3454]: Anonymous TLS connection established from unknown[103.237.86.173]: TLSv1.2 with cipher ECDHE-RSA-AES256-GCM-SHA384 (256/256 bits)
Oct 26 05:52:40 vps postfix/smtpd[3454]: warning: unknown[103.237.86.173]: SASL LOGIN authentication failed: Connection lost to authentication server
Oct 26 05:52:40 vps postfix/smtpd[3454]: lost connection after AUTH from unknown[103.237.86.173]
Oct 26 05:52:40 vps postfix/smtpd[3454]: disconnect from unknown[103.237.86.173]
Oct 26 05:52:48 vps postfix/smtpd[25985]: connect from unknown[103.237.86.173]
Oct 26 05:52:49 vps postfix/smtpd[25985]: Anonymous TLS connection established from unknown[103.237.86.173]: TLSv1.2 with cipher ECDHE-RSA-AES256-GCM-SHA384 (256/256 bits)
Oct 26 05:52:51 vps postfix/smtpd[25985]: warning: unknown[103.237.86.173]: SASL LOGIN authentication failed: UGFzc3dvcmQ6
Oct 26 05:52:51 vps postfix/smtpd[25985]: lost connection after AUTH from unknown[103.237.86.173]
Oct 26 05:52:51 vps postfix/smtpd[25985]: disconnect from unknown[103.237.86.173]
Oct 26 05:52:55 vps postfix/smtpd[25854]: connect from unknown[213.209.157.167]
Oct 26 05:52:56 vps postfix/smtpd[25985]: connect from unknown[212.132.96.229]
Oct 26 05:52:57 vps postfix/smtpd[25854]: warning: unknown[213.209.157.167]: SASL LOGIN authentication failed: UGFzc3dvcmQ6
Oct 26 05:52:57 vps postfix/smtpd[25854]: disconnect from unknown[213.209.157.167]
Oct 26 05:52:59 vps postfix/smtpd[25985]: warning: unknown[212.132.96.229]: SASL LOGIN authentication failed: UGFzc3dvcmQ6
Oct 26 05:52:59 vps postfix/smtpd[25985]: disconnect from unknown[212.132.96.229]
Oct 26 05:53:00 vps postfix/smtpd[3454]: connect from unknown[103.237.86.173]
Oct 26 05:53:00 vps postfix/smtpd[3454]: Anonymous TLS connection established from unknown[103.237.86.173]: TLSv1.2 with cipher ECDHE-RSA-AES256-GCM-SHA384 (256/256 bits)
Oct 26 05:53:06 vps postfix/smtpd[3454]: warning: unknown[103.237.86.173]: SASL LOGIN authentication failed: UGFzc3dvcmQ6
Oct 26 05:53:06 vps postfix/smtpd[3454]: lost connection after AUTH from unknown[103.237.86.173]
Oct 26 05:53:06 vps postfix/smtpd[3454]: disconnect from unknown[103.237.86.173]
Oct 26 05:53:15 vps postfix/smtpd[25985]: connect from unknown[103.237.86.173]
Oct 26 05:53:15 vps postfix/smtpd[25985]: Anonymous TLS connection established from unknown[103.237.86.173]: TLSv1.2 with cipher ECDHE-RSA-AES256-GCM-SHA384 (256/256 bits)
Oct 26 05:53:25 vps postfix/smtpd[25985]: warning: unknown[103.237.86.173]: SASL LOGIN authentication failed: UGFzc3dvcmQ6
Oct 26 05:53:25 vps postfix/smtpd[25985]: lost connection after AUTH from unknown[103.237.86.173]
Oct 26 05:53:25 vps postfix/smtpd[25985]: disconnect from unknown[103.237.86.173]
Oct 26 05:53:26 vps postfix/smtpd[25854]: connect from unknown[213.209.157.167]
Oct 26 05:53:28 vps postfix/smtpd[25854]: warning: unknown[213.209.157.167]: SASL LOGIN authentication failed: UGFzc3dvcmQ6
Oct 26 05:53:28 vps postfix/smtpd[25854]: disconnect from unknown[213.209.157.167]
Oct 26 05:53:31 vps postfix/pickup[16083]: 7F27B702E9: uid=1053 from=
Oct 26 05:53:31 vps postfix/cleanup[5734]: 7F27B702E9: message-id=<20251026002331.7F27B702E9@vps.vcrowd.in>
Oct 26 05:53:31 vps opendkim[5590]: 7F27B702E9: no signing table match for 'noreply@yishglobalfirm.com'
Oct 26 05:53:31 vps opendkim[5590]: 7F27B702E9: no signature data
Oct 26 05:53:31 vps postfix/qmgr[22181]: 7F27B702E9: from=, size=1256, nrcpt=2 (queue active)
Oct 26 05:53:31 vps postfix/pipe[5740]: 7F27B702E9: to=, relay=dovecot, delay=0.23, delays=0.05/0.02/0/0.16, dsn=4.1.1, status=SOFTBOUNCE (user unknown. Command output: doveconf: Warning: /etc/dovecot/dovecot.conf line 8: Global setting ssl_cert won't change the setting inside an earlier filter at /etc/dovecot/domains/24mtcthalaimaisangam.org.conf line 2 (if this is intentional, avoid this warning by moving the global setting before /etc/dovecot/domains/24mtcthalaimaisangam.org.conf line 2) doveconf: Warning: /etc/dovecot/dovecot.conf line 9: Global setting ssl_key won't change the setting inside an earlier filter at /etc/dovecot/domains/24mtcthalaimaisangam.org.conf line 3 (if this is intentional, avoid this warning by moving the global setting before /etc/dovecot/domains/24mtcthalaimaisangam.org.conf line 3) doveconf: Warning: /etc/dovecot/dovecot.conf line 10: Global setting ssl_ca won't change the setting inside an earlier filter at /etc/dovecot/domains/24mtcthalaimaisangam.org.conf line 4 (if this is intentional, avoid this warning by moving the global setting before /etc/dovecot/domains/24mtcthalaimaisangam.org.conf line 4) )
Oct 26 05:53:33 vps postfix/smtp[5741]: 7F27B702E9: host gmail-smtp-in.l.google.com[64.233.170.27] said: 550-5.7.26 Your email has been blocked because the sender is unauthenticated. 550-5.7.26 Gmail requires all senders to authenticate with either SPF or DKIM. 550-5.7.26 550-5.7.26 Authentication results: 550-5.7.26 DKIM = did not pass 550-5.7.26 SPF [vps.vcrowd.in] with ip: [103.120.179.240] = did not pass 550-5.7.26 550-5.7.26 For instructions on setting up authentication, go to 550 5.7.26 https://support.google.com/mail/answer/81126#authentication d2e1a72fcca58-7a4155f8977si1691655b3a.398 - gsmtp (in reply to end of DATA command)
Oct 26 05:53:34 vps postfix/smtpd[3454]: connect from unknown[103.237.86.173]
Oct 26 05:53:34 vps postfix/smtpd[3454]: Anonymous TLS connection established from unknown[103.237.86.173]: TLSv1.2 with cipher ECDHE-RSA-AES256-GCM-SHA384 (256/256 bits)
Oct 26 05:53:36 vps postfix/smtp[5741]: 7F27B702E9: to=, relay=alt1.gmail-smtp-in.l.google.com[192.178.163.26]:25, delay=4.6, delays=0.05/0.03/3.9/0.68, dsn=4.7.26, status=SOFTBOUNCE (host alt1.gmail-smtp-in.l.google.com[192.178.163.26] said: 550-5.7.26 Your email has been blocked because the sender is unauthenticated. 550-5.7.26 Gmail requires all senders to authenticate with either SPF or DKIM. 550-5.7.26 550-5.7.26 Authentication results: 550-5.7.26 DKIM = did not pass 550-5.7.26 SPF [vps.vcrowd.in] with ip: [103.120.179.240] = did not pass 550-5.7.26 550-5.7.26 For instructions on setting up authentication, go to 550 5.7.26 https://support.google.com/mail/answer/81126#authentication 41be03b00d2f7-b71f72083fbsi1463283a12.1410 - gsmtp (in reply to end of DATA command))
Oct 26 05:53:38 vps postfix/smtpd[25854]: connect from unknown[196.251.92.15]
Oct 26 05:53:40 vps postfix/smtpd[25854]: warning: unknown[196.251.92.15]: SASL LOGIN authentication failed: UGFzc3dvcmQ6
Oct 26 05:53:40 vps postfix/smtpd[25854]: lost connection after AUTH from unknown[196.251.92.15]
Oct 26 05:53:40 vps postfix/smtpd[25854]: disconnect from unknown[196.251.92.15]
Oct 26 05:53:44 vps postfix/smtpd[3454]: warning: unknown[103.237.86.173]: SASL LOGIN authentication failed: Connection lost to authentication server
Oct 26 05:53:44 vps postfix/smtpd[3454]: lost connection after AUTH from unknown[103.237.86.173]
Oct 26 05:53:44 vps postfix/smtpd[3454]: disconnect from unknown[103.237.86.173]
Oct 26 05:53:53 vps postfix/smtpd[25985]: connect from unknown[103.237.86.173]
Oct 26 05:53:53 vps postfix/smtpd[25985]: Anonymous TLS connection established from unknown[103.237.86.173]: TLSv1.2 with cipher ECDHE-RSA-AES256-GCM-SHA384 (256/256 bits)
Oct 26 05:53:56 vps postfix/smtpd[25985]: warning: unknown[103.237.86.173]: SASL LOGIN authentication failed: UGFzc3dvcmQ6
Oct 26 05:53:56 vps postfix/smtpd[25985]: lost connection after AUTH from unknown[103.237.86.173]
Oct 26 05:53:56 vps postfix/smtpd[25985]: disconnect from unknown[103.237.86.173]
Oct 26 05:54:04 vps postfix/smtpd[3454]: connect from unknown[103.237.86.173]
Oct 26 05:54:05 vps postfix/smtpd[3454]: Anonymous TLS connection established from unknown[103.237.86.173]: TLSv1.2 with cipher ECDHE-RSA-AES256-GCM-SHA384 (256/256 bits)
Oct 26 05:54:11 vps postfix/smtpd[3454]: warning: unknown[103.237.86.173]: SASL LOGIN authentication failed: UGFzc3dvcmQ6
Oct 26 05:54:11 vps postfix/smtpd[3454]: lost connection after AUTH from unknown[103.237.86.173]
Oct 26 05:54:11 vps postfix/smtpd[3454]: disconnect from unknown[103.237.86.173]
Oct 26 05:54:14 vps postfix/smtpd[25854]: connect from unknown[213.209.157.167]
Oct 26 05:54:14 vps postfix/smtpd[3454]: connect from unknown[212.132.96.229]
Oct 26 05:54:17 vps postfix/smtpd[25854]: warning: unknown[213.209.157.167]: SASL LOGIN authentication failed: UGFzc3dvcmQ6
Oct 26 05:54:17 vps postfix/smtpd[3454]: warning: unknown[212.132.96.229]: SASL LOGIN authentication failed: UGFzc3dvcmQ6
Oct 26 05:54:17 vps postfix/smtpd[25854]: disconnect from unknown[213.209.157.167]
Oct 26 05:54:17 vps postfix/smtpd[3454]: disconnect from unknown[212.132.96.229]
Oct 26 05:54:19 vps postfix/smtpd[25985]: connect from unknown[103.237.86.173]
Oct 26 05:54:19 vps postfix/smtpd[25854]: connect from unknown[213.209.157.167]
Oct 26 05:54:20 vps postfix/smtpd[25985]: Anonymous TLS connection established from unknown[103.237.86.173]: TLSv1.2 with cipher ECDHE-RSA-AES256-GCM-SHA384 (256/256 bits)
Oct 26 05:54:26 vps postfix/smtpd[25854]: warning: unknown[213.209.157.167]: SASL LOGIN authentication failed: UGFzc3dvcmQ6
Oct 26 05:54:26 vps postfix/smtpd[25854]: disconnect from unknown[213.209.157.167]
Oct 26 05:54:30 vps postfix/smtpd[25985]: warning: unknown[103.237.86.173]: SASL LOGIN authentication failed: UGFzc3dvcmQ6
Oct 26 05:54:30 vps postfix/smtpd[25985]: lost connection after AUTH from unknown[103.237.86.173]
Oct 26 05:54:30 vps postfix/smtpd[25985]: disconnect from unknown[103.237.86.173]
Oct 26 05:54:35 vps postfix/smtpd[25854]: connect from unknown[213.209.157.167]
Oct 26 05:54:39 vps postfix/smtpd[3454]: connect from unknown[103.237.86.173]
Oct 26 05:54:39 vps postfix/smtpd[3454]: Anonymous TLS connection established from unknown[103.237.86.173]: TLSv1.2 with cipher ECDHE-RSA-AES256-GCM-SHA384 (256/256 bits)
Oct 26 05:54:43 vps postfix/pickup[16083]: 51D943718BF: uid=0 from=
Oct 26 05:54:43 vps postfix/cleanup[5734]: 51D943718BF: message-id=<20251026002443.51D943718BF@vps.vcrowd.in>
Oct 26 05:54:43 vps opendkim[5590]: 51D943718BF: no signing table match for 'root@vps.vcrowd.in'
Oct 26 05:54:43 vps opendkim[5590]: 51D943718BF: no signature data
Oct 26 05:54:43 vps postfix/qmgr[22181]: 51D943718BF: from=, size=908, nrcpt=1 (queue active)
Oct 26 05:54:43 vps postfix/local[7608]: 51D943718BF: to=, relay=local, delay=8.5, delays=8.5/0.02/0/0, dsn=2.0.0, status=sent (delivered to mailbox)
Oct 26 05:54:43 vps postfix/qmgr[22181]: 51D943718BF: removed
Oct 26 05:54:46 vps postfix/smtpd[25854]: warning: unknown[213.209.157.167]: SASL LOGIN authentication failed: UGFzc3dvcmQ6
Oct 26 05:54:46 vps postfix/smtpd[25854]: disconnect from unknown[213.209.157.167]
Oct 26 05:54:49 vps postfix/smtpd[3454]: warning: unknown[103.237.86.173]: SASL LOGIN authentication failed: Connection lost to authentication server
Oct 26 05:54:49 vps postfix/smtpd[3454]: lost connection after AUTH from unknown[103.237.86.173]
Oct 26 05:54:49 vps postfix/smtpd[3454]: disconnect from unknown[103.237.86.173]
Oct 26 05:54:58 vps postfix/smtpd[25985]: connect from unknown[103.237.86.173]
Oct 26 05:54:58 vps postfix/smtpd[25985]: Anonymous TLS connection established from unknown[103.237.86.173]: TLSv1.2 with cipher ECDHE-RSA-AES256-GCM-SHA384 (256/256 bits)
Oct 26 05:55:01 vps postfix/smtpd[25985]: warning: unknown[103.237.86.173]: SASL LOGIN authentication failed: UGFzc3dvcmQ6
Oct 26 05:55:01 vps postfix/smtpd[25985]: lost connection after AUTH from unknown[103.237.86.173]
Oct 26 05:55:01 vps postfix/smtpd[25985]: disconnect from unknown[103.237.86.173]
Oct 26 05:55:02 vps postfix/smtpd[25854]: connect from unknown[213.209.157.167]
Oct 26 05:55:05 vps postfix/smtpd[25854]: warning: unknown[213.209.157.167]: SASL LOGIN authentication failed: UGFzc3dvcmQ6
Oct 26 05:55:05 vps postfix/smtpd[25854]: disconnect from unknown[213.209.157.167]
Oct 26 05:55:10 vps postfix/smtpd[3454]: connect from unknown[103.237.86.173]
Oct 26 05:55:11 vps postfix/smtpd[3454]: Anonymous TLS connection established from unknown[103.237.86.173]: TLSv1.2 with cipher ECDHE-RSA-AES256-GCM-SHA384 (256/256 bits)
Oct 26 05:55:24 vps postfix/smtpd[3454]: warning: unknown[103.237.86.173]: SASL LOGIN authentication failed: UGFzc3dvcmQ6
Oct 26 05:55:25 vps postfix/smtpd[25854]: connect from unknown[213.209.157.167]
Oct 26 05:55:25 vps postfix/smtpd[3454]: lost connection after AUTH from unknown[103.237.86.173]
Oct 26 05:55:25 vps postfix/smtpd[3454]: disconnect from unknown[103.237.86.173]
Oct 26 05:55:39 vps postfix/smtpd[10206]: connect from unknown[62.60.131.124]
Oct 26 05:55:39 vps postfix/smtpd[3454]: connect from unknown[212.132.96.229]
Oct 26 05:55:39 vps postfix/smtpd[25854]: warning: unknown[213.209.157.167]: SASL LOGIN authentication failed: UGFzc3dvcmQ6
Oct 26 05:55:39 vps postfix/smtpd[25854]: disconnect from unknown[213.209.157.167]
Oct 26 05:55:39 vps postfix/smtpd[25985]: connect from unknown[103.237.86.173]
Oct 26 05:55:39 vps postfix/smtpd[10206]: warning: unknown[62.60.131.124]: SASL LOGIN authentication failed: UGFzc3dvcmQ6
Oct 26 05:55:39 vps postfix/smtpd[10206]: disconnect from unknown[62.60.131.124]
Oct 26 05:55:39 vps postfix/smtpd[25985]: Anonymous TLS connection established from unknown[103.237.86.173]: TLSv1.2 with cipher ECDHE-RSA-AES256-GCM-SHA384 (256/256 bits)
Oct 26 05:55:39 vps postfix/smtpd[3454]: warning: unknown[212.132.96.229]: SASL LOGIN authentication failed: UGFzc3dvcmQ6
Oct 26 05:55:39 vps postfix/smtpd[3454]: disconnect from unknown[212.132.96.229]
Oct 26 05:55:40 vps postfix/smtpd[25985]: warning: unknown[103.237.86.173]: SASL LOGIN authentication failed: UGFzc3dvcmQ6
Oct 26 05:55:40 vps postfix/smtpd[25985]: lost connection after AUTH from unknown[103.237.86.173]
Oct 26 05:55:40 vps postfix/smtpd[25985]: disconnect from unknown[103.237.86.173]
Oct 26 05:55:47 vps postfix/smtpd[3454]: connect from unknown[103.237.86.173]
Oct 26 05:55:48 vps postfix/smtpd[3454]: Anonymous TLS connection established from unknown[103.237.86.173]: TLSv1.2 with cipher ECDHE-RSA-AES256-GCM-SHA384 (256/256 bits)
Oct 26 05:55:48 vps postfix/smtpd[25854]: connect from unknown[213.209.157.225]
Oct 26 05:55:51 vps postfix/smtpd[25854]: warning: unknown[213.209.157.225]: SASL LOGIN authentication failed: UGFzc3dvcmQ6
Oct 26 05:55:51 vps postfix/smtpd[25854]: disconnect from unknown[213.209.157.225]
Oct 26 05:55:54 vps postfix/smtpd[3454]: warning: unknown[103.237.86.173]: SASL LOGIN authentication failed: UGFzc3dvcmQ6
Oct 26 05:55:54 vps postfix/smtpd[3454]: lost connection after AUTH from unknown[103.237.86.173]
Oct 26 05:55:54 vps postfix/smtpd[3454]: disconnect from unknown[103.237.86.173]
Oct 26 05:55:54 vps postfix/smtpd[10206]: connect from unknown[213.209.157.167]
Oct 26 05:55:57 vps postfix/smtpd[10206]: warning: unknown[213.209.157.167]: SASL LOGIN authentication failed: UGFzc3dvcmQ6
Oct 26 05:55:57 vps postfix/smtpd[10206]: disconnect from unknown[213.209.157.167]
Oct 26 05:56:02 vps postfix/pickup[16083]: 2565D20E814: uid=0 from=
Oct 26 05:56:02 vps postfix/cleanup[5734]: 2565D20E814: message-id=<20251026002602.2565D20E814@vps.vcrowd.in>
Oct 26 05:56:02 vps opendkim[5590]: 2565D20E814: no signing table match for 'root@vps.vcrowd.in'
Oct 26 05:56:02 vps opendkim[5590]: 2565D20E814: no signature data
Oct 26 05:56:02 vps postfix/qmgr[22181]: 2565D20E814: from=, size=522, nrcpt=1 (queue active)
Oct 26 05:56:05 vps postfix/smtpd[25854]: connect from unknown[213.209.157.167]
Oct 26 05:56:11 vps postfix/smtpd[25854]: warning: unknown[213.209.157.167]: SASL LOGIN authentication failed: UGFzc3dvcmQ6
Oct 26 05:56:11 vps postfix/smtpd[25854]: disconnect from unknown[213.209.157.167]
Oct 26 05:56:31 vps postfix/smtpd[10206]: connect from unknown[14.6.16.137]
Oct 26 05:56:32 vps postfix/smtp[12470]: connect to hostingraja.info[103.92.235.73]:25: Connection timed out
Oct 26 05:56:32 vps postfix/smtp[12470]: 2565D20E814: to=, relay=none, delay=31, delays=0.3/0.25/30/0, dsn=4.4.1, status=deferred (connect to hostingraja.info[103.92.235.73]:25: Connection timed out)
Oct 26 05:56:36 vps postfix/smtpd[10206]: warning: unknown[14.6.16.137]: SASL LOGIN authentication failed: UGFzc3dvcmQ6
Oct 26 05:56:37 vps postfix/smtpd[10206]: lost connection after AUTH from unknown[14.6.16.137]
Oct 26 05:56:37 vps postfix/smtpd[10206]: disconnect from unknown[14.6.16.137]
Oct 26 05:56:53 vps postfix/smtpd[25985]: connect from unknown[212.132.96.229]
Oct 26 05:56:56 vps postfix/smtpd[25985]: warning: unknown[212.132.96.229]: SASL LOGIN authentication failed: UGFzc3dvcmQ6
Oct 26 05:56:56 vps postfix/smtpd[25985]: disconnect from unknown[212.132.96.229]
Oct 26 05:56:59 vps postfix/smtpd[25854]: connect from teds.organicvalues.info[96.31.94.167]
Oct 26 05:57:00 vps postfix/smtpd[25854]: Anonymous TLS connection established from teds.organicvalues.info[96.31.94.167]: TLSv1.2 with cipher ADH-AES256-GCM-SHA384 (256/256 bits)
Oct 26 05:57:01 vps postfix/smtpd[25854]: NOQUEUE: reject: RCPT from teds.organicvalues.info[96.31.94.167]: 450 4.1.1 : Recipient address rejected: User unknown in virtual mailbox table; from= to= proto=ESMTP helo=
Oct 26 05:57:01 vps postfix/smtpd[25854]: disconnect from teds.organicvalues.info[96.31.94.167]
Oct 26 05:57:55 vps postfix/smtpd[10206]: warning: hostname b4-stop.shop does not resolve to address 78.135.110.226: Name or service not known
Oct 26 05:57:55 vps postfix/smtpd[10206]: connect from unknown[78.135.110.226]
Oct 26 05:57:56 vps postfix/smtpd[10206]: Anonymous TLS connection established from unknown[78.135.110.226]: TLSv1.2 with cipher ECDHE-RSA-AES256-GCM-SHA384 (256/256 bits)
Oct 26 05:57:56 vps postfix/smtpd[10206]: NOQUEUE: reject: RCPT from unknown[78.135.110.226]: 454 4.7.1 Service unavailable; Client host [78.135.110.226] blocked using bl.spamcop.net; Blocked - see https://www.spamcop.net/bl.shtml?78.135.110.226; from= to= proto=ESMTP helo=
Oct 26 05:57:57 vps postfix/smtpd[10206]: disconnect from unknown[78.135.110.226]
Oct 26 05:58:01 vps postfix/pickup[16083]: C7A8420E81C: uid=0 from=
Oct 26 05:58:01 vps postfix/cleanup[16840]: C7A8420E81C: message-id=<20251026002801.C7A8420E81C@vps.vcrowd.in>
Oct 26 05:58:01 vps opendkim[5590]: C7A8420E81C: no signing table match for 'root@vps.vcrowd.in'
Oct 26 05:58:01 vps opendkim[5590]: C7A8420E81C: no signature data
Oct 26 05:58:01 vps postfix/qmgr[22181]: C7A8420E81C: from=, size=522, nrcpt=1 (queue active)
Oct 26 05:58:10 vps postfix/smtpd[25854]: connect from unknown[213.209.157.167]
Oct 26 05:58:11 vps postfix/smtpd[25985]: connect from unknown[212.132.96.229]
Oct 26 05:58:13 vps postfix/smtpd[25854]: warning: unknown[213.209.157.167]: SASL LOGIN authentication failed: UGFzc3dvcmQ6
Oct 26 05:58:13 vps postfix/smtpd[25985]: warning: unknown[212.132.96.229]: SASL LOGIN authentication failed: UGFzc3dvcmQ6
Oct 26 05:58:13 vps postfix/smtpd[25854]: disconnect from unknown[213.209.157.167]
Oct 26 05:58:13 vps postfix/smtpd[25985]: disconnect from unknown[212.132.96.229]
Oct 26 05:58:16 vps postfix/smtpd[10206]: connect from unknown[213.209.157.167]
Oct 26 05:58:22 vps postfix/smtpd[10206]: warning: unknown[213.209.157.167]: SASL LOGIN authentication failed: UGFzc3dvcmQ6
Oct 26 05:58:22 vps postfix/smtpd[10206]: disconnect from unknown[213.209.157.167]
Oct 26 05:58:26 vps postfix/smtpd[25854]: connect from unknown[193.32.162.71]
Oct 26 05:58:29 vps postfix/smtpd[25854]: warning: unknown[193.32.162.71]: SASL LOGIN authentication failed: UGFzc3dvcmQ6
Oct 26 05:58:29 vps postfix/smtpd[25854]: lost connection after AUTH from unknown[193.32.162.71]
Oct 26 05:58:29 vps postfix/smtpd[25854]: disconnect from unknown[193.32.162.71]
Oct 26 05:58:31 vps postfix/smtp[12470]: connect to hostingraja.info[103.92.235.73]:25: Connection timed out
Oct 26 05:58:31 vps postfix/smtp[12470]: C7A8420E81C: to=, relay=none, delay=30, delays=0.05/0/30/0, dsn=4.4.1, status=deferred (connect to hostingraja.info[103.92.235.73]:25: Connection timed out)
Oct 26 05:58:51 vps postfix/smtpd[10206]: connect from unknown[218.75.77.202]
Oct 26 05:58:53 vps postfix/smtpd[10206]: Anonymous TLS connection established from unknown[218.75.77.202]: TLSv1.2 with cipher ECDHE-RSA-AES256-SHA384 (256/256 bits)
Oct 26 05:59:02 vps postfix/smtpd[10206]: NOQUEUE: reject: RCPT from unknown[218.75.77.202]: 454 4.7.1 Service unavailable; Client host [218.75.77.202] blocked using bl.spamcop.net; Blocked - see https://www.spamcop.net/bl.shtml?218.75.77.202; from= to= proto=ESMTP helo=
Oct 26 05:59:02 vps postfix/smtpd[10206]: disconnect from unknown[218.75.77.202]
Oct 26 05:59:09 vps postfix/smtpd[25854]: connect from unknown[213.209.157.167]
Oct 26 05:59:11 vps postfix/smtpd[25854]: warning: unknown[213.209.157.167]: SASL LOGIN authentication failed: UGFzc3dvcmQ6
