Oct 26 17:47:57 vps postfix/smtpd[31233]: lost connection after AUTH from unknown[89.38.102.187]
Oct 26 17:47:57 vps postfix/smtpd[31233]: disconnect from unknown[89.38.102.187]
Oct 26 17:48:01 vps postfix/smtpd[15639]: connect from unknown[213.209.157.167]
Oct 26 17:48:03 vps postfix/smtpd[15639]: warning: unknown[213.209.157.167]: SASL LOGIN authentication failed: UGFzc3dvcmQ6
Oct 26 17:48:03 vps postfix/smtpd[15639]: disconnect from unknown[213.209.157.167]
Oct 26 17:48:20 vps postfix/smtpd[15639]: connect from unknown[213.209.157.167]
Oct 26 17:48:23 vps postfix/smtpd[15639]: warning: unknown[213.209.157.167]: SASL LOGIN authentication failed: UGFzc3dvcmQ6
Oct 26 17:48:23 vps postfix/smtpd[15639]: disconnect from unknown[213.209.157.167]
Oct 26 17:48:41 vps postfix/smtpd[31233]: connect from unknown[212.132.96.229]
Oct 26 17:48:43 vps postfix/smtpd[31233]: warning: unknown[212.132.96.229]: SASL LOGIN authentication failed: UGFzc3dvcmQ6
Oct 26 17:48:43 vps postfix/smtpd[31233]: disconnect from unknown[212.132.96.229]
Oct 26 17:48:48 vps postfix/smtpd[15639]: connect from unknown[213.209.157.167]
Oct 26 17:48:51 vps postfix/smtpd[15639]: warning: unknown[213.209.157.167]: SASL LOGIN authentication failed: UGFzc3dvcmQ6
Oct 26 17:48:51 vps postfix/smtpd[15639]: disconnect from unknown[213.209.157.167]
Oct 26 17:49:03 vps postfix/smtpd[15639]: connect from unknown[213.209.157.167]
Oct 26 17:49:10 vps postfix/smtpd[15639]: warning: unknown[213.209.157.167]: SASL LOGIN authentication failed: UGFzc3dvcmQ6
Oct 26 17:49:10 vps postfix/smtpd[15639]: disconnect from unknown[213.209.157.167]
Oct 26 17:49:27 vps postfix/smtpd[15639]: connect from unknown[213.209.157.252]
Oct 26 17:49:29 vps postfix/smtpd[15639]: warning: unknown[213.209.157.252]: SASL LOGIN authentication failed: UGFzc3dvcmQ6
Oct 26 17:49:29 vps postfix/smtpd[15639]: disconnect from unknown[213.209.157.252]
Oct 26 17:49:37 vps postfix/smtpd[15639]: connect from unknown[213.209.157.167]
Oct 26 17:49:40 vps postfix/smtpd[15639]: warning: unknown[213.209.157.167]: SASL LOGIN authentication failed: UGFzc3dvcmQ6
Oct 26 17:49:40 vps postfix/smtpd[15639]: disconnect from unknown[213.209.157.167]
Oct 26 17:49:46 vps postfix/smtpd[15639]: connect from unknown[213.209.157.167]
Oct 26 17:49:52 vps postfix/anvil[16309]: statistics: max connection rate 4/60s for (smtp:213.209.157.167) at
Oct 26 17:44:36
Oct 26 17:49:52 vps postfix/anvil[16309]: statistics: max connection count 1 for (smtp:45.148.10.90) at
Oct 26 17:40:16
Oct 26 17:49:52 vps postfix/anvil[16309]: statistics: max cache size 4 at
Oct 26 17:41:47
Oct 26 17:49:52 vps postfix/smtpd[15639]: warning: unknown[213.209.157.167]: SASL LOGIN authentication failed: UGFzc3dvcmQ6
Oct 26 17:49:52 vps postfix/smtpd[15639]: disconnect from unknown[213.209.157.167]
Oct 26 17:50:00 vps postfix/smtpd[31233]: connect from unknown[212.132.96.229]
Oct 26 17:50:02 vps postfix/smtpd[31233]: warning: unknown[212.132.96.229]: SASL LOGIN authentication failed: UGFzc3dvcmQ6
Oct 26 17:50:02 vps postfix/smtpd[31233]: disconnect from unknown[212.132.96.229]
Oct 26 17:50:25 vps postfix/smtpd[15639]: connect from unknown[77.90.185.87]
Oct 26 17:50:28 vps postfix/smtpd[15639]: warning: unknown[77.90.185.87]: SASL LOGIN authentication failed: UGFzc3dvcmQ6
Oct 26 17:50:28 vps postfix/smtpd[15639]: disconnect from unknown[77.90.185.87]
Oct 26 17:50:55 vps postfix/smtpd[15639]: connect from unknown[213.209.157.167]
Oct 26 17:50:57 vps postfix/smtpd[15639]: warning: unknown[213.209.157.167]: SASL LOGIN authentication failed: UGFzc3dvcmQ6
Oct 26 17:50:57 vps postfix/smtpd[15639]: disconnect from unknown[213.209.157.167]
Oct 26 17:51:03 vps postfix/smtpd[15639]: connect from unknown[152.52.93.84]
Oct 26 17:51:08 vps postfix/smtpd[15639]: warning: unknown[152.52.93.84]: SASL LOGIN authentication failed: UGFzc3dvcmQ6
Oct 26 17:51:08 vps postfix/pickup[16415]: 4FE746F4BB: uid=1062 from=
Oct 26 17:51:08 vps postfix/cleanup[30703]: 4FE746F4BB: message-id=<20251026122108.4FE746F4BB@vps.vcrowd.in>
Oct 26 17:51:08 vps opendkim[5590]: 4FE746F4BB: no signing table match for '"info@gvkennel"@gmail.com'
Oct 26 17:51:08 vps opendkim[5590]: 4FE746F4BB: no signature data
Oct 26 17:51:08 vps postfix/qmgr[22181]: 4FE746F4BB: from=, size=927, nrcpt=1 (queue active)
Oct 26 17:51:08 vps postfix/smtpd[15639]: lost connection after AUTH from unknown[152.52.93.84]
Oct 26 17:51:08 vps postfix/smtpd[15639]: disconnect from unknown[152.52.93.84]
Oct 26 17:51:08 vps postfix/pickup[16415]: D040B3718C6: uid=1062 from=
Oct 26 17:51:08 vps postfix/cleanup[30703]: D040B3718C6: message-id=<20251026122108.D040B3718C6@vps.vcrowd.in>
Oct 26 17:51:08 vps opendkim[5590]: D040B3718C6: no signing table match for '"info@gvkennel"@gmail.com'
Oct 26 17:51:08 vps opendkim[5590]: D040B3718C6: no signature data
Oct 26 17:51:08 vps postfix/qmgr[22181]: D040B3718C6: from=, size=1258, nrcpt=1 (queue active)
Oct 26 17:51:10 vps postfix/smtp[30711]: 4FE746F4BB: host gmail-smtp-in.l.google.com[64.233.170.27] said: 550-5.7.26 Your email has been blocked because the sender is unauthenticated. 550-5.7.26 Gmail requires all senders to authenticate with either SPF or DKIM. 550-5.7.26 550-5.7.26 Authentication results: 550-5.7.26 DKIM = did not pass 550-5.7.26 SPF [vps.vcrowd.in] with ip: [103.120.179.240] = did not pass 550-5.7.26 550-5.7.26 For instructions on setting up authentication, go to 550 5.7.26 https://support.google.com/mail/answer/81126#authentication d9443c01a7336-2949aaee5e5si23826075ad.347 - gsmtp (in reply to end of DATA command)
Oct 26 17:51:10 vps postfix/smtp[30735]: D040B3718C6: host gmail-smtp-in.l.google.com[64.233.170.27] said: 550-5.7.26 Your email has been blocked because the sender is unauthenticated. 550-5.7.26 Gmail requires all senders to authenticate with either SPF or DKIM. 550-5.7.26 550-5.7.26 Authentication results: 550-5.7.26 DKIM = did not pass 550-5.7.26 SPF [vps.vcrowd.in] with ip: [103.120.179.240] = did not pass 550-5.7.26 550-5.7.26 For instructions on setting up authentication, go to 550 5.7.26 https://support.google.com/mail/answer/81126#authentication d9443c01a7336-2949aaf1026si22870255ad.368 - gsmtp (in reply to end of DATA command)
Oct 26 17:51:13 vps postfix/smtp[30735]: D040B3718C6: to=, relay=alt1.gmail-smtp-in.l.google.com[192.178.163.26]:25, delay=4.5, delays=0.02/0.02/3.6/0.84, dsn=4.7.26, status=SOFTBOUNCE (host alt1.gmail-smtp-in.l.google.com[192.178.163.26] said: 550-5.7.26 Your email has been blocked because the sender is unauthenticated. 550-5.7.26 Gmail requires all senders to authenticate with either SPF or DKIM. 550-5.7.26 550-5.7.26 Authentication results: 550-5.7.26 DKIM = did not pass 550-5.7.26 SPF [vps.vcrowd.in] with ip: [103.120.179.240] = did not pass 550-5.7.26 550-5.7.26 For instructions on setting up authentication, go to 550 5.7.26 https://support.google.com/mail/answer/81126#authentication d2e1a72fcca58-7a41569604fsi2235477b3a.1005 - gsmtp (in reply to end of DATA command))
Oct 26 17:51:13 vps postfix/smtp[30711]: 4FE746F4BB: to=, relay=alt1.gmail-smtp-in.l.google.com[192.178.163.26]:25, delay=5, delays=0.07/0.03/4.2/0.76, dsn=4.7.26, status=SOFTBOUNCE (host alt1.gmail-smtp-in.l.google.com[192.178.163.26] said: 550-5.7.26 Your email has been blocked because the sender is unauthenticated. 550-5.7.26 Gmail requires all senders to authenticate with either SPF or DKIM. 550-5.7.26 550-5.7.26 Authentication results: 550-5.7.26 DKIM = did not pass 550-5.7.26 SPF [vps.vcrowd.in] with ip: [103.120.179.240] = did not pass 550-5.7.26 550-5.7.26 For instructions on setting up authentication, go to 550 5.7.26 https://support.google.com/mail/answer/81126#authentication 41be03b00d2f7-b71eafa6eecsi2208962a12.338 - gsmtp (in reply to end of DATA command))
Oct 26 17:51:18 vps postfix/smtpd[31233]: connect from unknown[212.132.96.229]
Oct 26 17:51:21 vps postfix/smtpd[31233]: warning: unknown[212.132.96.229]: SASL LOGIN authentication failed: UGFzc3dvcmQ6
Oct 26 17:51:21 vps postfix/smtpd[31233]: disconnect from unknown[212.132.96.229]
Oct 26 17:51:49 vps postfix/smtpd[15639]: connect from unknown[213.209.157.167]
Oct 26 17:51:51 vps postfix/smtpd[15639]: warning: unknown[213.209.157.167]: SASL LOGIN authentication failed: UGFzc3dvcmQ6
Oct 26 17:51:51 vps postfix/smtpd[15639]: disconnect from unknown[213.209.157.167]
Oct 26 17:51:55 vps postfix/smtpd[15639]: connect from unknown[62.60.131.124]
Oct 26 17:51:57 vps postfix/smtpd[15639]: warning: unknown[62.60.131.124]: SASL LOGIN authentication failed: UGFzc3dvcmQ6
Oct 26 17:51:57 vps postfix/smtpd[15639]: disconnect from unknown[62.60.131.124]
Oct 26 17:52:39 vps postfix/smtpd[31233]: connect from unknown[212.132.96.229]
Oct 26 17:52:42 vps postfix/smtpd[31233]: warning: unknown[212.132.96.229]: SASL LOGIN authentication failed: UGFzc3dvcmQ6
Oct 26 17:52:42 vps postfix/smtpd[31233]: disconnect from unknown[212.132.96.229]
Oct 26 17:53:05 vps postfix/smtpd[15639]: connect from unknown[77.90.185.220]
Oct 26 17:53:08 vps postfix/smtpd[15639]: warning: unknown[77.90.185.220]: SASL LOGIN authentication failed: UGFzc3dvcmQ6
Oct 26 17:53:08 vps postfix/smtpd[15639]: disconnect from unknown[77.90.185.220]
Oct 26 17:53:57 vps postfix/smtpd[31233]: connect from unknown[212.132.96.229]
Oct 26 17:53:59 vps postfix/smtpd[31233]: warning: unknown[212.132.96.229]: SASL LOGIN authentication failed: UGFzc3dvcmQ6
Oct 26 17:53:59 vps postfix/smtpd[31233]: disconnect from unknown[212.132.96.229]
Oct 26 17:54:44 vps postfix/smtpd[15639]: connect from unknown[213.209.157.167]
Oct 26 17:54:47 vps postfix/smtpd[15639]: warning: unknown[213.209.157.167]: SASL LOGIN authentication failed: UGFzc3dvcmQ6
Oct 26 17:54:47 vps postfix/smtpd[15639]: disconnect from unknown[213.209.157.167]
Oct 26 17:55:16 vps postfix/smtpd[31233]: connect from unknown[212.132.96.229]
Oct 26 17:55:19 vps postfix/smtpd[31233]: warning: unknown[212.132.96.229]: SASL LOGIN authentication failed: UGFzc3dvcmQ6
Oct 26 17:55:19 vps postfix/smtpd[31233]: disconnect from unknown[212.132.96.229]
Oct 26 17:55:26 vps postfix/smtpd[15639]: connect from unknown[77.90.185.87]
Oct 26 17:55:29 vps postfix/smtpd[15639]: warning: unknown[77.90.185.87]: SASL LOGIN authentication failed: UGFzc3dvcmQ6
Oct 26 17:55:29 vps postfix/smtpd[15639]: disconnect from unknown[77.90.185.87]
Oct 26 17:56:15 vps postfix/smtpd[15639]: connect from unknown[213.209.157.167]
Oct 26 17:56:18 vps postfix/smtpd[15639]: warning: unknown[213.209.157.167]: SASL LOGIN authentication failed: UGFzc3dvcmQ6
Oct 26 17:56:18 vps postfix/smtpd[15639]: disconnect from unknown[213.209.157.167]
Oct 26 17:56:33 vps postfix/smtpd[15639]: connect from unknown[213.209.157.167]
Oct 26 17:56:35 vps postfix/smtpd[31233]: connect from unknown[212.132.96.229]
Oct 26 17:56:35 vps postfix/smtpd[15639]: warning: unknown[213.209.157.167]: SASL LOGIN authentication failed: UGFzc3dvcmQ6
Oct 26 17:56:35 vps postfix/smtpd[15639]: disconnect from unknown[213.209.157.167]
Oct 26 17:56:38 vps postfix/smtpd[31233]: warning: unknown[212.132.96.229]: SASL LOGIN authentication failed: UGFzc3dvcmQ6
Oct 26 17:56:38 vps postfix/smtpd[31233]: disconnect from unknown[212.132.96.229]
Oct 26 17:56:48 vps postfix/smtpd[15639]: connect from unknown[124.65.160.234]
Oct 26 17:56:53 vps postfix/smtpd[15639]: warning: unknown[124.65.160.234]: SASL LOGIN authentication failed: UGFzc3dvcmQ6
Oct 26 17:56:54 vps postfix/smtpd[15639]: lost connection after AUTH from unknown[124.65.160.234]
Oct 26 17:56:54 vps postfix/smtpd[15639]: disconnect from unknown[124.65.160.234]
Oct 26 17:57:11 vps postfix/smtpd[15639]: connect from unknown[77.90.185.220]
Oct 26 17:57:14 vps postfix/smtpd[15639]: warning: unknown[77.90.185.220]: SASL LOGIN authentication failed: UGFzc3dvcmQ6
Oct 26 17:57:14 vps postfix/smtpd[15639]: disconnect from unknown[77.90.185.220]
Oct 26 17:57:55 vps postfix/smtpd[31233]: connect from unknown[212.132.96.229]
Oct 26 17:57:58 vps postfix/smtpd[31233]: warning: unknown[212.132.96.229]: SASL LOGIN authentication failed: UGFzc3dvcmQ6
Oct 26 17:57:58 vps postfix/smtpd[31233]: disconnect from unknown[212.132.96.229]
Oct 26 17:58:13 vps postfix/smtpd[15639]: connect from unknown[213.209.157.167]
Oct 26 17:58:15 vps postfix/smtpd[15639]: warning: unknown[213.209.157.167]: SASL LOGIN authentication failed: UGFzc3dvcmQ6
Oct 26 17:58:15 vps postfix/smtpd[15639]: disconnect from unknown[213.209.157.167]
Oct 26 17:58:29 vps postfix/smtpd[15639]: connect from unknown[213.209.157.167]
Oct 26 17:58:32 vps postfix/smtpd[15639]: warning: unknown[213.209.157.167]: SASL LOGIN authentication failed: UGFzc3dvcmQ6
Oct 26 17:58:32 vps postfix/smtpd[15639]: disconnect from unknown[213.209.157.167]
Oct 26 17:58:48 vps postfix/smtpd[15639]: connect from unknown[213.209.157.167]
Oct 26 17:58:51 vps postfix/smtpd[15639]: warning: unknown[213.209.157.167]: SASL LOGIN authentication failed: UGFzc3dvcmQ6
Oct 26 17:58:51 vps postfix/smtpd[15639]: disconnect from unknown[213.209.157.167]
Oct 26 17:59:10 vps postfix/smtpd[31233]: connect from unknown[212.132.96.229]
Oct 26 17:59:13 vps postfix/smtpd[31233]: warning: unknown[212.132.96.229]: SASL LOGIN authentication failed: UGFzc3dvcmQ6
Oct 26 17:59:13 vps postfix/smtpd[31233]: disconnect from unknown[212.132.96.229]
Oct 26 17:59:29 vps postfix/smtpd[15639]: connect from unknown[77.90.185.220]
Oct 26 17:59:32 vps postfix/smtpd[15639]: warning: unknown[77.90.185.220]: SASL LOGIN authentication failed: UGFzc3dvcmQ6
Oct 26 17:59:32 vps postfix/smtpd[15639]: disconnect from unknown[77.90.185.220]
Oct 26 17:59:52 vps postfix/anvil[16309]: statistics: max connection rate 3/60s for (smtp:213.209.157.167) at
Oct 26 17:58:48
Oct 26 17:59:52 vps postfix/anvil[16309]: statistics: max connection count 1 for (submission:212.132.96.229) at
Oct 26 17:50:00
Oct 26 17:59:52 vps postfix/anvil[16309]: statistics: max cache size 4 at
Oct 26 17:50:25
Oct 26 18:00:14 vps postfix/smtpd[31233]: connect from unknown[123.58.215.72]
Oct 26 18:00:17 vps postfix/smtpd[31233]: warning: unknown[123.58.215.72]: SASL LOGIN authentication failed: UGFzc3dvcmQ6
Oct 26 18:00:17 vps postfix/smtpd[31233]: disconnect from unknown[123.58.215.72]
Oct 26 18:00:25 vps postfix/qmgr[22181]: D040B3718C6: from=, size=1258, nrcpt=1 (queue active)
Oct 26 18:00:25 vps postfix/qmgr[22181]: 4FE746F4BB: from=, size=927, nrcpt=1 (queue active)
Oct 26 18:00:27 vps postfix/smtp[13097]: 4FE746F4BB: host gmail-smtp-in.l.google.com[64.233.170.27] said: 550-5.7.26 Your email has been blocked because the sender is unauthenticated. 550-5.7.26 Gmail requires all senders to authenticate with either SPF or DKIM. 550-5.7.26 550-5.7.26 Authentication results: 550-5.7.26 DKIM = did not pass 550-5.7.26 SPF [vps.vcrowd.in] with ip: [103.120.179.240] = did not pass 550-5.7.26 550-5.7.26 For instructions on setting up authentication, go to 550 5.7.26 https://support.google.com/mail/answer/81126#authentication 98e67ed59e1d1-33fee293168si2184046a91.55 - gsmtp (in reply to end of DATA command)
Oct 26 18:00:28 vps postfix/smtp[13095]: D040B3718C6: host gmail-smtp-in.l.google.com[64.233.170.27] said: 550-5.7.26 Your email has been blocked because the sender is unauthenticated. 550-5.7.26 Gmail requires all senders to authenticate with either SPF or DKIM. 550-5.7.26 550-5.7.26 Authentication results: 550-5.7.26 DKIM = did not pass 550-5.7.26 SPF [vps.vcrowd.in] with ip: [103.120.179.240] = did not pass 550-5.7.26 550-5.7.26 For instructions on setting up authentication, go to 550 5.7.26 https://support.google.com/mail/answer/81126#authentication d9443c01a7336-2949ab05d65si22856975ad.520 - gsmtp (in reply to end of DATA command)
Oct 26 18:00:28 vps postfix/smtpd[15639]: connect from unknown[77.90.185.220]
Oct 26 18:00:29 vps postfix/smtpd[31233]: connect from unknown[212.132.96.229]
Oct 26 18:00:30 vps postfix/smtp[13097]: 4FE746F4BB: to=, relay=alt1.gmail-smtp-in.l.google.com[192.178.163.26]:25, delay=562, delays=557/0.03/4.2/0.77, dsn=4.7.26, status=SOFTBOUNCE (host alt1.gmail-smtp-in.l.google.com[192.178.163.26] said: 550-5.7.26 Your email has been blocked because the sender is unauthenticated. 550-5.7.26 Gmail requires all senders to authenticate with either SPF or DKIM. 550-5.7.26 550-5.7.26 Authentication results: 550-5.7.26 DKIM = did not pass 550-5.7.26 SPF [vps.vcrowd.in] with ip: [103.120.179.240] = did not pass 550-5.7.26 550-5.7.26 For instructions on setting up authentication, go to 550 5.7.26 https://support.google.com/mail/answer/81126#authentication d9443c01a7336-2949ab25a94si23718105ad.701 - gsmtp (in reply to end of DATA command))
Oct 26 18:00:30 vps postfix/smtp[13095]: D040B3718C6: to=, relay=alt1.gmail-smtp-in.l.google.com[192.178.163.26]:25, delay=562, delays=556/0.05/4.4/0.78, dsn=4.7.26, status=SOFTBOUNCE (host alt1.gmail-smtp-in.l.google.com[192.178.163.26] said: 550-5.7.26 Your email has been blocked because the sender is unauthenticated. 550-5.7.26 Gmail requires all senders to authenticate with either SPF or DKIM. 550-5.7.26 550-5.7.26 Authentication results: 550-5.7.26 DKIM = did not pass 550-5.7.26 SPF [vps.vcrowd.in] with ip: [103.120.179.240] = did not pass 550-5.7.26 550-5.7.26 For instructions on setting up authentication, go to 550 5.7.26 https://support.google.com/mail/answer/81126#authentication 41be03b00d2f7-b71f90ab276si2013818a12.1647 - gsmtp (in reply to end of DATA command))
Oct 26 18:00:31 vps postfix/smtpd[15639]: warning: unknown[77.90.185.220]: SASL LOGIN authentication failed: UGFzc3dvcmQ6
Oct 26 18:00:31 vps postfix/smtpd[15639]: disconnect from unknown[77.90.185.220]
Oct 26 18:00:32 vps postfix/smtpd[31233]: warning: unknown[212.132.96.229]: SASL LOGIN authentication failed: UGFzc3dvcmQ6
Oct 26 18:00:32 vps postfix/smtpd[31233]: disconnect from unknown[212.132.96.229]
Oct 26 18:00:46 vps postfix/smtpd[15639]: connect from unknown[213.209.157.167]
Oct 26 18:00:48 vps postfix/smtpd[15639]: warning: unknown[213.209.157.167]: SASL LOGIN authentication failed: UGFzc3dvcmQ6
Oct 26 18:00:48 vps postfix/smtpd[15639]: disconnect from unknown[213.209.157.167]
Oct 26 18:01:45 vps postfix/smtpd[31233]: connect from unknown[212.132.96.229]
Oct 26 18:01:48 vps postfix/smtpd[31233]: warning: unknown[212.132.96.229]: SASL LOGIN authentication failed: UGFzc3dvcmQ6
Oct 26 18:01:48 vps postfix/smtpd[31233]: disconnect from unknown[212.132.96.229]
Oct 26 18:02:33 vps postfix/smtpd[16027]: connect from unknown[45.148.10.44]
Oct 26 18:02:39 vps postfix/smtpd[16027]: warning: unknown[45.148.10.44]: SASL LOGIN authentication failed: UGFzc3dvcmQ6
Oct 26 18:02:39 vps postfix/smtpd[16027]: disconnect from unknown[45.148.10.44]
Oct 26 18:03:03 vps postfix/smtpd[31233]: connect from unknown[212.132.96.229]
Oct 26 18:03:06 vps postfix/smtpd[31233]: warning: unknown[212.132.96.229]: SASL LOGIN authentication failed: UGFzc3dvcmQ6
Oct 26 18:03:06 vps postfix/smtpd[31233]: disconnect from unknown[212.132.96.229]
Oct 26 18:03:18 vps postfix/smtps/smtpd[16813]: connect from unknown[91.90.120.157]
Oct 26 18:03:19 vps postfix/smtps/smtpd[16813]: Anonymous TLS connection established from unknown[91.90.120.157]: TLSv1.2 with cipher ECDHE-RSA-AES256-GCM-SHA384 (256/256 bits)
Oct 26 18:03:22 vps postfix/smtps/smtpd[16813]: warning: unknown[91.90.120.157]: SASL LOGIN authentication failed: UGFzc3dvcmQ6
Oct 26 18:03:23 vps postfix/smtps/smtpd[16813]: disconnect from unknown[91.90.120.157]
Oct 26 18:03:46 vps postfix/smtpd[16027]: connect from unknown[213.209.157.167]
Oct 26 18:03:48 vps postfix/smtpd[16027]: warning: unknown[213.209.157.167]: SASL LOGIN authentication failed: UGFzc3dvcmQ6
Oct 26 18:03:48 vps postfix/smtpd[16027]: disconnect from unknown[213.209.157.167]
Oct 26 18:03:55 vps postfix/smtpd[31233]: connect from leased-line-93-125-83-110.telecom.by[93.125.83.110]
Oct 26 18:04:00 vps postfix/smtpd[31233]: warning: leased-line-93-125-83-110.telecom.by[93.125.83.110]: SASL LOGIN authentication failed: UGFzc3dvcmQ6
Oct 26 18:04:00 vps postfix/smtpd[31233]: lost connection after AUTH from leased-line-93-125-83-110.telecom.by[93.125.83.110]
Oct 26 18:04:00 vps postfix/smtpd[31233]: disconnect from leased-line-93-125-83-110.telecom.by[93.125.83.110]
Oct 26 18:04:23 vps postfix/smtpd[31233]: connect from unknown[212.132.96.229]
Oct 26 18:04:25 vps postfix/smtpd[31233]: warning: unknown[212.132.96.229]: SASL LOGIN authentication failed: UGFzc3dvcmQ6
Oct 26 18:04:25 vps postfix/smtpd[31233]: disconnect from unknown[212.132.96.229]
Oct 26 18:04:35 vps postfix/smtps/smtpd[16813]: connect from c-73-243-234-23.hsd1.co.comcast.net[73.243.234.23]
Oct 26 18:04:38 vps postfix/smtps/smtpd[16813]: Anonymous TLS connection established from c-73-243-234-23.hsd1.co.comcast.net[73.243.234.23]: TLSv1.2 with cipher ECDHE-RSA-AES256-GCM-SHA384 (256/256 bits)
Oct 26 18:04:43 vps postfix/smtpd[16027]: connect from unknown[213.209.157.167]
Oct 26 18:04:45 vps postfix/smtpd[16027]: warning: unknown[213.209.157.167]: SASL LOGIN authentication failed: UGFzc3dvcmQ6
Oct 26 18:04:45 vps postfix/smtps/smtpd[16813]: warning: c-73-243-234-23.hsd1.co.comcast.net[73.243.234.23]: SASL LOGIN authentication failed: UGFzc3dvcmQ6
Oct 26 18:04:45 vps postfix/smtpd[16027]: disconnect from unknown[213.209.157.167]
Oct 26 18:04:46 vps postfix/smtps/smtpd[16813]: lost connection after AUTH from c-73-243-234-23.hsd1.co.comcast.net[73.243.234.23]
Oct 26 18:04:46 vps postfix/smtps/smtpd[16813]: disconnect from c-73-243-234-23.hsd1.co.comcast.net[73.243.234.23]
Oct 26 18:05:36 vps postfix/smtpd[16027]: connect from unknown[213.209.157.167]
Oct 26 18:05:39 vps postfix/smtpd[16027]: warning: unknown[213.209.157.167]: SASL LOGIN authentication failed: UGFzc3dvcmQ6
Oct 26 18:05:39 vps postfix/smtpd[16027]: disconnect from unknown[213.209.157.167]
Oct 26 18:05:39 vps postfix/smtpd[31233]: connect from unknown[212.132.96.229]
Oct 26 18:05:41 vps postfix/smtpd[31233]: warning: unknown[212.132.96.229]: SASL LOGIN authentication failed: UGFzc3dvcmQ6
Oct 26 18:05:41 vps postfix/smtpd[31233]: disconnect from unknown[212.132.96.229]
Oct 26 18:06:40 vps postfix/smtpd[16027]: connect from unknown[213.209.157.167]
Oct 26 18:06:43 vps postfix/smtpd[16027]: warning: unknown[213.209.157.167]: SASL LOGIN authentication failed: VXNlcm5hbWU6
Oct 26 18:06:43 vps postfix/smtpd[16027]: disconnect from unknown[213.209.157.167]
Oct 26 18:06:58 vps postfix/smtpd[31233]: connect from unknown[212.132.96.229]
Oct 26 18:07:01 vps postfix/smtpd[31233]: warning: unknown[212.132.96.229]: SASL LOGIN authentication failed: UGFzc3dvcmQ6
Oct 26 18:07:01 vps postfix/smtpd[31233]: disconnect from unknown[212.132.96.229]
Oct 26 18:07:31 vps postfix/smtpd[16027]: connect from unknown[213.209.157.225]
Oct 26 18:07:34 vps postfix/smtpd[16027]: warning: unknown[213.209.157.225]: SASL LOGIN authentication failed: UGFzc3dvcmQ6
Oct 26 18:07:34 vps postfix/smtpd[16027]: disconnect from unknown[213.209.157.225]
Oct 26 18:08:19 vps postfix/smtpd[31233]: connect from unknown[212.132.96.229]
Oct 26 18:08:22 vps postfix/smtpd[31233]: warning: unknown[212.132.96.229]: SASL LOGIN authentication failed: UGFzc3dvcmQ6
Oct 26 18:08:22 vps postfix/smtpd[31233]: disconnect from unknown[212.132.96.229]
Oct 26 18:08:54 vps postfix/smtpd[16027]: connect from unknown[unknown]
Oct 26 18:08:54 vps postfix/smtpd[16027]: lost connection after CONNECT from unknown[unknown]
Oct 26 18:08:54 vps postfix/smtpd[16027]: disconnect from unknown[unknown]
Oct 26 18:09:16 vps postfix/smtpd[16027]: connect from unknown[213.209.157.167]
Oct 26 18:09:18 vps postfix/smtpd[16027]: warning: unknown[213.209.157.167]: SASL LOGIN authentication failed: UGFzc3dvcmQ6
Oct 26 18:09:18 vps postfix/smtpd[16027]: disconnect from unknown[213.209.157.167]
Oct 26 18:09:18 vps postfix/smtpd[23910]: connect from said.intellivisionmedia.info[96.31.94.53]
Oct 26 18:09:19 vps postfix/smtpd[23910]: Anonymous TLS connection established from said.intellivisionmedia.info[96.31.94.53]: TLSv1.2 with cipher ADH-AES256-GCM-SHA384 (256/256 bits)
Oct 26 18:09:21 vps postfix/smtpd[23910]: NOQUEUE: reject: RCPT from said.intellivisionmedia.info[96.31.94.53]: 450 4.1.1 : Recipient address rejected: User unknown in virtual mailbox table; from= to= proto=ESMTP helo=
Oct 26 18:09:21 vps postfix/smtpd[23910]: disconnect from said.intellivisionmedia.info[96.31.94.53]
Oct 26 18:09:40 vps postfix/smtpd[31233]: connect from unknown[212.132.96.229]
Oct 26 18:09:40 vps postfix/smtpd[16027]: connect from unknown[213.209.157.167]
Oct 26 18:09:43 vps postfix/smtpd[16027]: warning: unknown[213.209.157.167]: SASL LOGIN authentication failed: UGFzc3dvcmQ6
Oct 26 18:09:43 vps postfix/smtpd[31233]: warning: unknown[212.132.96.229]: SASL LOGIN authentication failed: UGFzc3dvcmQ6
Oct 26 18:09:43 vps postfix/smtpd[16027]: disconnect from unknown[213.209.157.167]
Oct 26 18:09:43 vps postfix/smtpd[31233]: disconnect from unknown[212.132.96.229]
Oct 26 18:09:51 vps postfix/smtpd[23910]: connect from unknown[213.209.157.252]
Oct 26 18:09:52 vps postfix/anvil[16309]: statistics: max connection rate 2/60s for (smtp:77.90.185.220) at
Oct 26 18:00:28
Oct 26 18:09:52 vps postfix/anvil[16309]: statistics: max connection count 1 for (submission:123.58.215.72) at
Oct 26 18:00:14
Oct 26 18:09:52 vps postfix/anvil[16309]: statistics: max cache size 5 at
Oct 26 18:09:51
Oct 26 18:09:54 vps postfix/smtpd[23910]: warning: unknown[213.209.157.252]: SASL LOGIN authentication failed: UGFzc3dvcmQ6
Oct 26 18:09:54 vps postfix/smtpd[23910]: disconnect from unknown[213.209.157.252]
Oct 26 18:10:18 vps postfix/smtpd[16027]: connect from unknown[111.122.211.212]
Oct 26 18:10:22 vps postfix/smtpd[16027]: warning: unknown[111.122.211.212]: SASL LOGIN authentication failed: UGFzc3dvcmQ6
Oct 26 18:10:22 vps postfix/smtpd[16027]: disconnect from unknown[111.122.211.212]
Oct 26 18:10:25 vps postfix/qmgr[22181]: D040B3718C6: from=, size=1258, nrcpt=1 (queue active)
Oct 26 18:10:25 vps postfix/qmgr[22181]: 4FE746F4BB: from=, size=927, nrcpt=1 (queue active)
Oct 26 18:10:27 vps postfix/smtp[26256]: D040B3718C6: host gmail-smtp-in.l.google.com[64.233.170.27] said: 550-5.7.26 Your email has been blocked because the sender is unauthenticated. 550-5.7.26 Gmail requires all senders to authenticate with either SPF or DKIM. 550-5.7.26 550-5.7.26 Authentication results: 550-5.7.26 DKIM = did not pass 550-5.7.26 SPF [vps.vcrowd.in] with ip: [103.120.179.240] = did not pass 550-5.7.26 550-5.7.26 For instructions on setting up authentication, go to 550 5.7.26 https://support.google.com/mail/answer/81126#authentication d9443c01a7336-2949aaee3a1si24187485ad.334 - gsmtp (in reply to end of DATA command)
Oct 26 18:10:27 vps postfix/smtp[26257]: 4FE746F4BB: host gmail-smtp-in.l.google.com[64.233.170.26] said: 550-5.7.26 Your email has been blocked because the sender is unauthenticated. 550-5.7.26 Gmail requires all senders to authenticate with either SPF or DKIM. 550-5.7.26 550-5.7.26 Authentication results: 550-5.7.26 DKIM = did not pass 550-5.7.26 SPF [vps.vcrowd.in] with ip: [103.120.179.240] = did not pass 550-5.7.26 550-5.7.26 For instructions on setting up authentication, go to 550 5.7.26 https://support.google.com/mail/answer/81126#authentication 41be03b00d2f7-b71f815a173si2111202a12.1556 - gsmtp (in reply to end of DATA command)
Oct 26 18:10:29 vps postfix/smtp[26256]: D040B3718C6: to=, relay=alt1.gmail-smtp-in.l.google.com[192.178.163.26]:25, delay=1161, delays=1156/0.02/3.7/0.89, dsn=4.7.26, status=SOFTBOUNCE (host alt1.gmail-smtp-in.l.google.com[192.178.163.26] said: 550-5.7.26 Your email has been blocked because the sender is unauthenticated. 550-5.7.26 Gmail requires all senders to authenticate with either SPF or DKIM. 550-5.7.26 550-5.7.26 Authentication results: 550-5.7.26 DKIM = did not pass 550-5.7.26 SPF [vps.vcrowd.in] with ip: [103.120.179.240] = did not pass 550-5.7.26 550-5.7.26 For instructions on setting up authentication, go to 550 5.7.26 https://support.google.com/mail/answer/81126#authentication d9443c01a7336-2949a7caf54si23062745ad.36 - gsmtp (in reply to end of DATA command))
Oct 26 18:10:29 vps postfix/qmgr[22181]: D040B3718C6: from=, status=expired, returned to sender
Oct 26 18:10:29 vps postfix/cleanup[26340]: EA9BE16898B: message-id=<20251026124029.EA9BE16898B@vps.vcrowd.in>
Oct 26 18:10:29 vps postfix/bounce[26339]: D040B3718C6: sender non-delivery notification: EA9BE16898B
Oct 26 18:10:29 vps postfix/qmgr[22181]: EA9BE16898B: from=<>, size=4184, nrcpt=1 (queue active)
Oct 26 18:10:29 vps postfix/qmgr[22181]: D040B3718C6: removed
Oct 26 18:10:29 vps postfix/smtp[26257]: 4FE746F4BB: to=, relay=alt1.gmail-smtp-in.l.google.com[192.178.163.26]:25, delay=1162, delays=1157/0.03/3.6/1, dsn=4.7.26, status=SOFTBOUNCE (host alt1.gmail-smtp-in.l.google.com[192.178.163.26] said: 550-5.7.26 Your email has been blocked because the sender is unauthenticated. 550-5.7.26 Gmail requires all senders to authenticate with either SPF or DKIM. 550-5.7.26 550-5.7.26 Authentication results: 550-5.7.26 DKIM = did not pass 550-5.7.26 SPF [vps.vcrowd.in] with ip: [103.120.179.240] = did not pass 550-5.7.26 550-5.7.26 For instructions on setting up authentication, go to 550 5.7.26 https://support.google.com/mail/answer/81126#authentication d2e1a72fcca58-7a41564007dsi2271294b3a.659 - gsmtp (in reply to end of DATA command))
Oct 26 18:10:29 vps postfix/qmgr[22181]: 4FE746F4BB: from=, status=expired, returned to sender
Oct 26 18:10:29 vps postfix/cleanup[26340]: EE93A3718C6: message-id=<20251026124029.EE93A3718C6@vps.vcrowd.in>
Oct 26 18:10:29 vps postfix/bounce[26339]: 4FE746F4BB: sender non-delivery notification: EE93A3718C6
Oct 26 18:10:29 vps postfix/qmgr[22181]: EE93A3718C6: from=<>, size=3849, nrcpt=1 (queue active)
Oct 26 18:10:29 vps postfix/qmgr[22181]: 4FE746F4BB: removed
Oct 26 18:10:29 vps postfix/local[26343]: EA9BE16898B: to=, relay=local, delay=0.04, delays=0.02/0.02/0/0, dsn=2.0.0, status=sent (delivered to mailbox)
Oct 26 18:10:29 vps postfix/qmgr[22181]: EA9BE16898B: removed
Oct 26 18:10:29 vps postfix/local[26343]: EE93A3718C6: to=, relay=local, delay=0.02, delays=0.01/0.01/0/0, dsn=2.0.0, status=sent (delivered to mailbox)
Oct 26 18:10:29 vps postfix/qmgr[22181]: EE93A3718C6: removed
Oct 26 18:10:33 vps postfix/smtpd[23910]: connect from unknown[111.122.211.212]
Oct 26 18:10:35 vps postfix/smtpd[16027]: connect from unknown[77.90.185.220]
Oct 26 18:10:38 vps postfix/smtpd[16027]: warning: unknown[77.90.185.220]: SASL LOGIN authentication failed: UGFzc3dvcmQ6
Oct 26 18:10:38 vps postfix/smtpd[23910]: warning: unknown[111.122.211.212]: SASL LOGIN authentication failed: UGFzc3dvcmQ6
Oct 26 18:10:38 vps postfix/smtpd[23910]: disconnect from unknown[111.122.211.212]
Oct 26 18:10:38 vps postfix/smtpd[16027]: disconnect from unknown[77.90.185.220]
Oct 26 18:10:39 vps postfix/smtpd[23910]: connect from unknown[45.148.10.89]
Oct 26 18:10:40 vps postfix/smtpd[16027]: connect from unknown[62.60.131.124]
Oct 26 18:10:42 vps postfix/smtpd[16027]: warning: unknown[62.60.131.124]: SASL LOGIN authentication failed: UGFzc3dvcmQ6
Oct 26 18:10:42 vps postfix/smtpd[16027]: disconnect from unknown[62.60.131.124]
Oct 26 18:10:45 vps postfix/smtpd[23910]: warning: unknown[45.148.10.89]: SASL LOGIN authentication failed: UGFzc3dvcmQ6
Oct 26 18:10:45 vps postfix/smtpd[23910]: disconnect from unknown[45.148.10.89]
Oct 26 18:10:55 vps postfix/smtpd[16027]: connect from unknown[213.209.157.167]
Oct 26 18:10:57 vps postfix/smtpd[16027]: warning: unknown[213.209.157.167]: SASL LOGIN authentication failed: UGFzc3dvcmQ6
Oct 26 18:10:57 vps postfix/smtpd[16027]: disconnect from unknown[213.209.157.167]
Oct 26 18:10:59 vps postfix/smtpd[31233]: connect from unknown[212.132.96.229]
Oct 26 18:11:02 vps postfix/smtpd[31233]: warning: unknown[212.132.96.229]: SASL LOGIN authentication failed: UGFzc3dvcmQ6
Oct 26 18:11:02 vps postfix/smtpd[31233]: disconnect from unknown[212.132.96.229]
Oct 26 18:11:11 vps postfix/smtpd[23910]: connect from unknown[213.209.157.167]
Oct 26 18:11:14 vps postfix/smtpd[23910]: warning: unknown[213.209.157.167]: SASL LOGIN authentication failed: UGFzc3dvcmQ6
Oct 26 18:11:14 vps postfix/smtpd[23910]: disconnect from unknown[213.209.157.167]
Oct 26 18:12:01 vps postfix/smtpd[16027]: connect from unknown[196.251.70.233]
Oct 26 18:12:04 vps postfix/smtpd[16027]: warning: unknown[196.251.70.233]: SASL LOGIN authentication failed: UGFzc3dvcmQ6
Oct 26 18:12:10 vps postfix/smtpd[16027]: warning: unknown[196.251.70.233]: SASL LOGIN authentication failed: UGFzc3dvcmQ6
Oct 26 18:12:19 vps postfix/smtpd[31233]: connect from unknown[212.132.96.229]
Oct 26 18:12:20 vps postfix/smtpd[16027]: warning: unknown[196.251.70.233]: SASL LOGIN authentication failed: UGFzc3dvcmQ6
Oct 26 18:12:22 vps postfix/smtpd[31233]: warning: unknown[212.132.96.229]: SASL LOGIN authentication failed: UGFzc3dvcmQ6
Oct 26 18:12:22 vps postfix/smtpd[31233]: disconnect from unknown[212.132.96.229]
Oct 26 18:12:23 vps postfix/smtpd[23910]: connect from unknown[213.209.157.167]
Oct 26 18:12:26 vps postfix/smtpd[23910]: warning: unknown[213.209.157.167]: SASL LOGIN authentication failed: UGFzc3dvcmQ6
Oct 26 18:12:26 vps postfix/smtpd[23910]: disconnect from unknown[213.209.157.167]
Oct 26 18:12:30 vps postfix/smtpd[16027]: warning: unknown[196.251.70.233]: SASL LOGIN authentication failed: Connection lost to authentication server
Oct 26 18:12:30 vps postfix/smtpd[16027]: disconnect from unknown[196.251.70.233]
Oct 26 18:13:36 vps postfix/smtpd[23910]: connect from unknown[213.209.157.167]
Oct 26 18:13:38 vps postfix/smtpd[23910]: warning: unknown[213.209.157.167]: SASL LOGIN authentication failed: UGFzc3dvcmQ6
Oct 26 18:13:38 vps postfix/smtpd[23910]: disconnect from unknown[213.209.157.167]
Oct 26 18:13:39 vps postfix/smtpd[31233]: connect from unknown[212.132.96.229]
Oct 26 18:13:41 vps postfix/smtpd[31233]: warning: unknown[212.132.96.229]: SASL LOGIN authentication failed: UGFzc3dvcmQ6
Oct 26 18:13:41 vps postfix/smtpd[31233]: disconnect from unknown[212.132.96.229]
Oct 26 18:13:48 vps postfix/smtpd[16027]: connect from unknown[77.90.185.87]
Oct 26 18:13:50 vps postfix/smtpd[16027]: warning: unknown[77.90.185.87]: SASL LOGIN authentication failed: UGFzc3dvcmQ6
Oct 26 18:13:50 vps postfix/smtpd[16027]: disconnect from unknown[77.90.185.87]
Oct 26 18:13:58 vps postfix/smtpd[23910]: connect from unknown[213.209.157.167]
Oct 26 18:14:00 vps postfix/smtpd[23910]: warning: unknown[213.209.157.167]: SASL LOGIN authentication failed: UGFzc3dvcmQ6
Oct 26 18:14:00 vps postfix/smtpd[23910]: disconnect from unknown[213.209.157.167]
Oct 26 18:14:07 vps postfix/smtpd[16027]: connect from unknown[77.90.185.87]
Oct 26 18:14:10 vps postfix/smtpd[16027]: warning: unknown[77.90.185.87]: SASL LOGIN authentication failed: UGFzc3dvcmQ6
Oct 26 18:14:10 vps postfix/smtpd[16027]: disconnect from unknown[77.90.185.87]
Oct 26 18:14:28 vps postfix/smtpd[23910]: connect from unknown[213.209.157.167]
Oct 26 18:14:30 vps postfix/smtpd[23910]: warning: unknown[213.209.157.167]: SASL LOGIN authentication failed: UGFzc3dvcmQ6
Oct 26 18:14:30 vps postfix/smtpd[23910]: disconnect from unknown[213.209.157.167]
Oct 26 18:14:30 vps postfix/pickup[16415]: 8B4E36F4BB: uid=1069 from=
Oct 26 18:14:30 vps postfix/cleanup[31744]: 8B4E36F4BB: message-id=<20251026124430.8B4E36F4BB@vps.vcrowd.in>
Oct 26 18:14:30 vps opendkim[5590]: 8B4E36F4BB: no signing table match for 'domingo.rumsey@gmail.com'
Oct 26 18:14:30 vps opendkim[5590]: 8B4E36F4BB: no signature data
Oct 26 18:14:30 vps postfix/qmgr[22181]: 8B4E36F4BB: from=, size=831, nrcpt=1 (queue active)
Oct 26 18:14:32 vps postfix/smtp[31752]: 8B4E36F4BB: host gmail-smtp-in.l.google.com[64.233.170.26] said: 550-5.7.26 Your email has been blocked because the sender is unauthenticated. 550-5.7.26 Gmail requires all senders to authenticate with either SPF or DKIM. 550-5.7.26 550-5.7.26 Authentication results: 550-5.7.26 DKIM = did not pass 550-5.7.26 SPF [vps.vcrowd.in] with ip: [103.120.179.240] = did not pass 550-5.7.26 550-5.7.26 For instructions on setting up authentication, go to 550 5.7.26 https://support.google.com/mail/answer/81126#authentication 41be03b00d2f7-b71eb473b44si2117286a12.334 - gsmtp (in reply to end of DATA command)
Oct 26 18:14:34 vps postfix/smtp[31752]: 8B4E36F4BB: to=, relay=alt1.gmail-smtp-in.l.google.com[192.178.163.26]:25, delay=4.4, delays=0.06/0.02/3.6/0.71, dsn=4.7.26, status=SOFTBOUNCE (host alt1.gmail-smtp-in.l.google.com[192.178.163.26] said: 550-5.7.26 Your email has been blocked because the sender is unauthenticated. 550-5.7.26 Gmail requires all senders to authenticate with either SPF or DKIM. 550-5.7.26 550-5.7.26 Authentication results: 550-5.7.26 DKIM = did not pass 550-5.7.26 SPF [vps.vcrowd.in] with ip: [103.120.179.240] = did not pass 550-5.7.26 550-5.7.26 For instructions on setting up authentication, go to 550 5.7.26 https://support.google.com/mail/answer/81126#authentication d2e1a72fcca58-7a415676e4dsi2436790b3a.797 - gsmtp (in reply to end of DATA command))
Oct 26 18:14:58 vps postfix/smtpd[31233]: connect from unknown[212.132.96.229]
Oct 26 18:14:58 vps postfix/smtpd[16027]: connect from unknown[213.209.157.167]
Oct 26 18:14:59 vps postfix/smtpd[23910]: connect from unknown[77.90.185.87]
Oct 26 18:15:01 vps postfix/smtpd[16027]: warning: unknown[213.209.157.167]: SASL LOGIN authentication failed: UGFzc3dvcmQ6
Oct 26 18:15:01 vps postfix/smtpd[23910]: warning: unknown[77.90.185.87]: SASL LOGIN authentication failed: UGFzc3dvcmQ6
Oct 26 18:15:01 vps postfix/smtpd[31233]: warning: unknown[212.132.96.229]: SASL LOGIN authentication failed: UGFzc3dvcmQ6
Oct 26 18:15:01 vps postfix/smtpd[16027]: disconnect from unknown[213.209.157.167]
Oct 26 18:15:01 vps postfix/smtpd[23910]: disconnect from unknown[77.90.185.87]
Oct 26 18:15:01 vps postfix/smtpd[31233]: disconnect from unknown[212.132.96.229]
Oct 26 18:15:07 vps postfix/smtpd[16027]: connect from unknown[213.209.157.167]
Oct 26 18:15:14 vps postfix/smtpd[16027]: warning: unknown[213.209.157.167]: SASL LOGIN authentication failed: UGFzc3dvcmQ6
Oct 26 18:15:14 vps postfix/smtpd[16027]: disconnect from unknown[213.209.157.167]
Oct 26 18:15:40 vps postfix/smtpd[23910]: connect from unknown[45.148.10.97]
Oct 26 18:15:43 vps postfix/smtpd[23910]: warning: unknown[45.148.10.97]: SASL LOGIN authentication failed: UGFzc3dvcmQ6
Oct 26 18:15:43 vps postfix/smtpd[23910]: disconnect from unknown[45.148.10.97]
Oct 26 18:15:55 vps postfix/smtpd[16027]: connect from unknown[213.209.157.167]
Oct 26 18:15:57 vps postfix/smtpd[16027]: warning: unknown[213.209.157.167]: SASL LOGIN authentication failed: UGFzc3dvcmQ6
Oct 26 18:15:57 vps postfix/smtpd[16027]: disconnect from unknown[213.209.157.167]
Oct 26 18:16:17 vps postfix/smtpd[23910]: connect from unknown[213.209.157.167]
Oct 26 18:16:17 vps postfix/smtpd[31233]: connect from unknown[212.132.96.229]
Oct 26 18:16:19 vps postfix/smtpd[23910]: warning: unknown[213.209.157.167]: SASL LOGIN authentication failed: UGFzc3dvcmQ6
Oct 26 18:16:19 vps postfix/smtpd[23910]: disconnect from unknown[213.209.157.167]
Oct 26 18:16:20 vps postfix/smtpd[31233]: warning: unknown[212.132.96.229]: SASL LOGIN authentication failed: UGFzc3dvcmQ6
Oct 26 18:16:20 vps postfix/smtpd[31233]: disconnect from unknown[212.132.96.229]
Oct 26 18:16:28 vps postfix/smtpd[16027]: connect from unknown[45.148.10.98]
Oct 26 18:16:30 vps postfix/smtpd[16027]: warning: unknown[45.148.10.98]: SASL LOGIN authentication failed: UGFzc3dvcmQ6
Oct 26 18:16:30 vps postfix/smtpd[16027]: disconnect from unknown[45.148.10.98]
Oct 26 18:16:54 vps postfix/smtpd[23910]: connect from unknown[45.148.10.64]
Oct 26 18:16:57 vps postfix/smtpd[23910]: warning: unknown[45.148.10.64]: SASL LOGIN authentication failed: UGFzc3dvcmQ6
Oct 26 18:16:57 vps postfix/smtpd[23910]: disconnect from unknown[45.148.10.64]
Oct 26 18:17:03 vps postfix/smtpd[16027]: connect from 47-150-235-102.lsan.ca.frontiernet.net[47.150.235.102]
Oct 26 18:17:04 vps postfix/smtpd[16027]: NOQUEUE: reject: RCPT from 47-150-235-102.lsan.ca.frontiernet.net[47.150.235.102]: 454 4.7.1 Service unavailable; Client host [47.150.235.102] blocked using bl.spamcop.net; Blocked - see https://www.spamcop.net/bl.shtml?47.150.235.102; from= to= proto=ESMTP helo=<163.com>
Oct 26 18:17:04 vps postfix/smtpd[16027]: disconnect from 47-150-235-102.lsan.ca.frontiernet.net[47.150.235.102]
Oct 26 18:17:31 vps postfix/smtpd[23910]: connect from unknown[213.209.157.167]
Oct 26 18:17:33 vps postfix/smtpd[23910]: warning: unknown[213.209.157.167]: SASL LOGIN authentication failed: UGFzc3dvcmQ6
Oct 26 18:17:33 vps postfix/smtpd[23910]: disconnect from unknown[213.209.157.167]
Oct 26 18:17:35 vps postfix/smtpd[31233]: connect from unknown[212.132.96.229]
Oct 26 18:17:38 vps postfix/smtpd[31233]: warning: unknown[212.132.96.229]: SASL LOGIN authentication failed: UGFzc3dvcmQ6
Oct 26 18:17:38 vps postfix/smtpd[31233]: disconnect from unknown[212.132.96.229]
Oct 26 18:18:07 vps postfix/smtpd[16027]: connect from unknown[213.209.157.167]
Oct 26 18:18:09 vps postfix/smtpd[16027]: warning: unknown[213.209.157.167]: SASL LOGIN authentication failed: UGFzc3dvcmQ6
Oct 26 18:18:09 vps postfix/smtpd[16027]: disconnect from unknown[213.209.157.167]
Oct 26 18:18:13 vps postfix/smtpd[23910]: connect from unknown[213.209.157.167]
Oct 26 18:18:20 vps postfix/smtpd[23910]: warning: unknown[213.209.157.167]: SASL LOGIN authentication failed: UGFzc3dvcmQ6
Oct 26 18:18:20 vps postfix/smtpd[23910]: disconnect from unknown[213.209.157.167]
Oct 26 18:18:55 vps postfix/smtpd[31233]: connect from unknown[212.132.96.229]
Oct 26 18:18:58 vps postfix/smtpd[31233]: warning: unknown[212.132.96.229]: SASL LOGIN authentication failed: UGFzc3dvcmQ6
Oct 26 18:18:58 vps postfix/smtpd[31233]: disconnect from unknown[212.132.96.229]
Oct 26 18:19:52 vps postfix/smtpd[23910]: connect from unknown[77.90.185.87]
Oct 26 18:19:52 vps postfix/anvil[16309]: statistics: max connection rate 3/60s for (smtp:213.209.157.167) at
Oct 26 18:14:28
Oct 26 18:19:52 vps postfix/anvil[16309]: statistics: max connection count 1 for (smtp:111.122.211.212) at
Oct 26 18:10:18
Oct 26 18:19:52 vps postfix/anvil[16309]: statistics: max cache size 7 at
Oct 26 18:10:40
Oct 26 18:19:54 vps postfix/smtpd[23910]: warning: unknown[77.90.185.87]: SASL LOGIN authentication failed: UGFzc3dvcmQ6
Oct 26 18:19:54 vps postfix/smtpd[23910]: disconnect from unknown[77.90.185.87]
Oct 26 18:20:15 vps postfix/smtpd[23910]: connect from unknown[221.145.5.14]
Oct 26 18:20:16 vps postfix/smtpd[31233]: connect from unknown[212.132.96.229]
Oct 26 18:20:19 vps postfix/smtpd[31233]: warning: unknown[212.132.96.229]: SASL LOGIN authentication failed: UGFzc3dvcmQ6
Oct 26 18:20:19 vps postfix/smtpd[31233]: disconnect from unknown[212.132.96.229]
Oct 26 18:20:23 vps postfix/smtpd[23910]: warning: unknown[221.145.5.14]: SASL LOGIN authentication failed: UGFzc3dvcmQ6
Oct 26 18:20:24 vps postfix/smtpd[23910]: lost connection after AUTH from unknown[221.145.5.14]
Oct 26 18:20:24 vps postfix/smtpd[23910]: disconnect from unknown[221.145.5.14]
Oct 26 18:20:25 vps postfix/qmgr[22181]: 8B4E36F4BB: from=, size=831, nrcpt=1 (queue active)
Oct 26 18:20:27 vps postfix/smtp[10246]: 8B4E36F4BB: host gmail-smtp-in.l.google.com[64.233.170.27] said: 550-5.7.26 Your email has been blocked because the sender is unauthenticated. 550-5.7.26 Gmail requires all senders to authenticate with either SPF or DKIM. 550-5.7.26 550-5.7.26 Authentication results: 550-5.7.26 DKIM = did not pass 550-5.7.26 SPF [vps.vcrowd.in] with ip: [103.120.179.240] = did not pass 550-5.7.26 550-5.7.26 For instructions on setting up authentication, go to 550 5.7.26 https://support.google.com/mail/answer/81126#authentication d2e1a72fcca58-7a415521889si2386811b3a.25 - gsmtp (in reply to end of DATA command)
Oct 26 18:20:29 vps postfix/smtp[10246]: 8B4E36F4BB: to=, relay=alt1.gmail-smtp-in.l.google.com[192.178.163.26]:25, delay=359, delays=355/0.11/3.5/0.69, dsn=4.7.26, status=SOFTBOUNCE (host alt1.gmail-smtp-in.l.google.com[192.178.163.26] said: 550-5.7.26 Your email has been blocked because the sender is unauthenticated. 550-5.7.26 Gmail requires all senders to authenticate with either SPF or DKIM. 550-5.7.26 550-5.7.26 Authentication results: 550-5.7.26 DKIM = did not pass 550-5.7.26 SPF [vps.vcrowd.in] with ip: [103.120.179.240] = did not pass 550-5.7.26 550-5.7.26 For instructions on setting up authentication, go to 550 5.7.26 https://support.google.com/mail/answer/81126#authentication 41be03b00d2f7-b71f7204f52si2138096a12.1351 - gsmtp (in reply to end of DATA command))
Oct 26 18:20:32 vps postfix/smtpd[23910]: connect from unknown[45.148.10.119]
Oct 26 18:20:35 vps postfix/smtpd[23910]: warning: unknown[45.148.10.119]: SASL LOGIN authentication failed: UGFzc3dvcmQ6
Oct 26 18:20:35 vps postfix/smtpd[23910]: disconnect from unknown[45.148.10.119]
Oct 26 18:20:35 vps postfix/smtpd[10443]: connect from unknown[45.148.10.87]
Oct 26 18:20:38 vps postfix/smtpd[10443]: warning: unknown[45.148.10.87]: SASL LOGIN authentication failed: UGFzc3dvcmQ6
Oct 26 18:20:38 vps postfix/smtpd[10443]: disconnect from unknown[45.148.10.87]
Oct 26 18:20:57 vps postfix/smtpd[23910]: connect from unknown[213.209.157.167]
Oct 26 18:21:00 vps postfix/smtpd[23910]: warning: unknown[213.209.157.167]: SASL LOGIN authentication failed: UGFzc3dvcmQ6
Oct 26 18:21:00 vps postfix/smtpd[23910]: disconnect from unknown[213.209.157.167]
Oct 26 18:21:32 vps postfix/smtpd[10443]: connect from unknown[213.209.157.167]
Oct 26 18:21:35 vps postfix/smtpd[10443]: warning: unknown[213.209.157.167]: SASL LOGIN authentication failed: UGFzc3dvcmQ6
Oct 26 18:21:35 vps postfix/smtpd[10443]: disconnect from unknown[213.209.157.167]
Oct 26 18:21:36 vps postfix/smtpd[31233]: connect from unknown[212.132.96.229]
Oct 26 18:21:38 vps postfix/smtpd[31233]: warning: unknown[212.132.96.229]: SASL LOGIN authentication failed: UGFzc3dvcmQ6
Oct 26 18:21:38 vps postfix/smtpd[31233]: disconnect from unknown[212.132.96.229]
Oct 26 18:22:04 vps postfix/smtpd[23910]: connect from unknown[45.148.10.118]
Oct 26 18:22:07 vps postfix/smtpd[23910]: warning: unknown[45.148.10.118]: SASL LOGIN authentication failed: UGFzc3dvcmQ6
Oct 26 18:22:07 vps postfix/smtpd[23910]: disconnect from unknown[45.148.10.118]
Oct 26 18:22:10 vps postfix/smtpd[10443]: connect from unknown[45.148.10.37]
Oct 26 18:22:12 vps postfix/smtpd[10443]: warning: unknown[45.148.10.37]: SASL LOGIN authentication failed: UGFzc3dvcmQ6
Oct 26 18:22:12 vps postfix/smtpd[10443]: disconnect from unknown[45.148.10.37]
Oct 26 18:22:31 vps postfix/smtpd[23910]: connect from unknown[77.90.185.220]
Oct 26 18:22:33 vps postfix/smtpd[23910]: warning: unknown[77.90.185.220]: SASL LOGIN authentication failed: UGFzc3dvcmQ6
Oct 26 18:22:33 vps postfix/smtpd[23910]: disconnect from unknown[77.90.185.220]
Oct 26 18:22:55 vps postfix/smtpd[31233]: connect from unknown[212.132.96.229]
Oct 26 18:22:58 vps postfix/smtpd[31233]: warning: unknown[212.132.96.229]: SASL LOGIN authentication failed: UGFzc3dvcmQ6
Oct 26 18:22:58 vps postfix/smtpd[31233]: disconnect from unknown[212.132.96.229]
Oct 26 18:23:11 vps postfix/smtpd[10443]: connect from unknown[213.209.157.167]
Oct 26 18:23:13 vps postfix/smtpd[10443]: warning: unknown[213.209.157.167]: SASL LOGIN authentication failed: UGFzc3dvcmQ6
Oct 26 18:23:13 vps postfix/smtpd[10443]: disconnect from unknown[213.209.157.167]
Oct 26 18:24:01 vps postfix/smtps/smtpd[15393]: connect from unknown[188.213.34.77]
Oct 26 18:24:01 vps postfix/smtps/smtpd[15393]: Anonymous TLS connection established from unknown[188.213.34.77]: TLSv1.2 with cipher ECDHE-RSA-AES256-GCM-SHA384 (256/256 bits)
Oct 26 18:24:04 vps postfix/smtps/smtpd[15393]: warning: unknown[188.213.34.77]: SASL LOGIN authentication failed: UGFzc3dvcmQ6
Oct 26 18:24:04 vps postfix/smtps/smtpd[15393]: disconnect from unknown[188.213.34.77]
Oct 26 18:24:14 vps postfix/smtpd[31233]: connect from unknown[212.132.96.229]
Oct 26 18:24:16 vps postfix/smtpd[31233]: warning: unknown[212.132.96.229]: SASL LOGIN authentication failed: UGFzc3dvcmQ6
Oct 26 18:24:16 vps postfix/smtpd[31233]: disconnect from unknown[212.132.96.229]
Oct 26 18:24:17 vps postfix/smtpd[10443]: connect from unknown[45.148.10.124]
Oct 26 18:24:20 vps postfix/smtpd[10443]: warning: unknown[45.148.10.124]: SASL LOGIN authentication failed: UGFzc3dvcmQ6
Oct 26 18:24:20 vps postfix/smtpd[10443]: disconnect from unknown[45.148.10.124]
Oct 26 18:24:26 vps postfix/smtpd[10443]: connect from unknown[45.148.10.36]
Oct 26 18:24:29 vps postfix/smtpd[10443]: warning: unknown[45.148.10.36]: SASL LOGIN authentication failed: UGFzc3dvcmQ6
Oct 26 18:24:29 vps postfix/smtpd[10443]: disconnect from unknown[45.148.10.36]
Oct 26 18:24:40 vps postfix/smtpd[10443]: connect from unknown[213.209.157.167]
Oct 26 18:24:42 vps postfix/smtpd[10443]: warning: unknown[213.209.157.167]: SASL LOGIN authentication failed: UGFzc3dvcmQ6
Oct 26 18:24:42 vps postfix/smtpd[10443]: disconnect from unknown[213.209.157.167]
Oct 26 18:24:42 vps postfix/smtpd[10443]: connect from unknown[77.90.185.87]
Oct 26 18:24:45 vps postfix/smtpd[10443]: warning: unknown[77.90.185.87]: SASL LOGIN authentication failed: UGFzc3dvcmQ6
Oct 26 18:24:45 vps postfix/smtpd[10443]: disconnect from unknown[77.90.185.87]
Oct 26 18:25:11 vps postfix/smtpd[10443]: connect from unknown[45.148.10.25]
Oct 26 18:25:14 vps postfix/smtpd[10443]: warning: unknown[45.148.10.25]: SASL LOGIN authentication failed: UGFzc3dvcmQ6
Oct 26 18:25:14 vps postfix/smtpd[10443]: disconnect from unknown[45.148.10.25]
Oct 26 18:25:15 vps postfix/smtpd[10443]: connect from unknown[45.148.10.30]
Oct 26 18:25:17 vps postfix/smtpd[18514]: connect from unknown[213.209.157.167]
Oct 26 18:25:17 vps postfix/smtpd[10443]: warning: unknown[45.148.10.30]: SASL LOGIN authentication failed: UGFzc3dvcmQ6
Oct 26 18:25:17 vps postfix/smtpd[10443]: disconnect from unknown[45.148.10.30]
