Oct 26 19:31:04 vps postfix/smtpd[16236]: disconnect from sender1-o55.mgovcloud.in[169.148.143.55]
Oct 26 19:31:43 vps postfix/smtpd[16542]: connect from unknown[213.209.157.167]
Oct 26 19:31:44 vps postfix/smtpd[3513]: connect from unknown[212.132.96.229]
Oct 26 19:31:46 vps postfix/smtpd[16542]: warning: unknown[213.209.157.167]: SASL LOGIN authentication failed: UGFzc3dvcmQ6
Oct 26 19:31:46 vps postfix/smtpd[16542]: disconnect from unknown[213.209.157.167]
Oct 26 19:31:47 vps postfix/smtpd[3513]: warning: unknown[212.132.96.229]: SASL LOGIN authentication failed: UGFzc3dvcmQ6
Oct 26 19:31:47 vps postfix/smtpd[3513]: disconnect from unknown[212.132.96.229]
Oct 26 19:31:49 vps postfix/smtpd[16542]: connect from unknown[213.209.157.167]
Oct 26 19:31:55 vps postfix/smtpd[16542]: warning: unknown[213.209.157.167]: SASL LOGIN authentication failed: UGFzc3dvcmQ6
Oct 26 19:31:55 vps postfix/smtpd[16542]: disconnect from unknown[213.209.157.167]
Oct 26 19:32:00 vps postfix/smtpd[16236]: connect from unknown[213.209.157.167]
Oct 26 19:32:06 vps postfix/smtpd[16542]: connect from unknown[213.209.157.167]
Oct 26 19:32:10 vps postfix/smtpd[16236]: warning: unknown[213.209.157.167]: SASL LOGIN authentication failed: UGFzc3dvcmQ6
Oct 26 19:32:10 vps postfix/smtpd[16236]: disconnect from unknown[213.209.157.167]
Oct 26 19:32:17 vps postfix/smtpd[16542]: warning: unknown[213.209.157.167]: SASL LOGIN authentication failed: UGFzc3dvcmQ6
Oct 26 19:32:17 vps postfix/smtpd[16542]: disconnect from unknown[213.209.157.167]
Oct 26 19:32:18 vps postfix/smtps/smtpd[21839]: connect from unknown[167.94.146.63]
Oct 26 19:32:18 vps postfix/smtps/smtpd[21839]: Anonymous TLS connection established from unknown[167.94.146.63]: TLSv1.2 with cipher ECDHE-RSA-AES128-GCM-SHA256 (128/128 bits)
Oct 26 19:32:18 vps postfix/smtps/smtpd[21839]: lost connection after EHLO from unknown[167.94.146.63]
Oct 26 19:32:18 vps postfix/smtps/smtpd[21839]: disconnect from unknown[167.94.146.63]
Oct 26 19:32:19 vps postfix/smtps/smtpd[21839]: connect from unknown[167.94.146.63]
Oct 26 19:32:20 vps postfix/smtps/smtpd[21839]: Anonymous TLS connection established from unknown[167.94.146.63]: TLSv1.1 with cipher ECDHE-RSA-AES128-SHA (128/128 bits)
Oct 26 19:32:20 vps postfix/smtps/smtpd[21839]: lost connection after CONNECT from unknown[167.94.146.63]
Oct 26 19:32:20 vps postfix/smtps/smtpd[21839]: disconnect from unknown[167.94.146.63]
Oct 26 19:32:21 vps postfix/smtps/smtpd[21839]: connect from unknown[167.94.146.63]
Oct 26 19:32:21 vps postfix/smtps/smtpd[21839]: Anonymous TLS connection established from unknown[167.94.146.63]: TLSv1 with cipher ECDHE-RSA-AES128-SHA (128/128 bits)
Oct 26 19:32:21 vps postfix/smtps/smtpd[21839]: lost connection after CONNECT from unknown[167.94.146.63]
Oct 26 19:32:21 vps postfix/smtps/smtpd[21839]: disconnect from unknown[167.94.146.63]
Oct 26 19:32:23 vps postfix/smtps/smtpd[21839]: connect from unknown[167.94.146.63]
Oct 26 19:32:23 vps postfix/smtps/smtpd[21839]: Anonymous TLS connection established from unknown[167.94.146.63]: SSLv3 with cipher ECDHE-RSA-RC4-SHA (112/128 bits)
Oct 26 19:32:23 vps postfix/smtps/smtpd[21839]: lost connection after CONNECT from unknown[167.94.146.63]
Oct 26 19:32:23 vps postfix/smtps/smtpd[21839]: disconnect from unknown[167.94.146.63]
Oct 26 19:33:03 vps postfix/smtpd[3513]: connect from unknown[212.132.96.229]
Oct 26 19:33:06 vps postfix/smtpd[3513]: warning: unknown[212.132.96.229]: SASL LOGIN authentication failed: UGFzc3dvcmQ6
Oct 26 19:33:06 vps postfix/smtpd[3513]: disconnect from unknown[212.132.96.229]
Oct 26 19:33:31 vps postfix/smtpd[16236]: connect from unknown[213.209.157.167]
Oct 26 19:33:34 vps postfix/smtpd[16236]: warning: unknown[213.209.157.167]: SASL LOGIN authentication failed: UGFzc3dvcmQ6
Oct 26 19:33:34 vps postfix/smtpd[16236]: disconnect from unknown[213.209.157.167]
Oct 26 19:33:49 vps postfix/smtps/smtpd[21839]: connect from unknown[115.231.78.3]
Oct 26 19:33:50 vps postfix/smtps/smtpd[21839]: Anonymous TLS connection established from unknown[115.231.78.3]: TLSv1.2 with cipher RC4-SHA (112/128 bits)
Oct 26 19:33:51 vps postfix/smtps/smtpd[21839]: lost connection after UNKNOWN from unknown[115.231.78.3]
Oct 26 19:33:51 vps postfix/smtps/smtpd[21839]: disconnect from unknown[115.231.78.3]
Oct 26 19:33:53 vps postfix/smtpd[16542]: connect from unknown[213.209.157.167]
Oct 26 19:33:54 vps postfix/smtps/smtpd[21839]: connect from unknown[115.231.78.3]
Oct 26 19:33:54 vps postfix/smtps/smtpd[21839]: SSL_accept error from unknown[115.231.78.3]: lost connection
Oct 26 19:33:54 vps postfix/smtps/smtpd[21839]: lost connection after CONNECT from unknown[115.231.78.3]
Oct 26 19:33:54 vps postfix/smtps/smtpd[21839]: disconnect from unknown[115.231.78.3]
Oct 26 19:33:55 vps postfix/smtpd[16542]: warning: unknown[213.209.157.167]: SASL LOGIN authentication failed: UGFzc3dvcmQ6
Oct 26 19:33:55 vps postfix/smtpd[16542]: disconnect from unknown[213.209.157.167]
Oct 26 19:33:55 vps postfix/smtps/smtpd[21839]: connect from unknown[115.231.78.3]
Oct 26 19:33:56 vps postfix/smtps/smtpd[21839]: SSL_accept error from unknown[115.231.78.3]: Connection reset by peer
Oct 26 19:33:56 vps postfix/smtps/smtpd[21839]: lost connection after CONNECT from unknown[115.231.78.3]
Oct 26 19:33:56 vps postfix/smtps/smtpd[21839]: disconnect from unknown[115.231.78.3]
Oct 26 19:33:56 vps postfix/smtps/smtpd[21839]: connect from unknown[115.231.78.3]
Oct 26 19:33:57 vps postfix/smtps/smtpd[21839]: SSL_accept error from unknown[115.231.78.3]: Connection reset by peer
Oct 26 19:33:57 vps postfix/smtps/smtpd[21839]: lost connection after CONNECT from unknown[115.231.78.3]
Oct 26 19:33:57 vps postfix/smtps/smtpd[21839]: disconnect from unknown[115.231.78.3]
Oct 26 19:33:57 vps postfix/smtps/smtpd[21839]: connect from unknown[115.231.78.3]
Oct 26 19:33:57 vps postfix/smtps/smtpd[21839]: SSL_accept error from unknown[115.231.78.3]: Connection reset by peer
Oct 26 19:33:57 vps postfix/smtps/smtpd[21839]: lost connection after CONNECT from unknown[115.231.78.3]
Oct 26 19:33:57 vps postfix/smtps/smtpd[21839]: disconnect from unknown[115.231.78.3]
Oct 26 19:33:58 vps postfix/smtps/smtpd[21839]: connect from unknown[115.231.78.3]
Oct 26 19:33:58 vps postfix/smtps/smtpd[21839]: SSL_accept error from unknown[115.231.78.3]: Connection reset by peer
Oct 26 19:33:58 vps postfix/smtps/smtpd[21839]: lost connection after CONNECT from unknown[115.231.78.3]
Oct 26 19:33:58 vps postfix/smtps/smtpd[21839]: disconnect from unknown[115.231.78.3]
Oct 26 19:33:59 vps postfix/smtps/smtpd[21839]: connect from unknown[115.231.78.3]
Oct 26 19:34:00 vps postfix/smtps/smtpd[21839]: SSL_accept error from unknown[115.231.78.3]: Connection reset by peer
Oct 26 19:34:00 vps postfix/smtps/smtpd[21839]: lost connection after CONNECT from unknown[115.231.78.3]
Oct 26 19:34:00 vps postfix/smtps/smtpd[21839]: disconnect from unknown[115.231.78.3]
Oct 26 19:34:00 vps postfix/smtps/smtpd[21839]: connect from unknown[115.231.78.3]
Oct 26 19:34:01 vps postfix/smtps/smtpd[21839]: SSL_accept error from unknown[115.231.78.3]: Connection reset by peer
Oct 26 19:34:01 vps postfix/smtps/smtpd[21839]: lost connection after CONNECT from unknown[115.231.78.3]
Oct 26 19:34:01 vps postfix/smtps/smtpd[21839]: disconnect from unknown[115.231.78.3]
Oct 26 19:34:04 vps postfix/smtps/smtpd[21839]: connect from unknown[115.231.78.3]
Oct 26 19:34:04 vps postfix/smtps/smtpd[21839]: SSL_accept error from unknown[115.231.78.3]: lost connection
Oct 26 19:34:04 vps postfix/smtps/smtpd[21839]: lost connection after CONNECT from unknown[115.231.78.3]
Oct 26 19:34:04 vps postfix/smtps/smtpd[21839]: disconnect from unknown[115.231.78.3]
Oct 26 19:34:04 vps postfix/smtps/smtpd[21839]: connect from unknown[115.231.78.3]
Oct 26 19:34:05 vps postfix/smtps/smtpd[21839]: SSL_accept error from unknown[115.231.78.3]: Connection reset by peer
Oct 26 19:34:05 vps postfix/smtps/smtpd[21839]: lost connection after CONNECT from unknown[115.231.78.3]
Oct 26 19:34:05 vps postfix/smtps/smtpd[21839]: disconnect from unknown[115.231.78.3]
Oct 26 19:34:05 vps postfix/smtps/smtpd[21839]: connect from unknown[115.231.78.3]
Oct 26 19:34:05 vps postfix/smtps/smtpd[21839]: SSL_accept error from unknown[115.231.78.3]: Connection reset by peer
Oct 26 19:34:05 vps postfix/smtps/smtpd[21839]: lost connection after CONNECT from unknown[115.231.78.3]
Oct 26 19:34:05 vps postfix/smtps/smtpd[21839]: disconnect from unknown[115.231.78.3]
Oct 26 19:34:06 vps postfix/smtpd[16236]: connect from unknown[213.209.157.225]
Oct 26 19:34:08 vps postfix/smtpd[16236]: warning: unknown[213.209.157.225]: SASL LOGIN authentication failed: UGFzc3dvcmQ6
Oct 26 19:34:08 vps postfix/smtpd[16236]: disconnect from unknown[213.209.157.225]
Oct 26 19:34:23 vps postfix/smtpd[3513]: connect from unknown[212.132.96.229]
Oct 26 19:34:26 vps postfix/smtpd[3513]: warning: unknown[212.132.96.229]: SASL LOGIN authentication failed: UGFzc3dvcmQ6
Oct 26 19:34:26 vps postfix/smtpd[3513]: disconnect from unknown[212.132.96.229]
Oct 26 19:34:39 vps postfix/smtpd[16542]: connect from unknown[49.124.151.62]
Oct 26 19:34:44 vps postfix/smtpd[16542]: warning: unknown[49.124.151.62]: SASL LOGIN authentication failed: UGFzc3dvcmQ6
Oct 26 19:34:44 vps postfix/smtpd[16542]: lost connection after AUTH from unknown[49.124.151.62]
Oct 26 19:34:44 vps postfix/smtpd[16542]: disconnect from unknown[49.124.151.62]
Oct 26 19:35:25 vps postfix/qmgr[22181]: A48D520ED4C: from=, size=1145, nrcpt=1 (queue active)
Oct 26 19:35:25 vps postfix/smtpd[16236]: connect from unknown[77.90.185.220]
Oct 26 19:35:27 vps postfix/smtp[26074]: A48D520ED4C: host gmail-smtp-in.l.google.com[64.233.170.26] said: 550-5.7.26 Your email has been blocked because the sender is unauthenticated. 550-5.7.26 Gmail requires all senders to authenticate with either SPF or DKIM. 550-5.7.26 550-5.7.26 Authentication results: 550-5.7.26 DKIM = did not pass 550-5.7.26 SPF [vps.vcrowd.in] with ip: [103.120.179.240] = did not pass 550-5.7.26 550-5.7.26 For instructions on setting up authentication, go to 550 5.7.26 https://support.google.com/mail/answer/81126#authentication d9443c01a7336-2949ab05835si24364155ad.493 - gsmtp (in reply to end of DATA command)
Oct 26 19:35:28 vps postfix/smtpd[16236]: warning: unknown[77.90.185.220]: SASL LOGIN authentication failed: UGFzc3dvcmQ6
Oct 26 19:35:28 vps postfix/smtpd[16236]: disconnect from unknown[77.90.185.220]
Oct 26 19:35:29 vps postfix/smtp[26074]: A48D520ED4C: to=, relay=alt1.gmail-smtp-in.l.google.com[192.178.163.26]:25, delay=444, delays=440/0.05/3.4/0.68, dsn=4.7.26, status=SOFTBOUNCE (host alt1.gmail-smtp-in.l.google.com[192.178.163.26] said: 550-5.7.26 Your email has been blocked because the sender is unauthenticated. 550-5.7.26 Gmail requires all senders to authenticate with either SPF or DKIM. 550-5.7.26 550-5.7.26 Authentication results: 550-5.7.26 DKIM = did not pass 550-5.7.26 SPF [vps.vcrowd.in] with ip: [103.120.179.240] = did not pass 550-5.7.26 550-5.7.26 For instructions on setting up authentication, go to 550 5.7.26 https://support.google.com/mail/answer/81126#authentication d2e1a72fcca58-7a425ab96c0si882535b3a.852 - gsmtp (in reply to end of DATA command))
Oct 26 19:35:40 vps postfix/smtpd[3513]: connect from unknown[212.132.96.229]
Oct 26 19:35:43 vps postfix/smtpd[3513]: warning: unknown[212.132.96.229]: SASL LOGIN authentication failed: UGFzc3dvcmQ6
Oct 26 19:35:43 vps postfix/smtpd[3513]: disconnect from unknown[212.132.96.229]
Oct 26 19:35:45 vps postfix/smtpd[16542]: connect from unknown[213.209.157.167]
Oct 26 19:35:48 vps postfix/smtpd[16542]: warning: unknown[213.209.157.167]: SASL LOGIN authentication failed: UGFzc3dvcmQ6
Oct 26 19:35:48 vps postfix/smtpd[16542]: disconnect from unknown[213.209.157.167]
Oct 26 19:37:01 vps postfix/smtpd[3513]: connect from unknown[212.132.96.229]
Oct 26 19:37:03 vps postfix/smtpd[3513]: warning: unknown[212.132.96.229]: SASL LOGIN authentication failed: UGFzc3dvcmQ6
Oct 26 19:37:03 vps postfix/smtpd[3513]: disconnect from unknown[212.132.96.229]
Oct 26 19:37:12 vps postfix/pickup[22733]: 26703161940: uid=1062 from=
Oct 26 19:37:12 vps postfix/cleanup[27805]: 26703161940: message-id=<20251026140712.26703161940@vps.vcrowd.in>
Oct 26 19:37:12 vps opendkim[5590]: 26703161940: no signing table match for '"info@gvkennel"@gmail.com'
Oct 26 19:37:12 vps opendkim[5590]: 26703161940: no signature data
Oct 26 19:37:12 vps postfix/qmgr[22181]: 26703161940: from=, size=929, nrcpt=1 (queue active)
Oct 26 19:37:14 vps postfix/smtp[27812]: 26703161940: host gmail-smtp-in.l.google.com[64.233.170.26] said: 550-5.7.26 Your email has been blocked because the sender is unauthenticated. 550-5.7.26 Gmail requires all senders to authenticate with either SPF or DKIM. 550-5.7.26 550-5.7.26 Authentication results: 550-5.7.26 DKIM = did not pass 550-5.7.26 SPF [vps.vcrowd.in] with ip: [103.120.179.240] = did not pass 550-5.7.26 550-5.7.26 For instructions on setting up authentication, go to 550 5.7.26 https://support.google.com/mail/answer/81126#authentication 41be03b00d2f7-b71f283fc0fsi2152421a12.916 - gsmtp (in reply to end of DATA command)
Oct 26 19:37:16 vps postfix/smtp[27812]: 26703161940: to=, relay=alt1.gmail-smtp-in.l.google.com[192.178.163.27]:25, delay=4.5, delays=0.06/0.03/3.5/0.84, dsn=4.7.26, status=SOFTBOUNCE (host alt1.gmail-smtp-in.l.google.com[192.178.163.27] said: 550-5.7.26 Your email has been blocked because the sender is unauthenticated. 550-5.7.26 Gmail requires all senders to authenticate with either SPF or DKIM. 550-5.7.26 550-5.7.26 Authentication results: 550-5.7.26 DKIM = did not pass 550-5.7.26 SPF [vps.vcrowd.in] with ip: [103.120.179.240] = did not pass 550-5.7.26 550-5.7.26 For instructions on setting up authentication, go to 550 5.7.26 https://support.google.com/mail/answer/81126#authentication d2e1a72fcca58-7a415522abcsi2425109b3a.21 - gsmtp (in reply to end of DATA command))
Oct 26 19:37:37 vps postfix/smtps/smtpd[28188]: connect from unknown[120.228.113.130]
Oct 26 19:37:40 vps postfix/smtps/smtpd[28188]: Anonymous TLS connection established from unknown[120.228.113.130]: TLSv1.2 with cipher ECDHE-RSA-AES256-GCM-SHA384 (256/256 bits)
Oct 26 19:37:56 vps postfix/smtps/smtpd[28188]: warning: unknown[120.228.113.130]: SASL LOGIN authentication failed: UGFzc3dvcmQ6
Oct 26 19:37:59 vps postfix/smtps/smtpd[28188]: lost connection after AUTH from unknown[120.228.113.130]
Oct 26 19:37:59 vps postfix/smtps/smtpd[28188]: disconnect from unknown[120.228.113.130]
Oct 26 19:38:00 vps postfix/smtpd[28553]: connect from unknown[196.251.92.11]
Oct 26 19:38:03 vps postfix/smtpd[28553]: warning: unknown[196.251.92.11]: SASL LOGIN authentication failed: UGFzc3dvcmQ6
Oct 26 19:38:03 vps postfix/smtpd[28553]: disconnect from unknown[196.251.92.11]
Oct 26 19:38:18 vps postfix/smtpd[3513]: connect from unknown[212.132.96.229]
Oct 26 19:38:21 vps postfix/smtpd[3513]: warning: unknown[212.132.96.229]: SASL LOGIN authentication failed: UGFzc3dvcmQ6
Oct 26 19:38:21 vps postfix/smtpd[3513]: disconnect from unknown[212.132.96.229]
Oct 26 19:38:44 vps postfix/smtpd[28553]: connect from land.greenlabsmedia.info[96.31.94.178]
Oct 26 19:38:45 vps postfix/smtpd[28553]: Anonymous TLS connection established from land.greenlabsmedia.info[96.31.94.178]: TLSv1.2 with cipher ADH-AES256-GCM-SHA384 (256/256 bits)
Oct 26 19:38:46 vps postfix/smtpd[28553]: NOQUEUE: reject: RCPT from land.greenlabsmedia.info[96.31.94.178]: 450 4.1.8 : Sender address rejected: Domain not found; from= to= proto=ESMTP helo=
Oct 26 19:38:46 vps postfix/smtpd[28553]: disconnect from land.greenlabsmedia.info[96.31.94.178]
Oct 26 19:38:53 vps postfix/smtpd[3513]: connect from unknown[66.132.153.114]
Oct 26 19:38:55 vps postfix/smtpd[3513]: Anonymous TLS connection established from unknown[66.132.153.114]: TLSv1.2 with cipher ECDHE-RSA-AES128-GCM-SHA256 (128/128 bits)
Oct 26 19:38:55 vps postfix/smtpd[3513]: lost connection after STARTTLS from unknown[66.132.153.114]
Oct 26 19:38:55 vps postfix/smtpd[3513]: disconnect from unknown[66.132.153.114]
Oct 26 19:39:06 vps postfix/smtpd[28553]: connect from unknown[193.32.162.71]
Oct 26 19:39:07 vps postfix/smtpd[29840]: connect from unknown[193.32.162.71]
Oct 26 19:39:09 vps postfix/smtpd[28553]: warning: unknown[193.32.162.71]: SASL LOGIN authentication failed: UGFzc3dvcmQ6
Oct 26 19:39:09 vps postfix/smtpd[28553]: lost connection after AUTH from unknown[193.32.162.71]
Oct 26 19:39:09 vps postfix/smtpd[28553]: disconnect from unknown[193.32.162.71]
Oct 26 19:39:14 vps postfix/smtpd[29840]: warning: unknown[193.32.162.71]: SASL LOGIN authentication failed: UGFzc3dvcmQ6
Oct 26 19:39:14 vps postfix/smtpd[29840]: lost connection after AUTH from unknown[193.32.162.71]
Oct 26 19:39:14 vps postfix/smtpd[29840]: disconnect from unknown[193.32.162.71]
Oct 26 19:39:38 vps postfix/smtpd[3513]: connect from unknown[212.132.96.229]
Oct 26 19:39:41 vps postfix/smtpd[3513]: warning: unknown[212.132.96.229]: SASL LOGIN authentication failed: UGFzc3dvcmQ6
Oct 26 19:39:41 vps postfix/smtpd[3513]: disconnect from unknown[212.132.96.229]
Oct 26 19:39:52 vps postfix/anvil[16309]: statistics: max connection rate 4/60s for (smtp:213.209.157.167) at
Oct 26 19:32:06
Oct 26 19:39:52 vps postfix/anvil[16309]: statistics: max connection count 2 for (smtp:213.209.157.167) at
Oct 26 19:32:06
Oct 26 19:39:52 vps postfix/anvil[16309]: statistics: max cache size 5 at
Oct 26 19:30:27
Oct 26 19:40:11 vps postfix/smtpd[28553]: connect from unknown[213.209.157.167]
Oct 26 19:40:13 vps postfix/smtpd[28553]: warning: unknown[213.209.157.167]: SASL LOGIN authentication failed: UGFzc3dvcmQ6
Oct 26 19:40:13 vps postfix/smtpd[28553]: disconnect from unknown[213.209.157.167]
Oct 26 19:40:15 vps postfix/smtpd[3513]: connect from unknown[223.241.214.127]
Oct 26 19:40:21 vps postfix/smtpd[3513]: warning: unknown[223.241.214.127]: SASL LOGIN authentication failed: UGFzc3dvcmQ6
Oct 26 19:40:22 vps postfix/smtpd[3513]: lost connection after AUTH from unknown[223.241.214.127]
Oct 26 19:40:22 vps postfix/smtpd[3513]: disconnect from unknown[223.241.214.127]
Oct 26 19:40:58 vps postfix/smtpd[3513]: connect from unknown[212.132.96.229]
Oct 26 19:41:01 vps postfix/smtpd[3513]: warning: unknown[212.132.96.229]: SASL LOGIN authentication failed: UGFzc3dvcmQ6
Oct 26 19:41:01 vps postfix/smtpd[3513]: disconnect from unknown[212.132.96.229]
Oct 26 19:41:01 vps postfix/smtpd[28553]: connect from unknown[45.148.10.97]
Oct 26 19:41:04 vps postfix/smtpd[28553]: warning: unknown[45.148.10.97]: SASL LOGIN authentication failed: UGFzc3dvcmQ6
Oct 26 19:41:04 vps postfix/smtpd[28553]: disconnect from unknown[45.148.10.97]
Oct 26 19:41:14 vps postfix/pickup[22733]: BA0726F4BB: uid=1062 from=
Oct 26 19:41:14 vps postfix/cleanup[1063]: BA0726F4BB: message-id=<20251026141114.BA0726F4BB@vps.vcrowd.in>
Oct 26 19:41:14 vps opendkim[5590]: BA0726F4BB: no signing table match for '"info@gvkennel"@gmail.com'
Oct 26 19:41:14 vps opendkim[5590]: BA0726F4BB: no signature data
Oct 26 19:41:14 vps postfix/qmgr[22181]: BA0726F4BB: from=, size=916, nrcpt=1 (queue active)
Oct 26 19:41:17 vps postfix/smtp[1069]: BA0726F4BB: host gmail-smtp-in.l.google.com[64.233.170.27] said: 550-5.7.26 Your email has been blocked because the sender is unauthenticated. 550-5.7.26 Gmail requires all senders to authenticate with either SPF or DKIM. 550-5.7.26 550-5.7.26 Authentication results: 550-5.7.26 DKIM = did not pass 550-5.7.26 SPF [vps.vcrowd.in] with ip: [103.120.179.240] = did not pass 550-5.7.26 550-5.7.26 For instructions on setting up authentication, go to 550 5.7.26 https://support.google.com/mail/answer/81126#authentication d2e1a72fcca58-7a41567aa8fsi2349805b3a.858 - gsmtp (in reply to end of DATA command)
Oct 26 19:41:19 vps postfix/smtp[1069]: BA0726F4BB: to=, relay=alt1.gmail-smtp-in.l.google.com[192.178.163.27]:25, delay=4.9, delays=0.06/0.02/4/0.83, dsn=4.7.26, status=SOFTBOUNCE (host alt1.gmail-smtp-in.l.google.com[192.178.163.27] said: 550-5.7.26 Your email has been blocked because the sender is unauthenticated. 550-5.7.26 Gmail requires all senders to authenticate with either SPF or DKIM. 550-5.7.26 550-5.7.26 Authentication results: 550-5.7.26 DKIM = did not pass 550-5.7.26 SPF [vps.vcrowd.in] with ip: [103.120.179.240] = did not pass 550-5.7.26 550-5.7.26 For instructions on setting up authentication, go to 550 5.7.26 https://support.google.com/mail/answer/81126#authentication 41be03b00d2f7-b71d553e217si2303345a12.180 - gsmtp (in reply to end of DATA command))
Oct 26 19:41:25 vps postfix/smtpd[28553]: connect from unknown[77.90.185.220]
Oct 26 19:41:28 vps postfix/smtpd[28553]: warning: unknown[77.90.185.220]: SASL LOGIN authentication failed: UGFzc3dvcmQ6
Oct 26 19:41:28 vps postfix/smtpd[28553]: disconnect from unknown[77.90.185.220]
Oct 26 19:41:46 vps postfix/smtpd[28553]: connect from unknown[213.209.157.167]
Oct 26 19:41:49 vps postfix/smtpd[1845]: connect from unknown[45.148.10.98]
Oct 26 19:41:49 vps postfix/smtpd[28553]: warning: unknown[213.209.157.167]: SASL LOGIN authentication failed: UGFzc3dvcmQ6
Oct 26 19:41:49 vps postfix/smtpd[28553]: disconnect from unknown[213.209.157.167]
Oct 26 19:41:51 vps postfix/smtpd[1845]: warning: unknown[45.148.10.98]: SASL LOGIN authentication failed: UGFzc3dvcmQ6
Oct 26 19:41:51 vps postfix/smtpd[1845]: disconnect from unknown[45.148.10.98]
Oct 26 19:42:09 vps postfix/smtpd[28553]: connect from unknown[45.148.10.64]
Oct 26 19:42:11 vps postfix/smtpd[28553]: warning: unknown[45.148.10.64]: SASL LOGIN authentication failed: UGFzc3dvcmQ6
Oct 26 19:42:11 vps postfix/smtpd[28553]: disconnect from unknown[45.148.10.64]
Oct 26 19:42:17 vps postfix/smtpd[3513]: connect from unknown[212.132.96.229]
Oct 26 19:42:20 vps postfix/smtpd[3513]: warning: unknown[212.132.96.229]: SASL LOGIN authentication failed: UGFzc3dvcmQ6
Oct 26 19:42:20 vps postfix/smtpd[3513]: disconnect from unknown[212.132.96.229]
Oct 26 19:42:21 vps postfix/smtpd[1845]: connect from unknown[193.32.162.71]
Oct 26 19:42:22 vps postfix/smtpd[28553]: connect from unknown[213.209.157.167]
Oct 26 19:42:24 vps postfix/smtpd[1845]: warning: unknown[193.32.162.71]: SASL LOGIN authentication failed: UGFzc3dvcmQ6
Oct 26 19:42:24 vps postfix/smtpd[1845]: lost connection after AUTH from unknown[193.32.162.71]
Oct 26 19:42:24 vps postfix/smtpd[1845]: disconnect from unknown[193.32.162.71]
Oct 26 19:42:25 vps postfix/smtpd[28553]: warning: unknown[213.209.157.167]: SASL LOGIN authentication failed: UGFzc3dvcmQ6
Oct 26 19:42:25 vps postfix/smtpd[28553]: disconnect from unknown[213.209.157.167]
Oct 26 19:42:27 vps postfix/smtpd[1845]: connect from unknown[77.90.185.87]
Oct 26 19:42:30 vps postfix/smtpd[1845]: warning: unknown[77.90.185.87]: SASL LOGIN authentication failed: UGFzc3dvcmQ6
Oct 26 19:42:30 vps postfix/smtpd[1845]: disconnect from unknown[77.90.185.87]
Oct 26 19:42:41 vps postfix/smtpd[28553]: connect from unknown[77.90.185.87]
Oct 26 19:42:44 vps postfix/smtpd[1845]: connect from unknown[213.209.157.167]
Oct 26 19:42:47 vps postfix/smtpd[1845]: warning: unknown[213.209.157.167]: SASL LOGIN authentication failed: UGFzc3dvcmQ6
Oct 26 19:42:47 vps postfix/smtpd[1845]: disconnect from unknown[213.209.157.167]
Oct 26 19:42:48 vps postfix/smtpd[28553]: warning: unknown[77.90.185.87]: SASL LOGIN authentication failed: UGFzc3dvcmQ6
Oct 26 19:42:48 vps postfix/smtpd[28553]: disconnect from unknown[77.90.185.87]
Oct 26 19:42:52 vps postfix/smtpd[1845]: connect from unknown[213.209.157.167]
Oct 26 19:42:58 vps postfix/smtpd[1845]: warning: unknown[213.209.157.167]: SASL LOGIN authentication failed: UGFzc3dvcmQ6
Oct 26 19:42:58 vps postfix/smtpd[1845]: disconnect from unknown[213.209.157.167]
Oct 26 19:42:59 vps postfix/smtpd[28553]: connect from unknown[213.209.157.167]
Oct 26 19:43:10 vps postfix/smtpd[28553]: warning: unknown[213.209.157.167]: SASL LOGIN authentication failed: UGFzc3dvcmQ6
Oct 26 19:43:10 vps postfix/smtpd[28553]: disconnect from unknown[213.209.157.167]
Oct 26 19:43:19 vps postfix/smtpd[1845]: connect from unknown[77.90.185.87]
Oct 26 19:43:22 vps postfix/smtpd[1845]: warning: unknown[77.90.185.87]: SASL LOGIN authentication failed: UGFzc3dvcmQ6
Oct 26 19:43:22 vps postfix/smtpd[1845]: disconnect from unknown[77.90.185.87]
Oct 26 19:43:22 vps postfix/smtpd[28553]: connect from unknown[unknown]
Oct 26 19:43:22 vps postfix/smtpd[28553]: lost connection after CONNECT from unknown[unknown]
Oct 26 19:43:22 vps postfix/smtpd[28553]: disconnect from unknown[unknown]
Oct 26 19:43:39 vps postfix/smtpd[3513]: connect from unknown[212.132.96.229]
Oct 26 19:43:42 vps postfix/smtpd[3513]: warning: unknown[212.132.96.229]: SASL LOGIN authentication failed: UGFzc3dvcmQ6
Oct 26 19:43:42 vps postfix/smtpd[3513]: disconnect from unknown[212.132.96.229]
Oct 26 19:44:06 vps postfix/smtpd[1845]: connect from unknown[213.209.157.167]
Oct 26 19:44:09 vps postfix/smtpd[1845]: warning: unknown[213.209.157.167]: SASL LOGIN authentication failed: UGFzc3dvcmQ6
Oct 26 19:44:09 vps postfix/smtpd[1845]: disconnect from unknown[213.209.157.167]
Oct 26 19:44:41 vps postfix/smtpd[28553]: connect from unknown[213.209.157.167]
Oct 26 19:44:44 vps postfix/smtpd[28553]: warning: unknown[213.209.157.167]: SASL LOGIN authentication failed: UGFzc3dvcmQ6
Oct 26 19:44:44 vps postfix/smtpd[28553]: disconnect from unknown[213.209.157.167]
Oct 26 19:44:51 vps postfix/smtpd[1845]: connect from unknown[45.148.10.86]
Oct 26 19:44:56 vps postfix/smtpd[1845]: warning: unknown[45.148.10.86]: SASL LOGIN authentication failed: UGFzc3dvcmQ6
Oct 26 19:44:57 vps postfix/smtpd[1845]: disconnect from unknown[45.148.10.86]
Oct 26 19:44:59 vps postfix/smtpd[3513]: connect from unknown[212.132.96.229]
Oct 26 19:45:02 vps postfix/smtpd[3513]: warning: unknown[212.132.96.229]: SASL LOGIN authentication failed: UGFzc3dvcmQ6
Oct 26 19:45:02 vps postfix/smtpd[3513]: disconnect from unknown[212.132.96.229]
Oct 26 19:45:19 vps postfix/smtpd[28553]: connect from unknown[62.60.131.124]
Oct 26 19:45:22 vps postfix/smtpd[28553]: warning: unknown[62.60.131.124]: SASL LOGIN authentication failed: UGFzc3dvcmQ6
Oct 26 19:45:22 vps postfix/smtpd[28553]: disconnect from unknown[62.60.131.124]
Oct 26 19:45:25 vps postfix/qmgr[22181]: 26703161940: from=, size=929, nrcpt=1 (queue active)
Oct 26 19:45:25 vps postfix/qmgr[22181]: A48D520ED4C: from=, size=1145, nrcpt=1 (queue active)
Oct 26 19:45:27 vps postfix/smtp[7883]: A48D520ED4C: host gmail-smtp-in.l.google.com[64.233.170.27] said: 550-5.7.26 Your email has been blocked because the sender is unauthenticated. 550-5.7.26 Gmail requires all senders to authenticate with either SPF or DKIM. 550-5.7.26 550-5.7.26 Authentication results: 550-5.7.26 DKIM = did not pass 550-5.7.26 SPF [vps.vcrowd.in] with ip: [103.120.179.240] = did not pass 550-5.7.26 550-5.7.26 For instructions on setting up authentication, go to 550 5.7.26 https://support.google.com/mail/answer/81126#authentication d9443c01a7336-2949aadaf77si24969115ad.269 - gsmtp (in reply to end of DATA command)
Oct 26 19:45:27 vps postfix/smtp[7881]: 26703161940: host gmail-smtp-in.l.google.com[64.233.170.27] said: 550-5.7.26 Your email has been blocked because the sender is unauthenticated. 550-5.7.26 Gmail requires all senders to authenticate with either SPF or DKIM. 550-5.7.26 550-5.7.26 Authentication results: 550-5.7.26 DKIM = did not pass 550-5.7.26 SPF [vps.vcrowd.in] with ip: [103.120.179.240] = did not pass 550-5.7.26 550-5.7.26 For instructions on setting up authentication, go to 550 5.7.26 https://support.google.com/mail/answer/81126#authentication 41be03b00d2f7-b71f4e8404csi2153391a12.1060 - gsmtp (in reply to end of DATA command)
Oct 26 19:45:29 vps postfix/smtp[7883]: A48D520ED4C: to=, relay=alt1.gmail-smtp-in.l.google.com[192.178.163.26]:25, delay=1044, delays=1040/0.06/3.4/0.69, dsn=4.7.26, status=SOFTBOUNCE (host alt1.gmail-smtp-in.l.google.com[192.178.163.26] said: 550-5.7.26 Your email has been blocked because the sender is unauthenticated. 550-5.7.26 Gmail requires all senders to authenticate with either SPF or DKIM. 550-5.7.26 550-5.7.26 Authentication results: 550-5.7.26 DKIM = did not pass 550-5.7.26 SPF [vps.vcrowd.in] with ip: [103.120.179.240] = did not pass 550-5.7.26 550-5.7.26 For instructions on setting up authentication, go to 550 5.7.26 https://support.google.com/mail/answer/81126#authentication 98e67ed59e1d1-33fee2cca6esi2289615a91.78 - gsmtp (in reply to end of DATA command))
Oct 26 19:45:29 vps postfix/qmgr[22181]: A48D520ED4C: from=, status=expired, returned to sender
Oct 26 19:45:29 vps postfix/cleanup[7964]: 8C7D316898B: message-id=<20251026141529.8C7D316898B@vps.vcrowd.in>
Oct 26 19:45:29 vps postfix/bounce[7963]: A48D520ED4C: sender non-delivery notification: 8C7D316898B
Oct 26 19:45:29 vps postfix/qmgr[22181]: 8C7D316898B: from=<>, size=4063, nrcpt=1 (queue active)
Oct 26 19:45:29 vps postfix/qmgr[22181]: A48D520ED4C: removed
Oct 26 19:45:29 vps postfix/local[7966]: 8C7D316898B: to=, relay=local, delay=0.04, delays=0.02/0.02/0/0, dsn=2.0.0, status=sent (delivered to mailbox)
Oct 26 19:45:29 vps postfix/qmgr[22181]: 8C7D316898B: removed
Oct 26 19:45:29 vps postfix/smtp[7881]: 26703161940: to=, relay=alt1.gmail-smtp-in.l.google.com[192.178.163.26]:25, delay=497, delays=493/0.06/3.5/0.74, dsn=4.7.26, status=SOFTBOUNCE (host alt1.gmail-smtp-in.l.google.com[192.178.163.26] said: 550-5.7.26 Your email has been blocked because the sender is unauthenticated. 550-5.7.26 Gmail requires all senders to authenticate with either SPF or DKIM. 550-5.7.26 550-5.7.26 Authentication results: 550-5.7.26 DKIM = did not pass 550-5.7.26 SPF [vps.vcrowd.in] with ip: [103.120.179.240] = did not pass 550-5.7.26 550-5.7.26 For instructions on setting up authentication, go to 550 5.7.26 https://support.google.com/mail/answer/81126#authentication 41be03b00d2f7-b71f90a9ec1si2298653a12.1620 - gsmtp (in reply to end of DATA command))
Oct 26 19:46:18 vps postfix/smtpd[3513]: connect from unknown[212.132.96.229]
Oct 26 19:46:21 vps postfix/smtpd[3513]: warning: unknown[212.132.96.229]: SASL LOGIN authentication failed: UGFzc3dvcmQ6
Oct 26 19:46:21 vps postfix/smtpd[3513]: disconnect from unknown[212.132.96.229]
Oct 26 19:46:36 vps postfix/smtpd[1845]: connect from unknown[45.148.10.119]
Oct 26 19:46:37 vps postfix/smtps/smtpd[9454]: connect from unknown[158.173.22.92]
Oct 26 19:46:39 vps postfix/smtps/smtpd[9454]: Anonymous TLS connection established from unknown[158.173.22.92]: TLSv1.2 with cipher ECDHE-RSA-AES256-GCM-SHA384 (256/256 bits)
Oct 26 19:46:39 vps postfix/smtpd[1845]: warning: unknown[45.148.10.119]: SASL LOGIN authentication failed: UGFzc3dvcmQ6
Oct 26 19:46:39 vps postfix/smtpd[1845]: disconnect from unknown[45.148.10.119]
Oct 26 19:46:40 vps postfix/smtpd[28553]: connect from unknown[213.209.157.167]
Oct 26 19:46:43 vps postfix/smtpd[28553]: warning: unknown[213.209.157.167]: SASL LOGIN authentication failed: UGFzc3dvcmQ6
Oct 26 19:46:43 vps postfix/smtpd[28553]: disconnect from unknown[213.209.157.167]
Oct 26 19:46:44 vps postfix/smtpd[1845]: connect from unknown[45.148.10.87]
Oct 26 19:46:47 vps postfix/smtpd[1845]: warning: unknown[45.148.10.87]: SASL LOGIN authentication failed: UGFzc3dvcmQ6
Oct 26 19:46:47 vps postfix/smtps/smtpd[9454]: warning: unknown[158.173.22.92]: SASL LOGIN authentication failed: UGFzc3dvcmQ6
Oct 26 19:46:47 vps postfix/smtpd[1845]: disconnect from unknown[45.148.10.87]
Oct 26 19:46:48 vps postfix/smtps/smtpd[9454]: disconnect from unknown[158.173.22.92]
Oct 26 19:47:35 vps postfix/smtpd[28553]: connect from unknown[196.251.92.11]
Oct 26 19:47:38 vps postfix/smtpd[3513]: connect from unknown[212.132.96.229]
Oct 26 19:47:38 vps postfix/smtpd[28553]: warning: unknown[196.251.92.11]: SASL LOGIN authentication failed: UGFzc3dvcmQ6
Oct 26 19:47:38 vps postfix/smtpd[28553]: disconnect from unknown[196.251.92.11]
Oct 26 19:47:40 vps postfix/smtpd[3513]: warning: unknown[212.132.96.229]: SASL LOGIN authentication failed: UGFzc3dvcmQ6
Oct 26 19:47:40 vps postfix/smtpd[3513]: disconnect from unknown[212.132.96.229]
Oct 26 19:48:26 vps postfix/smtpd[1845]: connect from unknown[45.148.10.37]
Oct 26 19:48:28 vps postfix/smtpd[1845]: warning: unknown[45.148.10.37]: SASL LOGIN authentication failed: UGFzc3dvcmQ6
Oct 26 19:48:28 vps postfix/smtpd[1845]: disconnect from unknown[45.148.10.37]
Oct 26 19:48:28 vps postfix/smtpd[28553]: connect from unknown[45.148.10.118]
Oct 26 19:48:30 vps postfix/smtpd[28553]: warning: unknown[45.148.10.118]: SASL LOGIN authentication failed: UGFzc3dvcmQ6
Oct 26 19:48:30 vps postfix/smtpd[28553]: disconnect from unknown[45.148.10.118]
Oct 26 19:48:36 vps postfix/smtpd[1845]: connect from unknown[213.209.157.167]
Oct 26 19:48:39 vps postfix/smtpd[1845]: warning: unknown[213.209.157.167]: SASL LOGIN authentication failed: UGFzc3dvcmQ6
Oct 26 19:48:39 vps postfix/smtpd[1845]: disconnect from unknown[213.209.157.167]
Oct 26 19:48:47 vps postfix/smtps/smtpd[12688]: warning: hostname 223-197-164-188.static.imsbiz.com does not resolve to address 223.197.164.188: Name or service not known
Oct 26 19:48:47 vps postfix/smtps/smtpd[12688]: connect from unknown[223.197.164.188]
Oct 26 19:48:50 vps postfix/smtpd[28553]: connect from unknown[77.90.185.87]
Oct 26 19:48:51 vps postfix/smtps/smtpd[12688]: Anonymous TLS connection established from unknown[223.197.164.188]: TLSv1.2 with cipher ECDHE-RSA-AES256-GCM-SHA384 (256/256 bits)
Oct 26 19:48:54 vps postfix/smtpd[28553]: warning: unknown[77.90.185.87]: SASL LOGIN authentication failed: UGFzc3dvcmQ6
Oct 26 19:48:54 vps postfix/smtpd[28553]: disconnect from unknown[77.90.185.87]
Oct 26 19:48:56 vps postfix/smtpd[3513]: connect from unknown[212.132.96.229]
Oct 26 19:48:59 vps postfix/smtpd[3513]: warning: unknown[212.132.96.229]: SASL LOGIN authentication failed: UGFzc3dvcmQ6
Oct 26 19:48:59 vps postfix/smtpd[3513]: disconnect from unknown[212.132.96.229]
Oct 26 19:49:02 vps postfix/smtps/smtpd[12688]: warning: unknown[223.197.164.188]: SASL LOGIN authentication failed: UGFzc3dvcmQ6
Oct 26 19:49:04 vps postfix/smtps/smtpd[12688]: lost connection after AUTH from unknown[223.197.164.188]
Oct 26 19:49:04 vps postfix/smtps/smtpd[12688]: disconnect from unknown[223.197.164.188]
Oct 26 19:49:37 vps postfix/smtpd[1845]: connect from unknown[213.209.157.252]
Oct 26 19:49:40 vps postfix/smtpd[1845]: warning: unknown[213.209.157.252]: SASL LOGIN authentication failed: UGFzc3dvcmQ6
Oct 26 19:49:40 vps postfix/smtpd[1845]: disconnect from unknown[213.209.157.252]
Oct 26 19:49:52 vps postfix/anvil[16309]: statistics: max connection rate 3/60s for (smtp:213.209.157.167) at
Oct 26 19:42:44
Oct 26 19:49:52 vps postfix/anvil[16309]: statistics: max connection count 1 for (smtp:213.209.157.167) at
Oct 26 19:40:11
Oct 26 19:49:52 vps postfix/anvil[16309]: statistics: max cache size 7 at
Oct 26 19:42:27
Oct 26 19:50:15 vps postfix/smtpd[3513]: connect from unknown[212.132.96.229]
Oct 26 19:50:18 vps postfix/smtpd[3513]: warning: unknown[212.132.96.229]: SASL LOGIN authentication failed: UGFzc3dvcmQ6
Oct 26 19:50:18 vps postfix/smtpd[3513]: disconnect from unknown[212.132.96.229]
Oct 26 19:50:25 vps postfix/qmgr[22181]: BA0726F4BB: from=, size=916, nrcpt=1 (queue active)
Oct 26 19:50:27 vps postfix/smtp[15894]: BA0726F4BB: host gmail-smtp-in.l.google.com[64.233.170.27] said: 550-5.7.26 Your email has been blocked because the sender is unauthenticated. 550-5.7.26 Gmail requires all senders to authenticate with either SPF or DKIM. 550-5.7.26 550-5.7.26 Authentication results: 550-5.7.26 DKIM = did not pass 550-5.7.26 SPF [vps.vcrowd.in] with ip: [103.120.179.240] = did not pass 550-5.7.26 550-5.7.26 For instructions on setting up authentication, go to 550 5.7.26 https://support.google.com/mail/answer/81126#authentication d9443c01a7336-2949ab05f64si24680835ad.590 - gsmtp (in reply to end of DATA command)
Oct 26 19:50:30 vps postfix/smtp[15894]: BA0726F4BB: to=, relay=alt1.gmail-smtp-in.l.google.com[192.178.163.27]:25, delay=556, delays=551/0.04/4.1/0.75, dsn=4.7.26, status=SOFTBOUNCE (host alt1.gmail-smtp-in.l.google.com[192.178.163.27] said: 550-5.7.26 Your email has been blocked because the sender is unauthenticated. 550-5.7.26 Gmail requires all senders to authenticate with either SPF or DKIM. 550-5.7.26 550-5.7.26 Authentication results: 550-5.7.26 DKIM = did not pass 550-5.7.26 SPF [vps.vcrowd.in] with ip: [103.120.179.240] = did not pass 550-5.7.26 550-5.7.26 For instructions on setting up authentication, go to 550 5.7.26 https://support.google.com/mail/answer/81126#authentication 41be03b00d2f7-b71d581eb22si2337699a12.77 - gsmtp (in reply to end of DATA command))
Oct 26 19:50:54 vps postfix/smtpd[1845]: connect from unknown[45.148.10.36]
Oct 26 19:50:57 vps postfix/smtpd[1845]: warning: unknown[45.148.10.36]: SASL LOGIN authentication failed: UGFzc3dvcmQ6
Oct 26 19:50:57 vps postfix/smtpd[1845]: disconnect from unknown[45.148.10.36]
Oct 26 19:51:24 vps postfix/smtpd[1845]: connect from unknown[45.148.10.124]
Oct 26 19:51:26 vps postfix/smtpd[1845]: warning: unknown[45.148.10.124]: SASL LOGIN authentication failed: UGFzc3dvcmQ6
Oct 26 19:51:26 vps postfix/smtpd[1845]: disconnect from unknown[45.148.10.124]
Oct 26 19:51:32 vps postfix/smtpd[3513]: connect from unknown[212.132.96.229]
Oct 26 19:51:35 vps postfix/smtpd[3513]: warning: unknown[212.132.96.229]: SASL LOGIN authentication failed: UGFzc3dvcmQ6
Oct 26 19:51:35 vps postfix/smtpd[3513]: disconnect from unknown[212.132.96.229]
Oct 26 19:51:43 vps postfix/smtpd[1845]: connect from unknown[45.148.10.25]
Oct 26 19:51:46 vps postfix/smtpd[1845]: warning: unknown[45.148.10.25]: SASL LOGIN authentication failed: UGFzc3dvcmQ6
Oct 26 19:51:46 vps postfix/smtpd[1845]: disconnect from unknown[45.148.10.25]
Oct 26 19:51:59 vps postfix/smtpd[1845]: connect from unknown[45.148.10.29]
Oct 26 19:52:02 vps postfix/smtpd[1845]: warning: unknown[45.148.10.29]: SASL LOGIN authentication failed: UGFzc3dvcmQ6
Oct 26 19:52:02 vps postfix/smtpd[1845]: disconnect from unknown[45.148.10.29]
Oct 26 19:52:09 vps postfix/smtpd[1845]: connect from unknown[45.148.10.30]
Oct 26 19:52:12 vps postfix/smtpd[1845]: warning: unknown[45.148.10.30]: SASL LOGIN authentication failed: UGFzc3dvcmQ6
Oct 26 19:52:12 vps postfix/smtpd[1845]: disconnect from unknown[45.148.10.30]
Oct 26 19:52:25 vps postfix/smtpd[1845]: connect from unknown[45.148.10.122]
Oct 26 19:52:26 vps postfix/smtpd[18627]: connect from unknown[45.148.10.39]
Oct 26 19:52:28 vps postfix/smtpd[18627]: warning: unknown[45.148.10.39]: SASL LOGIN authentication failed: UGFzc3dvcmQ6
Oct 26 19:52:28 vps postfix/smtpd[18627]: disconnect from unknown[45.148.10.39]
Oct 26 19:52:29 vps postfix/smtpd[1845]: warning: unknown[45.148.10.122]: SASL LOGIN authentication failed: UGFzc3dvcmQ6
Oct 26 19:52:29 vps postfix/smtpd[1845]: disconnect from unknown[45.148.10.122]
Oct 26 19:52:51 vps postfix/smtpd[3513]: connect from unknown[212.132.96.229]
Oct 26 19:52:54 vps postfix/smtpd[3513]: warning: unknown[212.132.96.229]: SASL LOGIN authentication failed: UGFzc3dvcmQ6
Oct 26 19:52:54 vps postfix/smtpd[3513]: disconnect from unknown[212.132.96.229]
Oct 26 19:52:59 vps postfix/smtpd[18627]: connect from unknown[45.148.10.120]
Oct 26 19:53:01 vps postfix/smtpd[18627]: warning: unknown[45.148.10.120]: SASL LOGIN authentication failed: UGFzc3dvcmQ6
Oct 26 19:53:01 vps postfix/smtpd[18627]: disconnect from unknown[45.148.10.120]
Oct 26 19:53:47 vps postfix/smtpd[1845]: connect from unknown[77.90.185.87]
Oct 26 19:53:50 vps postfix/smtpd[1845]: warning: unknown[77.90.185.87]: SASL LOGIN authentication failed: UGFzc3dvcmQ6
Oct 26 19:53:50 vps postfix/smtpd[1845]: disconnect from unknown[77.90.185.87]
Oct 26 19:53:56 vps postfix/smtpd[18627]: connect from unknown[77.90.185.220]
Oct 26 19:53:59 vps postfix/smtpd[18627]: warning: unknown[77.90.185.220]: SASL LOGIN authentication failed: UGFzc3dvcmQ6
Oct 26 19:53:59 vps postfix/smtpd[18627]: disconnect from unknown[77.90.185.220]
Oct 26 19:54:07 vps postfix/smtpd[1845]: connect from unknown[45.148.10.35]
Oct 26 19:54:09 vps postfix/smtpd[1845]: warning: unknown[45.148.10.35]: SASL LOGIN authentication failed: UGFzc3dvcmQ6
Oct 26 19:54:09 vps postfix/smtpd[1845]: disconnect from unknown[45.148.10.35]
Oct 26 19:54:11 vps postfix/smtpd[3513]: connect from unknown[212.132.96.229]
Oct 26 19:54:13 vps postfix/smtpd[3513]: warning: unknown[212.132.96.229]: SASL LOGIN authentication failed: UGFzc3dvcmQ6
Oct 26 19:54:13 vps postfix/smtpd[3513]: disconnect from unknown[212.132.96.229]
Oct 26 19:55:01 vps postfix/smtpd[18627]: connect from unknown[45.148.10.34]
Oct 26 19:55:03 vps postfix/smtpd[18627]: warning: unknown[45.148.10.34]: SASL LOGIN authentication failed: UGFzc3dvcmQ6
Oct 26 19:55:03 vps postfix/smtpd[18627]: disconnect from unknown[45.148.10.34]
Oct 26 19:55:13 vps postfix/smtpd[1845]: connect from unknown[218.75.77.202]
Oct 26 19:55:14 vps postfix/smtpd[1845]: Anonymous TLS connection established from unknown[218.75.77.202]: TLSv1.2 with cipher ECDHE-RSA-AES256-SHA384 (256/256 bits)
Oct 26 19:55:17 vps postfix/smtpd[1845]: NOQUEUE: reject: RCPT from unknown[218.75.77.202]: 454 4.7.1 Service unavailable; Client host [218.75.77.202] blocked using bl.spamcop.net; Blocked - see https://www.spamcop.net/bl.shtml?218.75.77.202; from= to= proto=ESMTP helo=
Oct 26 19:55:19 vps postfix/smtpd[1845]: disconnect from unknown[218.75.77.202]
Oct 26 19:55:25 vps postfix/qmgr[22181]: 26703161940: from=, size=929, nrcpt=1 (queue active)
Oct 26 19:55:27 vps postfix/smtp[24370]: 26703161940: host gmail-smtp-in.l.google.com[64.233.170.27] said: 550-5.7.26 Your email has been blocked because the sender is unauthenticated. 550-5.7.26 Gmail requires all senders to authenticate with either SPF or DKIM. 550-5.7.26 550-5.7.26 Authentication results: 550-5.7.26 DKIM = did not pass 550-5.7.26 SPF [vps.vcrowd.in] with ip: [103.120.179.240] = did not pass 550-5.7.26 550-5.7.26 For instructions on setting up authentication, go to 550 5.7.26 https://support.google.com/mail/answer/81126#authentication d2e1a72fcca58-7a4155f8b5dsi2423452b3a.230 - gsmtp (in reply to end of DATA command)
Oct 26 19:55:28 vps postfix/smtpd[3513]: connect from unknown[212.132.96.229]
Oct 26 19:55:29 vps postfix/smtp[24370]: 26703161940: to=, relay=alt1.gmail-smtp-in.l.google.com[192.178.163.26]:25, delay=1098, delays=1093/0.02/3.6/0.78, dsn=4.7.26, status=SOFTBOUNCE (host alt1.gmail-smtp-in.l.google.com[192.178.163.26] said: 550-5.7.26 Your email has been blocked because the sender is unauthenticated. 550-5.7.26 Gmail requires all senders to authenticate with either SPF or DKIM. 550-5.7.26 550-5.7.26 Authentication results: 550-5.7.26 DKIM = did not pass 550-5.7.26 SPF [vps.vcrowd.in] with ip: [103.120.179.240] = did not pass 550-5.7.26 550-5.7.26 For instructions on setting up authentication, go to 550 5.7.26 https://support.google.com/mail/answer/81126#authentication d9443c01a7336-2949ab09876si26577725ad.625 - gsmtp (in reply to end of DATA command))
Oct 26 19:55:29 vps postfix/qmgr[22181]: 26703161940: from=, status=expired, returned to sender
Oct 26 19:55:29 vps postfix/cleanup[24463]: CD3E920EA87: message-id=<20251026142529.CD3E920EA87@vps.vcrowd.in>
Oct 26 19:55:29 vps postfix/bounce[24461]: 26703161940: sender non-delivery notification: CD3E920EA87
Oct 26 19:55:29 vps postfix/qmgr[22181]: CD3E920EA87: from=<>, size=3857, nrcpt=1 (queue active)
Oct 26 19:55:29 vps postfix/qmgr[22181]: 26703161940: removed
Oct 26 19:55:29 vps postfix/local[24464]: CD3E920EA87: to=, relay=local, delay=0.05, delays=0.03/0.02/0/0, dsn=2.0.0, status=sent (delivered to mailbox)
Oct 26 19:55:29 vps postfix/qmgr[22181]: CD3E920EA87: removed
Oct 26 19:55:31 vps postfix/smtpd[3513]: warning: unknown[212.132.96.229]: SASL LOGIN authentication failed: UGFzc3dvcmQ6
Oct 26 19:55:31 vps postfix/smtpd[3513]: disconnect from unknown[212.132.96.229]
Oct 26 19:55:38 vps postfix/smtpd[3513]: warning: hostname 113-28-86-1.static.imsbiz.com does not resolve to address 113.28.86.1: Name or service not known
Oct 26 19:55:38 vps postfix/smtpd[3513]: connect from unknown[113.28.86.1]
Oct 26 19:55:43 vps postfix/smtpd[3513]: warning: unknown[113.28.86.1]: SASL LOGIN authentication failed: UGFzc3dvcmQ6
Oct 26 19:55:43 vps postfix/smtpd[3513]: lost connection after AUTH from unknown[113.28.86.1]
Oct 26 19:55:43 vps postfix/smtpd[3513]: disconnect from unknown[113.28.86.1]
Oct 26 19:56:02 vps postfix/pickup[22733]: 09169161940: uid=1069 from=
Oct 26 19:56:02 vps postfix/cleanup[24463]: 09169161940: message-id=<20251026142602.09169161940@vps.vcrowd.in>
Oct 26 19:56:02 vps opendkim[5590]: 09169161940: no signing table match for 'erangifest1980@mail.ru'
Oct 26 19:56:02 vps opendkim[5590]: 09169161940: no signature data
Oct 26 19:56:02 vps postfix/qmgr[22181]: 09169161940: from=, size=925, nrcpt=1 (queue active)
Oct 26 19:56:03 vps postfix/smtp[24370]: 09169161940: host gmail-smtp-in.l.google.com[64.233.170.27] said: 550-5.7.26 Unauthenticated email from mail.ru is not accepted due to domain's 550-5.7.26 DMARC policy. Please contact the administrator of mail.ru domain if 550-5.7.26 this was a legitimate mail. To learn about the DMARC initiative, go 550-5.7.26 to 550 5.7.26 https://support.google.com/mail/?p=DmarcRejection 41be03b00d2f7-b71edcd138esi2269738a12.753 - gsmtp (in reply to end of DATA command)
Oct 26 19:56:05 vps postfix/smtpd[18627]: connect from unknown[213.209.157.225]
Oct 26 19:56:06 vps postfix/smtp[24370]: 09169161940: to=, relay=alt1.gmail-smtp-in.l.google.com[192.178.163.27]:25, delay=4.3, delays=0.04/0.01/3.5/0.69, dsn=4.7.26, status=SOFTBOUNCE (host alt1.gmail-smtp-in.l.google.com[192.178.163.27] said: 550-5.7.26 Unauthenticated email from mail.ru is not accepted due to domain's 550-5.7.26 DMARC policy. Please contact the administrator of mail.ru domain if 550-5.7.26 this was a legitimate mail. To learn about the DMARC initiative, go 550-5.7.26 to 550 5.7.26 https://support.google.com/mail/?p=DmarcRejection 41be03b00d2f7-b71f283fbf9si2131480a12.875 - gsmtp (in reply to end of DATA command))
Oct 26 19:56:07 vps postfix/smtpd[18627]: warning: unknown[213.209.157.225]: SASL LOGIN authentication failed: UGFzc3dvcmQ6
Oct 26 19:56:07 vps postfix/smtpd[18627]: disconnect from unknown[213.209.157.225]
Oct 26 19:56:47 vps postfix/smtpd[3513]: connect from unknown[212.132.96.229]
Oct 26 19:56:50 vps postfix/smtpd[3513]: warning: unknown[212.132.96.229]: SASL LOGIN authentication failed: UGFzc3dvcmQ6
Oct 26 19:56:50 vps postfix/smtpd[3513]: disconnect from unknown[212.132.96.229]
Oct 26 19:57:34 vps postfix/smtpd[18627]: connect from unknown[213.209.157.167]
Oct 26 19:57:35 vps postfix/pickup[22733]: CC15A20EA87: uid=1069 from=
Oct 26 19:57:35 vps postfix/cleanup[24463]: CC15A20EA87: message-id=<20251026142735.CC15A20EA87@vps.vcrowd.in>
Oct 26 19:57:35 vps opendkim[5590]: CC15A20EA87: no signing table match for 'pencucon_97@mail.ru'
Oct 26 19:57:35 vps opendkim[5590]: CC15A20EA87: no signature data
Oct 26 19:57:35 vps postfix/qmgr[22181]: CC15A20EA87: from=, size=5370, nrcpt=1 (queue active)
Oct 26 19:57:37 vps postfix/smtpd[18627]: warning: unknown[213.209.157.167]: SASL LOGIN authentication failed: VXNlcm5hbWU6
Oct 26 19:57:37 vps postfix/smtp[24370]: CC15A20EA87: host gmail-smtp-in.l.google.com[64.233.170.27] said: 550-5.7.26 Unauthenticated email from mail.ru is not accepted due to domain's 550-5.7.26 DMARC policy. Please contact the administrator of mail.ru domain if 550-5.7.26 this was a legitimate mail. To learn about the DMARC initiative, go 550-5.7.26 to 550 5.7.26 https://support.google.com/mail/?p=DmarcRejection 41be03b00d2f7-b71f274b126si2071287a12.921 - gsmtp (in reply to end of DATA command)
Oct 26 19:57:37 vps postfix/smtpd[18627]: disconnect from unknown[213.209.157.167]
Oct 26 19:57:40 vps postfix/smtp[24370]: CC15A20EA87: to=, relay=alt1.gmail-smtp-in.l.google.com[192.178.163.27]:25, delay=4.4, delays=0.02/0.01/3.4/0.97, dsn=4.7.26, status=SOFTBOUNCE (host alt1.gmail-smtp-in.l.google.com[192.178.163.27] said: 550-5.7.26 Unauthenticated email from mail.ru is not accepted due to domain's 550-5.7.26 DMARC policy. Please contact the administrator of mail.ru domain if 550-5.7.26 this was a legitimate mail. To learn about the DMARC initiative, go 550-5.7.26 to 550 5.7.26 https://support.google.com/mail/?p=DmarcRejection d2e1a72fcca58-7a4156208bfsi2377870b3a.513 - gsmtp (in reply to end of DATA command))
Oct 26 19:57:51 vps postfix/smtpd[18627]: connect from mail-eastus2azolkn19010001.outbound.protection.outlook.com[52.103.12.1]
Oct 26 19:57:52 vps postfix/smtpd[18627]: Anonymous TLS connection established from mail-eastus2azolkn19010001.outbound.protection.outlook.com[52.103.12.1]: TLSv1.2 with cipher ECDHE-RSA-AES256-GCM-SHA384 (256/256 bits)
Oct 26 19:57:52 vps postfix/smtpd[18627]: NOQUEUE: reject: RCPT from mail-eastus2azolkn19010001.outbound.protection.outlook.com[52.103.12.1]: 450 4.1.1 : Recipient address rejected: User unknown in virtual mailbox table; from= to= proto=ESMTP helo=
Oct 26 19:57:53 vps postfix/smtpd[18627]: disconnect from mail-eastus2azolkn19010001.outbound.protection.outlook.com[52.103.12.1]
Oct 26 19:58:07 vps postfix/smtpd[3513]: connect from unknown[212.132.96.229]
Oct 26 19:58:09 vps postfix/smtpd[3513]: warning: unknown[212.132.96.229]: SASL LOGIN authentication failed: UGFzc3dvcmQ6
Oct 26 19:58:09 vps postfix/smtpd[3513]: disconnect from unknown[212.132.96.229]
Oct 26 19:58:30 vps postfix/smtpd[18627]: connect from unknown[213.209.157.167]
Oct 26 19:58:32 vps postfix/smtpd[18627]: warning: unknown[213.209.157.167]: SASL LOGIN authentication failed: UGFzc3dvcmQ6
Oct 26 19:58:32 vps postfix/smtpd[18627]: disconnect from unknown[213.209.157.167]
Oct 26 19:59:28 vps postfix/smtpd[3513]: connect from unknown[212.132.96.229]
Oct 26 19:59:30 vps postfix/smtpd[3513]: warning: unknown[212.132.96.229]: SASL LOGIN authentication failed: UGFzc3dvcmQ6
