Oct 26 13:20:29 vps postfix/smtp[18558]: 981FE3718A6: to=, relay=alt1.gmail-smtp-in.l.google.com[192.178.163.26]:25, delay=1141, delays=1137/0.05/3.5/0.88, dsn=4.7.26, status=SOFTBOUNCE (host alt1.gmail-smtp-in.l.google.com[192.178.163.26] said: 550-5.7.26 Your email has been blocked because the sender is unauthenticated. 550-5.7.26 Gmail requires all senders to authenticate with either SPF or DKIM. 550-5.7.26 550-5.7.26 Authentication results: 550-5.7.26 DKIM = did not pass 550-5.7.26 SPF [vps.vcrowd.in] with ip: [103.120.179.240] = did not pass 550-5.7.26 550-5.7.26 For instructions on setting up authentication, go to 550 5.7.26 https://support.google.com/mail/answer/81126#authentication d2e1a72fcca58-7a415521af7si2148227b3a.18 - gsmtp (in reply to end of DATA command))
Oct 26 13:20:29 vps postfix/qmgr[22181]: 981FE3718A6: from=, status=expired, returned to sender
Oct 26 13:20:29 vps postfix/cleanup[18644]: AB9B820ED4C: message-id=<20251026075029.AB9B820ED4C@vps.vcrowd.in>
Oct 26 13:20:29 vps postfix/cleanup[18645]: AE94A372360: message-id=<20251026075029.AE94A372360@vps.vcrowd.in>
Oct 26 13:20:29 vps postfix/bounce[18641]: 658AA37234F: sender non-delivery notification: AB9B820ED4C
Oct 26 13:20:29 vps postfix/qmgr[22181]: AB9B820ED4C: from=<>, size=4341, nrcpt=1 (queue active)
Oct 26 13:20:29 vps postfix/bounce[18642]: 981FE3718A6: sender non-delivery notification: AE94A372360
Oct 26 13:20:29 vps postfix/qmgr[22181]: 658AA37234F: removed
Oct 26 13:20:29 vps postfix/qmgr[22181]: 981FE3718A6: removed
Oct 26 13:20:29 vps postfix/qmgr[22181]: AE94A372360: from=<>, size=3844, nrcpt=1 (queue active)
Oct 26 13:20:29 vps postfix/local[18646]: AB9B820ED4C: to=, relay=local, delay=0.05, delays=0.03/0.02/0/0.01, dsn=2.0.0, status=sent (delivered to mailbox)
Oct 26 13:20:29 vps postfix/qmgr[22181]: AB9B820ED4C: removed
Oct 26 13:20:29 vps postfix/local[18646]: AE94A372360: to=, relay=local, delay=0.05, delays=0.02/0.02/0/0.01, dsn=2.0.0, status=sent (delivered to mailbox)
Oct 26 13:20:29 vps postfix/qmgr[22181]: AE94A372360: removed
Oct 26 13:20:29 vps postfix/smtp[18555]: C01EA1ACD97: to=, relay=alt1.gmail-smtp-in.l.google.com[192.178.163.26]:25, delay=909, delays=904/0.03/3.8/0.84, dsn=4.7.26, status=SOFTBOUNCE (host alt1.gmail-smtp-in.l.google.com[192.178.163.26] said: 550-5.7.26 Your email has been blocked because the sender is unauthenticated. 550-5.7.26 Gmail requires all senders to authenticate with either SPF or DKIM. 550-5.7.26 550-5.7.26 Authentication results: 550-5.7.26 DKIM = did not pass 550-5.7.26 SPF [vps.vcrowd.in] with ip: [103.120.179.240] = did not pass 550-5.7.26 550-5.7.26 For instructions on setting up authentication, go to 550 5.7.26 https://support.google.com/mail/answer/81126#authentication d2e1a72fcca58-7a41568dde7si2078886b3a.919 - gsmtp (in reply to end of DATA command))
Oct 26 13:20:29 vps postfix/qmgr[22181]: C01EA1ACD97: from=, status=expired, returned to sender
Oct 26 13:20:29 vps postfix/cleanup[18644]: D027120ED4C: message-id=<20251026075029.D027120ED4C@vps.vcrowd.in>
Oct 26 13:20:29 vps postfix/bounce[18642]: C01EA1ACD97: sender non-delivery notification: D027120ED4C
Oct 26 13:20:29 vps postfix/qmgr[22181]: D027120ED4C: from=<>, size=3857, nrcpt=1 (queue active)
Oct 26 13:20:29 vps postfix/qmgr[22181]: C01EA1ACD97: removed
Oct 26 13:20:29 vps postfix/local[18647]: D027120ED4C: to=, relay=local, delay=0.01, delays=0.01/0/0/0, dsn=2.0.0, status=sent (delivered to mailbox)
Oct 26 13:20:29 vps postfix/qmgr[22181]: D027120ED4C: removed
Oct 26 13:21:24 vps postfix/pickup[28263]: D80FD1ACD97: uid=1106 from=
Oct 26 13:21:24 vps postfix/cleanup[18645]: D80FD1ACD97: message-id=<20251026075124.D80FD1ACD97@vps.vcrowd.in>
Oct 26 13:21:24 vps opendkim[5590]: D80FD1ACD97: DKIM-Signature field added (s=default, d=single2mingle.com)
Oct 26 13:21:24 vps postfix/qmgr[22181]: D80FD1ACD97: from=, size=1519, nrcpt=3 (queue active)
Oct 26 13:21:25 vps postfix/pipe[19828]: D80FD1ACD97: to=, relay=dovecot, delay=0.29, delays=0.09/0.02/0/0.18, dsn=2.0.0, status=sent (delivered via dovecot service)
Oct 26 13:21:25 vps postfix/pipe[19829]: D80FD1ACD97: to=, relay=dovecot, delay=0.31, delays=0.09/0.04/0/0.18, dsn=4.1.1, status=SOFTBOUNCE (user unknown. Command output: doveconf: Warning: /etc/dovecot/dovecot.conf line 8: Global setting ssl_cert won't change the setting inside an earlier filter at /etc/dovecot/domains/24mtcthalaimaisangam.org.conf line 2 (if this is intentional, avoid this warning by moving the global setting before /etc/dovecot/domains/24mtcthalaimaisangam.org.conf line 2) doveconf: Warning: /etc/dovecot/dovecot.conf line 9: Global setting ssl_key won't change the setting inside an earlier filter at /etc/dovecot/domains/24mtcthalaimaisangam.org.conf line 3 (if this is intentional, avoid this warning by moving the global setting before /etc/dovecot/domains/24mtcthalaimaisangam.org.conf line 3) doveconf: Warning: /etc/dovecot/dovecot.conf line 10: Global setting ssl_ca won't change the setting inside an earlier filter at /etc/dovecot/domains/24mtcthalaimaisangam.org.conf line 4 (if this is intentional, avoid this warning by moving the global setting before /etc/dovecot/domains/24mtcthalaimaisangam.org.conf line 4) )
Oct 26 13:21:26 vps postfix/smtpd[2406]: connect from unknown[212.132.96.229]
Oct 26 13:21:27 vps postfix/smtp[18556]: D80FD1ACD97: host gmail-smtp-in.l.google.com[64.233.170.26] said: 550-5.7.26 Your email has been blocked because the sender is unauthenticated. 550-5.7.26 Gmail requires all senders to authenticate with either SPF or DKIM. 550-5.7.26 550-5.7.26 Authentication results: 550-5.7.26 DKIM = did not pass 550-5.7.26 SPF [vps.vcrowd.in] with ip: [103.120.179.240] = did not pass 550-5.7.26 550-5.7.26 For instructions on setting up authentication, go to 550 5.7.26 https://support.google.com/mail/answer/81126#authentication 41be03b00d2f7-b71f2c1493esi1787850a12.934 - gsmtp (in reply to end of DATA command)
Oct 26 13:21:29 vps postfix/smtpd[2406]: warning: unknown[212.132.96.229]: SASL LOGIN authentication failed: UGFzc3dvcmQ6
Oct 26 13:21:29 vps postfix/smtpd[2406]: disconnect from unknown[212.132.96.229]
Oct 26 13:21:30 vps postfix/smtp[18556]: D80FD1ACD97: to=, relay=alt1.gmail-smtp-in.l.google.com[192.178.163.26]:25, delay=5.4, delays=0.09/0.01/4.4/0.89, dsn=4.7.26, status=SOFTBOUNCE (host alt1.gmail-smtp-in.l.google.com[192.178.163.26] said: 550-5.7.26 Your email has been blocked because the sender is unauthenticated. 550-5.7.26 Gmail requires all senders to authenticate with either SPF or DKIM. 550-5.7.26 550-5.7.26 Authentication results: 550-5.7.26 DKIM = did not pass 550-5.7.26 SPF [vps.vcrowd.in] with ip: [103.120.179.240] = did not pass 550-5.7.26 550-5.7.26 For instructions on setting up authentication, go to 550 5.7.26 https://support.google.com/mail/answer/81126#authentication d9443c01a7336-2949aadd408si21101195ad.182 - gsmtp (in reply to end of DATA command))
Oct 26 13:22:17 vps postfix/smtpd[20922]: connect from unknown[213.209.157.252]
Oct 26 13:22:20 vps postfix/smtpd[20922]: warning: unknown[213.209.157.252]: SASL LOGIN authentication failed: UGFzc3dvcmQ6
Oct 26 13:22:20 vps postfix/smtpd[20922]: disconnect from unknown[213.209.157.252]
Oct 26 13:22:22 vps postfix/smtpd[20922]: connect from unknown[213.209.157.167]
Oct 26 13:22:24 vps postfix/smtpd[20922]: warning: unknown[213.209.157.167]: SASL LOGIN authentication failed: UGFzc3dvcmQ6
Oct 26 13:22:24 vps postfix/smtpd[20922]: disconnect from unknown[213.209.157.167]
Oct 26 13:22:34 vps postfix/smtpd[20922]: connect from unknown[213.209.157.167]
Oct 26 13:22:41 vps postfix/smtpd[20922]: warning: unknown[213.209.157.167]: SASL LOGIN authentication failed: UGFzc3dvcmQ6
Oct 26 13:22:41 vps postfix/smtpd[20922]: disconnect from unknown[213.209.157.167]
Oct 26 13:22:46 vps postfix/smtpd[2406]: connect from unknown[212.132.96.229]
Oct 26 13:22:49 vps postfix/smtpd[2406]: warning: unknown[212.132.96.229]: SASL LOGIN authentication failed: UGFzc3dvcmQ6
Oct 26 13:22:49 vps postfix/smtpd[2406]: disconnect from unknown[212.132.96.229]
Oct 26 13:22:57 vps postfix/smtpd[20922]: connect from unknown[213.209.157.167]
Oct 26 13:23:00 vps postfix/smtpd[20922]: warning: unknown[213.209.157.167]: SASL LOGIN authentication failed: UGFzc3dvcmQ6
Oct 26 13:23:00 vps postfix/smtpd[20922]: disconnect from unknown[213.209.157.167]
Oct 26 13:23:23 vps postfix/smtpd[20922]: connect from unknown[77.90.185.87]
Oct 26 13:23:25 vps postfix/smtpd[20922]: warning: unknown[77.90.185.87]: SASL LOGIN authentication failed: UGFzc3dvcmQ6
Oct 26 13:23:25 vps postfix/smtpd[20922]: disconnect from unknown[77.90.185.87]
Oct 26 13:23:37 vps postfix/smtpd[2406]: connect from unknown[123.58.215.72]
Oct 26 13:23:39 vps postfix/smtpd[2406]: warning: unknown[123.58.215.72]: SASL LOGIN authentication failed: UGFzc3dvcmQ6
Oct 26 13:23:39 vps postfix/smtpd[2406]: disconnect from unknown[123.58.215.72]
Oct 26 13:23:41 vps postfix/smtpd[20922]: connect from unknown[213.209.157.167]
Oct 26 13:23:43 vps postfix/smtpd[20922]: warning: unknown[213.209.157.167]: SASL LOGIN authentication failed: UGFzc3dvcmQ6
Oct 26 13:23:43 vps postfix/smtpd[20922]: disconnect from unknown[213.209.157.167]
Oct 26 13:23:52 vps postfix/smtpd[20922]: connect from unknown[213.209.157.167]
Oct 26 13:23:58 vps postfix/smtpd[20922]: warning: unknown[213.209.157.167]: SASL LOGIN authentication failed: UGFzc3dvcmQ6
Oct 26 13:23:58 vps postfix/smtpd[20922]: disconnect from unknown[213.209.157.167]
Oct 26 13:24:05 vps postfix/smtpd[2406]: connect from unknown[212.132.96.229]
Oct 26 13:24:08 vps postfix/smtpd[2406]: warning: unknown[212.132.96.229]: SASL LOGIN authentication failed: UGFzc3dvcmQ6
Oct 26 13:24:08 vps postfix/smtpd[2406]: disconnect from unknown[212.132.96.229]
Oct 26 13:24:16 vps postfix/smtpd[20922]: connect from unknown[77.90.185.87]
Oct 26 13:24:19 vps postfix/smtpd[20922]: warning: unknown[77.90.185.87]: SASL LOGIN authentication failed: UGFzc3dvcmQ6
Oct 26 13:24:19 vps postfix/smtpd[20922]: disconnect from unknown[77.90.185.87]
Oct 26 13:24:31 vps postfix/smtpd[2406]: connect from unknown[59.46.182.10]
Oct 26 13:24:37 vps postfix/smtpd[2406]: warning: unknown[59.46.182.10]: SASL LOGIN authentication failed: UGFzc3dvcmQ6
Oct 26 13:24:38 vps postfix/smtpd[2406]: lost connection after AUTH from unknown[59.46.182.10]
Oct 26 13:24:38 vps postfix/smtpd[2406]: disconnect from unknown[59.46.182.10]
Oct 26 13:24:53 vps postfix/smtpd[20922]: connect from unknown[77.90.185.220]
Oct 26 13:24:56 vps postfix/smtpd[20922]: warning: unknown[77.90.185.220]: SASL LOGIN authentication failed: UGFzc3dvcmQ6
Oct 26 13:24:56 vps postfix/smtpd[20922]: disconnect from unknown[77.90.185.220]
Oct 26 13:25:08 vps postfix/smtpd[20922]: connect from unknown[196.251.92.15]
Oct 26 13:25:08 vps postfix/smtpd[25191]: warning: hostname srv-91-224-92-117.serveroffer.net does not resolve to address 91.224.92.117: Name or service not known
Oct 26 13:25:08 vps postfix/smtpd[25191]: connect from unknown[91.224.92.117]
Oct 26 13:25:10 vps postfix/smtpd[20922]: warning: unknown[196.251.92.15]: SASL LOGIN authentication failed: UGFzc3dvcmQ6
Oct 26 13:25:10 vps postfix/smtpd[20922]: lost connection after AUTH from unknown[196.251.92.15]
Oct 26 13:25:10 vps postfix/smtpd[20922]: disconnect from unknown[196.251.92.15]
Oct 26 13:25:23 vps postfix/smtpd[25191]: NOQUEUE: reject: RCPT from unknown[91.224.92.117]: 454 4.7.1 : Relay access denied; from= to= proto=ESMTP helo=
Oct 26 13:25:24 vps postfix/smtpd[25191]: disconnect from unknown[91.224.92.117]
Oct 26 13:25:25 vps postfix/smtpd[2406]: connect from unknown[212.132.96.229]
Oct 26 13:25:27 vps postfix/smtpd[2406]: warning: unknown[212.132.96.229]: SASL LOGIN authentication failed: UGFzc3dvcmQ6
Oct 26 13:25:27 vps postfix/smtpd[2406]: disconnect from unknown[212.132.96.229]
Oct 26 13:25:29 vps postfix/smtpd[20922]: connect from unknown[213.209.157.167]
Oct 26 13:25:31 vps postfix/smtpd[20922]: warning: unknown[213.209.157.167]: SASL LOGIN authentication failed: UGFzc3dvcmQ6
Oct 26 13:25:31 vps postfix/smtpd[20922]: disconnect from unknown[213.209.157.167]
Oct 26 13:25:36 vps postfix/smtpd[25191]: connect from unknown[unknown]
Oct 26 13:25:36 vps postfix/smtpd[25191]: lost connection after CONNECT from unknown[unknown]
Oct 26 13:25:36 vps postfix/smtpd[25191]: disconnect from unknown[unknown]
Oct 26 13:26:14 vps postfix/smtpd[20922]: connect from unknown[213.209.157.167]
Oct 26 13:26:16 vps postfix/smtpd[20922]: warning: unknown[213.209.157.167]: SASL LOGIN authentication failed: UGFzc3dvcmQ6
Oct 26 13:26:16 vps postfix/smtpd[20922]: disconnect from unknown[213.209.157.167]
Oct 26 13:26:42 vps postfix/smtpd[2406]: connect from unknown[212.132.96.229]
Oct 26 13:26:45 vps postfix/smtpd[2406]: warning: unknown[212.132.96.229]: SASL LOGIN authentication failed: UGFzc3dvcmQ6
Oct 26 13:26:45 vps postfix/smtpd[2406]: disconnect from unknown[212.132.96.229]
Oct 26 13:26:46 vps postfix/smtpd[25191]: connect from unknown[213.209.157.167]
Oct 26 13:26:49 vps postfix/smtpd[25191]: warning: unknown[213.209.157.167]: SASL LOGIN authentication failed: UGFzc3dvcmQ6
Oct 26 13:26:49 vps postfix/smtpd[25191]: disconnect from unknown[213.209.157.167]
Oct 26 13:27:50 vps postfix/smtpd[20922]: connect from mta-69.168.etransmail.com[175.158.69.168]
Oct 26 13:27:50 vps postfix/smtpd[20922]: Anonymous TLS connection established from mta-69.168.etransmail.com[175.158.69.168]: TLSv1.2 with cipher ECDHE-RSA-AES256-GCM-SHA384 (256/256 bits)
Oct 26 13:27:51 vps postfix/smtpd[20922]: NOQUEUE: reject: RCPT from mta-69.168.etransmail.com[175.158.69.168]: 450 4.1.1 : Recipient address rejected: User unknown in virtual mailbox table; from=<17613315645324677-26476-1-globaldreamsconsultancy.com@subscribe.justdial.com> to= proto=ESMTP helo=
Oct 26 13:27:53 vps postfix/smtpd[25191]: connect from mta-69.175.etransmail.com[175.158.69.175]
Oct 26 13:27:53 vps postfix/smtpd[25191]: Anonymous TLS connection established from mta-69.175.etransmail.com[175.158.69.175]: TLSv1.2 with cipher ECDHE-RSA-AES256-GCM-SHA384 (256/256 bits)
Oct 26 13:27:54 vps postfix/smtpd[25191]: NOQUEUE: reject: RCPT from mta-69.175.etransmail.com[175.158.69.175]: 450 4.1.1 : Recipient address rejected: User unknown in virtual mailbox table; from=<17613315645345699-26476-1-globaldreamsconsultancy.com@subscribe.justdial.com> to= proto=ESMTP helo=
Oct 26 13:27:59 vps postfix/smtpd[29583]: connect from unknown[77.90.185.87]
Oct 26 13:28:01 vps postfix/smtpd[29583]: warning: unknown[77.90.185.87]: SASL LOGIN authentication failed: UGFzc3dvcmQ6
Oct 26 13:28:01 vps postfix/smtpd[29583]: disconnect from unknown[77.90.185.87]
Oct 26 13:28:02 vps postfix/smtpd[2406]: connect from unknown[212.132.96.229]
Oct 26 13:28:04 vps postfix/smtpd[2406]: warning: unknown[212.132.96.229]: SASL LOGIN authentication failed: UGFzc3dvcmQ6
Oct 26 13:28:04 vps postfix/smtpd[2406]: disconnect from unknown[212.132.96.229]
Oct 26 13:28:21 vps postfix/smtpd[20922]: lost connection after DATA from mta-69.168.etransmail.com[175.158.69.168]
Oct 26 13:28:21 vps postfix/smtpd[20922]: disconnect from mta-69.168.etransmail.com[175.158.69.168]
Oct 26 13:28:24 vps postfix/smtpd[25191]: lost connection after DATA from mta-69.175.etransmail.com[175.158.69.175]
Oct 26 13:28:24 vps postfix/smtpd[25191]: disconnect from mta-69.175.etransmail.com[175.158.69.175]
Oct 26 13:29:02 vps postfix/smtpd[29583]: warning: hostname b4-stop.shop does not resolve to address 78.135.110.226: Name or service not known
Oct 26 13:29:02 vps postfix/smtpd[29583]: connect from unknown[78.135.110.226]
Oct 26 13:29:03 vps postfix/smtpd[29583]: Anonymous TLS connection established from unknown[78.135.110.226]: TLSv1.2 with cipher ECDHE-RSA-AES256-GCM-SHA384 (256/256 bits)
Oct 26 13:29:04 vps postfix/smtpd[29583]: NOQUEUE: reject: RCPT from unknown[78.135.110.226]: 454 4.7.1 Service unavailable; Client host [78.135.110.226] blocked using dnsbl-1.uceprotect.net; IP 78.135.110.226 is UCEPROTECT-Level 1 listed. See http://www.uceprotect.net/rblcheck.php?ipr=78.135.110.226; from= to= proto=ESMTP helo=
Oct 26 13:29:04 vps postfix/smtpd[29583]: disconnect from unknown[78.135.110.226]
Oct 26 13:29:21 vps postfix/smtpd[2406]: connect from unknown[212.132.96.229]
Oct 26 13:29:23 vps postfix/smtpd[2406]: warning: unknown[212.132.96.229]: SASL LOGIN authentication failed: UGFzc3dvcmQ6
Oct 26 13:29:23 vps postfix/smtpd[2406]: disconnect from unknown[212.132.96.229]
Oct 26 13:29:37 vps postfix/smtpd[25191]: connect from unknown[213.209.157.167]
Oct 26 13:29:39 vps postfix/smtpd[25191]: warning: unknown[213.209.157.167]: SASL LOGIN authentication failed: UGFzc3dvcmQ6
Oct 26 13:29:39 vps postfix/smtpd[25191]: disconnect from unknown[213.209.157.167]
Oct 26 13:29:49 vps postfix/smtpd[29583]: connect from mail-northcentralusazolkn19013067.outbound.protection.outlook.com[52.103.20.67]
Oct 26 13:29:50 vps postfix/smtpd[29583]: Anonymous TLS connection established from mail-northcentralusazolkn19013067.outbound.protection.outlook.com[52.103.20.67]: TLSv1.2 with cipher ECDHE-RSA-AES256-GCM-SHA384 (256/256 bits)
Oct 26 13:29:51 vps postfix/smtpd[29583]: NOQUEUE: reject: RCPT from mail-northcentralusazolkn19013067.outbound.protection.outlook.com[52.103.20.67]: 450 4.1.1 : Recipient address rejected: User unknown in virtual mailbox table; from= to= proto=ESMTP helo=
Oct 26 13:29:51 vps postfix/smtpd[29583]: disconnect from mail-northcentralusazolkn19013067.outbound.protection.outlook.com[52.103.20.67]
Oct 26 13:29:52 vps postfix/anvil[16309]: statistics: max connection rate 3/60s for (smtp:213.209.157.167) at
Oct 26 13:22:57
Oct 26 13:29:52 vps postfix/anvil[16309]: statistics: max connection count 1 for (submission:212.132.96.229) at
Oct 26 13:20:06
Oct 26 13:29:52 vps postfix/anvil[16309]: statistics: max cache size 7 at
Oct 26 13:25:36
Oct 26 13:30:01 vps postfix/smtpd[20922]: connect from teds.organicvalues.info[96.31.94.167]
Oct 26 13:30:02 vps postfix/smtpd[20922]: Anonymous TLS connection established from teds.organicvalues.info[96.31.94.167]: TLSv1.2 with cipher ADH-AES256-GCM-SHA384 (256/256 bits)
Oct 26 13:30:04 vps postfix/smtpd[20922]: NOQUEUE: reject: RCPT from teds.organicvalues.info[96.31.94.167]: 450 4.1.1 : Recipient address rejected: User unknown in virtual mailbox table; from= to= proto=ESMTP helo=
Oct 26 13:30:04 vps postfix/smtpd[20922]: disconnect from teds.organicvalues.info[96.31.94.167]
Oct 26 13:30:07 vps postfix/smtpd[25191]: connect from unknown[27.13.152.194]
Oct 26 13:30:11 vps postfix/smtpd[25191]: warning: unknown[27.13.152.194]: SASL LOGIN authentication failed: UGFzc3dvcmQ6
Oct 26 13:30:12 vps postfix/smtpd[25191]: lost connection after AUTH from unknown[27.13.152.194]
Oct 26 13:30:12 vps postfix/smtpd[25191]: disconnect from unknown[27.13.152.194]
Oct 26 13:30:22 vps postfix/smtpd[29583]: connect from unknown[213.209.157.225]
Oct 26 13:30:25 vps postfix/qmgr[22181]: D80FD1ACD97: from=, size=1519, nrcpt=3 (queue active)
Oct 26 13:30:25 vps postfix/smtpd[29583]: warning: unknown[213.209.157.225]: SASL LOGIN authentication failed: UGFzc3dvcmQ6
Oct 26 13:30:25 vps postfix/pipe[1607]: D80FD1ACD97: to=, relay=dovecot, delay=540, delays=540/0.02/0/0.14, dsn=4.1.1, status=SOFTBOUNCE (user unknown. Command output: doveconf: Warning: /etc/dovecot/dovecot.conf line 8: Global setting ssl_cert won't change the setting inside an earlier filter at /etc/dovecot/domains/24mtcthalaimaisangam.org.conf line 2 (if this is intentional, avoid this warning by moving the global setting before /etc/dovecot/domains/24mtcthalaimaisangam.org.conf line 2) doveconf: Warning: /etc/dovecot/dovecot.conf line 9: Global setting ssl_key won't change the setting inside an earlier filter at /etc/dovecot/domains/24mtcthalaimaisangam.org.conf line 3 (if this is intentional, avoid this warning by moving the global setting before /etc/dovecot/domains/24mtcthalaimaisangam.org.conf line 3) doveconf: Warning: /etc/dovecot/dovecot.conf line 10: Global setting ssl_ca won't change the setting inside an earlier filter at /etc/dovecot/domains/24mtcthalaimaisangam.org.conf line 4 (if this is intentional, avoid this warning by moving the global setting before /etc/dovecot/domains/24mtcthalaimaisangam.org.conf line 4) )
Oct 26 13:30:25 vps postfix/smtpd[29583]: disconnect from unknown[213.209.157.225]
Oct 26 13:30:26 vps postfix/smtp[1606]: D80FD1ACD97: host gmail-smtp-in.l.google.com[64.233.170.27] said: 550-5.7.26 Your email has been blocked because the sender is unauthenticated. 550-5.7.26 Gmail requires all senders to authenticate with either SPF or DKIM. 550-5.7.26 550-5.7.26 Authentication results: 550-5.7.26 DKIM = did not pass 550-5.7.26 SPF [vps.vcrowd.in] with ip: [103.120.179.240] = did not pass 550-5.7.26 550-5.7.26 For instructions on setting up authentication, go to 550 5.7.26 https://support.google.com/mail/answer/81126#authentication d9443c01a7336-2949aaf3bb0si21755695ad.476 - gsmtp (in reply to end of DATA command)
Oct 26 13:30:29 vps postfix/smtp[1606]: D80FD1ACD97: to=, relay=alt1.gmail-smtp-in.l.google.com[192.178.163.26]:25, delay=544, delays=540/0.02/3.5/0.66, dsn=4.7.26, status=SOFTBOUNCE (host alt1.gmail-smtp-in.l.google.com[192.178.163.26] said: 550-5.7.26 Your email has been blocked because the sender is unauthenticated. 550-5.7.26 Gmail requires all senders to authenticate with either SPF or DKIM. 550-5.7.26 550-5.7.26 Authentication results: 550-5.7.26 DKIM = did not pass 550-5.7.26 SPF [vps.vcrowd.in] with ip: [103.120.179.240] = did not pass 550-5.7.26 550-5.7.26 For instructions on setting up authentication, go to 550 5.7.26 https://support.google.com/mail/answer/81126#authentication 41be03b00d2f7-b71f31d3ad3si1870190a12.992 - gsmtp (in reply to end of DATA command))
Oct 26 13:30:40 vps postfix/smtpd[2406]: connect from unknown[212.132.96.229]
Oct 26 13:30:43 vps postfix/smtpd[2406]: warning: unknown[212.132.96.229]: SASL LOGIN authentication failed: UGFzc3dvcmQ6
Oct 26 13:30:43 vps postfix/smtpd[2406]: disconnect from unknown[212.132.96.229]
Oct 26 13:31:01 vps postfix/smtpd[25191]: connect from unknown[213.209.157.167]
Oct 26 13:31:03 vps postfix/smtpd[25191]: warning: unknown[213.209.157.167]: SASL LOGIN authentication failed: UGFzc3dvcmQ6
Oct 26 13:31:03 vps postfix/smtpd[25191]: disconnect from unknown[213.209.157.167]
Oct 26 13:31:23 vps postfix/smtpd[29583]: warning: hostname 192-3-96-100-host.colocrossing.com does not resolve to address 192.3.96.100: Name or service not known
Oct 26 13:31:23 vps postfix/smtpd[29583]: connect from unknown[192.3.96.100]
Oct 26 13:31:24 vps postfix/smtpd[29583]: Anonymous TLS connection established from unknown[192.3.96.100]: TLSv1.2 with cipher ADH-AES256-GCM-SHA384 (256/256 bits)
Oct 26 13:31:25 vps postfix/smtpd[29583]: NOQUEUE: reject: RCPT from unknown[192.3.96.100]: 454 4.7.1 Service unavailable; Client host [192.3.96.100] blocked using b.barracudacentral.org; http://www.barracudanetworks.com/reputation/?pr=1&ip=192.3.96.100; from= to= proto=ESMTP helo=
Oct 26 13:31:25 vps postfix/smtpd[29583]: disconnect from unknown[192.3.96.100]
Oct 26 13:31:41 vps postfix/smtpd[20922]: connect from unknown[213.209.157.167]
Oct 26 13:31:44 vps postfix/smtpd[20922]: warning: unknown[213.209.157.167]: SASL LOGIN authentication failed: UGFzc3dvcmQ6
Oct 26 13:31:44 vps postfix/smtpd[20922]: disconnect from unknown[213.209.157.167]
Oct 26 13:31:58 vps postfix/smtpd[2406]: connect from unknown[212.132.96.229]
Oct 26 13:32:01 vps postfix/smtpd[2406]: warning: unknown[212.132.96.229]: SASL LOGIN authentication failed: UGFzc3dvcmQ6
Oct 26 13:32:01 vps postfix/smtpd[2406]: disconnect from unknown[212.132.96.229]
Oct 26 13:33:18 vps postfix/smtpd[2406]: connect from unknown[212.132.96.229]
Oct 26 13:33:21 vps postfix/smtpd[2406]: warning: unknown[212.132.96.229]: SASL LOGIN authentication failed: UGFzc3dvcmQ6
Oct 26 13:33:21 vps postfix/smtpd[2406]: disconnect from unknown[212.132.96.229]
Oct 26 13:33:57 vps postfix/smtps/smtpd[6035]: connect from unknown[191.96.37.133]
Oct 26 13:33:57 vps postfix/smtps/smtpd[6035]: Anonymous TLS connection established from unknown[191.96.37.133]: TLSv1.2 with cipher ECDHE-RSA-AES256-GCM-SHA384 (256/256 bits)
Oct 26 13:34:01 vps postfix/smtps/smtpd[6035]: warning: unknown[191.96.37.133]: SASL LOGIN authentication failed: UGFzc3dvcmQ6
Oct 26 13:34:02 vps postfix/smtps/smtpd[6035]: disconnect from unknown[191.96.37.133]
Oct 26 13:34:02 vps postfix/smtpd[6187]: connect from unknown[77.90.185.87]
Oct 26 13:34:05 vps postfix/smtpd[6187]: warning: unknown[77.90.185.87]: SASL LOGIN authentication failed: UGFzc3dvcmQ6
Oct 26 13:34:05 vps postfix/smtpd[6187]: disconnect from unknown[77.90.185.87]
Oct 26 13:34:25 vps postfix/smtpd[6187]: connect from unknown[128.199.182.102]
Oct 26 13:34:26 vps postfix/smtpd[6187]: NOQUEUE: reject: RCPT from unknown[128.199.182.102]: 454 4.7.1 Service unavailable; Client host [128.199.182.102] blocked using bl.spamcop.net; Blocked - see https://www.spamcop.net/bl.shtml?128.199.182.102; from= to= proto=ESMTP helo=
Oct 26 13:34:26 vps postfix/smtpd[6187]: disconnect from unknown[128.199.182.102]
Oct 26 13:34:40 vps postfix/smtpd[2406]: connect from unknown[212.132.96.229]
Oct 26 13:34:43 vps postfix/smtpd[2406]: warning: unknown[212.132.96.229]: SASL LOGIN authentication failed: UGFzc3dvcmQ6
Oct 26 13:34:43 vps postfix/smtpd[2406]: disconnect from unknown[212.132.96.229]
Oct 26 13:34:51 vps postfix/smtpd[6187]: connect from unknown[213.209.157.167]
Oct 26 13:34:54 vps postfix/smtpd[6187]: warning: unknown[213.209.157.167]: SASL LOGIN authentication failed: UGFzc3dvcmQ6
Oct 26 13:34:54 vps postfix/smtpd[6187]: disconnect from unknown[213.209.157.167]
Oct 26 13:35:01 vps postfix/smtpd[6187]: connect from unknown[77.90.185.220]
Oct 26 13:35:02 vps postfix/smtpd[2406]: connect from unknown[65.20.191.12]
Oct 26 13:35:04 vps postfix/smtpd[6187]: warning: unknown[77.90.185.220]: SASL LOGIN authentication failed: UGFzc3dvcmQ6
Oct 26 13:35:04 vps postfix/smtpd[6187]: disconnect from unknown[77.90.185.220]
Oct 26 13:35:07 vps postfix/smtpd[2406]: warning: unknown[65.20.191.12]: SASL LOGIN authentication failed: UGFzc3dvcmQ6
Oct 26 13:35:07 vps postfix/smtpd[2406]: lost connection after AUTH from unknown[65.20.191.12]
Oct 26 13:35:07 vps postfix/smtpd[2406]: disconnect from unknown[65.20.191.12]
Oct 26 13:35:08 vps postfix/smtpd[6187]: connect from unknown[213.209.157.167]
Oct 26 13:35:11 vps postfix/smtpd[6187]: warning: unknown[213.209.157.167]: SASL LOGIN authentication failed: UGFzc3dvcmQ6
Oct 26 13:35:11 vps postfix/smtpd[6187]: disconnect from unknown[213.209.157.167]
Oct 26 13:35:19 vps postfix/smtpd[6187]: connect from unknown[77.90.185.220]
Oct 26 13:35:22 vps postfix/smtpd[6187]: warning: unknown[77.90.185.220]: SASL LOGIN authentication failed: UGFzc3dvcmQ6
Oct 26 13:35:22 vps postfix/smtpd[6187]: disconnect from unknown[77.90.185.220]
Oct 26 13:35:26 vps postfix/smtpd[6187]: connect from unknown[62.60.131.124]
Oct 26 13:35:28 vps postfix/smtpd[6187]: warning: unknown[62.60.131.124]: SASL LOGIN authentication failed: UGFzc3dvcmQ6
Oct 26 13:35:28 vps postfix/smtpd[6187]: disconnect from unknown[62.60.131.124]
Oct 26 13:35:40 vps postfix/smtpd[6187]: connect from unknown[213.209.157.167]
Oct 26 13:35:41 vps postfix/smtpd[9397]: connect from unknown[77.90.185.220]
Oct 26 13:35:43 vps postfix/smtpd[6187]: warning: unknown[213.209.157.167]: SASL LOGIN authentication failed: UGFzc3dvcmQ6
Oct 26 13:35:43 vps postfix/smtpd[6187]: disconnect from unknown[213.209.157.167]
Oct 26 13:35:44 vps postfix/smtpd[9397]: warning: unknown[77.90.185.220]: SASL LOGIN authentication failed: UGFzc3dvcmQ6
Oct 26 13:35:44 vps postfix/smtpd[9397]: disconnect from unknown[77.90.185.220]
Oct 26 13:35:49 vps postfix/smtpd[6187]: connect from unknown[213.209.157.167]
Oct 26 13:35:56 vps postfix/smtpd[6187]: warning: unknown[213.209.157.167]: SASL LOGIN authentication failed: UGFzc3dvcmQ6
Oct 26 13:35:56 vps postfix/smtpd[6187]: disconnect from unknown[213.209.157.167]
Oct 26 13:35:57 vps postfix/smtpd[9397]: connect from unknown[77.90.185.220]
Oct 26 13:35:58 vps postfix/smtpd[2406]: connect from unknown[212.132.96.229]
Oct 26 13:35:59 vps postfix/smtpd[9397]: warning: unknown[77.90.185.220]: SASL LOGIN authentication failed: UGFzc3dvcmQ6
Oct 26 13:35:59 vps postfix/smtpd[9397]: disconnect from unknown[77.90.185.220]
Oct 26 13:36:02 vps postfix/smtpd[2406]: warning: unknown[212.132.96.229]: SASL LOGIN authentication failed: UGFzc3dvcmQ6
Oct 26 13:36:02 vps postfix/smtpd[2406]: disconnect from unknown[212.132.96.229]
Oct 26 13:36:07 vps postfix/smtpd[6187]: connect from unknown[213.209.157.167]
Oct 26 13:36:18 vps postfix/smtpd[6187]: warning: unknown[213.209.157.167]: SASL LOGIN authentication failed: UGFzc3dvcmQ6
Oct 26 13:36:18 vps postfix/smtpd[6187]: disconnect from unknown[213.209.157.167]
Oct 26 13:36:50 vps postfix/smtpd[9397]: connect from unknown[196.251.92.15]
Oct 26 13:36:53 vps postfix/smtpd[9397]: warning: unknown[196.251.92.15]: SASL LOGIN authentication failed: UGFzc3dvcmQ6
Oct 26 13:36:53 vps postfix/smtpd[9397]: lost connection after AUTH from unknown[196.251.92.15]
Oct 26 13:36:53 vps postfix/smtpd[9397]: disconnect from unknown[196.251.92.15]
Oct 26 13:37:13 vps postfix/smtpd[6187]: connect from unknown[213.209.157.167]
Oct 26 13:37:15 vps postfix/smtpd[6187]: warning: unknown[213.209.157.167]: SASL LOGIN authentication failed: VXNlcm5hbWU6
Oct 26 13:37:15 vps postfix/smtpd[6187]: disconnect from unknown[213.209.157.167]
Oct 26 13:37:17 vps postfix/smtpd[2406]: connect from unknown[212.132.96.229]
Oct 26 13:37:20 vps postfix/smtpd[2406]: warning: unknown[212.132.96.229]: SASL LOGIN authentication failed: UGFzc3dvcmQ6
Oct 26 13:37:20 vps postfix/smtpd[2406]: disconnect from unknown[212.132.96.229]
Oct 26 13:38:03 vps postfix/smtpd[9397]: connect from unknown[213.209.157.167]
Oct 26 13:38:06 vps postfix/smtpd[9397]: warning: unknown[213.209.157.167]: SASL LOGIN authentication failed: UGFzc3dvcmQ6
Oct 26 13:38:06 vps postfix/smtpd[9397]: disconnect from unknown[213.209.157.167]
Oct 26 13:38:37 vps postfix/smtpd[2406]: connect from unknown[212.132.96.229]
Oct 26 13:38:40 vps postfix/smtpd[2406]: warning: unknown[212.132.96.229]: SASL LOGIN authentication failed: UGFzc3dvcmQ6
Oct 26 13:38:40 vps postfix/smtpd[2406]: disconnect from unknown[212.132.96.229]
Oct 26 13:39:05 vps postfix/smtpd[9397]: warning: hostname b4-stop.shop does not resolve to address 78.135.110.226: Name or service not known
Oct 26 13:39:05 vps postfix/smtpd[9397]: connect from unknown[78.135.110.226]
Oct 26 13:39:05 vps postfix/smtpd[9397]: Anonymous TLS connection established from unknown[78.135.110.226]: TLSv1.2 with cipher ECDHE-RSA-AES256-GCM-SHA384 (256/256 bits)
Oct 26 13:39:06 vps postfix/smtpd[9397]: NOQUEUE: reject: RCPT from unknown[78.135.110.226]: 454 4.7.1 Service unavailable; Client host [78.135.110.226] blocked using dnsbl-1.uceprotect.net; IP 78.135.110.226 is UCEPROTECT-Level 1 listed. See http://www.uceprotect.net/rblcheck.php?ipr=78.135.110.226; from= to= proto=ESMTP helo=
Oct 26 13:39:07 vps postfix/smtpd[9397]: disconnect from unknown[78.135.110.226]
Oct 26 13:39:23 vps postfix/smtpd[9397]: connect from unknown[213.209.157.167]
Oct 26 13:39:26 vps postfix/smtpd[9397]: warning: unknown[213.209.157.167]: SASL LOGIN authentication failed: UGFzc3dvcmQ6
Oct 26 13:39:26 vps postfix/smtpd[9397]: disconnect from unknown[213.209.157.167]
Oct 26 13:39:52 vps postfix/anvil[16309]: statistics: max connection rate 4/60s for (smtp:213.209.157.167) at
Oct 26 13:35:49
Oct 26 13:39:52 vps postfix/anvil[16309]: statistics: max connection count 1 for (smtp:96.31.94.167) at
Oct 26 13:30:01
Oct 26 13:39:52 vps postfix/anvil[16309]: statistics: max cache size 6 at
Oct 26 13:30:22
Oct 26 13:39:56 vps postfix/smtpd[9397]: connect from unknown[213.209.157.167]
Oct 26 13:39:57 vps postfix/smtpd[2406]: connect from unknown[212.132.96.229]
Oct 26 13:39:58 vps postfix/smtpd[9397]: warning: unknown[213.209.157.167]: SASL LOGIN authentication failed: UGFzc3dvcmQ6
Oct 26 13:39:58 vps postfix/smtpd[9397]: disconnect from unknown[213.209.157.167]
Oct 26 13:39:59 vps postfix/smtpd[2406]: warning: unknown[212.132.96.229]: SASL LOGIN authentication failed: UGFzc3dvcmQ6
Oct 26 13:39:59 vps postfix/smtpd[2406]: disconnect from unknown[212.132.96.229]
Oct 26 13:40:21 vps postfix/smtps/smtpd[16839]: connect from unknown[37.28.177.141]
Oct 26 13:40:23 vps postfix/smtps/smtpd[16839]: Anonymous TLS connection established from unknown[37.28.177.141]: TLSv1.2 with cipher ECDHE-RSA-AES256-GCM-SHA384 (256/256 bits)
Oct 26 13:40:25 vps postfix/qmgr[22181]: D80FD1ACD97: from=, size=1519, nrcpt=3 (queue active)
Oct 26 13:40:25 vps postfix/pipe[16930]: D80FD1ACD97: to=, relay=dovecot, delay=1141, delays=1141/0.02/0/0.16, dsn=4.1.1, status=SOFTBOUNCE (user unknown. Command output: doveconf: Warning: /etc/dovecot/dovecot.conf line 8: Global setting ssl_cert won't change the setting inside an earlier filter at /etc/dovecot/domains/24mtcthalaimaisangam.org.conf line 2 (if this is intentional, avoid this warning by moving the global setting before /etc/dovecot/domains/24mtcthalaimaisangam.org.conf line 2) doveconf: Warning: /etc/dovecot/dovecot.conf line 9: Global setting ssl_key won't change the setting inside an earlier filter at /etc/dovecot/domains/24mtcthalaimaisangam.org.conf line 3 (if this is intentional, avoid this warning by moving the global setting before /etc/dovecot/domains/24mtcthalaimaisangam.org.conf line 3) doveconf: Warning: /etc/dovecot/dovecot.conf line 10: Global setting ssl_ca won't change the setting inside an earlier filter at /etc/dovecot/domains/24mtcthalaimaisangam.org.conf line 4 (if this is intentional, avoid this warning by moving the global setting before /etc/dovecot/domains/24mtcthalaimaisangam.org.conf line 4) )
Oct 26 13:40:27 vps postfix/smtp[16929]: D80FD1ACD97: host gmail-smtp-in.l.google.com[64.233.170.27] said: 550-5.7.26 Your email has been blocked because the sender is unauthenticated. 550-5.7.26 Gmail requires all senders to authenticate with either SPF or DKIM. 550-5.7.26 550-5.7.26 Authentication results: 550-5.7.26 DKIM = did not pass 550-5.7.26 SPF [vps.vcrowd.in] with ip: [103.120.179.240] = did not pass 550-5.7.26 550-5.7.26 For instructions on setting up authentication, go to 550 5.7.26 https://support.google.com/mail/answer/81126#authentication d9443c01a7336-2949a7ca3e9si20801345ad.119 - gsmtp (in reply to end of DATA command)
Oct 26 13:40:29 vps postfix/smtps/smtpd[16839]: warning: unknown[37.28.177.141]: SASL LOGIN authentication failed: UGFzc3dvcmQ6
Oct 26 13:40:29 vps postfix/smtps/smtpd[16839]: lost connection after AUTH from unknown[37.28.177.141]
Oct 26 13:40:29 vps postfix/smtps/smtpd[16839]: disconnect from unknown[37.28.177.141]
Oct 26 13:40:30 vps postfix/smtp[16929]: D80FD1ACD97: to=, relay=alt1.gmail-smtp-in.l.google.com[192.178.163.27]:25, delay=1146, delays=1141/0.03/3.8/1.3, dsn=4.7.26, status=SOFTBOUNCE (host alt1.gmail-smtp-in.l.google.com[192.178.163.27] said: 550-5.7.26 Your email has been blocked because the sender is unauthenticated. 550-5.7.26 Gmail requires all senders to authenticate with either SPF or DKIM. 550-5.7.26 550-5.7.26 Authentication results: 550-5.7.26 DKIM = did not pass 550-5.7.26 SPF [vps.vcrowd.in] with ip: [103.120.179.240] = did not pass 550-5.7.26 550-5.7.26 For instructions on setting up authentication, go to 550 5.7.26 https://support.google.com/mail/answer/81126#authentication d2e1a72fcca58-7a4155f8055si2044591b3a.275 - gsmtp (in reply to end of DATA command))
Oct 26 13:40:30 vps postfix/qmgr[22181]: D80FD1ACD97: from=, status=expired, returned to sender
Oct 26 13:40:30 vps postfix/cleanup[17077]: 7ACDA161940: message-id=<20251026081030.7ACDA161940@vps.vcrowd.in>
Oct 26 13:40:30 vps postfix/bounce[16938]: D80FD1ACD97: sender non-delivery notification: 7ACDA161940
Oct 26 13:40:30 vps postfix/qmgr[22181]: 7ACDA161940: from=<>, size=7073, nrcpt=1 (queue active)
Oct 26 13:40:30 vps postfix/qmgr[22181]: D80FD1ACD97: removed
Oct 26 13:40:30 vps postfix/local[17079]: 7ACDA161940: to=, relay=local, delay=0.04, delays=0.02/0.01/0/0, dsn=2.0.0, status=sent (delivered to mailbox)
Oct 26 13:40:30 vps postfix/qmgr[22181]: 7ACDA161940: removed
Oct 26 13:40:42 vps postfix/smtpd[9397]: connect from unknown[213.209.157.167]
Oct 26 13:40:44 vps postfix/smtpd[9397]: warning: unknown[213.209.157.167]: SASL LOGIN authentication failed: UGFzc3dvcmQ6
Oct 26 13:40:44 vps postfix/smtpd[9397]: disconnect from unknown[213.209.157.167]
Oct 26 13:41:16 vps postfix/smtpd[2406]: connect from unknown[212.132.96.229]
Oct 26 13:41:19 vps postfix/smtpd[2406]: warning: unknown[212.132.96.229]: SASL LOGIN authentication failed: UGFzc3dvcmQ6
Oct 26 13:41:19 vps postfix/smtpd[2406]: disconnect from unknown[212.132.96.229]
Oct 26 13:42:35 vps postfix/smtpd[2406]: connect from unknown[212.132.96.229]
Oct 26 13:42:38 vps postfix/smtpd[2406]: warning: unknown[212.132.96.229]: SASL LOGIN authentication failed: UGFzc3dvcmQ6
Oct 26 13:42:38 vps postfix/smtpd[2406]: disconnect from unknown[212.132.96.229]
Oct 26 13:42:49 vps postfix/smtpd[20150]: connect from unknown[213.209.157.167]
Oct 26 13:42:52 vps postfix/smtpd[20150]: warning: unknown[213.209.157.167]: SASL LOGIN authentication failed: UGFzc3dvcmQ6
Oct 26 13:42:52 vps postfix/smtpd[20150]: disconnect from unknown[213.209.157.167]
Oct 26 13:43:10 vps postfix/smtpd[20150]: connect from unknown[213.209.157.252]
Oct 26 13:43:12 vps postfix/smtpd[20150]: warning: unknown[213.209.157.252]: SASL LOGIN authentication failed: UGFzc3dvcmQ6
Oct 26 13:43:12 vps postfix/smtpd[20150]: disconnect from unknown[213.209.157.252]
Oct 26 13:43:56 vps postfix/smtpd[2406]: connect from unknown[212.132.96.229]
Oct 26 13:43:58 vps postfix/smtpd[2406]: warning: unknown[212.132.96.229]: SASL LOGIN authentication failed: UGFzc3dvcmQ6
Oct 26 13:43:58 vps postfix/smtpd[2406]: disconnect from unknown[212.132.96.229]
Oct 26 13:44:27 vps postfix/smtpd[20150]: connect from unknown[213.209.157.167]
Oct 26 13:44:30 vps postfix/smtpd[20150]: warning: unknown[213.209.157.167]: SASL LOGIN authentication failed: UGFzc3dvcmQ6
Oct 26 13:44:30 vps postfix/smtpd[20150]: disconnect from unknown[213.209.157.167]
Oct 26 13:45:14 vps postfix/smtpd[2406]: connect from unknown[212.132.96.229]
Oct 26 13:45:16 vps postfix/smtpd[2406]: warning: unknown[212.132.96.229]: SASL LOGIN authentication failed: UGFzc3dvcmQ6
Oct 26 13:45:16 vps postfix/smtpd[2406]: disconnect from unknown[212.132.96.229]
Oct 26 13:45:53 vps postfix/smtpd[20150]: connect from unknown[213.209.157.167]
Oct 26 13:45:56 vps postfix/smtpd[20150]: warning: unknown[213.209.157.167]: SASL LOGIN authentication failed: UGFzc3dvcmQ6
Oct 26 13:45:56 vps postfix/smtpd[20150]: disconnect from unknown[213.209.157.167]
Oct 26 13:46:01 vps postfix/smtpd[20150]: connect from unknown[77.90.185.87]
Oct 26 13:46:04 vps postfix/smtpd[20150]: warning: unknown[77.90.185.87]: SASL LOGIN authentication failed: UGFzc3dvcmQ6
Oct 26 13:46:04 vps postfix/smtpd[20150]: disconnect from unknown[77.90.185.87]
Oct 26 13:46:32 vps postfix/smtpd[2406]: connect from unknown[212.132.96.229]
Oct 26 13:46:35 vps postfix/smtpd[2406]: warning: unknown[212.132.96.229]: SASL LOGIN authentication failed: UGFzc3dvcmQ6
Oct 26 13:46:35 vps postfix/smtpd[2406]: disconnect from unknown[212.132.96.229]
Oct 26 13:46:49 vps postfix/smtpd[20150]: connect from unknown[213.209.157.167]
Oct 26 13:46:52 vps postfix/smtpd[20150]: warning: unknown[213.209.157.167]: SASL LOGIN authentication failed: UGFzc3dvcmQ6
Oct 26 13:46:52 vps postfix/smtpd[20150]: disconnect from unknown[213.209.157.167]
Oct 26 13:47:41 vps postfix/smtpd[20150]: connect from unknown[213.209.157.167]
Oct 26 13:47:43 vps postfix/smtpd[20150]: warning: unknown[213.209.157.167]: SASL LOGIN authentication failed: UGFzc3dvcmQ6
Oct 26 13:47:43 vps postfix/smtpd[20150]: disconnect from unknown[213.209.157.167]
Oct 26 13:47:52 vps postfix/smtpd[2406]: connect from unknown[212.132.96.229]
Oct 26 13:47:55 vps postfix/smtpd[2406]: warning: unknown[212.132.96.229]: SASL LOGIN authentication failed: UGFzc3dvcmQ6
Oct 26 13:47:55 vps postfix/smtpd[2406]: disconnect from unknown[212.132.96.229]
Oct 26 13:48:39 vps postfix/smtpd[20150]: connect from unknown[196.251.92.15]
Oct 26 13:48:41 vps postfix/smtpd[20150]: warning: unknown[196.251.92.15]: SASL LOGIN authentication failed: UGFzc3dvcmQ6
Oct 26 13:48:41 vps postfix/smtpd[20150]: lost connection after AUTH from unknown[196.251.92.15]
Oct 26 13:48:41 vps postfix/smtpd[20150]: disconnect from unknown[196.251.92.15]
Oct 26 13:49:01 vps postfix/smtpd[20150]: connect from unknown[213.209.157.167]
Oct 26 13:49:03 vps postfix/smtpd[20150]: warning: unknown[213.209.157.167]: SASL LOGIN authentication failed: UGFzc3dvcmQ6
Oct 26 13:49:03 vps postfix/smtpd[20150]: disconnect from unknown[213.209.157.167]
Oct 26 13:49:07 vps postfix/smtpd[20150]: warning: hostname b4-stop.shop does not resolve to address 78.135.110.226: Name or service not known
Oct 26 13:49:07 vps postfix/smtpd[20150]: connect from unknown[78.135.110.226]
Oct 26 13:49:08 vps postfix/smtpd[20150]: Anonymous TLS connection established from unknown[78.135.110.226]: TLSv1.2 with cipher ECDHE-RSA-AES256-GCM-SHA384 (256/256 bits)
Oct 26 13:49:10 vps postfix/smtpd[20150]: NOQUEUE: reject: RCPT from unknown[78.135.110.226]: 454 4.7.1 Service unavailable; Client host [78.135.110.226] blocked using dnsbl-1.uceprotect.net; IP 78.135.110.226 is UCEPROTECT-Level 1 listed. See http://www.uceprotect.net/rblcheck.php?ipr=78.135.110.226; from= to= proto=ESMTP helo=
Oct 26 13:49:10 vps postfix/smtpd[20150]: disconnect from unknown[78.135.110.226]
Oct 26 13:49:13 vps postfix/smtpd[2406]: connect from unknown[212.132.96.229]
Oct 26 13:49:14 vps postfix/smtpd[20150]: connect from unknown[213.209.157.167]
Oct 26 13:49:16 vps postfix/smtpd[2406]: warning: unknown[212.132.96.229]: SASL LOGIN authentication failed: UGFzc3dvcmQ6
Oct 26 13:49:16 vps postfix/smtpd[2406]: disconnect from unknown[212.132.96.229]
Oct 26 13:49:21 vps postfix/smtpd[20150]: warning: unknown[213.209.157.167]: SASL LOGIN authentication failed: UGFzc3dvcmQ6
Oct 26 13:49:21 vps postfix/smtpd[20150]: disconnect from unknown[213.209.157.167]
Oct 26 13:49:30 vps postfix/smtps/smtpd[30135]: connect from unknown[95.181.239.3]
Oct 26 13:49:30 vps postfix/smtps/smtpd[30135]: Anonymous TLS connection established from unknown[95.181.239.3]: TLSv1.2 with cipher ECDHE-RSA-AES256-GCM-SHA384 (256/256 bits)
Oct 26 13:49:33 vps postfix/smtps/smtpd[30135]: warning: unknown[95.181.239.3]: SASL LOGIN authentication failed: UGFzc3dvcmQ6
Oct 26 13:49:34 vps postfix/smtps/smtpd[30135]: disconnect from unknown[95.181.239.3]
Oct 26 13:49:52 vps postfix/anvil[16309]: statistics: max connection rate 2/60s for (smtp:213.209.157.167) at
Oct 26 13:39:56
Oct 26 13:49:52 vps postfix/anvil[16309]: statistics: max connection count 1 for (smtp:213.209.157.167) at
Oct 26 13:39:56
Oct 26 13:49:52 vps postfix/anvil[16309]: statistics: max cache size 5 at
Oct 26 13:49:30
Oct 26 13:50:05 vps postfix/smtpd[20150]: connect from unknown[213.209.157.167]
Oct 26 13:50:08 vps postfix/smtpd[20150]: warning: unknown[213.209.157.167]: SASL LOGIN authentication failed: UGFzc3dvcmQ6
Oct 26 13:50:08 vps postfix/smtpd[20150]: disconnect from unknown[213.209.157.167]
Oct 26 13:50:35 vps postfix/smtpd[2406]: connect from unknown[212.132.96.229]
Oct 26 13:50:38 vps postfix/smtpd[2406]: warning: unknown[212.132.96.229]: SASL LOGIN authentication failed: UGFzc3dvcmQ6
Oct 26 13:50:38 vps postfix/smtpd[2406]: disconnect from unknown[212.132.96.229]
Oct 26 13:51:15 vps postfix/smtpd[20150]: connect from unknown[213.209.157.167]
Oct 26 13:51:17 vps postfix/smtpd[20150]: warning: unknown[213.209.157.167]: SASL LOGIN authentication failed: UGFzc3dvcmQ6
Oct 26 13:51:17 vps postfix/smtpd[20150]: disconnect from unknown[213.209.157.167]
Oct 26 13:51:44 vps postfix/smtpd[20150]: connect from unknown[213.209.157.225]
Oct 26 13:51:46 vps postfix/smtpd[20150]: warning: unknown[213.209.157.225]: SASL LOGIN authentication failed: UGFzc3dvcmQ6
Oct 26 13:51:46 vps postfix/smtpd[20150]: disconnect from unknown[213.209.157.225]
Oct 26 13:51:52 vps postfix/smtpd[2406]: connect from unknown[212.132.96.229]
Oct 26 13:51:55 vps postfix/smtpd[2406]: warning: unknown[212.132.96.229]: SASL LOGIN authentication failed: UGFzc3dvcmQ6
Oct 26 13:51:55 vps postfix/smtpd[2406]: disconnect from unknown[212.132.96.229]
Oct 26 13:52:09 vps postfix/smtpd[2406]: warning: hostname ftth-139-60-85-21.hamiltoncom.net does not resolve to address 139.60.85.21: Name or service not known
Oct 26 13:52:09 vps postfix/smtpd[2406]: connect from unknown[139.60.85.21]
Oct 26 13:52:14 vps postfix/smtpd[2406]: warning: unknown[139.60.85.21]: SASL LOGIN authentication failed: UGFzc3dvcmQ6
Oct 26 13:52:15 vps postfix/smtpd[2406]: lost connection after AUTH from unknown[139.60.85.21]
Oct 26 13:52:15 vps postfix/smtpd[2406]: disconnect from unknown[139.60.85.21]
Oct 26 13:52:15 vps postfix/smtpd[20150]: connect from unknown[77.90.185.87]
Oct 26 13:52:18 vps postfix/smtpd[20150]: warning: unknown[77.90.185.87]: SASL LOGIN authentication failed: UGFzc3dvcmQ6
Oct 26 13:52:18 vps postfix/smtpd[20150]: disconnect from unknown[77.90.185.87]
Oct 26 13:53:11 vps postfix/smtpd[2406]: connect from unknown[212.132.96.229]
Oct 26 13:53:11 vps postfix/smtpd[20150]: connect from unknown[77.90.185.87]
Oct 26 13:53:12 vps postfix/smtpd[3632]: connect from unknown[62.60.131.124]
Oct 26 13:53:14 vps postfix/smtpd[2406]: warning: unknown[212.132.96.229]: SASL LOGIN authentication failed: UGFzc3dvcmQ6
Oct 26 13:53:14 vps postfix/smtpd[20150]: warning: unknown[77.90.185.87]: SASL LOGIN authentication failed: UGFzc3dvcmQ6
Oct 26 13:53:14 vps postfix/smtpd[2406]: disconnect from unknown[212.132.96.229]
Oct 26 13:53:14 vps postfix/smtpd[20150]: disconnect from unknown[77.90.185.87]
Oct 26 13:53:15 vps postfix/smtpd[3632]: warning: unknown[62.60.131.124]: SASL LOGIN authentication failed: UGFzc3dvcmQ6
Oct 26 13:53:15 vps postfix/smtpd[3632]: disconnect from unknown[62.60.131.124]
Oct 26 13:53:36 vps postfix/smtpd[20150]: connect from unknown[77.90.185.220]
Oct 26 13:53:39 vps postfix/smtpd[20150]: warning: unknown[77.90.185.220]: SASL LOGIN authentication failed: UGFzc3dvcmQ6
Oct 26 13:53:39 vps postfix/smtpd[20150]: disconnect from unknown[77.90.185.220]
Oct 26 13:54:01 vps postfix/smtpd[3632]: connect from unknown[45.148.10.97]
Oct 26 13:54:04 vps postfix/smtpd[3632]: warning: unknown[45.148.10.97]: SASL LOGIN authentication failed: UGFzc3dvcmQ6
Oct 26 13:54:04 vps postfix/smtpd[3632]: disconnect from unknown[45.148.10.97]
Oct 26 13:54:10 vps postfix/smtpd[20150]: connect from unknown[45.148.10.98]
Oct 26 13:54:13 vps postfix/smtpd[20150]: warning: unknown[45.148.10.98]: SASL LOGIN authentication failed: UGFzc3dvcmQ6
Oct 26 13:54:13 vps postfix/smtpd[20150]: disconnect from unknown[45.148.10.98]
Oct 26 13:54:17 vps postfix/smtpd[3632]: connect from unknown[45.148.10.64]
Oct 26 13:54:19 vps postfix/smtpd[3632]: warning: unknown[45.148.10.64]: SASL LOGIN authentication failed: UGFzc3dvcmQ6
Oct 26 13:54:19 vps postfix/smtpd[3632]: disconnect from unknown[45.148.10.64]
Oct 26 13:54:30 vps postfix/smtpd[2406]: connect from unknown[212.132.96.229]
Oct 26 13:54:33 vps postfix/smtpd[2406]: warning: unknown[212.132.96.229]: SASL LOGIN authentication failed: UGFzc3dvcmQ6
Oct 26 13:54:33 vps postfix/smtpd[2406]: disconnect from unknown[212.132.96.229]
Oct 26 13:54:53 vps postfix/smtpd[20150]: connect from unknown[213.209.157.167]
Oct 26 13:54:55 vps postfix/smtpd[20150]: warning: unknown[213.209.157.167]: SASL LOGIN authentication failed: UGFzc3dvcmQ6
Oct 26 13:54:55 vps postfix/smtpd[20150]: disconnect from unknown[213.209.157.167]
Oct 26 13:55:48 vps postfix/smtpd[2406]: connect from unknown[212.132.96.229]
Oct 26 13:55:51 vps postfix/smtpd[2406]: warning: unknown[212.132.96.229]: SASL LOGIN authentication failed: UGFzc3dvcmQ6
Oct 26 13:55:51 vps postfix/smtpd[2406]: disconnect from unknown[212.132.96.229]
Oct 26 13:55:55 vps postfix/smtpd[3632]: connect from unknown[213.209.157.167]
Oct 26 13:55:57 vps postfix/smtpd[3632]: warning: unknown[213.209.157.167]: SASL LOGIN authentication failed: UGFzc3dvcmQ6
Oct 26 13:55:57 vps postfix/smtpd[3632]: disconnect from unknown[213.209.157.167]
Oct 26 13:56:10 vps postfix/smtpd[20150]: connect from unknown[213.209.157.167]
Oct 26 13:56:13 vps postfix/smtpd[20150]: warning: unknown[213.209.157.167]: SASL LOGIN authentication failed: UGFzc3dvcmQ6
Oct 26 13:56:13 vps postfix/smtpd[20150]: disconnect from unknown[213.209.157.167]
Oct 26 13:56:13 vps postfix/smtpd[3632]: connect from unknown[1.212.225.99]
Oct 26 13:56:27 vps postfix/smtpd[3632]: Anonymous TLS connection established from unknown[1.212.225.99]: TLSv1.2 with cipher ECDHE-RSA-AES256-GCM-SHA384 (256/256 bits)
Oct 26 13:56:33 vps postfix/smtpd[3632]: NOQUEUE: reject: RCPT from unknown[1.212.225.99]: 454 4.7.1 : Relay access denied; from= to= proto=ESMTP helo=
Oct 26 13:56:36 vps postfix/smtpd[20150]: connect from unknown[1.212.225.99]
Oct 26 13:56:37 vps postfix/smtpd[3632]: disconnect from unknown[1.212.225.99]
Oct 26 13:56:50 vps postfix/smtpd[20150]: Anonymous TLS connection established from unknown[1.212.225.99]: TLSv1.2 with cipher ECDHE-RSA-AES256-GCM-SHA384 (256/256 bits)
Oct 26 13:56:56 vps postfix/smtpd[20150]: NOQUEUE: reject: RCPT from unknown[1.212.225.99]: 454 4.7.1 : Relay access denied; from= to= proto=ESMTP helo=
Oct 26 13:56:59 vps postfix/smtpd[20150]: disconnect from unknown[1.212.225.99]
Oct 26 13:57:02 vps postfix/smtpd[3632]: connect from unknown[77.90.185.87]
Oct 26 13:57:05 vps postfix/smtpd[3632]: warning: unknown[77.90.185.87]: SASL LOGIN authentication failed: UGFzc3dvcmQ6
Oct 26 13:57:05 vps postfix/smtpd[3632]: disconnect from unknown[77.90.185.87]
