Oct 26 18:25:19 vps postfix/smtpd[18514]: warning: unknown[213.209.157.167]: SASL LOGIN authentication failed: UGFzc3dvcmQ6
Oct 26 18:25:19 vps postfix/smtpd[18514]: disconnect from unknown[213.209.157.167]
Oct 26 18:25:23 vps postfix/smtpd[10443]: connect from unknown[45.148.10.122]
Oct 26 18:25:25 vps postfix/smtpd[10443]: warning: unknown[45.148.10.122]: SASL LOGIN authentication failed: UGFzc3dvcmQ6
Oct 26 18:25:25 vps postfix/smtpd[10443]: disconnect from unknown[45.148.10.122]
Oct 26 18:25:34 vps postfix/smtpd[18514]: connect from unknown[45.148.10.29]
Oct 26 18:25:34 vps postfix/smtpd[31233]: connect from unknown[212.132.96.229]
Oct 26 18:25:37 vps postfix/smtpd[18514]: warning: unknown[45.148.10.29]: SASL LOGIN authentication failed: UGFzc3dvcmQ6
Oct 26 18:25:37 vps postfix/smtpd[31233]: warning: unknown[212.132.96.229]: SASL LOGIN authentication failed: UGFzc3dvcmQ6
Oct 26 18:25:37 vps postfix/smtpd[18514]: disconnect from unknown[45.148.10.29]
Oct 26 18:25:37 vps postfix/smtpd[31233]: disconnect from unknown[212.132.96.229]
Oct 26 18:25:40 vps postfix/smtpd[10443]: connect from unknown[45.148.10.120]
Oct 26 18:25:43 vps postfix/smtpd[10443]: warning: unknown[45.148.10.120]: SASL LOGIN authentication failed: UGFzc3dvcmQ6
Oct 26 18:25:43 vps postfix/smtpd[10443]: disconnect from unknown[45.148.10.120]
Oct 26 18:26:00 vps postfix/smtpd[18514]: connect from unknown[45.148.10.39]
Oct 26 18:26:03 vps postfix/smtpd[18514]: warning: unknown[45.148.10.39]: SASL LOGIN authentication failed: UGFzc3dvcmQ6
Oct 26 18:26:03 vps postfix/smtpd[18514]: disconnect from unknown[45.148.10.39]
Oct 26 18:26:39 vps postfix/smtpd[10443]: connect from unknown[213.209.157.167]
Oct 26 18:26:41 vps postfix/smtpd[10443]: warning: unknown[213.209.157.167]: SASL LOGIN authentication failed: UGFzc3dvcmQ6
Oct 26 18:26:41 vps postfix/smtpd[10443]: disconnect from unknown[213.209.157.167]
Oct 26 18:26:45 vps postfix/smtpd[18514]: connect from unknown[77.90.185.220]
Oct 26 18:26:48 vps postfix/smtpd[18514]: warning: unknown[77.90.185.220]: SASL LOGIN authentication failed: UGFzc3dvcmQ6
Oct 26 18:26:48 vps postfix/smtpd[18514]: disconnect from unknown[77.90.185.220]
Oct 26 18:26:52 vps postfix/smtpd[31233]: connect from unknown[212.132.96.229]
Oct 26 18:26:55 vps postfix/smtpd[31233]: warning: unknown[212.132.96.229]: SASL LOGIN authentication failed: UGFzc3dvcmQ6
Oct 26 18:26:55 vps postfix/smtpd[31233]: disconnect from unknown[212.132.96.229]
Oct 26 18:27:14 vps postfix/smtpd[10443]: connect from unknown[213.209.157.167]
Oct 26 18:27:17 vps postfix/smtpd[10443]: warning: unknown[213.209.157.167]: SASL LOGIN authentication failed: UGFzc3dvcmQ6
Oct 26 18:27:17 vps postfix/smtpd[10443]: disconnect from unknown[213.209.157.167]
Oct 26 18:27:38 vps postfix/smtpd[18514]: connect from unknown[115.231.78.3]
Oct 26 18:27:40 vps postfix/smtpd[18514]: lost connection after UNKNOWN from unknown[115.231.78.3]
Oct 26 18:27:40 vps postfix/smtpd[18514]: disconnect from unknown[115.231.78.3]
Oct 26 18:27:53 vps postfix/smtpd[10443]: connect from mail-eastusazolkn19011013.outbound.protection.outlook.com[52.103.1.13]
Oct 26 18:27:54 vps postfix/smtpd[10443]: Anonymous TLS connection established from mail-eastusazolkn19011013.outbound.protection.outlook.com[52.103.1.13]: TLSv1.2 with cipher ECDHE-RSA-AES256-GCM-SHA384 (256/256 bits)
Oct 26 18:27:55 vps postfix/smtpd[10443]: NOQUEUE: reject: RCPT from mail-eastusazolkn19011013.outbound.protection.outlook.com[52.103.1.13]: 450 4.1.1 : Recipient address rejected: User unknown in virtual mailbox table; from= to= proto=ESMTP helo=
Oct 26 18:27:55 vps postfix/smtpd[10443]: disconnect from mail-eastusazolkn19011013.outbound.protection.outlook.com[52.103.1.13]
Oct 26 18:28:11 vps postfix/smtpd[31233]: connect from unknown[212.132.96.229]
Oct 26 18:28:14 vps postfix/smtpd[31233]: warning: unknown[212.132.96.229]: SASL LOGIN authentication failed: UGFzc3dvcmQ6
Oct 26 18:28:14 vps postfix/smtpd[31233]: disconnect from unknown[212.132.96.229]
Oct 26 18:28:43 vps postfix/smtpd[18514]: connect from unknown[77.90.185.220]
Oct 26 18:28:46 vps postfix/smtpd[18514]: warning: unknown[77.90.185.220]: SASL LOGIN authentication failed: UGFzc3dvcmQ6
Oct 26 18:28:46 vps postfix/smtpd[18514]: disconnect from unknown[77.90.185.220]
Oct 26 18:28:51 vps postfix/smtpd[10443]: connect from unknown[213.209.157.167]
Oct 26 18:28:53 vps postfix/smtpd[10443]: warning: unknown[213.209.157.167]: SASL LOGIN authentication failed: UGFzc3dvcmQ6
Oct 26 18:28:53 vps postfix/smtpd[10443]: disconnect from unknown[213.209.157.167]
Oct 26 18:29:00 vps postfix/smtpd[18514]: connect from unknown[213.209.157.225]
Oct 26 18:29:03 vps postfix/smtpd[18514]: warning: unknown[213.209.157.225]: SASL LOGIN authentication failed: UGFzc3dvcmQ6
Oct 26 18:29:03 vps postfix/smtpd[18514]: disconnect from unknown[213.209.157.225]
Oct 26 18:29:11 vps postfix/pickup[16415]: 86C1520ED4C: uid=1064 from=
Oct 26 18:29:11 vps postfix/cleanup[22966]: 86C1520ED4C: message-id=<20251026125911.86C1520ED4C@vps.vcrowd.in>
Oct 26 18:29:11 vps opendkim[5590]: 86C1520ED4C: DKIM-Signature field added (s=default, d=regalfinserrv.in)
Oct 26 18:29:11 vps postfix/qmgr[22181]: 86C1520ED4C: from=, size=875, nrcpt=1 (queue active)
Oct 26 18:29:11 vps postfix/pickup[16415]: AE84E3718DA: uid=1064 from=
Oct 26 18:29:11 vps postfix/cleanup[22966]: AE84E3718DA: message-id=<20251026125911.AE84E3718DA@vps.vcrowd.in>
Oct 26 18:29:11 vps opendkim[5590]: AE84E3718DA: DKIM-Signature field added (s=default, d=regalfinserrv.in)
Oct 26 18:29:11 vps postfix/qmgr[22181]: AE84E3718DA: from=, size=1568, nrcpt=1 (queue active)
Oct 26 18:29:14 vps postfix/smtp[22989]: AE84E3718DA: host gmail-smtp-in.l.google.com[64.233.170.27] said: 550-5.7.1 This message is not RFC 5322 compliant. There are multiple From 550-5.7.1 headers. To reduce the amount of spam sent to Gmail, this message has 550-5.7.1 been blocked. For more information, go to 550-5.7.1 https://support.google.com/mail/?p=RfcMessageNonCompliant and review 550 5.7.1 RFC 5322 specifications. d9443c01a7336-2949ab1f89esi23795885ad.633 - gsmtp (in reply to end of DATA command)
Oct 26 18:29:14 vps postfix/smtp[22978]: 86C1520ED4C: host gmail-smtp-in.l.google.com[64.233.170.27] said: 550-5.7.26 Your email has been blocked because the sender is unauthenticated. 550-5.7.26 Gmail requires all senders to authenticate with either SPF or DKIM. 550-5.7.26 550-5.7.26 Authentication results: 550-5.7.26 DKIM = did not pass 550-5.7.26 SPF [vps.vcrowd.in] with ip: [103.120.179.240] = did not pass 550-5.7.26 550-5.7.26 For instructions on setting up authentication, go to 550 5.7.26 https://support.google.com/mail/answer/81126#authentication 41be03b00d2f7-b71eb473d33si2129815a12.463 - gsmtp (in reply to end of DATA command)
Oct 26 18:29:16 vps postfix/smtp[22989]: AE84E3718DA: to=, relay=alt1.gmail-smtp-in.l.google.com[192.178.163.26]:25, delay=4.6, delays=0.05/0.02/3.9/0.59, dsn=4.7.1, status=SOFTBOUNCE (host alt1.gmail-smtp-in.l.google.com[192.178.163.26] said: 550-5.7.1 This message is not RFC 5322 compliant. There are multiple From 550-5.7.1 headers. To reduce the amount of spam sent to Gmail, this message has 550-5.7.1 been blocked. For more information, go to 550-5.7.1 https://support.google.com/mail/?p=RfcMessageNonCompliant and review 550 5.7.1 RFC 5322 specifications. d2e1a72fcca58-7a41561919asi2280266b3a.425 - gsmtp (in reply to end of DATA command))
Oct 26 18:29:16 vps postfix/smtp[22978]: 86C1520ED4C: to=, relay=alt1.gmail-smtp-in.l.google.com[192.178.163.26]:25, delay=5.2, delays=0.11/0.04/4.3/0.76, dsn=4.7.26, status=SOFTBOUNCE (host alt1.gmail-smtp-in.l.google.com[192.178.163.26] said: 550-5.7.26 Your email has been blocked because the sender is unauthenticated. 550-5.7.26 Gmail requires all senders to authenticate with either SPF or DKIM. 550-5.7.26 550-5.7.26 Authentication results: 550-5.7.26 DKIM = did not pass 550-5.7.26 SPF [vps.vcrowd.in] with ip: [103.120.179.240] = did not pass 550-5.7.26 550-5.7.26 For instructions on setting up authentication, go to 550 5.7.26 https://support.google.com/mail/answer/81126#authentication 41be03b00d2f7-b71ed80a7d0si2167334a12.654 - gsmtp (in reply to end of DATA command))
Oct 26 18:29:18 vps postfix/smtpd[10443]: connect from unknown[62.60.131.124]
Oct 26 18:29:20 vps postfix/smtpd[10443]: warning: unknown[62.60.131.124]: SASL LOGIN authentication failed: UGFzc3dvcmQ6
Oct 26 18:29:20 vps postfix/smtpd[10443]: disconnect from unknown[62.60.131.124]
Oct 26 18:29:27 vps postfix/smtpd[31233]: connect from unknown[212.132.96.229]
Oct 26 18:29:30 vps postfix/smtpd[31233]: warning: unknown[212.132.96.229]: SASL LOGIN authentication failed: UGFzc3dvcmQ6
Oct 26 18:29:30 vps postfix/smtpd[31233]: disconnect from unknown[212.132.96.229]
Oct 26 18:29:36 vps postfix/smtpd[18514]: connect from unknown[213.209.157.167]
Oct 26 18:29:37 vps postfix/smtps/smtpd[23394]: connect from scanner-201.ch1.censys-scanner.com[162.142.125.39]
Oct 26 18:29:39 vps postfix/smtpd[18514]: warning: unknown[213.209.157.167]: SASL LOGIN authentication failed: UGFzc3dvcmQ6
Oct 26 18:29:39 vps postfix/smtpd[18514]: disconnect from unknown[213.209.157.167]
Oct 26 18:29:46 vps postfix/smtpd[10443]: connect from unknown[213.209.157.167]
Oct 26 18:29:52 vps postfix/anvil[16309]: statistics: max connection rate 3/60s for (smtp:213.209.157.167) at
Oct 26 18:29:46
Oct 26 18:29:52 vps postfix/anvil[16309]: statistics: max connection count 1 for (smtp:77.90.185.87) at
Oct 26 18:19:52
Oct 26 18:29:52 vps postfix/anvil[16309]: statistics: max cache size 8 at
Oct 26 18:25:40
Oct 26 18:29:53 vps postfix/smtpd[10443]: warning: unknown[213.209.157.167]: SASL LOGIN authentication failed: UGFzc3dvcmQ6
Oct 26 18:29:53 vps postfix/smtpd[10443]: disconnect from unknown[213.209.157.167]
Oct 26 18:29:59 vps postfix/smtpd[18514]: connect from unknown[213.209.157.252]
Oct 26 18:30:01 vps postfix/smtpd[18514]: warning: unknown[213.209.157.252]: SASL LOGIN authentication failed: UGFzc3dvcmQ6
Oct 26 18:30:01 vps postfix/smtpd[18514]: disconnect from unknown[213.209.157.252]
Oct 26 18:30:09 vps postfix/smtps/smtpd[23394]: SSL_accept error from scanner-201.ch1.censys-scanner.com[162.142.125.39]: lost connection
Oct 26 18:30:09 vps postfix/smtps/smtpd[23394]: lost connection after CONNECT from scanner-201.ch1.censys-scanner.com[162.142.125.39]
Oct 26 18:30:09 vps postfix/smtps/smtpd[23394]: disconnect from scanner-201.ch1.censys-scanner.com[162.142.125.39]
Oct 26 18:30:15 vps postfix/smtps/smtpd[23394]: connect from unknown[167.94.138.194]
Oct 26 18:30:25 vps postfix/qmgr[22181]: 8B4E36F4BB: from=, size=831, nrcpt=1 (queue active)
Oct 26 18:30:27 vps postfix/smtp[22989]: 8B4E36F4BB: host gmail-smtp-in.l.google.com[64.233.170.27] said: 550-5.7.26 Your email has been blocked because the sender is unauthenticated. 550-5.7.26 Gmail requires all senders to authenticate with either SPF or DKIM. 550-5.7.26 550-5.7.26 Authentication results: 550-5.7.26 DKIM = did not pass 550-5.7.26 SPF [vps.vcrowd.in] with ip: [103.120.179.240] = did not pass 550-5.7.26 550-5.7.26 For instructions on setting up authentication, go to 550 5.7.26 https://support.google.com/mail/answer/81126#authentication d2e1a72fcca58-7a4156920c7si2369076b3a.940 - gsmtp (in reply to end of DATA command)
Oct 26 18:30:29 vps postfix/smtp[22989]: 8B4E36F4BB: to=, relay=alt1.gmail-smtp-in.l.google.com[192.178.163.26]:25, delay=959, delays=955/0.01/3.6/0.69, dsn=4.7.26, status=SOFTBOUNCE (host alt1.gmail-smtp-in.l.google.com[192.178.163.26] said: 550-5.7.26 Your email has been blocked because the sender is unauthenticated. 550-5.7.26 Gmail requires all senders to authenticate with either SPF or DKIM. 550-5.7.26 550-5.7.26 Authentication results: 550-5.7.26 DKIM = did not pass 550-5.7.26 SPF [vps.vcrowd.in] with ip: [103.120.179.240] = did not pass 550-5.7.26 550-5.7.26 For instructions on setting up authentication, go to 550 5.7.26 https://support.google.com/mail/answer/81126#authentication d2e1a72fcca58-7a4155f875asi2313363b3a.234 - gsmtp (in reply to end of DATA command))
Oct 26 18:30:29 vps postfix/qmgr[22181]: 8B4E36F4BB: from=, status=expired, returned to sender
Oct 26 18:30:29 vps postfix/cleanup[22966]: 7E04720EA87: message-id=<20251026130029.7E04720EA87@vps.vcrowd.in>
Oct 26 18:30:29 vps postfix/bounce[23062]: 8B4E36F4BB: sender non-delivery notification: 7E04720EA87
Oct 26 18:30:29 vps postfix/qmgr[22181]: 7E04720EA87: from=<>, size=3745, nrcpt=1 (queue active)
Oct 26 18:30:29 vps postfix/qmgr[22181]: 8B4E36F4BB: removed
Oct 26 18:30:29 vps postfix/local[25457]: 7E04720EA87: to=, relay=local, delay=0.03, delays=0/0.02/0/0.01, dsn=2.0.0, status=sent (delivered to mailbox)
Oct 26 18:30:29 vps postfix/qmgr[22181]: 7E04720EA87: removed
Oct 26 18:30:45 vps postfix/smtpd[31233]: connect from unknown[212.132.96.229]
Oct 26 18:30:46 vps postfix/smtpd[10443]: connect from unknown[77.90.185.220]
Oct 26 18:30:47 vps postfix/smtps/smtpd[23394]: SSL_accept error from unknown[167.94.138.194]: lost connection
Oct 26 18:30:47 vps postfix/smtps/smtpd[23394]: lost connection after CONNECT from unknown[167.94.138.194]
Oct 26 18:30:47 vps postfix/smtps/smtpd[23394]: disconnect from unknown[167.94.138.194]
Oct 26 18:30:48 vps postfix/smtpd[10443]: warning: unknown[77.90.185.220]: SASL LOGIN authentication failed: UGFzc3dvcmQ6
Oct 26 18:30:48 vps postfix/smtpd[31233]: warning: unknown[212.132.96.229]: SASL LOGIN authentication failed: UGFzc3dvcmQ6
Oct 26 18:30:48 vps postfix/smtpd[31233]: disconnect from unknown[212.132.96.229]
Oct 26 18:30:48 vps postfix/smtpd[10443]: disconnect from unknown[77.90.185.220]
Oct 26 18:30:49 vps postfix/pickup[16415]: 30BC06F4BB: uid=1062 from=
Oct 26 18:30:49 vps postfix/cleanup[22966]: 30BC06F4BB: message-id=<20251026130049.30BC06F4BB@vps.vcrowd.in>
Oct 26 18:30:49 vps opendkim[5590]: 30BC06F4BB: no signing table match for '"info@gvkennel"@gmail.com'
Oct 26 18:30:49 vps opendkim[5590]: 30BC06F4BB: no signature data
Oct 26 18:30:49 vps postfix/qmgr[22181]: 30BC06F4BB: from=, size=927, nrcpt=1 (queue active)
Oct 26 18:30:51 vps postfix/smtp[22978]: 30BC06F4BB: host gmail-smtp-in.l.google.com[64.233.170.27] said: 550-5.7.26 Your email has been blocked because the sender is unauthenticated. 550-5.7.26 Gmail requires all senders to authenticate with either SPF or DKIM. 550-5.7.26 550-5.7.26 Authentication results: 550-5.7.26 DKIM = did not pass 550-5.7.26 SPF [vps.vcrowd.in] with ip: [103.120.179.240] = did not pass 550-5.7.26 550-5.7.26 For instructions on setting up authentication, go to 550 5.7.26 https://support.google.com/mail/answer/81126#authentication d2e1a72fcca58-7a4156349d2si2298525b3a.576 - gsmtp (in reply to end of DATA command)
Oct 26 18:30:52 vps postfix/smtps/smtpd[23394]: warning: hostname unused-space.coop.net does not resolve to address 206.168.34.201: Name or service not known
Oct 26 18:30:52 vps postfix/smtps/smtpd[23394]: connect from unknown[206.168.34.201]
Oct 26 18:30:53 vps postfix/smtp[22978]: 30BC06F4BB: to=, relay=alt1.gmail-smtp-in.l.google.com[192.178.163.26]:25, delay=4.6, delays=0.02/0/3.7/0.85, dsn=4.7.26, status=SOFTBOUNCE (host alt1.gmail-smtp-in.l.google.com[192.178.163.26] said: 550-5.7.26 Your email has been blocked because the sender is unauthenticated. 550-5.7.26 Gmail requires all senders to authenticate with either SPF or DKIM. 550-5.7.26 550-5.7.26 Authentication results: 550-5.7.26 DKIM = did not pass 550-5.7.26 SPF [vps.vcrowd.in] with ip: [103.120.179.240] = did not pass 550-5.7.26 550-5.7.26 For instructions on setting up authentication, go to 550 5.7.26 https://support.google.com/mail/answer/81126#authentication d2e1a72fcca58-7a415613a33si2395294b3a.430 - gsmtp (in reply to end of DATA command))
Oct 26 18:30:55 vps postfix/smtpd[18514]: connect from unknown[45.148.10.35]
Oct 26 18:30:57 vps postfix/smtpd[18514]: warning: unknown[45.148.10.35]: SASL LOGIN authentication failed: UGFzc3dvcmQ6
Oct 26 18:30:57 vps postfix/smtpd[18514]: disconnect from unknown[45.148.10.35]
Oct 26 18:31:16 vps postfix/pickup[16415]: F3DBF20EA87: uid=1062 from=
Oct 26 18:31:16 vps postfix/cleanup[22966]: F3DBF20EA87: message-id=<20251026130115.F3DBF20EA87@vps.vcrowd.in>
Oct 26 18:31:16 vps opendkim[5590]: F3DBF20EA87: no signing table match for '"info@gvkennel"@gmail.com'
Oct 26 18:31:16 vps opendkim[5590]: F3DBF20EA87: no signature data
Oct 26 18:31:16 vps postfix/qmgr[22181]: F3DBF20EA87: from=, size=1517, nrcpt=1 (queue active)
Oct 26 18:31:17 vps postfix/smtp[22989]: F3DBF20EA87: host gmail-smtp-in.l.google.com[64.233.170.27] said: 550-5.7.26 Your email has been blocked because the sender is unauthenticated. 550-5.7.26 Gmail requires all senders to authenticate with either SPF or DKIM. 550-5.7.26 550-5.7.26 Authentication results: 550-5.7.26 DKIM = did not pass 550-5.7.26 SPF [vps.vcrowd.in] with ip: [103.120.179.240] = did not pass 550-5.7.26 550-5.7.26 For instructions on setting up authentication, go to 550 5.7.26 https://support.google.com/mail/answer/81126#authentication d9443c01a7336-2949ab24221si23792305ad.675 - gsmtp (in reply to end of DATA command)
Oct 26 18:31:20 vps postfix/smtp[22989]: F3DBF20EA87: to=, relay=alt1.gmail-smtp-in.l.google.com[192.178.163.26]:25, delay=4.5, delays=0.02/0/3.6/0.89, dsn=4.7.26, status=SOFTBOUNCE (host alt1.gmail-smtp-in.l.google.com[192.178.163.26] said: 550-5.7.26 Your email has been blocked because the sender is unauthenticated. 550-5.7.26 Gmail requires all senders to authenticate with either SPF or DKIM. 550-5.7.26 550-5.7.26 Authentication results: 550-5.7.26 DKIM = did not pass 550-5.7.26 SPF [vps.vcrowd.in] with ip: [103.120.179.240] = did not pass 550-5.7.26 550-5.7.26 For instructions on setting up authentication, go to 550 5.7.26 https://support.google.com/mail/answer/81126#authentication d2e1a72fcca58-7a41564348csi2394545b3a.716 - gsmtp (in reply to end of DATA command))
Oct 26 18:31:22 vps postfix/smtps/smtpd[23394]: SSL_accept error from unknown[206.168.34.201]: lost connection
Oct 26 18:31:22 vps postfix/smtps/smtpd[23394]: lost connection after CONNECT from unknown[206.168.34.201]
Oct 26 18:31:22 vps postfix/smtps/smtpd[23394]: disconnect from unknown[206.168.34.201]
Oct 26 18:31:31 vps postfix/smtpd[10443]: connect from unknown[45.148.10.34]
Oct 26 18:31:33 vps postfix/smtpd[10443]: warning: unknown[45.148.10.34]: SASL LOGIN authentication failed: UGFzc3dvcmQ6
Oct 26 18:31:33 vps postfix/smtpd[10443]: disconnect from unknown[45.148.10.34]
Oct 26 18:32:00 vps postfix/smtpd[31233]: connect from unknown[196.28.226.124]
Oct 26 18:32:01 vps postfix/smtpd[18514]: connect from unknown[213.209.157.167]
Oct 26 18:32:04 vps postfix/smtpd[18514]: warning: unknown[213.209.157.167]: SASL LOGIN authentication failed: UGFzc3dvcmQ6
Oct 26 18:32:04 vps postfix/smtpd[18514]: disconnect from unknown[213.209.157.167]
Oct 26 18:32:05 vps postfix/smtpd[31233]: warning: unknown[196.28.226.124]: SASL LOGIN authentication failed: UGFzc3dvcmQ6
Oct 26 18:32:05 vps postfix/smtpd[31233]: lost connection after AUTH from unknown[196.28.226.124]
Oct 26 18:32:05 vps postfix/smtpd[31233]: disconnect from unknown[196.28.226.124]
Oct 26 18:32:06 vps postfix/smtpd[31233]: connect from unknown[212.132.96.229]
Oct 26 18:32:09 vps postfix/smtpd[31233]: warning: unknown[212.132.96.229]: SASL LOGIN authentication failed: UGFzc3dvcmQ6
Oct 26 18:32:09 vps postfix/smtpd[31233]: disconnect from unknown[212.132.96.229]
Oct 26 18:32:13 vps postfix/smtpd[10443]: connect from unknown[213.209.157.167]
Oct 26 18:32:20 vps postfix/smtpd[10443]: warning: unknown[213.209.157.167]: SASL LOGIN authentication failed: UGFzc3dvcmQ6
Oct 26 18:32:20 vps postfix/smtpd[10443]: disconnect from unknown[213.209.157.167]
Oct 26 18:32:48 vps postfix/smtpd[18514]: connect from unknown[45.148.10.26]
Oct 26 18:32:51 vps postfix/smtpd[18514]: warning: unknown[45.148.10.26]: SASL LOGIN authentication failed: UGFzc3dvcmQ6
Oct 26 18:32:51 vps postfix/smtpd[18514]: disconnect from unknown[45.148.10.26]
Oct 26 18:33:00 vps postfix/smtpd[10443]: connect from unknown[45.148.10.31]
Oct 26 18:33:02 vps postfix/smtpd[10443]: warning: unknown[45.148.10.31]: SASL LOGIN authentication failed: UGFzc3dvcmQ6
Oct 26 18:33:02 vps postfix/smtpd[10443]: disconnect from unknown[45.148.10.31]
Oct 26 18:33:24 vps postfix/smtpd[31233]: connect from unknown[212.132.96.229]
Oct 26 18:33:27 vps postfix/smtpd[31233]: warning: unknown[212.132.96.229]: SASL LOGIN authentication failed: UGFzc3dvcmQ6
Oct 26 18:33:27 vps postfix/smtpd[31233]: disconnect from unknown[212.132.96.229]
Oct 26 18:33:47 vps postfix/smtpd[18514]: connect from unknown[213.209.157.167]
Oct 26 18:33:50 vps postfix/smtpd[18514]: warning: unknown[213.209.157.167]: SASL LOGIN authentication failed: UGFzc3dvcmQ6
Oct 26 18:33:50 vps postfix/smtpd[18514]: disconnect from unknown[213.209.157.167]
Oct 26 18:34:04 vps postfix/smtpd[10443]: connect from unknown[213.209.157.167]
Oct 26 18:34:06 vps postfix/smtpd[10443]: warning: unknown[213.209.157.167]: SASL LOGIN authentication failed: UGFzc3dvcmQ6
Oct 26 18:34:06 vps postfix/smtpd[10443]: disconnect from unknown[213.209.157.167]
Oct 26 18:34:31 vps postfix/smtpd[18514]: connect from unknown[45.148.10.94]
Oct 26 18:34:36 vps postfix/smtpd[18514]: warning: unknown[45.148.10.94]: SASL LOGIN authentication failed: UGFzc3dvcmQ6
Oct 26 18:34:37 vps postfix/smtpd[18514]: disconnect from unknown[45.148.10.94]
Oct 26 18:34:45 vps postfix/smtpd[31233]: connect from unknown[212.132.96.229]
Oct 26 18:34:47 vps postfix/smtpd[31233]: warning: unknown[212.132.96.229]: SASL LOGIN authentication failed: UGFzc3dvcmQ6
Oct 26 18:34:47 vps postfix/smtpd[31233]: disconnect from unknown[212.132.96.229]
Oct 26 18:35:25 vps postfix/qmgr[22181]: 86C1520ED4C: from=, size=875, nrcpt=1 (queue active)
Oct 26 18:35:25 vps postfix/qmgr[22181]: AE84E3718DA: from=, size=1568, nrcpt=1 (queue active)
Oct 26 18:35:27 vps postfix/smtp[31692]: AE84E3718DA: host gmail-smtp-in.l.google.com[64.233.170.26] said: 550-5.7.1 This message is not RFC 5322 compliant. There are multiple From 550-5.7.1 headers. To reduce the amount of spam sent to Gmail, this message has 550-5.7.1 been blocked. For more information, go to 550-5.7.1 https://support.google.com/mail/?p=RfcMessageNonCompliant and review 550 5.7.1 RFC 5322 specifications. d9443c01a7336-2949aaf0d33si25232715ad.425 - gsmtp (in reply to end of DATA command)
Oct 26 18:35:27 vps postfix/smtp[31691]: 86C1520ED4C: host gmail-smtp-in.l.google.com[64.233.170.27] said: 550-5.7.26 Your email has been blocked because the sender is unauthenticated. 550-5.7.26 Gmail requires all senders to authenticate with either SPF or DKIM. 550-5.7.26 550-5.7.26 Authentication results: 550-5.7.26 DKIM = did not pass 550-5.7.26 SPF [vps.vcrowd.in] with ip: [103.120.179.240] = did not pass 550-5.7.26 550-5.7.26 For instructions on setting up authentication, go to 550 5.7.26 https://support.google.com/mail/answer/81126#authentication d2e1a72fcca58-7a415693dbcsi2288440b3a.991 - gsmtp (in reply to end of DATA command)
Oct 26 18:35:29 vps postfix/smtp[31692]: AE84E3718DA: to=, relay=alt1.gmail-smtp-in.l.google.com[192.178.163.26]:25, delay=378, delays=374/0.03/3.3/0.55, dsn=4.7.1, status=SOFTBOUNCE (host alt1.gmail-smtp-in.l.google.com[192.178.163.26] said: 550-5.7.1 This message is not RFC 5322 compliant. There are multiple From 550-5.7.1 headers. To reduce the amount of spam sent to Gmail, this message has 550-5.7.1 been blocked. For more information, go to 550-5.7.1 https://support.google.com/mail/?p=RfcMessageNonCompliant and review 550 5.7.1 RFC 5322 specifications. d9443c01a7336-2949ab259c6si24497045ad.733 - gsmtp (in reply to end of DATA command))
Oct 26 18:35:29 vps postfix/smtp[31691]: 86C1520ED4C: to=, relay=alt1.gmail-smtp-in.l.google.com[192.178.163.26]:25, delay=378, delays=374/0.05/3.6/0.99, dsn=4.7.26, status=SOFTBOUNCE (host alt1.gmail-smtp-in.l.google.com[192.178.163.26] said: 550-5.7.26 Your email has been blocked because the sender is unauthenticated. 550-5.7.26 Gmail requires all senders to authenticate with either SPF or DKIM. 550-5.7.26 550-5.7.26 Authentication results: 550-5.7.26 DKIM = did not pass 550-5.7.26 SPF [vps.vcrowd.in] with ip: [103.120.179.240] = did not pass 550-5.7.26 550-5.7.26 For instructions on setting up authentication, go to 550 5.7.26 https://support.google.com/mail/answer/81126#authentication 41be03b00d2f7-b71f5ce7f39si2082959a12.1238 - gsmtp (in reply to end of DATA command))
Oct 26 18:35:39 vps postfix/smtpd[10443]: connect from unknown[213.209.157.167]
Oct 26 18:35:41 vps postfix/smtpd[10443]: warning: unknown[213.209.157.167]: SASL LOGIN authentication failed: UGFzc3dvcmQ6
Oct 26 18:35:41 vps postfix/smtpd[10443]: disconnect from unknown[213.209.157.167]
Oct 26 18:36:03 vps postfix/smtpd[31233]: connect from unknown[212.132.96.229]
Oct 26 18:36:06 vps postfix/smtpd[31233]: warning: unknown[212.132.96.229]: SASL LOGIN authentication failed: UGFzc3dvcmQ6
Oct 26 18:36:06 vps postfix/smtpd[31233]: disconnect from unknown[212.132.96.229]
Oct 26 18:37:23 vps postfix/smtpd[31233]: connect from unknown[212.132.96.229]
Oct 26 18:37:25 vps postfix/smtpd[31233]: warning: unknown[212.132.96.229]: SASL LOGIN authentication failed: UGFzc3dvcmQ6
Oct 26 18:37:25 vps postfix/smtpd[31233]: disconnect from unknown[212.132.96.229]
Oct 26 18:37:41 vps postfix/smtpd[1885]: connect from unknown[45.148.10.91]
Oct 26 18:37:41 vps postfix/smtpd[1892]: connect from unknown[213.209.157.167]
Oct 26 18:37:44 vps postfix/smtpd[1892]: warning: unknown[213.209.157.167]: SASL LOGIN authentication failed: UGFzc3dvcmQ6
Oct 26 18:37:44 vps postfix/smtpd[1892]: disconnect from unknown[213.209.157.167]
Oct 26 18:37:46 vps postfix/smtpd[1885]: warning: unknown[45.148.10.91]: SASL LOGIN authentication failed: UGFzc3dvcmQ6
Oct 26 18:37:46 vps postfix/smtpd[1885]: disconnect from unknown[45.148.10.91]
Oct 26 18:38:43 vps postfix/smtpd[31233]: connect from unknown[212.132.96.229]
Oct 26 18:38:45 vps postfix/smtpd[31233]: warning: unknown[212.132.96.229]: SASL LOGIN authentication failed: UGFzc3dvcmQ6
Oct 26 18:38:45 vps postfix/smtpd[31233]: disconnect from unknown[212.132.96.229]
Oct 26 18:38:59 vps postfix/smtps/smtpd[3237]: warning: hostname unn-143-244-52-51.datapacket.com does not resolve to address 143.244.52.51: Name or service not known
Oct 26 18:38:59 vps postfix/smtps/smtpd[3237]: connect from unknown[143.244.52.51]
Oct 26 18:39:00 vps postfix/smtps/smtpd[3237]: Anonymous TLS connection established from unknown[143.244.52.51]: TLSv1.2 with cipher ECDHE-RSA-AES256-GCM-SHA384 (256/256 bits)
Oct 26 18:39:03 vps postfix/smtps/smtpd[3237]: warning: unknown[143.244.52.51]: SASL LOGIN authentication failed: UGFzc3dvcmQ6
Oct 26 18:39:03 vps postfix/smtps/smtpd[3237]: disconnect from unknown[143.244.52.51]
Oct 26 18:39:15 vps postfix/smtpd[1892]: connect from unknown[213.209.157.167]
Oct 26 18:39:17 vps postfix/smtpd[1892]: warning: unknown[213.209.157.167]: SASL LOGIN authentication failed: UGFzc3dvcmQ6
Oct 26 18:39:17 vps postfix/smtpd[1892]: disconnect from unknown[213.209.157.167]
Oct 26 18:39:40 vps postfix/smtpd[1892]: connect from unknown[45.148.10.93]
Oct 26 18:39:45 vps postfix/smtpd[1892]: warning: unknown[45.148.10.93]: SASL LOGIN authentication failed: UGFzc3dvcmQ6
Oct 26 18:39:46 vps postfix/smtpd[1892]: disconnect from unknown[45.148.10.93]
Oct 26 18:39:46 vps postfix/smtpd[1892]: connect from unknown[119.6.108.13]
Oct 26 18:39:50 vps postfix/smtpd[1892]: warning: unknown[119.6.108.13]: SASL LOGIN authentication failed: UGFzc3dvcmQ6
Oct 26 18:39:50 vps postfix/smtpd[1892]: lost connection after AUTH from unknown[119.6.108.13]
Oct 26 18:39:50 vps postfix/smtpd[1892]: disconnect from unknown[119.6.108.13]
Oct 26 18:39:52 vps postfix/anvil[16309]: statistics: max connection rate 2/60s for (smtp:213.209.157.167) at
Oct 26 18:32:13
Oct 26 18:39:52 vps postfix/anvil[16309]: statistics: max connection count 1 for (smtp:213.209.157.252) at
Oct 26 18:29:59
Oct 26 18:39:52 vps postfix/anvil[16309]: statistics: max cache size 5 at
Oct 26 18:29:59
Oct 26 18:39:56 vps postfix/smtpd[1892]: connect from unknown[77.90.185.220]
Oct 26 18:39:59 vps postfix/smtpd[1892]: warning: unknown[77.90.185.220]: SASL LOGIN authentication failed: UGFzc3dvcmQ6
Oct 26 18:39:59 vps postfix/smtpd[1892]: disconnect from unknown[77.90.185.220]
Oct 26 18:39:59 vps postfix/smtpd[31233]: connect from unknown[212.132.96.229]
Oct 26 18:40:02 vps postfix/smtpd[31233]: warning: unknown[212.132.96.229]: SASL LOGIN authentication failed: UGFzc3dvcmQ6
Oct 26 18:40:02 vps postfix/smtpd[31233]: disconnect from unknown[212.132.96.229]
Oct 26 18:40:13 vps postfix/smtpd[1892]: connect from unknown[213.209.157.167]
Oct 26 18:40:16 vps postfix/smtpd[1892]: warning: unknown[213.209.157.167]: SASL LOGIN authentication failed: UGFzc3dvcmQ6
Oct 26 18:40:16 vps postfix/smtpd[1892]: disconnect from unknown[213.209.157.167]
Oct 26 18:40:25 vps postfix/qmgr[22181]: 30BC06F4BB: from=, size=927, nrcpt=1 (queue active)
Oct 26 18:40:25 vps postfix/qmgr[22181]: F3DBF20EA87: from=, size=1517, nrcpt=1 (queue active)
Oct 26 18:40:27 vps postfix/smtp[5943]: 30BC06F4BB: host gmail-smtp-in.l.google.com[64.233.170.27] said: 550-5.7.26 Your email has been blocked because the sender is unauthenticated. 550-5.7.26 Gmail requires all senders to authenticate with either SPF or DKIM. 550-5.7.26 550-5.7.26 Authentication results: 550-5.7.26 DKIM = did not pass 550-5.7.26 SPF [vps.vcrowd.in] with ip: [103.120.179.240] = did not pass 550-5.7.26 550-5.7.26 For instructions on setting up authentication, go to 550 5.7.26 https://support.google.com/mail/answer/81126#authentication d9443c01a7336-2949aada879si25031185ad.298 - gsmtp (in reply to end of DATA command)
Oct 26 18:40:27 vps postfix/smtp[5944]: F3DBF20EA87: host gmail-smtp-in.l.google.com[64.233.170.27] said: 550-5.7.26 Your email has been blocked because the sender is unauthenticated. 550-5.7.26 Gmail requires all senders to authenticate with either SPF or DKIM. 550-5.7.26 550-5.7.26 Authentication results: 550-5.7.26 DKIM = did not pass 550-5.7.26 SPF [vps.vcrowd.in] with ip: [103.120.179.240] = did not pass 550-5.7.26 550-5.7.26 For instructions on setting up authentication, go to 550 5.7.26 https://support.google.com/mail/answer/81126#authentication d2e1a72fcca58-7a41561f9acsi2321035b3a.467 - gsmtp (in reply to end of DATA command)
Oct 26 18:40:29 vps postfix/smtp[5944]: F3DBF20EA87: to=, relay=alt1.gmail-smtp-in.l.google.com[192.178.163.26]:25, delay=554, delays=549/0.03/3.5/0.74, dsn=4.7.26, status=SOFTBOUNCE (host alt1.gmail-smtp-in.l.google.com[192.178.163.26] said: 550-5.7.26 Your email has been blocked because the sender is unauthenticated. 550-5.7.26 Gmail requires all senders to authenticate with either SPF or DKIM. 550-5.7.26 550-5.7.26 Authentication results: 550-5.7.26 DKIM = did not pass 550-5.7.26 SPF [vps.vcrowd.in] with ip: [103.120.179.240] = did not pass 550-5.7.26 550-5.7.26 For instructions on setting up authentication, go to 550 5.7.26 https://support.google.com/mail/answer/81126#authentication 41be03b00d2f7-b71f411fe5csi2089101a12.1032 - gsmtp (in reply to end of DATA command))
Oct 26 18:40:29 vps postfix/smtp[5943]: 30BC06F4BB: to=, relay=alt1.gmail-smtp-in.l.google.com[192.178.163.26]:25, delay=581, delays=576/0.04/3.7/0.78, dsn=4.7.26, status=SOFTBOUNCE (host alt1.gmail-smtp-in.l.google.com[192.178.163.26] said: 550-5.7.26 Your email has been blocked because the sender is unauthenticated. 550-5.7.26 Gmail requires all senders to authenticate with either SPF or DKIM. 550-5.7.26 550-5.7.26 Authentication results: 550-5.7.26 DKIM = did not pass 550-5.7.26 SPF [vps.vcrowd.in] with ip: [103.120.179.240] = did not pass 550-5.7.26 550-5.7.26 For instructions on setting up authentication, go to 550 5.7.26 https://support.google.com/mail/answer/81126#authentication 41be03b00d2f7-b71f34b14f6si2004810a12.1010 - gsmtp (in reply to end of DATA command))
Oct 26 18:40:40 vps postfix/smtpd[31233]: connect from unknown[123.58.215.72]
Oct 26 18:40:42 vps postfix/smtpd[31233]: warning: unknown[123.58.215.72]: SASL LOGIN authentication failed: UGFzc3dvcmQ6
Oct 26 18:40:42 vps postfix/smtpd[31233]: disconnect from unknown[123.58.215.72]
Oct 26 18:41:20 vps postfix/smtpd[31233]: connect from unknown[212.132.96.229]
Oct 26 18:41:23 vps postfix/smtpd[31233]: warning: unknown[212.132.96.229]: SASL LOGIN authentication failed: UGFzc3dvcmQ6
Oct 26 18:41:23 vps postfix/smtpd[31233]: disconnect from unknown[212.132.96.229]
Oct 26 18:41:59 vps postfix/smtpd[7643]: connect from unknown[196.251.92.11]
Oct 26 18:42:01 vps postfix/smtpd[7643]: warning: unknown[196.251.92.11]: SASL LOGIN authentication failed: UGFzc3dvcmQ6
Oct 26 18:42:01 vps postfix/smtpd[7643]: disconnect from unknown[196.251.92.11]
Oct 26 18:42:40 vps postfix/smtpd[31233]: connect from unknown[212.132.96.229]
Oct 26 18:42:43 vps postfix/smtpd[31233]: warning: unknown[212.132.96.229]: SASL LOGIN authentication failed: UGFzc3dvcmQ6
Oct 26 18:42:43 vps postfix/smtpd[31233]: disconnect from unknown[212.132.96.229]
Oct 26 18:42:49 vps postfix/smtps/smtpd[8555]: connect from unknown[27.13.27.77]
Oct 26 18:42:52 vps postfix/smtps/smtpd[8555]: Anonymous TLS connection established from unknown[27.13.27.77]: TLSv1.2 with cipher ECDHE-RSA-AES256-GCM-SHA384 (256/256 bits)
Oct 26 18:42:53 vps postfix/smtpd[7643]: connect from unknown[193.32.162.71]
Oct 26 18:42:54 vps postfix/smtpd[8636]: connect from unknown[218.75.77.202]
Oct 26 18:42:55 vps postfix/smtpd[7643]: warning: unknown[193.32.162.71]: SASL LOGIN authentication failed: UGFzc3dvcmQ6
Oct 26 18:42:55 vps postfix/smtpd[7643]: lost connection after AUTH from unknown[193.32.162.71]
Oct 26 18:42:55 vps postfix/smtpd[7643]: disconnect from unknown[193.32.162.71]
Oct 26 18:42:55 vps postfix/smtpd[8650]: connect from unknown[193.32.162.71]
Oct 26 18:42:58 vps postfix/smtpd[8636]: Anonymous TLS connection established from unknown[218.75.77.202]: TLSv1.2 with cipher ECDHE-RSA-AES256-SHA384 (256/256 bits)
Oct 26 18:42:59 vps postfix/smtpd[8636]: NOQUEUE: reject: RCPT from unknown[218.75.77.202]: 454 4.7.1 Service unavailable; Client host [218.75.77.202] blocked using bl.spamcop.net; Blocked - see https://www.spamcop.net/bl.shtml?218.75.77.202; from= to= proto=ESMTP helo=
Oct 26 18:43:00 vps postfix/smtpd[8636]: disconnect from unknown[218.75.77.202]
Oct 26 18:43:02 vps postfix/smtps/smtpd[8555]: warning: unknown[27.13.27.77]: SASL LOGIN authentication failed: UGFzc3dvcmQ6
Oct 26 18:43:02 vps postfix/smtpd[8650]: warning: unknown[193.32.162.71]: SASL LOGIN authentication failed: UGFzc3dvcmQ6
Oct 26 18:43:02 vps postfix/smtpd[8650]: lost connection after AUTH from unknown[193.32.162.71]
Oct 26 18:43:02 vps postfix/smtpd[8650]: disconnect from unknown[193.32.162.71]
Oct 26 18:43:03 vps postfix/smtps/smtpd[8555]: lost connection after AUTH from unknown[27.13.27.77]
Oct 26 18:43:03 vps postfix/smtps/smtpd[8555]: disconnect from unknown[27.13.27.77]
Oct 26 18:43:23 vps postfix/smtpd[7643]: connect from unknown[77.90.185.87]
Oct 26 18:43:26 vps postfix/smtpd[7643]: warning: unknown[77.90.185.87]: SASL LOGIN authentication failed: UGFzc3dvcmQ6
Oct 26 18:43:26 vps postfix/smtpd[7643]: disconnect from unknown[77.90.185.87]
Oct 26 18:43:34 vps postfix/smtpd[8636]: connect from unknown[77.90.185.87]
Oct 26 18:43:41 vps postfix/smtpd[8636]: warning: unknown[77.90.185.87]: SASL LOGIN authentication failed: UGFzc3dvcmQ6
Oct 26 18:43:41 vps postfix/smtpd[8636]: disconnect from unknown[77.90.185.87]
Oct 26 18:43:48 vps postfix/smtpd[7643]: connect from unknown[213.209.157.167]
Oct 26 18:43:51 vps postfix/smtpd[7643]: warning: unknown[213.209.157.167]: SASL LOGIN authentication failed: UGFzc3dvcmQ6
Oct 26 18:43:51 vps postfix/smtpd[7643]: disconnect from unknown[213.209.157.167]
Oct 26 18:43:59 vps postfix/smtpd[31233]: connect from unknown[212.132.96.229]
Oct 26 18:44:02 vps postfix/smtpd[31233]: warning: unknown[212.132.96.229]: SASL LOGIN authentication failed: UGFzc3dvcmQ6
Oct 26 18:44:02 vps postfix/smtpd[31233]: disconnect from unknown[212.132.96.229]
Oct 26 18:44:25 vps postfix/smtpd[8636]: connect from unknown[77.90.185.87]
Oct 26 18:44:27 vps postfix/smtpd[8636]: warning: unknown[77.90.185.87]: SASL LOGIN authentication failed: UGFzc3dvcmQ6
Oct 26 18:44:27 vps postfix/smtpd[8636]: disconnect from unknown[77.90.185.87]
Oct 26 18:45:13 vps postfix/smtpd[8636]: connect from unknown[213.209.157.167]
Oct 26 18:45:15 vps postfix/smtpd[8636]: warning: unknown[213.209.157.167]: SASL LOGIN authentication failed: UGFzc3dvcmQ6
Oct 26 18:45:15 vps postfix/smtpd[8636]: disconnect from unknown[213.209.157.167]
Oct 26 18:45:18 vps postfix/smtpd[31233]: connect from unknown[212.132.96.229]
Oct 26 18:45:21 vps postfix/smtpd[31233]: warning: unknown[212.132.96.229]: SASL LOGIN authentication failed: UGFzc3dvcmQ6
Oct 26 18:45:21 vps postfix/smtpd[31233]: disconnect from unknown[212.132.96.229]
Oct 26 18:45:25 vps postfix/qmgr[22181]: 86C1520ED4C: from=, size=875, nrcpt=1 (queue active)
Oct 26 18:45:25 vps postfix/qmgr[22181]: AE84E3718DA: from=, size=1568, nrcpt=1 (queue active)
Oct 26 18:45:27 vps postfix/smtp[12659]: AE84E3718DA: host gmail-smtp-in.l.google.com[64.233.170.27] said: 550-5.7.1 This message is not RFC 5322 compliant. There are multiple From 550-5.7.1 headers. To reduce the amount of spam sent to Gmail, this message has 550-5.7.1 been blocked. For more information, go to 550-5.7.1 https://support.google.com/mail/?p=RfcMessageNonCompliant and review 550 5.7.1 RFC 5322 specifications. 41be03b00d2f7-b71f5ce7f2dsi2118006a12.1272 - gsmtp (in reply to end of DATA command)
Oct 26 18:45:27 vps postfix/smtp[12658]: 86C1520ED4C: host gmail-smtp-in.l.google.com[64.233.170.27] said: 550-5.7.26 Your email has been blocked because the sender is unauthenticated. 550-5.7.26 Gmail requires all senders to authenticate with either SPF or DKIM. 550-5.7.26 550-5.7.26 Authentication results: 550-5.7.26 DKIM = did not pass 550-5.7.26 SPF [vps.vcrowd.in] with ip: [103.120.179.240] = did not pass 550-5.7.26 550-5.7.26 For instructions on setting up authentication, go to 550 5.7.26 https://support.google.com/mail/answer/81126#authentication d2e1a72fcca58-7a415684c83si2336741b3a.908 - gsmtp (in reply to end of DATA command)
Oct 26 18:45:29 vps postfix/smtp[12659]: AE84E3718DA: to=, relay=alt1.gmail-smtp-in.l.google.com[192.178.163.27]:25, delay=978, delays=974/0.03/3.4/0.58, dsn=4.7.1, status=SOFTBOUNCE (host alt1.gmail-smtp-in.l.google.com[192.178.163.27] said: 550-5.7.1 This message is not RFC 5322 compliant. There are multiple From 550-5.7.1 headers. To reduce the amount of spam sent to Gmail, this message has 550-5.7.1 been blocked. For more information, go to 550-5.7.1 https://support.google.com/mail/?p=RfcMessageNonCompliant and review 550 5.7.1 RFC 5322 specifications. 41be03b00d2f7-b71f534c2b5si2037593a12.1167 - gsmtp (in reply to end of DATA command))
Oct 26 18:45:29 vps postfix/qmgr[22181]: AE84E3718DA: from=, status=expired, returned to sender
Oct 26 18:45:29 vps postfix/cleanup[12730]: 4BC5D161940: message-id=<20251026131529.4BC5D161940@vps.vcrowd.in>
Oct 26 18:45:29 vps postfix/qmgr[22181]: 4BC5D161940: from=<>, size=4581, nrcpt=1 (queue active)
Oct 26 18:45:29 vps postfix/bounce[12729]: AE84E3718DA: sender non-delivery notification: 4BC5D161940
Oct 26 18:45:29 vps postfix/qmgr[22181]: AE84E3718DA: removed
Oct 26 18:45:29 vps postfix/local[12731]: 4BC5D161940: to=, relay=local, delay=0.04, delays=0.02/0.01/0/0, dsn=2.0.0, status=sent (delivered to mailbox)
Oct 26 18:45:29 vps postfix/qmgr[22181]: 4BC5D161940: removed
Oct 26 18:45:29 vps postfix/smtp[12658]: 86C1520ED4C: to=, relay=alt1.gmail-smtp-in.l.google.com[192.178.163.27]:25, delay=978, delays=974/0.04/3.7/0.67, dsn=4.7.26, status=SOFTBOUNCE (host alt1.gmail-smtp-in.l.google.com[192.178.163.27] said: 550-5.7.26 Your email has been blocked because the sender is unauthenticated. 550-5.7.26 Gmail requires all senders to authenticate with either SPF or DKIM. 550-5.7.26 550-5.7.26 Authentication results: 550-5.7.26 DKIM = did not pass 550-5.7.26 SPF [vps.vcrowd.in] with ip: [103.120.179.240] = did not pass 550-5.7.26 550-5.7.26 For instructions on setting up authentication, go to 550 5.7.26 https://support.google.com/mail/answer/81126#authentication d2e1a72fcca58-7a41567b3fcsi2367442b3a.848 - gsmtp (in reply to end of DATA command))
Oct 26 18:45:29 vps postfix/qmgr[22181]: 86C1520ED4C: from=, status=expired, returned to sender
Oct 26 18:45:29 vps postfix/cleanup[12730]: 9D29B161940: message-id=<20251026131529.9D29B161940@vps.vcrowd.in>
Oct 26 18:45:29 vps postfix/bounce[12729]: 86C1520ED4C: sender non-delivery notification: 9D29B161940
Oct 26 18:45:29 vps postfix/qmgr[22181]: 9D29B161940: from=<>, size=4177, nrcpt=1 (queue active)
Oct 26 18:45:29 vps postfix/qmgr[22181]: 86C1520ED4C: removed
Oct 26 18:45:29 vps postfix/local[12731]: 9D29B161940: to=, relay=local, delay=0.01, delays=0.01/0/0/0, dsn=2.0.0, status=sent (delivered to mailbox)
Oct 26 18:45:29 vps postfix/qmgr[22181]: 9D29B161940: removed
Oct 26 18:45:57 vps postfix/smtpd[8636]: connect from unknown[213.209.157.167]
Oct 26 18:45:59 vps postfix/smtpd[8636]: warning: unknown[213.209.157.167]: SASL LOGIN authentication failed: UGFzc3dvcmQ6
Oct 26 18:45:59 vps postfix/smtpd[8636]: disconnect from unknown[213.209.157.167]
Oct 26 18:46:38 vps postfix/smtpd[31233]: connect from unknown[212.132.96.229]
Oct 26 18:46:40 vps postfix/smtpd[31233]: warning: unknown[212.132.96.229]: SASL LOGIN authentication failed: UGFzc3dvcmQ6
Oct 26 18:46:40 vps postfix/smtpd[31233]: disconnect from unknown[212.132.96.229]
Oct 26 18:47:50 vps postfix/smtpd[16214]: connect from unknown[193.32.162.71]
Oct 26 18:47:53 vps postfix/smtpd[16214]: warning: unknown[193.32.162.71]: SASL LOGIN authentication failed: UGFzc3dvcmQ6
Oct 26 18:47:53 vps postfix/smtpd[16214]: lost connection after AUTH from unknown[193.32.162.71]
Oct 26 18:47:53 vps postfix/smtpd[16214]: disconnect from unknown[193.32.162.71]
Oct 26 18:47:54 vps postfix/smtpd[31233]: connect from unknown[1.212.225.99]
Oct 26 18:47:55 vps postfix/smtpd[16294]: connect from unknown[112.169.152.36]
Oct 26 18:47:56 vps postfix/smtpd[16335]: connect from unknown[112.169.152.2]
Oct 26 18:47:57 vps postfix/smtpd[16355]: connect from unknown[212.132.96.229]
Oct 26 18:48:00 vps postfix/smtpd[16355]: warning: unknown[212.132.96.229]: SASL LOGIN authentication failed: UGFzc3dvcmQ6
Oct 26 18:48:00 vps postfix/smtpd[16355]: disconnect from unknown[212.132.96.229]
Oct 26 18:48:04 vps postfix/smtpd[16214]: connect from unknown[62.60.131.124]
Oct 26 18:48:07 vps postfix/smtpd[16214]: warning: unknown[62.60.131.124]: SASL LOGIN authentication failed: UGFzc3dvcmQ6
Oct 26 18:48:07 vps postfix/smtpd[16214]: disconnect from unknown[62.60.131.124]
Oct 26 18:48:09 vps postfix/smtpd[31233]: Anonymous TLS connection established from unknown[1.212.225.99]: TLSv1.2 with cipher ECDHE-RSA-AES256-GCM-SHA384 (256/256 bits)
Oct 26 18:48:12 vps postfix/smtpd[31233]: warning: unknown[1.212.225.99]: SASL PLAIN authentication failed:
Oct 26 18:48:19 vps postfix/smtpd[31233]: warning: unknown[1.212.225.99]: SASL LOGIN authentication failed: UGFzc3dvcmQ6
Oct 26 18:48:38 vps postfix/smtpd[16335]: lost connection after CONNECT from unknown[112.169.152.2]
Oct 26 18:48:38 vps postfix/smtpd[16335]: disconnect from unknown[112.169.152.2]
Oct 26 18:48:49 vps postfix/smtpd[16294]: Anonymous TLS connection established from unknown[112.169.152.36]: TLSv1.2 with cipher ECDHE-RSA-AES256-GCM-SHA384 (256/256 bits)
Oct 26 18:48:53 vps postfix/smtpd[16294]: warning: unknown[112.169.152.36]: SASL PLAIN authentication failed:
Oct 26 18:49:00 vps postfix/smtpd[16294]: warning: unknown[112.169.152.36]: SASL LOGIN authentication failed: UGFzc3dvcmQ6
Oct 26 18:49:16 vps postfix/smtpd[16355]: connect from unknown[212.132.96.229]
Oct 26 18:49:17 vps postfix/smtpd[16214]: connect from unknown[213.209.157.167]
Oct 26 18:49:19 vps postfix/smtpd[16355]: warning: unknown[212.132.96.229]: SASL LOGIN authentication failed: UGFzc3dvcmQ6
Oct 26 18:49:19 vps postfix/smtpd[16214]: warning: unknown[213.209.157.167]: SASL LOGIN authentication failed: UGFzc3dvcmQ6
Oct 26 18:49:19 vps postfix/smtpd[16214]: disconnect from unknown[213.209.157.167]
Oct 26 18:49:19 vps postfix/smtpd[16355]: disconnect from unknown[212.132.96.229]
Oct 26 18:49:25 vps postfix/smtpd[16214]: connect from unknown[77.90.185.87]
Oct 26 18:49:27 vps postfix/smtpd[16214]: warning: unknown[77.90.185.87]: SASL LOGIN authentication failed: UGFzc3dvcmQ6
Oct 26 18:49:27 vps postfix/smtpd[16214]: disconnect from unknown[77.90.185.87]
Oct 26 18:49:43 vps postfix/smtpd[16335]: connect from syn-074-218-095-154.biz.spectrum.com[74.218.95.154]
Oct 26 18:49:48 vps postfix/smtpd[16335]: warning: syn-074-218-095-154.biz.spectrum.com[74.218.95.154]: SASL LOGIN authentication failed: UGFzc3dvcmQ6
Oct 26 18:49:49 vps postfix/smtpd[16335]: lost connection after AUTH from syn-074-218-095-154.biz.spectrum.com[74.218.95.154]
Oct 26 18:49:49 vps postfix/smtpd[16335]: disconnect from syn-074-218-095-154.biz.spectrum.com[74.218.95.154]
Oct 26 18:49:52 vps postfix/anvil[16309]: statistics: max connection rate 2/60s for (smtp:213.209.157.167) at
Oct 26 18:40:13
Oct 26 18:49:52 vps postfix/anvil[16309]: statistics: max connection count 1 for (smtp:77.90.185.220) at
Oct 26 18:39:56
Oct 26 18:49:52 vps postfix/anvil[16309]: statistics: max cache size 6 at
Oct 26 18:39:59
Oct 26 18:49:56 vps postfix/smtpd[16214]: connect from unknown[213.209.157.252]
Oct 26 18:49:59 vps postfix/smtpd[16214]: warning: unknown[213.209.157.252]: SASL LOGIN authentication failed: UGFzc3dvcmQ6
Oct 26 18:49:59 vps postfix/smtpd[16214]: disconnect from unknown[213.209.157.252]
Oct 26 18:50:08 vps postfix/smtpd[31233]: lost connection after AUTH from unknown[1.212.225.99]
Oct 26 18:50:08 vps postfix/smtpd[31233]: disconnect from unknown[1.212.225.99]
Oct 26 18:50:08 vps postfix/smtpd[16294]: lost connection after AUTH from unknown[112.169.152.36]
Oct 26 18:50:08 vps postfix/smtpd[16294]: disconnect from unknown[112.169.152.36]
Oct 26 18:50:12 vps postfix/smtpd[16214]: connect from unknown[213.209.157.167]
Oct 26 18:50:14 vps postfix/smtpd[16214]: warning: unknown[213.209.157.167]: SASL LOGIN authentication failed: UGFzc3dvcmQ6
Oct 26 18:50:14 vps postfix/smtpd[16214]: disconnect from unknown[213.209.157.167]
Oct 26 18:50:25 vps postfix/qmgr[22181]: 30BC06F4BB: from=, size=927, nrcpt=1 (queue active)
Oct 26 18:50:25 vps postfix/qmgr[22181]: F3DBF20EA87: from=, size=1517, nrcpt=1 (queue active)
Oct 26 18:50:27 vps postfix/smtp[20896]: F3DBF20EA87: host gmail-smtp-in.l.google.com[64.233.170.27] said: 550-5.7.26 Your email has been blocked because the sender is unauthenticated. 550-5.7.26 Gmail requires all senders to authenticate with either SPF or DKIM. 550-5.7.26 550-5.7.26 Authentication results: 550-5.7.26 DKIM = did not pass 550-5.7.26 SPF [vps.vcrowd.in] with ip: [103.120.179.240] = did not pass 550-5.7.26 550-5.7.26 For instructions on setting up authentication, go to 550 5.7.26 https://support.google.com/mail/answer/81126#authentication d9443c01a7336-2949ab0613csi24717345ad.595 - gsmtp (in reply to end of DATA command)
Oct 26 18:50:27 vps postfix/smtp[20894]: 30BC06F4BB: host gmail-smtp-in.l.google.com[64.233.170.27] said: 550-5.7.26 Your email has been blocked because the sender is unauthenticated. 550-5.7.26 Gmail requires all senders to authenticate with either SPF or DKIM. 550-5.7.26 550-5.7.26 Authentication results: 550-5.7.26 DKIM = did not pass 550-5.7.26 SPF [vps.vcrowd.in] with ip: [103.120.179.240] = did not pass 550-5.7.26 550-5.7.26 For instructions on setting up authentication, go to 550 5.7.26 https://support.google.com/mail/answer/81126#authentication 41be03b00d2f7-b71f64904basi2117753a12.1307 - gsmtp (in reply to end of DATA command)
Oct 26 18:50:29 vps postfix/smtp[20896]: F3DBF20EA87: to=, relay=alt1.gmail-smtp-in.l.google.com[192.178.163.27]:25, delay=1154, delays=1149/0.04/3.5/0.76, dsn=4.7.26, status=SOFTBOUNCE (host alt1.gmail-smtp-in.l.google.com[192.178.163.27] said: 550-5.7.26 Your email has been blocked because the sender is unauthenticated. 550-5.7.26 Gmail requires all senders to authenticate with either SPF or DKIM. 550-5.7.26 550-5.7.26 Authentication results: 550-5.7.26 DKIM = did not pass 550-5.7.26 SPF [vps.vcrowd.in] with ip: [103.120.179.240] = did not pass 550-5.7.26 550-5.7.26 For instructions on setting up authentication, go to 550 5.7.26 https://support.google.com/mail/answer/81126#authentication d9443c01a7336-2949aadaf01si23568575ad.311 - gsmtp (in reply to end of DATA command))
Oct 26 18:50:29 vps postfix/qmgr[22181]: F3DBF20EA87: from=, status=expired, returned to sender
Oct 26 18:50:29 vps postfix/cleanup[20978]: CA7103718DA: message-id=<20251026132029.CA7103718DA@vps.vcrowd.in>
Oct 26 18:50:29 vps postfix/bounce[20977]: F3DBF20EA87: sender non-delivery notification: CA7103718DA
Oct 26 18:50:29 vps postfix/qmgr[22181]: CA7103718DA: from=<>, size=4445, nrcpt=1 (queue active)
Oct 26 18:50:29 vps postfix/qmgr[22181]: F3DBF20EA87: removed
Oct 26 18:50:29 vps postfix/local[20979]: CA7103718DA: to=, relay=local, delay=0.04, delays=0.02/0.01/0/0.01, dsn=2.0.0, status=sent (delivered to mailbox)
Oct 26 18:50:29 vps postfix/qmgr[22181]: CA7103718DA: removed
